FW: Results for 4.10.0 20140805 (experimental) (GCC) testsuite on x86_64-unknown-linux-gnu
Pinski, Andrew
Andrew.Pinski@caviumnetworks.com
Wed Aug 6 09:00:00 GMT 2014
________________________________________
From: jenkins@blackduck.caveonetworks.com
Sent: Wednesday, August 06, 2014 1:59:35 AM (UTC-08:00) Pacific Time (US & Canada)
To: apinski@cavium.com
Subject: Results for 4.10.0 20140805 (experimental) (GCC) testsuite on x86_64-unknown-linux-gnu
Native configuration is x86_64-unknown-linux-gnu
=== gcc tests ===
Running target unix//-m32
FAIL: gcc.dg/torture/tls/run-ld.c -O1 -pie -fpie execution test
FAIL: gcc.dg/torture/tls/run-ld.c -O2 -pie -fpie execution test
FAIL: gcc.dg/torture/tls/run-ld.c -O3 -fomit-frame-pointer -pie -fpie execution test
FAIL: gcc.dg/torture/tls/run-ld.c -O3 -g -pie -fpie execution test
FAIL: gcc.dg/torture/tls/run-ld.c -Os -pie -fpie execution test
FAIL: gcc.dg/torture/tls/run-ld.c -O1 -pie -fPIE execution test
FAIL: gcc.dg/torture/tls/run-ld.c -O2 -pie -fPIE execution test
FAIL: gcc.dg/torture/tls/run-ld.c -O3 -fomit-frame-pointer -pie -fPIE execution test
FAIL: gcc.dg/torture/tls/run-ld.c -O3 -g -pie -fPIE execution test
FAIL: gcc.dg/torture/tls/run-ld.c -Os -pie -fPIE execution test
FAIL: gcc.target/i386/pr49095.c scan-assembler-not test[lq]
=== gcc Summary for unix//-m32 ===
# of expected passes 105453
# of unexpected failures 11
# of expected failures 250
# of unsupported tests 1882
Running target unix//-m64
FAIL: gcc.target/i386/pr56114.c (test for excess errors)
=== gcc Summary for unix//-m64 ===
# of expected passes 106209
# of unexpected failures 1
# of expected failures 252
# of unsupported tests 2105
=== gcc Summary ===
# of expected passes 211662
# of unexpected failures 12
# of expected failures 502
# of unsupported tests 3987
/var/lib/jenkins/workspace/GCCupstream/objdir/gcc/xgcc version 4.10.0 20140805 (experimental) (GCC)
=== gfortran tests ===
Running target unix//-m32
=== gfortran Summary for unix//-m32 ===
# of expected passes 46118
# of expected failures 38
# of unsupported tests 219
Running target unix//-m64
=== gfortran Summary for unix//-m64 ===
# of expected passes 46407
# of expected failures 38
# of unsupported tests 79
=== gfortran Summary ===
# of expected passes 92525
# of expected failures 76
# of unsupported tests 298
/var/lib/jenkins/workspace/GCCupstream/objdir/gcc/testsuite/gfortran/../../gfortran version 4.10.0 20140805 (experimental) (GCC)
=== g++ tests ===
Running target unix//-m32
FAIL: g++.dg/cpp0x/static_assert9.C -std=c++11 (test for excess errors)
FAIL: g++.dg/cpp0x/static_assert9.C -std=c++1y (test for excess errors)
FAIL: g++.dg/cpp1y/var-templ4.C (internal compiler error)
FAIL: g++.dg/cpp1y/var-templ4.C (test for excess errors)
UNRESOLVED: g++.dg/cpp1y/var-templ4.C compilation failed to produce executable
FAIL: g++.dg/other/anon5.C -std=gnu++98 (test for excess errors)
FAIL: g++.dg/other/anon5.C -std=gnu++11 (test for excess errors)
FAIL: g++.dg/other/anon5.C -std=gnu++1y (test for excess errors)
FAIL: g++.dg/other/pr59492.C -std=gnu++98 (test for excess errors)
FAIL: g++.dg/other/pr59492.C -std=gnu++11 (test for excess errors)
FAIL: g++.dg/other/pr59492.C -std=gnu++1y (test for excess errors)
FAIL: g++.dg/lto/20100302 cp_lto_20100302_0.o-cp_lto_20100302_1.o link, -flto -fabi-version=2 (internal compiler error)
UNRESOLVED: g++.dg/lto/20100302 cp_lto_20100302_0.o-cp_lto_20100302_1.o execute -flto -fabi-version=2
=== g++ Summary for unix//-m32 ===
# of expected passes 85990
# of unexpected failures 11
# of expected failures 443
# of unresolved testcases 2
# of unsupported tests 2859
Running target unix//-m64
FAIL: g++.dg/cpp0x/static_assert9.C -std=c++11 (test for excess errors)
FAIL: g++.dg/cpp0x/static_assert9.C -std=c++1y (test for excess errors)
FAIL: g++.dg/cpp1y/var-templ4.C (internal compiler error)
FAIL: g++.dg/cpp1y/var-templ4.C (test for excess errors)
UNRESOLVED: g++.dg/cpp1y/var-templ4.C compilation failed to produce executable
FAIL: g++.dg/other/anon5.C -std=gnu++98 (test for excess errors)
FAIL: g++.dg/other/anon5.C -std=gnu++11 (test for excess errors)
FAIL: g++.dg/other/anon5.C -std=gnu++1y (test for excess errors)
FAIL: g++.dg/lto/20100302 cp_lto_20100302_0.o-cp_lto_20100302_1.o link, -flto -fabi-version=2 (internal compiler error)
UNRESOLVED: g++.dg/lto/20100302 cp_lto_20100302_0.o-cp_lto_20100302_1.o execute -flto -fabi-version=2
=== g++ Summary for unix//-m64 ===
# of expected passes 87536
# of unexpected failures 8
# of expected failures 443
# of unresolved testcases 2
# of unsupported tests 3106
=== g++ Summary ===
# of expected passes 173526
# of unexpected failures 19
# of expected failures 886
# of unresolved testcases 4
# of unsupported tests 5965
/var/lib/jenkins/workspace/GCCupstream/objdir/gcc/testsuite/g++/../../xg++ version 4.10.0 20140805 (experimental) (GCC)
=== objc tests ===
Running target unix//-m32
=== objc Summary for unix//-m32 ===
# of expected passes 3004
# of expected failures 6
# of unsupported tests 74
Running target unix//-m64
=== objc Summary for unix//-m64 ===
# of expected passes 3004
# of expected failures 6
# of unsupported tests 74
=== objc Summary ===
# of expected passes 6008
# of expected failures 12
# of unsupported tests 148
/var/lib/jenkins/workspace/GCCupstream/objdir/gcc/xgcc version 4.10.0 20140805 (experimental) (GCC)
=== boehm-gc tests ===
Running target unix//-m32
=== boehm-gc Summary for unix//-m32 ===
# of expected passes 12
# of unsupported tests 1
Running target unix//-m64
=== boehm-gc Summary for unix//-m64 ===
# of expected passes 12
# of unsupported tests 1
=== boehm-gc Summary ===
# of expected passes 24
# of unsupported tests 2
=== libatomic tests ===
Running target unix//-m32
=== libatomic Summary for unix//-m32 ===
# of expected passes 44
# of unsupported tests 5
Running target unix//-m64
=== libatomic Summary for unix//-m64 ===
# of expected passes 54
=== libatomic Summary ===
# of expected passes 98
# of unsupported tests 5
=== libffi tests ===
Running target unix//-m32
=== libffi Summary for unix//-m32 ===
# of expected passes 1819
# of unsupported tests 55
Running target unix//-m64
=== libffi Summary for unix//-m64 ===
# of expected passes 1819
# of unsupported tests 55
=== libffi Summary ===
# of expected passes 3638
# of unsupported tests 110
=== libgomp tests ===
Running target unix//-m32
=== libgomp Summary for unix//-m32 ===
# of expected passes 3196
# of unsupported tests 35
Running target unix//-m64
=== libgomp Summary for unix//-m64 ===
# of expected passes 3196
# of unsupported tests 35
=== libgomp Summary ===
# of expected passes 6392
# of unsupported tests 70
=== libitm tests ===
Running target unix//-m32
=== libitm Summary for unix//-m32 ===
# of expected passes 26
# of expected failures 3
# of unsupported tests 1
Running target unix//-m64
=== libitm Summary for unix//-m64 ===
# of expected passes 26
# of expected failures 3
# of unsupported tests 1
=== libitm Summary ===
# of expected passes 52
# of expected failures 6
# of unsupported tests 2
=== libjava tests ===
Running target unix//-m32
=== libjava Summary for unix//-m32 ===
# of expected passes 2582
# of expected failures 4
Running target unix//-m64
=== libjava Summary for unix//-m64 ===
# of expected passes 2582
# of expected failures 4
=== libjava Summary ===
# of expected passes 5164
# of expected failures 8
=== libstdc++ tests ===
Running target unix//-m32
=== libstdc++ Summary for unix//-m32 ===
# of expected passes 9424
# of expected failures 69
# of unsupported tests 533
Running target unix//-m64
=== libstdc++ Summary for unix//-m64 ===
# of expected passes 9416
# of expected failures 69
# of unsupported tests 537
=== libstdc++ Summary ===
# of expected passes 18840
# of expected failures 138
# of unsupported tests 1070
Compiler version: 4.10.0 20140805 (experimental) (GCC)
Platform: x86_64-unknown-linux-gnu
configure flags: --prefix=/var/lib/jenkins/workspace/GCCupstream/objdir/install
More information about the Gcc-testresults
mailing list