Results for 4.10.0 20140412 (experimental) [trunk revision 209333] (GCC) testsuite on hppa1.1-hp-hpux10.20
John David Anglin
dave@hiauly1.hia.nrc.ca
Thu Apr 24 02:57:00 GMT 2014
Native configuration is hppa1.1-hp-hpux10.20
=== g++ tests ===
Running target unix
WARNING: program timed out.
FAIL: tmpdir-g++.dg-struct-layout-1/t001 cp_compat_y_tst.o compile
UNRESOLVED: tmpdir-g++.dg-struct-layout-1/t001 cp_compat_x_tst.o-cp_compat_y_tst.o link
UNRESOLVED: tmpdir-g++.dg-struct-layout-1/t001 cp_compat_x_tst.o-cp_compat_y_tst.o execute
WARNING: program timed out.
FAIL: tmpdir-g++.dg-struct-layout-1/t002 cp_compat_y_tst.o compile
UNRESOLVED: tmpdir-g++.dg-struct-layout-1/t002 cp_compat_x_tst.o-cp_compat_y_tst.o link
UNRESOLVED: tmpdir-g++.dg-struct-layout-1/t002 cp_compat_x_tst.o-cp_compat_y_tst.o execute
WARNING: program timed out.
FAIL: tmpdir-g++.dg-struct-layout-1/t003 cp_compat_y_tst.o compile
UNRESOLVED: tmpdir-g++.dg-struct-layout-1/t003 cp_compat_x_tst.o-cp_compat_y_tst.o link
UNRESOLVED: tmpdir-g++.dg-struct-layout-1/t003 cp_compat_x_tst.o-cp_compat_y_tst.o execute
WARNING: program timed out.
FAIL: tmpdir-g++.dg-struct-layout-1/t024 cp_compat_y_tst.o compile
UNRESOLVED: tmpdir-g++.dg-struct-layout-1/t024 cp_compat_x_tst.o-cp_compat_y_tst.o link
UNRESOLVED: tmpdir-g++.dg-struct-layout-1/t024 cp_compat_x_tst.o-cp_compat_y_tst.o execute
WARNING: program timed out.
FAIL: tmpdir-g++.dg-struct-layout-1/t025 cp_compat_y_tst.o compile
UNRESOLVED: tmpdir-g++.dg-struct-layout-1/t025 cp_compat_x_tst.o-cp_compat_y_tst.o link
UNRESOLVED: tmpdir-g++.dg-struct-layout-1/t025 cp_compat_x_tst.o-cp_compat_y_tst.o execute
WARNING: program timed out.
FAIL: tmpdir-g++.dg-struct-layout-1/t026 cp_compat_y_tst.o compile
UNRESOLVED: tmpdir-g++.dg-struct-layout-1/t026 cp_compat_x_tst.o-cp_compat_y_tst.o link
UNRESOLVED: tmpdir-g++.dg-struct-layout-1/t026 cp_compat_x_tst.o-cp_compat_y_tst.o execute
WARNING: program timed out.
FAIL: tmpdir-g++.dg-struct-layout-1/t027 cp_compat_y_tst.o compile
UNRESOLVED: tmpdir-g++.dg-struct-layout-1/t027 cp_compat_x_tst.o-cp_compat_y_tst.o link
UNRESOLVED: tmpdir-g++.dg-struct-layout-1/t027 cp_compat_x_tst.o-cp_compat_y_tst.o execute
WARNING: program timed out.
FAIL: tmpdir-g++.dg-struct-layout-1/t030 cp_compat_y_tst.o compile
UNRESOLVED: tmpdir-g++.dg-struct-layout-1/t030 cp_compat_x_tst.o-cp_compat_y_tst.o link
UNRESOLVED: tmpdir-g++.dg-struct-layout-1/t030 cp_compat_x_tst.o-cp_compat_y_tst.o execute
FAIL: g++.dg/cpp0x/lambda/lambda-mangle.C -std=gnu++11 scan-assembler weak[^\\n\\r]*_?_ZZ1giENKUlvE_clEv
FAIL: g++.dg/cpp0x/lambda/lambda-mangle.C -std=gnu++11 scan-assembler weak[^\\n\\r]*_?_ZZN1S1fEiiEd0_NKUlvE_clEv
FAIL: g++.dg/cpp0x/lambda/lambda-mangle.C -std=gnu++11 scan-assembler weak[^\\n\\r]*_?_ZNK1RIiE1xMUlvE_clEv
FAIL: g++.dg/cpp0x/lambda/lambda-mangle.C -std=gnu++1y scan-assembler weak[^\\n\\r]*_?_ZZ1giENKUlvE_clEv
FAIL: g++.dg/cpp0x/lambda/lambda-mangle.C -std=gnu++1y scan-assembler weak[^\\n\\r]*_?_ZZN1S1fEiiEd0_NKUlvE_clEv
FAIL: g++.dg/cpp0x/lambda/lambda-mangle.C -std=gnu++1y scan-assembler weak[^\\n\\r]*_?_ZNK1RIiE1xMUlvE_clEv
FAIL: g++.dg/cpp0x/udlit-string-literal.C -std=c++11 (test for excess errors)
FAIL: g++.dg/cpp0x/udlit-string-literal.C -std=c++1y (test for excess errors)
FAIL: g++.dg/cpp1y/auto-fn24.C -std=gnu++1y (internal compiler error)
FAIL: g++.dg/cpp1y/auto-fn24.C -std=gnu++1y (test for excess errors)
ERROR: tcl error sourcing /xxx/gnu/gcc/gcc/gcc/testsuite/g++.dg/dg.exp.
ERROR: can't rename "dg-save-unknown": command doesn't exist
ERROR: tcl error sourcing /xxx/gnu/gcc/gcc/gcc/testsuite/g++.dg/gcov/gcov.exp.
ERROR: can't rename "unknown": command doesn't exist
ERROR: tcl error sourcing /xxx/gnu/gcc/gcc/gcc/testsuite/g++.dg/pch/pch.exp.
ERROR: can't rename "unknown": command doesn't exist
ERROR: tcl error sourcing /xxx/gnu/gcc/gcc/gcc/testsuite/g++.dg/simulate-thread/simulate-thread.exp.
ERROR: can't rename "unknown": command doesn't exist
ERROR: tcl error sourcing /xxx/gnu/gcc/gcc/gcc/testsuite/g++.dg/special/ecos.exp.
ERROR: can't rename "unknown": command doesn't exist
ERROR: tcl error sourcing /xxx/gnu/gcc/gcc/gcc/testsuite/g++.dg/tls/tls.exp.
ERROR: can't rename "unknown": command doesn't exist
ERROR: tcl error sourcing /xxx/gnu/gcc/gcc/gcc/testsuite/g++.dg/torture/dg-torture.exp.
ERROR: can't rename "unknown": command doesn't exist
ERROR: tcl error sourcing /xxx/gnu/gcc/gcc/gcc/testsuite/g++.dg/torture/stackalign/stackalign.exp.
ERROR: torture-init: torture_without_loops is not empty as expected
ERROR: tcl error sourcing /xxx/gnu/gcc/gcc/gcc/testsuite/g++.old-deja/old-deja.exp.
ERROR: can't rename "unknown": command doesn't exist
=== g++ Summary ===
# of expected passes 14095
# of unexpected failures 18
# of expected failures 30
# of unresolved testcases 16
# of unsupported tests 1981
/xxx/gnu/gcc/objdir/gcc/testsuite/g++/../../xg++ version 4.10.0 20140412 (experimental) [trunk revision 209333] (GCC)
=== gcc tests ===
Running target unix
WARNING: program timed out.
FAIL: gcc.c-torture/compile/20001226-1.c -O2 (test for excess errors)
WARNING: program timed out.
FAIL: gcc.c-torture/compile/20001226-1.c -O3 -fomit-frame-pointer (test for excess errors)
WARNING: program timed out.
FAIL: gcc.c-torture/compile/20001226-1.c -O3 -g (test for excess errors)
WARNING: program timed out.
FAIL: gcc.c-torture/compile/20001226-1.c -Os (test for excess errors)
WARNING: program timed out.
FAIL: gcc.c-torture/compile/limits-externdecl.c -O0 (test for excess errors)
WARNING: program timed out.
FAIL: gcc.c-torture/compile/limits-externdecl.c -O1 (test for excess errors)
WARNING: program timed out.
FAIL: gcc.c-torture/compile/limits-externdecl.c -O2 (test for excess errors)
WARNING: program timed out.
FAIL: gcc.c-torture/compile/limits-externdecl.c -O3 -fomit-frame-pointer (test for excess errors)
WARNING: program timed out.
FAIL: gcc.c-torture/compile/limits-externdecl.c -O3 -g (test for excess errors)
WARNING: program timed out.
FAIL: gcc.c-torture/compile/limits-externdecl.c -Os (test for excess errors)
WARNING: program timed out.
FAIL: gcc.c-torture/compile/limits-fndefn.c -O1 (test for excess errors)
WARNING: program timed out.
FAIL: gcc.c-torture/compile/limits-fndefn.c -O2 (test for excess errors)
WARNING: program timed out.
FAIL: gcc.c-torture/compile/limits-fndefn.c -O3 -fomit-frame-pointer (test for excess errors)
WARNING: program timed out.
FAIL: gcc.c-torture/compile/limits-fndefn.c -O3 -g (test for excess errors)
WARNING: program timed out.
FAIL: gcc.c-torture/compile/limits-fndefn.c -Os (test for excess errors)
FAIL: gcc.c-torture/compile/limits-structnest.c -O2 (test for excess errors)
FAIL: gcc.c-torture/compile/limits-structnest.c -O3 -fomit-frame-pointer (test for excess errors)
FAIL: gcc.c-torture/compile/limits-structnest.c -O3 -g (test for excess errors)
FAIL: gcc.c-torture/compile/limits-structnest.c -Os (test for excess errors)
WARNING: program timed out.
FAIL: gcc.c-torture/compile/pr46534.c -O0 (test for excess errors)
WARNING: program timed out.
FAIL: gcc.c-torture/compile/pr46534.c -O1 (test for excess errors)
WARNING: program timed out.
FAIL: gcc.c-torture/compile/pr46534.c -O2 (test for excess errors)
WARNING: program timed out.
FAIL: gcc.c-torture/compile/pr46534.c -O3 -fomit-frame-pointer (test for excess errors)
WARNING: program timed out.
FAIL: gcc.c-torture/compile/pr46534.c -O3 -g (test for excess errors)
WARNING: program timed out.
FAIL: gcc.c-torture/compile/pr46534.c -Os (test for excess errors)
FAIL: gcc.c-torture/compile/pr60655-1.c -O0 (test for excess errors)
FAIL: gcc.c-torture/compile/pr60655-1.c -O1 (test for excess errors)
FAIL: gcc.c-torture/compile/pr60655-1.c -O2 (test for excess errors)
FAIL: gcc.c-torture/compile/pr60655-1.c -O3 -fomit-frame-pointer (test for excess errors)
FAIL: gcc.c-torture/compile/pr60655-1.c -O3 -fomit-frame-pointer -funroll-loops (test for excess errors)
FAIL: gcc.c-torture/compile/pr60655-1.c -O3 -fomit-frame-pointer -funroll-all-loops -finline-functions (test for excess errors)
FAIL: gcc.c-torture/compile/pr60655-1.c -O3 -g (test for excess errors)
FAIL: gcc.c-torture/compile/pr60655-1.c -Os (test for excess errors)
WARNING: program timed out.
FAIL: gcc.c-torture/unsorted/dump-noaddr.c, -O0 -dumpbase dump1/dump-noaddr.c -DMASK=1 -x c --param ggc-min-heapsize=1 -fdump-ipa-all -fdump-rtl-all -fdump-tree-all -fdump-noaddr
FAIL: gcc.c-torture/unsorted/dump-noaddr.c.000i.cgraph, -O0 comparison
FAIL: gcc.c-torture/unsorted/dump-noaddr.c.003t.original, -O0 comparison
WARNING: program timed out.
FAIL: gcc.c-torture/unsorted/dump-noaddr.c, -O3 -fomit-frame-pointer -funroll-all-loops -finline-functions -dumpbase dump1/dump-noaddr.c -DMASK=1 -x c --param ggc-min-heapsize=1 -fdump-ipa-all -fdump-rtl-all -fdump-tree-all -fdump-noaddr
WARNING: program timed out.
FAIL: gcc.c-torture/unsorted/dump-noaddr.c, -O3 -g -dumpbase dump1/dump-noaddr.c -DMASK=1 -x c --param ggc-min-heapsize=1 -fdump-ipa-all -fdump-rtl-all -fdump-tree-all -fdump-noaddr
WARNING: program timed out.
FAIL: tmpdir-gcc.dg-struct-layout-1/t001 c_compat_y_tst.o compile
UNRESOLVED: tmpdir-gcc.dg-struct-layout-1/t001 c_compat_x_tst.o-c_compat_y_tst.o link
UNRESOLVED: tmpdir-gcc.dg-struct-layout-1/t001 c_compat_x_tst.o-c_compat_y_tst.o execute
WARNING: program timed out.
FAIL: tmpdir-gcc.dg-struct-layout-1/t002 c_compat_y_tst.o compile
UNRESOLVED: tmpdir-gcc.dg-struct-layout-1/t002 c_compat_x_tst.o-c_compat_y_tst.o link
UNRESOLVED: tmpdir-gcc.dg-struct-layout-1/t002 c_compat_x_tst.o-c_compat_y_tst.o execute
WARNING: program timed out.
FAIL: tmpdir-gcc.dg-struct-layout-1/t003 c_compat_y_tst.o compile
UNRESOLVED: tmpdir-gcc.dg-struct-layout-1/t003 c_compat_x_tst.o-c_compat_y_tst.o link
UNRESOLVED: tmpdir-gcc.dg-struct-layout-1/t003 c_compat_x_tst.o-c_compat_y_tst.o execute
WARNING: program timed out.
FAIL: tmpdir-gcc.dg-struct-layout-1/t024 c_compat_x_tst.o compile
WARNING: program timed out.
FAIL: tmpdir-gcc.dg-struct-layout-1/t024 c_compat_y_tst.o compile
UNRESOLVED: tmpdir-gcc.dg-struct-layout-1/t024 c_compat_x_tst.o-c_compat_y_tst.o link
UNRESOLVED: tmpdir-gcc.dg-struct-layout-1/t024 c_compat_x_tst.o-c_compat_y_tst.o execute
WARNING: program timed out.
FAIL: tmpdir-gcc.dg-struct-layout-1/t025 c_compat_y_tst.o compile
UNRESOLVED: tmpdir-gcc.dg-struct-layout-1/t025 c_compat_x_tst.o-c_compat_y_tst.o link
UNRESOLVED: tmpdir-gcc.dg-struct-layout-1/t025 c_compat_x_tst.o-c_compat_y_tst.o execute
WARNING: program timed out.
FAIL: tmpdir-gcc.dg-struct-layout-1/t026 c_compat_y_tst.o compile
UNRESOLVED: tmpdir-gcc.dg-struct-layout-1/t026 c_compat_x_tst.o-c_compat_y_tst.o link
UNRESOLVED: tmpdir-gcc.dg-struct-layout-1/t026 c_compat_x_tst.o-c_compat_y_tst.o execute
WARNING: program timed out.
FAIL: tmpdir-gcc.dg-struct-layout-1/t027 c_compat_y_tst.o compile
UNRESOLVED: tmpdir-gcc.dg-struct-layout-1/t027 c_compat_x_tst.o-c_compat_y_tst.o link
UNRESOLVED: tmpdir-gcc.dg-struct-layout-1/t027 c_compat_x_tst.o-c_compat_y_tst.o execute
WARNING: program timed out.
FAIL: tmpdir-gcc.dg-struct-layout-1/t028 c_compat_y_tst.o compile
UNRESOLVED: tmpdir-gcc.dg-struct-layout-1/t028 c_compat_x_tst.o-c_compat_y_tst.o link
UNRESOLVED: tmpdir-gcc.dg-struct-layout-1/t028 c_compat_x_tst.o-c_compat_y_tst.o execute
WARNING: program timed out.
FAIL: gcc.dg/20020425-1.c (test for excess errors)
WARNING: program timed out.
FAIL: gcc.dg/binary-constants-1.c (test for excess errors)
FAIL: gcc.dg/binop-xor1.c scan-tree-dump-times optimized "\\\\^" 1
WARNING: program timed out.
FAIL: gcc.dg/c11-atomic-2.c (test for excess errors)
FAIL: gcc.dg/c11-complex-1.c execution test
WARNING: program timed out.
FAIL: gcc.dg/c99-intconst-1.c (test for excess errors)
FAIL: gcc.dg/large-size-array-6.c (internal compiler error)
FAIL: gcc.dg/large-size-array-6.c (test for errors, line 6)
FAIL: gcc.dg/large-size-array-6.c (test for excess errors)
WARNING: program timed out.
FAIL: gcc.dg/pr43058.c (test for excess errors)
FAIL: gcc.dg/pr46309.c scan-tree-dump-times reassoc2 "Optimizing range tests [^\\r\\n]*_[0-9]* -.0, 31. and -.128, 159.[\\n\\r]* into" 1
WARNING: program timed out.
FAIL: gcc.dg/pr48141.c (test for excess errors)
WARNING: program timed out.
FAIL: gcc.dg/pr59920-3.c (test for excess errors)
FAIL: c-c++-common/pr36282-3.c -Wc++-compat (test for excess errors)
FAIL: c-c++-common/pr36282-4.c -Wc++-compat (test for excess errors)
FAIL: c-c++-common/simulate-thread/bitfields-2.c -O2 -g thread simulation test
FAIL: c-c++-common/simulate-thread/bitfields-2.c -O3 -g thread simulation test
FAIL: gcc.dg/torture/builtin-complex-1.c -O0 execution test
FAIL: gcc.dg/torture/builtin-complex-1.c -O1 execution test
FAIL: gcc.dg/torture/builtin-complex-1.c -O2 execution test
FAIL: gcc.dg/torture/builtin-complex-1.c -Os execution test
FAIL: gcc.dg/torture/pr41094.c -O0 execution test
FAIL: gcc.dg/tree-prof/crossmodule-indircall-1a.c compilation, -fprofile-generate -D_PROFILE_GENERATE
UNRESOLVED: gcc.dg/tree-prof/crossmodule-indircall-1a.c execution, -fprofile-generate -D_PROFILE_GENERATE
UNRESOLVED: gcc.dg/tree-prof/crossmodule-indircall-1a.c compilation, -fprofile-use -D_PROFILE_USE
UNRESOLVED: gcc.dg/tree-prof/crossmodule-indircall-1a.c execution, -fprofile-use -D_PROFILE_USE
FAIL: gcc.dg/tree-ssa/ssa-dom-thread-4.c scan-tree-dump-times dom1 "Threaded" 3
FAIL: gcc.dg/tree-ssa/ssa-ifcombine-ccmp-1.c scan-tree-dump optimized "&"
FAIL: gcc.dg/tree-ssa/ssa-ifcombine-ccmp-4.c scan-tree-dump optimized "&"
FAIL: gcc.dg/tree-ssa/ssa-ifcombine-ccmp-5.c scan-tree-dump-times optimized "&" 2
FAIL: gcc.dg/tree-ssa/ssa-ifcombine-ccmp-6.c scan-tree-dump-times optimized "\\\\|" 2
=== gcc Summary ===
# of expected passes 67139
# of unexpected failures 75
# of expected failures 111
# of unresolved testcases 19
# of unsupported tests 1717
/xxx/gnu/gcc/objdir/gcc/xgcc version 4.10.0 20140412 (experimental) [trunk revision 209333] (GCC)
=== obj-c++ tests ===
Running target unix
=== obj-c++ Summary ===
# of expected passes 1407
# of expected failures 2
# of unsupported tests 69
/xxx/gnu/gcc/objdir/gcc/testsuite/obj-c++/../../xg++ version 4.10.0 20140412 (experimental) [trunk revision 209333] (GCC)
=== objc tests ===
Running target unix
=== objc Summary ===
# of expected passes 2912
# of unsupported tests 67
/xxx/gnu/gcc/objdir/gcc/xgcc version 4.10.0 20140412 (experimental) [trunk revision 209333] (GCC)
=== libstdc++ tests ===
Running target unix
WARNING: program timed out.
FAIL: 17_intro/headers/c++200x/operator_names.cc (test for excess errors)
WARNING: program timed out.
FAIL: 20_util/hash/chi2_q_uniform_random.cc execution test
WARNING: program timed out.
FAIL: 20_util/scoped_allocator/2.cc (test for excess errors)
WARNING: 20_util/scoped_allocator/2.cc compilation failed to produce executable
WARNING: program timed out.
FAIL: 20_util/tuple/creation_functions/tuple_cat.cc (test for excess errors)
WARNING: 20_util/tuple/creation_functions/tuple_cat.cc compilation failed to produce executable
FAIL: 21_strings/basic_string/literals/types.cc (test for excess errors)
FAIL: 21_strings/basic_string/literals/values.cc (test for excess errors)
WARNING: 21_strings/basic_string/literals/values.cc compilation failed to produce executable
WARNING: program timed out.
FAIL: 23_containers/deque/requirements/exception/basic.cc (test for excess errors)
WARNING: 23_containers/deque/requirements/exception/basic.cc compilation failed to produce executable
WARNING: program timed out.
FAIL: 23_containers/deque/requirements/exception/propagation_consistent.cc (test for excess errors)
WARNING: 23_containers/deque/requirements/exception/propagation_consistent.cc compilation failed to produce executable
WARNING: program timed out.
FAIL: 23_containers/forward_list/requirements/exception/basic.cc (test for excess errors)
WARNING: 23_containers/forward_list/requirements/exception/basic.cc compilation failed to produce executable
WARNING: program timed out.
FAIL: 23_containers/forward_list/requirements/exception/propagation_consistent.cc (test for excess errors)
WARNING: 23_containers/forward_list/requirements/exception/propagation_consistent.cc compilation failed to produce executable
WARNING: program timed out.
FAIL: 23_containers/list/requirements/exception/basic.cc (test for excess errors)
WARNING: 23_containers/list/requirements/exception/basic.cc compilation failed to produce executable
WARNING: program timed out.
FAIL: 23_containers/map/requirements/exception/basic.cc (test for excess errors)
WARNING: 23_containers/map/requirements/exception/basic.cc compilation failed to produce executable
WARNING: program timed out.
FAIL: 23_containers/map/requirements/exception/propagation_consistent.cc (test for excess errors)
WARNING: 23_containers/map/requirements/exception/propagation_consistent.cc compilation failed to produce executable
WARNING: program timed out.
FAIL: 23_containers/multimap/requirements/exception/basic.cc (test for excess errors)
WARNING: 23_containers/multimap/requirements/exception/basic.cc compilation failed to produce executable
WARNING: program timed out.
FAIL: 23_containers/multimap/requirements/exception/propagation_consistent.cc (test for excess errors)
WARNING: 23_containers/multimap/requirements/exception/propagation_consistent.cc compilation failed to produce executable
WARNING: program timed out.
FAIL: 23_containers/multiset/requirements/exception/basic.cc (test for excess errors)
WARNING: 23_containers/multiset/requirements/exception/basic.cc compilation failed to produce executable
WARNING: program timed out.
FAIL: 23_containers/set/requirements/exception/basic.cc (test for excess errors)
WARNING: 23_containers/set/requirements/exception/basic.cc compilation failed to produce executable
WARNING: program timed out.
FAIL: 23_containers/set/requirements/exception/propagation_consistent.cc (test for excess errors)
WARNING: 23_containers/set/requirements/exception/propagation_consistent.cc compilation failed to produce executable
WARNING: program timed out.
FAIL: 23_containers/unordered_map/requirements/exception/basic.cc (test for excess errors)
WARNING: 23_containers/unordered_map/requirements/exception/basic.cc compilation failed to produce executable
WARNING: program timed out.
FAIL: 23_containers/unordered_map/requirements/exception/propagation_consistent.cc (test for excess errors)
WARNING: 23_containers/unordered_map/requirements/exception/propagation_consistent.cc compilation failed to produce executable
WARNING: program timed out.
FAIL: 23_containers/unordered_multimap/requirements/exception/basic.cc (test for excess errors)
WARNING: 23_containers/unordered_multimap/requirements/exception/basic.cc compilation failed to produce executable
WARNING: program timed out.
FAIL: 23_containers/unordered_multimap/requirements/exception/propagation_consistent.cc (test for excess errors)
WARNING: 23_containers/unordered_multimap/requirements/exception/propagation_consistent.cc compilation failed to produce executable
WARNING: program timed out.
FAIL: 23_containers/unordered_multiset/requirements/exception/basic.cc (test for excess errors)
WARNING: 23_containers/unordered_multiset/requirements/exception/basic.cc compilation failed to produce executable
WARNING: program timed out.
FAIL: 23_containers/unordered_set/requirements/exception/basic.cc (test for excess errors)
WARNING: 23_containers/unordered_set/requirements/exception/basic.cc compilation failed to produce executable
WARNING: program timed out.
FAIL: 23_containers/unordered_set/requirements/exception/propagation_consistent.cc (test for excess errors)
WARNING: 23_containers/unordered_set/requirements/exception/propagation_consistent.cc compilation failed to produce executable
WARNING: program timed out.
FAIL: 23_containers/vector/requirements/exception/basic.cc (test for excess errors)
WARNING: 23_containers/vector/requirements/exception/basic.cc compilation failed to produce executable
WARNING: program timed out.
FAIL: 23_containers/vector/requirements/exception/propagation_consistent.cc (test for excess errors)
WARNING: 23_containers/vector/requirements/exception/propagation_consistent.cc compilation failed to produce executable
WARNING: program timed out.
FAIL: 25_algorithms/partial_sort/random_test.cc execution test
WARNING: program timed out.
FAIL: 25_algorithms/partial_sort_copy/random_test.cc execution test
XPASS: 26_numerics/headers/cmath/c99_classification_macros_c.cc (test for excess errors)
FAIL: 27_io/basic_istream/extractors_arithmetic/char/12.cc execution test
WARNING: program timed out.
FAIL: 28_regex/algorithms/regex_match/awk/cstring_01.cc (test for excess errors)
WARNING: 28_regex/algorithms/regex_match/awk/cstring_01.cc compilation failed to produce executable
WARNING: program timed out.
FAIL: 28_regex/algorithms/regex_match/basic/empty_range.cc (test for excess errors)
WARNING: 28_regex/algorithms/regex_match/basic/empty_range.cc compilation failed to produce executable
WARNING: program timed out.
FAIL: 28_regex/algorithms/regex_match/basic/string_01.cc (test for excess errors)
WARNING: 28_regex/algorithms/regex_match/basic/string_01.cc compilation failed to produce executable
WARNING: program timed out.
FAIL: 28_regex/algorithms/regex_match/basic/string_range_00_03.cc (test for excess errors)
WARNING: 28_regex/algorithms/regex_match/basic/string_range_00_03.cc compilation failed to produce executable
WARNING: program timed out.
FAIL: 28_regex/algorithms/regex_match/basic/string_range_01_03.cc (test for excess errors)
WARNING: 28_regex/algorithms/regex_match/basic/string_range_01_03.cc compilation failed to produce executable
WARNING: program timed out.
FAIL: 28_regex/algorithms/regex_match/basic/string_range_02_03.cc (test for excess errors)
WARNING: 28_regex/algorithms/regex_match/basic/string_range_02_03.cc compilation failed to produce executable
WARNING: program timed out.
FAIL: 28_regex/algorithms/regex_match/ecma/char/53622.cc (test for excess errors)
WARNING: 28_regex/algorithms/regex_match/ecma/char/53622.cc compilation failed to produce executable
WARNING: program timed out.
FAIL: 28_regex/algorithms/regex_match/ecma/char/57173.cc (test for excess errors)
WARNING: 28_regex/algorithms/regex_match/ecma/char/57173.cc compilation failed to produce executable
WARNING: program timed out.
FAIL: 28_regex/algorithms/regex_match/ecma/char/58576.cc (test for excess errors)
WARNING: 28_regex/algorithms/regex_match/ecma/char/58576.cc compilation failed to produce executable
WARNING: program timed out.
FAIL: 28_regex/algorithms/regex_match/ecma/char/anymatcher.cc (test for excess errors)
WARNING: 28_regex/algorithms/regex_match/ecma/char/anymatcher.cc compilation failed to produce executable
WARNING: program timed out.
FAIL: 28_regex/algorithms/regex_match/ecma/char/backref.cc (test for excess errors)
WARNING: 28_regex/algorithms/regex_match/ecma/char/backref.cc compilation failed to produce executable
WARNING: program timed out.
FAIL: 28_regex/algorithms/regex_match/ecma/char/empty_range.cc (test for excess errors)
WARNING: 28_regex/algorithms/regex_match/ecma/char/empty_range.cc compilation failed to produce executable
WARNING: program timed out.
FAIL: 28_regex/algorithms/regex_match/ecma/char/emptygroup.cc (test for excess errors)
WARNING: 28_regex/algorithms/regex_match/ecma/char/emptygroup.cc compilation failed to produce executable
WARNING: program timed out.
FAIL: 28_regex/algorithms/regex_match/ecma/char/hex.cc (test for excess errors)
WARNING: 28_regex/algorithms/regex_match/ecma/char/hex.cc compilation failed to produce executable
WARNING: program timed out.
FAIL: 28_regex/algorithms/regex_match/ecma/char/quoted_char.cc (test for excess errors)
WARNING: 28_regex/algorithms/regex_match/ecma/char/quoted_char.cc compilation failed to produce executable
WARNING: program timed out.
FAIL: 28_regex/algorithms/regex_match/ecma/char/ungreedy.cc (test for excess errors)
WARNING: 28_regex/algorithms/regex_match/ecma/char/ungreedy.cc compilation failed to produce executable
WARNING: program timed out.
FAIL: 28_regex/algorithms/regex_match/extended/cstring_bracket_01.cc (test for excess errors)
WARNING: 28_regex/algorithms/regex_match/extended/cstring_bracket_01.cc compilation failed to produce executable
WARNING: program timed out.
FAIL: 28_regex/algorithms/regex_match/extended/cstring_plus.cc (test for excess errors)
WARNING: 28_regex/algorithms/regex_match/extended/cstring_plus.cc compilation failed to produce executable
WARNING: program timed out.
FAIL: 28_regex/algorithms/regex_match/extended/cstring_questionmark.cc (test for excess errors)
WARNING: 28_regex/algorithms/regex_match/extended/cstring_questionmark.cc compilation failed to produce executable
WARNING: program timed out.
FAIL: 28_regex/algorithms/regex_match/extended/cstring_range.cc (test for excess errors)
WARNING: 28_regex/algorithms/regex_match/extended/cstring_range.cc compilation failed to produce executable
WARNING: program timed out.
FAIL: 28_regex/algorithms/regex_match/extended/string_any.cc (test for excess errors)
WARNING: 28_regex/algorithms/regex_match/extended/string_any.cc compilation failed to produce executable
WARNING: program timed out.
FAIL: 28_regex/algorithms/regex_match/extended/string_range_00_03.cc (test for excess errors)
WARNING: 28_regex/algorithms/regex_match/extended/string_range_00_03.cc compilation failed to produce executable
WARNING: program timed out.
FAIL: 28_regex/algorithms/regex_match/extended/string_range_01_03.cc (test for excess errors)
WARNING: 28_regex/algorithms/regex_match/extended/string_range_01_03.cc compilation failed to produce executable
WARNING: program timed out.
FAIL: 28_regex/algorithms/regex_match/extended/string_range_02_03.cc (test for excess errors)
WARNING: 28_regex/algorithms/regex_match/extended/string_range_02_03.cc compilation failed to produce executable
WARNING: program timed out.
FAIL: 28_regex/algorithms/regex_replace/char/51711.cc (test for excess errors)
WARNING: program timed out.
FAIL: 28_regex/algorithms/regex_replace/char/basic_replace.cc (test for excess errors)
WARNING: 28_regex/algorithms/regex_replace/char/basic_replace.cc compilation failed to produce executable
WARNING: program timed out.
FAIL: 28_regex/algorithms/regex_replace/char/dr2213.cc (test for excess errors)
WARNING: 28_regex/algorithms/regex_replace/char/dr2213.cc compilation failed to produce executable
WARNING: program timed out.
FAIL: 28_regex/algorithms/regex_search/basic/string_01.cc (test for excess errors)
WARNING: 28_regex/algorithms/regex_search/basic/string_01.cc compilation failed to produce executable
WARNING: program timed out.
FAIL: 28_regex/algorithms/regex_search/ecma/assertion.cc (test for excess errors)
WARNING: 28_regex/algorithms/regex_search/ecma/assertion.cc compilation failed to produce executable
WARNING: program timed out.
FAIL: 28_regex/algorithms/regex_search/ecma/flags.cc (test for excess errors)
WARNING: 28_regex/algorithms/regex_search/ecma/flags.cc compilation failed to produce executable
WARNING: program timed out.
FAIL: 28_regex/algorithms/regex_search/ecma/greedy.cc (test for excess errors)
WARNING: 28_regex/algorithms/regex_search/ecma/greedy.cc compilation failed to produce executable
WARNING: program timed out.
FAIL: 28_regex/algorithms/regex_search/ecma/string_01.cc (test for excess errors)
WARNING: 28_regex/algorithms/regex_search/ecma/string_01.cc compilation failed to produce executable
WARNING: program timed out.
FAIL: 28_regex/basic_regex/assign/char/cstring.cc (test for excess errors)
WARNING: program timed out.
FAIL: 28_regex/basic_regex/assign/char/cstring_op.cc (test for excess errors)
WARNING: program timed out.
FAIL: 28_regex/basic_regex/assign/char/moveable.cc (test for excess errors)
WARNING: 28_regex/basic_regex/assign/char/moveable.cc compilation failed to produce executable
WARNING: program timed out.
FAIL: 28_regex/basic_regex/assign/char/pstring.cc (test for excess errors)
WARNING: program timed out.
FAIL: 28_regex/basic_regex/assign/char/range.cc (test for excess errors)
WARNING: program timed out.
FAIL: 28_regex/basic_regex/assign/char/string.cc (test for excess errors)
WARNING: program timed out.
FAIL: 28_regex/basic_regex/assign/char/string_op.cc (test for excess errors)
WARNING: program timed out.
FAIL: 28_regex/basic_regex/ctors/47724.cc (test for excess errors)
WARNING: 28_regex/basic_regex/ctors/47724.cc compilation failed to produce executable
WARNING: program timed out.
FAIL: 28_regex/basic_regex/ctors/basic/cstring.cc (test for excess errors)
WARNING: program timed out.
FAIL: 28_regex/basic_regex/ctors/basic/pstring_char.cc (test for excess errors)
WARNING: 28_regex/basic_regex/ctors/basic/pstring_char.cc compilation failed to produce executable
WARNING: program timed out.
FAIL: 28_regex/basic_regex/ctors/basic/raw_string.cc (test for excess errors)
WARNING: 28_regex/basic_regex/ctors/basic/raw_string.cc compilation failed to produce executable
WARNING: program timed out.
FAIL: 28_regex/basic_regex/ctors/basic/string_range_01_02_03.cc (test for excess errors)
WARNING: 28_regex/basic_regex/ctors/basic/string_range_01_02_03.cc compilation failed to produce executable
WARNING: program timed out.
FAIL: 28_regex/basic_regex/ctors/char/cstring.cc (test for excess errors)
WARNING: program timed out.
FAIL: 28_regex/basic_regex/ctors/char/cstring_awk.cc (test for excess errors)
WARNING: program timed out.
FAIL: 28_regex/basic_regex/ctors/char/cstring_ecma.cc (test for excess errors)
WARNING: program timed out.
FAIL: 28_regex/basic_regex/ctors/char/cstring_egrep.cc (test for excess errors)
WARNING: program timed out.
FAIL: 28_regex/basic_regex/ctors/char/cstring_grep.cc (test for excess errors)
WARNING: program timed out.
FAIL: 28_regex/basic_regex/ctors/char/range.cc (test for excess errors)
WARNING: program timed out.
FAIL: 28_regex/basic_regex/ctors/copy_char.cc (test for excess errors)
WARNING: 28_regex/basic_regex/ctors/copy_char.cc compilation failed to produce executable
WARNING: program timed out.
FAIL: 28_regex/basic_regex/ctors/extended/cstring.cc (test for excess errors)
WARNING: 28_regex/basic_regex/ctors/extended/cstring.cc compilation failed to produce executable
WARNING: program timed out.
FAIL: 28_regex/basic_regex/ctors/extended/string_range_01_02_03.cc (test for excess errors)
WARNING: 28_regex/basic_regex/ctors/extended/string_range_01_02_03.cc compilation failed to produce executable
WARNING: program timed out.
FAIL: 28_regex/basic_regex/ctors/move_char.cc (test for excess errors)
WARNING: 28_regex/basic_regex/ctors/move_char.cc compilation failed to produce executable
WARNING: program timed out.
FAIL: 28_regex/basic_regex/ctors/string_char.cc (test for excess errors)
WARNING: program timed out.
FAIL: 28_regex/basic_regex/multiple_quantifiers.cc (test for excess errors)
WARNING: 28_regex/basic_regex/multiple_quantifiers.cc compilation failed to produce executable
WARNING: program timed out.
FAIL: 28_regex/constants/syntax_option_type.cc (test for excess errors)
WARNING: 28_regex/constants/syntax_option_type.cc compilation failed to produce executable
WARNING: program timed out.
FAIL: 28_regex/init-list.cc (test for excess errors)
WARNING: 28_regex/init-list.cc compilation failed to produce executable
WARNING: program timed out.
FAIL: 28_regex/iterators/regex_iterator/char/string_01.cc (test for excess errors)
WARNING: 28_regex/iterators/regex_iterator/char/string_01.cc compilation failed to produce executable
WARNING: program timed out.
FAIL: 28_regex/iterators/regex_iterator/char/string_position_01.cc (test for excess errors)
WARNING: 28_regex/iterators/regex_iterator/char/string_position_01.cc compilation failed to produce executable
WARNING: program timed out.
FAIL: 28_regex/iterators/regex_token_iterator/char/string_01.cc (test for excess errors)
WARNING: 28_regex/iterators/regex_token_iterator/char/string_01.cc compilation failed to produce executable
WARNING: program timed out.
FAIL: 28_regex/match_results/format.cc (test for excess errors)
WARNING: 28_regex/match_results/format.cc compilation failed to produce executable
WARNING: program timed out.
FAIL: 28_regex/traits/char/user_defined.cc (test for excess errors)
WARNING: 28_regex/traits/char/user_defined.cc compilation failed to produce executable
FAIL: experimental/string_view/literals/types.cc (test for excess errors)
FAIL: experimental/string_view/literals/values.cc (test for excess errors)
WARNING: experimental/string_view/literals/values.cc compilation failed to produce executable
WARNING: program timed out.
FAIL: ext/vstring/requirements/exception/basic.cc (test for excess errors)
WARNING: ext/vstring/requirements/exception/basic.cc compilation failed to produce executable
WARNING: program timed out.
FAIL: ext/vstring/requirements/exception/propagation_consistent.cc (test for excess errors)
WARNING: ext/vstring/requirements/exception/propagation_consistent.cc compilation failed to produce executable
=== libstdc++ Summary ===
# of expected passes 6960
# of unexpected failures 97
# of unexpected successes 1
# of expected failures 39
# of unsupported tests 542
Compiler version: 4.10.0 20140412 (experimental) [trunk revision 209333] (GCC)
Platform: hppa1.1-hp-hpux10.20
configure flags:Test Run By dave on Fri Apr 18 07:57:50 2014
More information about the Gcc-testresults
mailing list