Results for 4.9.0 (GCC) testsuite on x86_64-unknown-linux-gnu
Rainer Orth
ro@CeBiTec.Uni-Bielefeld.DE
Wed Apr 23 17:53:00 GMT 2014
LAST_UPDATED: Obtained from SVN: tags/gcc_4_9_0_release revision 209612
=== acats tests ===
=== acats Summary ===
# of expected passes 2320
# of unexpected failures 0
Native configuration is x86_64-unknown-linux-gnu
=== g++ tests ===
Running target unix
=== g++ Summary for unix ===
# of expected passes 87644
# of expected failures 445
# of unsupported tests 3039
Running target unix/-m32
=== g++ Summary for unix/-m32 ===
# of expected passes 86181
# of expected failures 445
# of unsupported tests 2771
=== g++ Summary ===
# of expected passes 173825
# of expected failures 890
# of unsupported tests 5810
/var/scratch/gcc/gcc-4.9.0/3.9.6-gcc-gas-gld/gcc/testsuite/g++/../../xg++ version 4.9.0 (GCC)
=== gcc tests ===
Running target unix
=== gcc Summary for unix ===
# of expected passes 105268
# of expected failures 251
# of unsupported tests 1458
Running target unix/-m32
FAIL: c-c++-common/cilk-plus/CK/spawner_inline.c -g execution test
=== gcc Summary for unix/-m32 ===
# of expected passes 104484
# of unexpected failures 1
# of expected failures 248
# of unsupported tests 1238
=== gcc Summary ===
# of expected passes 209752
# of unexpected failures 1
# of expected failures 499
# of unsupported tests 2696
/var/scratch/gcc/gcc-4.9.0/3.9.6-gcc-gas-gld/gcc/xgcc version 4.9.0 (GCC)
=== gfortran tests ===
Running target unix
=== gfortran Summary for unix ===
# of expected passes 45504
# of expected failures 38
# of unsupported tests 87
Running target unix/-m32
=== gfortran Summary for unix/-m32 ===
# of expected passes 45215
# of expected failures 38
# of unsupported tests 227
=== gfortran Summary ===
# of expected passes 90719
# of expected failures 76
# of unsupported tests 314
/var/scratch/gcc/gcc-4.9.0/3.9.6-gcc-gas-gld/gcc/testsuite/gfortran/../../gfortran version 4.9.0 (GCC)
=== gnat tests ===
Running target unix
=== gnat Summary for unix ===
# of expected passes 1225
# of expected failures 18
# of unsupported tests 3
Running target unix/-m32
=== gnat Summary for unix/-m32 ===
# of expected passes 1225
# of expected failures 18
# of unsupported tests 3
=== gnat Summary ===
# of expected passes 2450
# of expected failures 36
# of unsupported tests 6
/var/scratch/gcc/gcc-4.9.0/3.9.6-gcc-gas-gld/gcc/gnatmake version 4.9.0
=== go tests ===
Running target unix
=== go Summary for unix ===
# of expected passes 7258
# of expected failures 1
# of untested testcases 6
# of unsupported tests 1
Running target unix/-m32
=== go Summary for unix/-m32 ===
# of expected passes 7377
# of expected failures 1
# of untested testcases 6
# of unsupported tests 2
=== go Summary ===
# of expected passes 14635
# of expected failures 2
# of untested testcases 12
# of unsupported tests 3
/var/scratch/gcc/gcc-4.9.0/3.9.6-gcc-gas-gld/gcc/testsuite/go/../../gccgo version 4.9.0 (GCC)
=== obj-c++ tests ===
Running target unix
=== obj-c++ Summary for unix ===
# of expected passes 1441
# of expected failures 10
# of unsupported tests 86
Running target unix/-m32
=== obj-c++ Summary for unix/-m32 ===
# of expected passes 1449
# of expected failures 2
# of unsupported tests 86
=== obj-c++ Summary ===
# of expected passes 2890
# of expected failures 12
# of unsupported tests 172
/var/scratch/gcc/gcc-4.9.0/3.9.6-gcc-gas-gld/gcc/testsuite/obj-c++/../../xg++ version 4.9.0 (GCC)
=== objc tests ===
Running target unix
=== objc Summary for unix ===
# of expected passes 2988
# of expected failures 6
# of unsupported tests 74
Running target unix/-m32
=== objc Summary for unix/-m32 ===
# of expected passes 2988
# of expected failures 6
# of unsupported tests 74
=== objc Summary ===
# of expected passes 5976
# of expected failures 12
# of unsupported tests 148
/var/scratch/gcc/gcc-4.9.0/3.9.6-gcc-gas-gld/gcc/xgcc version 4.9.0 (GCC)
=== boehm-gc tests ===
Running target unix
=== boehm-gc Summary for unix ===
# of expected passes 12
# of unsupported tests 1
Running target unix/-m32
=== boehm-gc Summary for unix/-m32 ===
# of expected passes 12
# of unsupported tests 1
=== boehm-gc Summary ===
# of expected passes 24
# of unsupported tests 2
=== libatomic tests ===
Running target unix
=== libatomic Summary for unix ===
# of expected passes 54
Running target unix/-m32
=== libatomic Summary for unix/-m32 ===
# of expected passes 44
# of unsupported tests 5
=== libatomic Summary ===
# of expected passes 98
# of unsupported tests 5
=== libffi tests ===
Running target unix
=== libffi Summary for unix ===
# of expected passes 1819
# of unsupported tests 55
Running target unix/-m32
=== libffi Summary for unix/-m32 ===
# of expected passes 1819
# of unsupported tests 55
=== libffi Summary ===
# of expected passes 3638
# of unsupported tests 110
=== libgo tests ===
Running target unix
=== libgo Summary for unix ===
# of expected passes 122
Running target unix/-m32
=== libgo Summary for unix/-m32 ===
# of expected passes 122
=== libgo Summary ===
# of expected passes 244
/var/gcc/gcc-4.9.0/3.9.6-gcc-gas-gld/./gcc/gccgo version 4.9.0 (GCC)
=== libgomp tests ===
Running target unix
=== libgomp Summary for unix ===
# of expected passes 2363
Running target unix/-m32
=== libgomp Summary for unix/-m32 ===
# of expected passes 2363
=== libgomp Summary ===
# of expected passes 4726
=== libitm tests ===
Running target unix
=== libitm Summary for unix ===
# of expected passes 26
# of expected failures 3
# of unsupported tests 1
Running target unix/-m32
=== libitm Summary for unix/-m32 ===
# of expected passes 26
# of expected failures 3
# of unsupported tests 1
=== libitm Summary ===
# of expected passes 52
# of expected failures 6
# of unsupported tests 2
=== libjava tests ===
Running target unix
=== libjava Summary for unix ===
# of expected passes 2582
# of expected failures 4
Running target unix/-m32
=== libjava Summary for unix/-m32 ===
# of expected passes 2582
# of expected failures 4
=== libjava Summary ===
# of expected passes 5164
# of expected failures 8
=== libstdc++ tests ===
Running target unix
=== libstdc++ Summary for unix ===
# of expected passes 9911
# of expected failures 41
# of unsupported tests 225
Running target unix/-m32
=== libstdc++ Summary for unix/-m32 ===
# of expected passes 9919
# of expected failures 41
# of unsupported tests 221
=== libstdc++ Summary ===
# of expected passes 19830
# of expected failures 82
# of unsupported tests 446
Compiler version: 4.9.0 (GCC)
Platform: x86_64-unknown-linux-gnu
configure flags: --prefix=/vol/gcc-4.9 --enable-objc-gc --with-as=/vol/gcc/bin/gas-2.24 --with-gnu-as --with-ld=/vol/gcc/bin/gld-2.24 --with-gnu-ld --with-gmp-include=/vol/gcc/include --with-gmp-lib=/vol/gcc/lib --with-mpfr-include=/vol/gcc/include --with-mpfr-lib=/vol/gcc/lib --with-mpc-include=/vol/gcc/include --with-mpc-lib=/vol/gcc/lib --enable-languages=all,ada,obj-c++,go
BOOT_CFLAGS=-g -O2
More information about the Gcc-testresults
mailing list