Results for 4.10.0 20140411 (experimental) testsuite on sparc-unknown-linux-gnu
Mikael Pettersson
mikpelinux@gmail.com
Sun Apr 13 16:18:00 GMT 2014
LAST_UPDATED: Obtained from SVN: trunk revision 209307
=== acats tests ===
FAIL: c52103x
FAIL: c52104x
FAIL: c52104y
=== acats Summary ===
# of expected passes 2317
# of unexpected failures 3
Native configuration is sparc-unknown-linux-gnu
=== g++ tests ===
Running target unix
ERROR: can't rename "dg-save-unknown": command doesn't exist
ERROR: tcl error sourcing /mnt/scratch/gcc-4.10-20140411/gcc/testsuite/g++.dg/dg.exp.
=== g++ Summary ===
# of expected passes 54980
# of expected failures 155
# of unsupported tests 2484
/mnt/scratch/objdir410/gcc/testsuite/g++/../../xg++ version 4.10.0 20140411 (experimental) (GCC)
=== gcc tests ===
Running target unix
FAIL: gcc.dg/tree-prof/crossmodule-indircall-1a.c compilation, -fprofile-generate -D_PROFILE_GENERATE
UNRESOLVED: gcc.dg/tree-prof/crossmodule-indircall-1a.c execution, -fprofile-generate -D_PROFILE_GENERATE
UNRESOLVED: gcc.dg/tree-prof/crossmodule-indircall-1a.c compilation, -fprofile-use -D_PROFILE_USE
UNRESOLVED: gcc.dg/tree-prof/crossmodule-indircall-1a.c execution, -fprofile-use -D_PROFILE_USE
ERROR: gcc.dg/vect/pr60656.c: error executing dg-final: can't read "et_vect_widen_mult_si_to_di_pattern_saved": no such variable
UNRESOLVED: gcc.dg/vect/pr60656.c: error executing dg-final: can't read "et_vect_widen_mult_si_to_di_pattern_saved": no such variable
=== gcc Summary ===
# of expected passes 73389
# of unexpected failures 1
# of expected failures 224
# of unresolved testcases 4
# of unsupported tests 1443
/mnt/scratch/objdir410/gcc/xgcc version 4.10.0 20140411 (experimental) (GCC)
=== gfortran tests ===
Running target unix
=== gfortran Summary ===
# of expected passes 44826
# of expected failures 40
# of unsupported tests 279
/mnt/scratch/objdir410/gcc/testsuite/gfortran/../../gfortran version 4.10.0 20140411 (experimental) (GCC)
=== gnat tests ===
Running target unix
FAIL: gnat.dg/null_pointer_deref1.adb execution test
FAIL: gnat.dg/null_pointer_deref3.adb execution test
=== gnat Summary ===
# of expected passes 1206
# of unexpected failures 2
# of expected failures 18
# of unsupported tests 11
/mnt/scratch/objdir410/gcc/gnatmake version 4.10.0 20140411 (experimental)
=== libatomic tests ===
Running target unix
=== libatomic Summary ===
# of expected passes 44
# of unsupported tests 5
=== libgomp tests ===
Running target unix
=== libgomp Summary ===
# of expected passes 2361
# of unsupported tests 1
=== libitm tests ===
Running target unix
=== libitm Summary ===
# of expected passes 26
# of expected failures 3
# of unsupported tests 1
=== libstdc++ tests ===
Running target unix
FAIL: libstdc++-abi/abi_check
FAIL: 22_locale/messages/members/char/1.cc execution test
FAIL: 22_locale/messages/members/char/2.cc execution test
FAIL: 22_locale/messages/members/char/wrapped_env.cc execution test
FAIL: 22_locale/messages/members/char/wrapped_locale.cc execution test
FAIL: 22_locale/messages_byname/named_equivalence.cc execution test
=== libstdc++ Summary ===
# of expected passes 9657
# of unexpected failures 6
# of expected failures 41
# of unsupported tests 262
Compiler version: 4.10.0 20140411 (experimental)
Platform: sparc-unknown-linux-gnu
configure flags: --prefix=/mnt/scratch/install410 --with-gmp=/home/mikpe/pkgs/linux-sparc64/gmp-5.1.3 --with-mpfr=/home/mikpe/pkgs/linux-sparc64/mpfr-3.1.2 --with-mpc=/home/mikpe/pkgs/linux-sparc64/mpc-1.0.2 --enable-multilib --disable-plugin --disable-lto --disable-nls --enable-threads=posix --enable-checking=release --disable-libmudflap --enable-languages=c,ada,c++,fortran --build=sparc-unknown-linux --target=sparc-unknown-linux --with-cpu=ultrasparc --enable-targets=all --disable-libsanitizer
BOOT_CFLAGS=-g -O2
More information about the Gcc-testresults
mailing list