Results for 4.9.0 20140411 (experimental) [trunk revision 209292] (GCC) testsuite on mips64-unknown-linux-gnu
Richard Sandiford
rdsandiford@googlemail.com
Fri Apr 11 16:29:00 GMT 2014
Target is mips64-unknown-linux-gnu
=== gcc tests ===
Running target qemu64eb/-mabi=32
XPASS: gcc.dg/guality/example.c -O0 execution test
XPASS: gcc.dg/guality/example.c -O1 execution test
XPASS: gcc.dg/guality/example.c -O2 execution test
XPASS: gcc.dg/guality/example.c -O2 -flto -fno-use-linker-plugin -flto-partition=none execution test
XPASS: gcc.dg/guality/guality.c -O0 execution test
XPASS: gcc.dg/guality/guality.c -O1 execution test
XPASS: gcc.dg/guality/guality.c -O2 execution test
XPASS: gcc.dg/guality/guality.c -O3 -fomit-frame-pointer execution test
XPASS: gcc.dg/guality/guality.c -O3 -g execution test
XPASS: gcc.dg/guality/guality.c -Os execution test
XPASS: gcc.dg/guality/guality.c -O2 -flto -fno-use-linker-plugin -flto-partition=none execution test
XPASS: gcc.dg/guality/guality.c -O2 -flto -fuse-linker-plugin -fno-fat-lto-objects execution test
XPASS: gcc.dg/guality/inline-params.c -O2 execution test
XPASS: gcc.dg/guality/inline-params.c -O3 -fomit-frame-pointer execution test
XPASS: gcc.dg/guality/inline-params.c -O3 -g execution test
XPASS: gcc.dg/guality/inline-params.c -Os execution test
XPASS: gcc.dg/guality/inline-params.c -O2 -flto -fno-use-linker-plugin -flto-partition=none execution test
XPASS: gcc.dg/guality/pr41447-1.c -O0 execution test
XPASS: gcc.dg/guality/pr41447-1.c -O1 execution test
XPASS: gcc.dg/guality/pr41447-1.c -O2 execution test
XPASS: gcc.dg/guality/pr41447-1.c -O3 -fomit-frame-pointer execution test
XPASS: gcc.dg/guality/pr41447-1.c -O3 -g execution test
XPASS: gcc.dg/guality/pr41447-1.c -Os execution test
XPASS: gcc.dg/guality/pr41447-1.c -O2 -flto -fno-use-linker-plugin -flto-partition=none execution test
XPASS: gcc.dg/guality/pr41447-1.c -O2 -flto -fuse-linker-plugin -fno-fat-lto-objects execution test
XPASS: gcc.dg/guality/pr41616-1.c -O0 execution test
XPASS: gcc.dg/guality/pr41616-1.c -O1 execution test
XPASS: gcc.dg/guality/pr41616-1.c -O2 execution test
XPASS: gcc.dg/guality/pr41616-1.c -O3 -fomit-frame-pointer execution test
XPASS: gcc.dg/guality/pr41616-1.c -O3 -g execution test
XPASS: gcc.dg/guality/pr41616-1.c -Os execution test
XPASS: gcc.dg/guality/pr41616-1.c -O2 -flto -fno-use-linker-plugin -flto-partition=none execution test
=== gcc Summary for qemu64eb/-mabi=32 ===
# of expected passes 97706
# of unexpected successes 32
# of expected failures 147
# of unsupported tests 1642
Running target qemu64eb/-mabi=64
XPASS: gcc.dg/guality/example.c -O0 execution test
XPASS: gcc.dg/guality/example.c -O1 execution test
XPASS: gcc.dg/guality/guality.c -O0 execution test
XPASS: gcc.dg/guality/guality.c -O1 execution test
XPASS: gcc.dg/guality/guality.c -Os execution test
XPASS: gcc.dg/guality/guality.c -O2 -flto -fuse-linker-plugin -fno-fat-lto-objects execution test
XPASS: gcc.dg/guality/inline-params.c -O2 execution test
XPASS: gcc.dg/guality/inline-params.c -O3 -fomit-frame-pointer execution test
XPASS: gcc.dg/guality/inline-params.c -O3 -g execution test
XPASS: gcc.dg/guality/inline-params.c -Os execution test
XPASS: gcc.dg/guality/inline-params.c -O2 -flto -fno-use-linker-plugin -flto-partition=none execution test
XPASS: gcc.dg/guality/pr41447-1.c -O0 execution test
XPASS: gcc.dg/guality/pr41447-1.c -O1 execution test
XPASS: gcc.dg/guality/pr41447-1.c -O2 execution test
XPASS: gcc.dg/guality/pr41447-1.c -O3 -fomit-frame-pointer execution test
XPASS: gcc.dg/guality/pr41447-1.c -O3 -g execution test
XPASS: gcc.dg/guality/pr41447-1.c -Os execution test
XPASS: gcc.dg/guality/pr41447-1.c -O2 -flto -fno-use-linker-plugin -flto-partition=none execution test
XPASS: gcc.dg/guality/pr41447-1.c -O2 -flto -fuse-linker-plugin -fno-fat-lto-objects execution test
XPASS: gcc.dg/guality/pr41616-1.c -O0 execution test
XPASS: gcc.dg/guality/pr41616-1.c -O1 execution test
XPASS: gcc.dg/guality/pr41616-1.c -O2 execution test
XPASS: gcc.dg/guality/pr41616-1.c -O3 -fomit-frame-pointer execution test
XPASS: gcc.dg/guality/pr41616-1.c -O3 -g execution test
XPASS: gcc.dg/guality/pr41616-1.c -Os execution test
XPASS: gcc.dg/guality/pr41616-1.c -O2 -flto -fno-use-linker-plugin -flto-partition=none execution test
=== gcc Summary for qemu64eb/-mabi=64 ===
# of expected passes 98969
# of unexpected successes 26
# of expected failures 173
# of unsupported tests 2826
Running target qemu64eb/-mabi=n32
XPASS: gcc.dg/guality/example.c -O0 execution test
XPASS: gcc.dg/guality/example.c -O1 execution test
XPASS: gcc.dg/guality/guality.c -O0 execution test
XPASS: gcc.dg/guality/guality.c -O1 execution test
XPASS: gcc.dg/guality/guality.c -O2 execution test
XPASS: gcc.dg/guality/guality.c -O3 -fomit-frame-pointer execution test
XPASS: gcc.dg/guality/guality.c -O3 -g execution test
XPASS: gcc.dg/guality/guality.c -Os execution test
XPASS: gcc.dg/guality/guality.c -O2 -flto -fno-use-linker-plugin -flto-partition=none execution test
XPASS: gcc.dg/guality/guality.c -O2 -flto -fuse-linker-plugin -fno-fat-lto-objects execution test
XPASS: gcc.dg/guality/inline-params.c -O2 execution test
XPASS: gcc.dg/guality/inline-params.c -O3 -fomit-frame-pointer execution test
XPASS: gcc.dg/guality/inline-params.c -O3 -g execution test
XPASS: gcc.dg/guality/inline-params.c -Os execution test
XPASS: gcc.dg/guality/inline-params.c -O2 -flto -fno-use-linker-plugin -flto-partition=none execution test
XPASS: gcc.dg/guality/pr41447-1.c -O0 execution test
XPASS: gcc.dg/guality/pr41447-1.c -O1 execution test
XPASS: gcc.dg/guality/pr41447-1.c -O2 execution test
XPASS: gcc.dg/guality/pr41447-1.c -O3 -fomit-frame-pointer execution test
XPASS: gcc.dg/guality/pr41447-1.c -O3 -g execution test
XPASS: gcc.dg/guality/pr41447-1.c -Os execution test
XPASS: gcc.dg/guality/pr41447-1.c -O2 -flto -fno-use-linker-plugin -flto-partition=none execution test
XPASS: gcc.dg/guality/pr41447-1.c -O2 -flto -fuse-linker-plugin -fno-fat-lto-objects execution test
XPASS: gcc.dg/guality/pr41616-1.c -O0 execution test
XPASS: gcc.dg/guality/pr41616-1.c -O1 execution test
XPASS: gcc.dg/guality/pr41616-1.c -O2 execution test
XPASS: gcc.dg/guality/pr41616-1.c -O3 -fomit-frame-pointer execution test
XPASS: gcc.dg/guality/pr41616-1.c -O3 -g execution test
XPASS: gcc.dg/guality/pr41616-1.c -Os execution test
XPASS: gcc.dg/guality/pr41616-1.c -O2 -flto -fno-use-linker-plugin -flto-partition=none execution test
=== gcc Summary for qemu64eb/-mabi=n32 ===
# of expected passes 99003
# of unexpected successes 30
# of expected failures 166
# of unsupported tests 2824
Running target qemu64eb/-mips16/-mabi=32
FAIL: gcc.c-torture/execute/ieee/compare-fp-1.c compilation, -O2 -flto -fuse-linker-plugin -fno-fat-lto-objects
UNRESOLVED: gcc.c-torture/execute/ieee/compare-fp-1.c execution, -O2 -flto -fuse-linker-plugin -fno-fat-lto-objects
UNRESOLVED: gcc.dg/unroll_2.c scan-rtl-dump-times loop2_unroll "loop turned into non-loop; it never loops" 1
UNRESOLVED: gcc.dg/unroll_3.c scan-rtl-dump-times loop2_unroll "loop turned into non-loop; it never loops" 1
UNRESOLVED: gcc.dg/unroll_4.c scan-rtl-dump-times loop2_unroll "loop turned into non-loop; it never loops" 1
XPASS: gcc.dg/guality/example.c -O0 execution test
XPASS: gcc.dg/guality/example.c -O1 execution test
XPASS: gcc.dg/guality/guality.c -O0 execution test
XPASS: gcc.dg/guality/guality.c -O1 execution test
XPASS: gcc.dg/guality/guality.c -O2 execution test
XPASS: gcc.dg/guality/guality.c -O3 -fomit-frame-pointer execution test
XPASS: gcc.dg/guality/guality.c -O3 -g execution test
XPASS: gcc.dg/guality/guality.c -Os execution test
XPASS: gcc.dg/guality/guality.c -O2 -flto -fno-use-linker-plugin -flto-partition=none execution test
XPASS: gcc.dg/guality/inline-params.c -O2 execution test
XPASS: gcc.dg/guality/inline-params.c -O3 -fomit-frame-pointer execution test
XPASS: gcc.dg/guality/inline-params.c -O3 -g execution test
XPASS: gcc.dg/guality/inline-params.c -Os execution test
XPASS: gcc.dg/guality/inline-params.c -O2 -flto -fno-use-linker-plugin -flto-partition=none execution test
XPASS: gcc.dg/guality/pr41447-1.c -O0 execution test
XPASS: gcc.dg/guality/pr41447-1.c -O1 execution test
XPASS: gcc.dg/guality/pr41447-1.c -O2 execution test
XPASS: gcc.dg/guality/pr41447-1.c -O3 -fomit-frame-pointer execution test
XPASS: gcc.dg/guality/pr41447-1.c -O3 -g execution test
XPASS: gcc.dg/guality/pr41447-1.c -Os execution test
XPASS: gcc.dg/guality/pr41447-1.c -O2 -flto -fno-use-linker-plugin -flto-partition=none execution test
XPASS: gcc.dg/guality/pr41447-1.c -O2 -flto -fuse-linker-plugin -fno-fat-lto-objects execution test
XPASS: gcc.dg/guality/pr41616-1.c -O0 execution test
XPASS: gcc.dg/guality/pr41616-1.c -O1 execution test
XPASS: gcc.dg/guality/pr41616-1.c -O2 execution test
XPASS: gcc.dg/guality/pr41616-1.c -O3 -fomit-frame-pointer execution test
XPASS: gcc.dg/guality/pr41616-1.c -O3 -g execution test
XPASS: gcc.dg/guality/pr41616-1.c -Os execution test
XPASS: gcc.dg/guality/pr41616-1.c -O2 -flto -fno-use-linker-plugin -flto-partition=none execution test
=== gcc Summary for qemu64eb/-mips16/-mabi=32 ===
# of expected passes 97661
# of unexpected failures 1
# of unexpected successes 29
# of expected failures 149
# of unresolved testcases 4
# of unsupported tests 1649
=== gcc Summary ===
# of expected passes 393339
# of unexpected failures 1
# of unexpected successes 117
# of expected failures 635
# of unresolved testcases 4
# of unsupported tests 8941
/home/richards/gcc/HEAD/mips64-linux-gnu/x86_64-unknown-linux-gnu/gcc/xgcc version 4.9.0 20140411 (experimental) [trunk revision 209292] (GCC)
=== gfortran tests ===
Running target qemu64eb/-mabi=32
=== gfortran Summary for qemu64eb/-mabi=32 ===
# of expected passes 44170
# of expected failures 38
# of unsupported tests 401
Running target qemu64eb/-mabi=64
=== gfortran Summary for qemu64eb/-mabi=64 ===
# of expected passes 45402
# of expected failures 38
# of unsupported tests 94
Running target qemu64eb/-mabi=n32
=== gfortran Summary for qemu64eb/-mabi=n32 ===
# of expected passes 45402
# of expected failures 38
# of unsupported tests 94
Running target qemu64eb/-mips16/-mabi=32
=== gfortran Summary for qemu64eb/-mips16/-mabi=32 ===
# of expected passes 44169
# of expected failures 39
# of unsupported tests 401
=== gfortran Summary ===
# of expected passes 179143
# of expected failures 153
# of unsupported tests 990
/home/richards/gcc/HEAD/mips64-linux-gnu/x86_64-unknown-linux-gnu/gcc/testsuite/gfortran/../../gfortran version 4.9.0 20140411 (experimental) [trunk revision 209292] (GCC)
=== g++ tests ===
Running target qemu64eb/-mabi=32
ERROR: can't rename "unknown": command doesn't exist
ERROR: tcl error sourcing /home/richards/gcc/HEAD/gcc/gcc/testsuite/g++.dg/dg.exp.
=== g++ Summary for qemu64eb/-mabi=32 ===
# of expected passes 55317
# of expected failures 156
# of unsupported tests 2433
Running target qemu64eb/-mabi=64
ERROR: can't rename "unknown": command doesn't exist
ERROR: tcl error sourcing /home/richards/gcc/HEAD/gcc/gcc/testsuite/g++.dg/dg.exp.
=== g++ Summary for qemu64eb/-mabi=64 ===
# of expected passes 58382
# of expected failures 156
# of unsupported tests 2570
Running target qemu64eb/-mabi=n32
ERROR: can't rename "unknown": command doesn't exist
ERROR: tcl error sourcing /home/richards/gcc/HEAD/gcc/gcc/testsuite/g++.dg/dg.exp.
=== g++ Summary for qemu64eb/-mabi=n32 ===
# of expected passes 57329
# of expected failures 156
# of unsupported tests 2450
Running target qemu64eb/-mips16/-mabi=32
ERROR: can't rename "dg-save-unknown": command doesn't exist
ERROR: tcl error sourcing /home/richards/gcc/HEAD/gcc/gcc/testsuite/g++.dg/dg.exp.
=== g++ Summary for qemu64eb/-mips16/-mabi=32 ===
# of expected passes 56467
# of expected failures 156
# of unsupported tests 2552
=== g++ Summary ===
# of expected passes 227495
# of expected failures 624
# of unsupported tests 10005
/home/richards/gcc/HEAD/mips64-linux-gnu/x86_64-unknown-linux-gnu/gcc/testsuite/g++/../../xg++ version 4.9.0 20140411 (experimental) [trunk revision 209292] (GCC)
=== objc tests ===
Running target qemu64eb/-mabi=32
=== objc Summary for qemu64eb/-mabi=32 ===
# of expected passes 2994
# of unsupported tests 74
Running target qemu64eb/-mabi=64
=== objc Summary for qemu64eb/-mabi=64 ===
# of expected passes 2994
# of unsupported tests 74
Running target qemu64eb/-mabi=n32
=== objc Summary for qemu64eb/-mabi=n32 ===
# of expected passes 2994
# of unsupported tests 74
Running target qemu64eb/-mips16/-mabi=32
=== objc Summary for qemu64eb/-mips16/-mabi=32 ===
# of expected passes 2994
# of unsupported tests 74
=== objc Summary ===
# of expected passes 11976
# of unsupported tests 296
/home/richards/gcc/HEAD/mips64-linux-gnu/x86_64-unknown-linux-gnu/gcc/xgcc version 4.9.0 20140411 (experimental) [trunk revision 209292] (GCC)
Host is mips64-unknown-linux-gnu
=== libatomic tests ===
Running target qemu64eb
=== libatomic Summary ===
# of expected passes 54
Host is mips64-unknown-linux-gnu
=== libgomp tests ===
Running target qemu64eb/-mips16/-mabi=32
WARNING: program timed out.
FAIL: libgomp.c/depend-3.c execution test
=== libgomp Summary for qemu64eb/-mips16/-mabi=32 ===
# of expected passes 2339
# of unexpected failures 1
# of unsupported tests 22
Running target qemu64eb/-mabi=n32
WARNING: program timed out.
FAIL: libgomp.c/depend-3.c execution test
=== libgomp Summary for qemu64eb/-mabi=n32 ===
# of expected passes 2339
# of unexpected failures 1
# of unsupported tests 22
Running target qemu64eb/-mabi=32
WARNING: program timed out.
FAIL: libgomp.c/depend-3.c execution test
WARNING: program timed out.
FAIL: libgomp.fortran/strassen.f90 -O execution test
=== libgomp Summary for qemu64eb/-mabi=32 ===
# of expected passes 2338
# of unexpected failures 2
# of unsupported tests 22
Running target qemu64eb/-mabi=64
WARNING: program timed out.
FAIL: libgomp.c/depend-3.c execution test
=== libgomp Summary for qemu64eb/-mabi=64 ===
# of expected passes 2339
# of unexpected failures 1
# of unsupported tests 22
=== libgomp Summary ===
# of expected passes 9355
# of unexpected failures 5
# of unsupported tests 88
=== libstdc++ tests ===
Running target qemu64eb/-mabi=32
=== libstdc++ Summary for qemu64eb/-mabi=32 ===
# of expected passes 8977
# of expected failures 41
# of unsupported tests 596
Running target qemu64eb/-mabi=64
=== libstdc++ Summary for qemu64eb/-mabi=64 ===
# of expected passes 8977
# of expected failures 41
# of unsupported tests 596
Running target qemu64eb/-mabi=n32
=== libstdc++ Summary for qemu64eb/-mabi=n32 ===
# of expected passes 8977
# of expected failures 41
# of unsupported tests 596
Running target qemu64eb/-mips16/-mabi=32
=== libstdc++ Summary for qemu64eb/-mips16/-mabi=32 ===
# of expected passes 8977
# of expected failures 41
# of unsupported tests 596
=== libstdc++ Summary ===
# of expected passes 35908
# of expected failures 164
# of unsupported tests 2384
Compiler version: 4.9.0 20140411 (experimental) [trunk revision 209292] (GCC)
Platform: mips64-unknown-linux-gnu
configure flags: --enable-checking=yes,rtl,df --enable-languages=c,c++,objc,fortran --with-mips-plt --with-arch=mips64r2
More information about the Gcc-testresults
mailing list