FW: Results for 4.9.0 20130925 (experimental) (GCC) testsuite on x86_64-unknown-linux-gnu
Pinski, Andrew
Andrew.Pinski@caviumnetworks.com
Wed Sep 25 19:58:00 GMT 2013
________________________________________
From: jenkins
Sent: Wednesday, September 25, 2013 12:49:16 PM (UTC-08:00) Pacific Time (US & Canada)
To: apinski@cavium.com
Subject: Results for 4.9.0 20130925 (experimental) (GCC) testsuite on x86_64-unknown-linux-gnu
Native configuration is x86_64-unknown-linux-gnu
=== gcc tests ===
Running target unix//-m32
FAIL: gcc.dg/cproj-fails-with-broken-glibc.c execution test
FAIL: gcc.dg/torture/tls/run-ld.c -O1 -pie -fpie execution test
FAIL: gcc.dg/torture/tls/run-ld.c -O2 -pie -fpie execution test
FAIL: gcc.dg/torture/tls/run-ld.c -O3 -fomit-frame-pointer -pie -fpie execution test
FAIL: gcc.dg/torture/tls/run-ld.c -O3 -g -pie -fpie execution test
FAIL: gcc.dg/torture/tls/run-ld.c -Os -pie -fpie execution test
FAIL: gcc.dg/torture/tls/run-ld.c -O1 -pie -fPIE execution test
FAIL: gcc.dg/torture/tls/run-ld.c -O2 -pie -fPIE execution test
FAIL: gcc.dg/torture/tls/run-ld.c -O3 -fomit-frame-pointer -pie -fPIE execution test
FAIL: gcc.dg/torture/tls/run-ld.c -O3 -g -pie -fPIE execution test
FAIL: gcc.dg/torture/tls/run-ld.c -Os -pie -fPIE execution test
=== gcc Summary for unix//-m32 ===
# of expected passes 97791
# of unexpected failures 11
# of expected failures 249
# of unsupported tests 1398
Running target unix//-m64
FAIL: gcc.dg/cproj-fails-with-broken-glibc.c execution test
FAIL: gcc.dg/tree-ssa/slsr-39.c scan-tree-dump-times slsr "MEM" 4
FAIL: gcc.target/i386/pr56114.c (test for excess errors)
=== gcc Summary for unix//-m64 ===
# of expected passes 98213
# of unexpected failures 3
# of expected failures 251
# of unsupported tests 1695
=== gcc Summary ===
# of expected passes 196004
# of unexpected failures 14
# of expected failures 500
# of unsupported tests 3093
/home/jenkins/workspace/GCCupstream/objdir/gcc/xgcc version 4.9.0 20130925 (experimental) (GCC)
=== gfortran tests ===
Running target unix//-m32
FAIL: gfortran.dg/class_48.f90 -O2 (test for excess errors)
FAIL: gfortran.dg/class_48.f90 -Os (test for excess errors)
FAIL: gfortran.dg/round_4.f90 -O0 execution test
FAIL: gfortran.dg/round_4.f90 -O1 execution test
FAIL: gfortran.dg/round_4.f90 -O2 execution test
FAIL: gfortran.dg/round_4.f90 -O3 -fomit-frame-pointer execution test
FAIL: gfortran.dg/round_4.f90 -O3 -fomit-frame-pointer -funroll-loops execution test
FAIL: gfortran.dg/round_4.f90 -O3 -fomit-frame-pointer -funroll-all-loops -finline-functions execution test
FAIL: gfortran.dg/round_4.f90 -O3 -g execution test
FAIL: gfortran.dg/round_4.f90 -Os execution test
FAIL: gfortran.dg/lto/pr45586-2 f_lto_pr45586-2_0.o-f_lto_pr45586-2_0.o link, -O0 -flto -flto-partition=none (internal compiler error)
UNRESOLVED: gfortran.dg/lto/pr45586-2 f_lto_pr45586-2_0.o-f_lto_pr45586-2_0.o execute -O0 -flto -flto-partition=none
FAIL: gfortran.dg/lto/pr45586-2 f_lto_pr45586-2_0.o-f_lto_pr45586-2_0.o link, -O0 -flto -flto-partition=1to1 (internal compiler error)
UNRESOLVED: gfortran.dg/lto/pr45586-2 f_lto_pr45586-2_0.o-f_lto_pr45586-2_0.o execute -O0 -flto -flto-partition=1to1
FAIL: gfortran.dg/lto/pr45586-2 f_lto_pr45586-2_0.o-f_lto_pr45586-2_0.o link, -O0 -flto (internal compiler error)
UNRESOLVED: gfortran.dg/lto/pr45586-2 f_lto_pr45586-2_0.o-f_lto_pr45586-2_0.o execute -O0 -flto
FAIL: gfortran.dg/lto/pr45586 f_lto_pr45586_0.o-f_lto_pr45586_0.o link, -O0 -flto -flto-partition=none (internal compiler error)
UNRESOLVED: gfortran.dg/lto/pr45586 f_lto_pr45586_0.o-f_lto_pr45586_0.o execute -O0 -flto -flto-partition=none
FAIL: gfortran.dg/lto/pr45586 f_lto_pr45586_0.o-f_lto_pr45586_0.o link, -O0 -flto -flto-partition=1to1 (internal compiler error)
UNRESOLVED: gfortran.dg/lto/pr45586 f_lto_pr45586_0.o-f_lto_pr45586_0.o execute -O0 -flto -flto-partition=1to1
FAIL: gfortran.dg/lto/pr45586 f_lto_pr45586_0.o-f_lto_pr45586_0.o link, -O0 -flto (internal compiler error)
UNRESOLVED: gfortran.dg/lto/pr45586 f_lto_pr45586_0.o-f_lto_pr45586_0.o execute -O0 -flto
=== gfortran Summary for unix//-m32 ===
# of expected passes 44620
# of unexpected failures 16
# of expected failures 38
# of unresolved testcases 6
# of unsupported tests 217
Running target unix//-m64
FAIL: gfortran.dg/round_4.f90 -O0 execution test
FAIL: gfortran.dg/round_4.f90 -O1 execution test
FAIL: gfortran.dg/round_4.f90 -O2 execution test
FAIL: gfortran.dg/round_4.f90 -O3 -fomit-frame-pointer execution test
FAIL: gfortran.dg/round_4.f90 -O3 -fomit-frame-pointer -funroll-loops execution test
FAIL: gfortran.dg/round_4.f90 -O3 -fomit-frame-pointer -funroll-all-loops -finline-functions execution test
FAIL: gfortran.dg/round_4.f90 -O3 -g execution test
FAIL: gfortran.dg/round_4.f90 -Os execution test
FAIL: gfortran.dg/lto/pr45586-2 f_lto_pr45586-2_0.o-f_lto_pr45586-2_0.o link, -O0 -flto -flto-partition=none (internal compiler error)
UNRESOLVED: gfortran.dg/lto/pr45586-2 f_lto_pr45586-2_0.o-f_lto_pr45586-2_0.o execute -O0 -flto -flto-partition=none
FAIL: gfortran.dg/lto/pr45586-2 f_lto_pr45586-2_0.o-f_lto_pr45586-2_0.o link, -O0 -flto -flto-partition=1to1 (internal compiler error)
UNRESOLVED: gfortran.dg/lto/pr45586-2 f_lto_pr45586-2_0.o-f_lto_pr45586-2_0.o execute -O0 -flto -flto-partition=1to1
FAIL: gfortran.dg/lto/pr45586-2 f_lto_pr45586-2_0.o-f_lto_pr45586-2_0.o link, -O0 -flto (internal compiler error)
UNRESOLVED: gfortran.dg/lto/pr45586-2 f_lto_pr45586-2_0.o-f_lto_pr45586-2_0.o execute -O0 -flto
FAIL: gfortran.dg/lto/pr45586 f_lto_pr45586_0.o-f_lto_pr45586_0.o link, -O0 -flto -flto-partition=none (internal compiler error)
UNRESOLVED: gfortran.dg/lto/pr45586 f_lto_pr45586_0.o-f_lto_pr45586_0.o execute -O0 -flto -flto-partition=none
FAIL: gfortran.dg/lto/pr45586 f_lto_pr45586_0.o-f_lto_pr45586_0.o link, -O0 -flto -flto-partition=1to1 (internal compiler error)
UNRESOLVED: gfortran.dg/lto/pr45586 f_lto_pr45586_0.o-f_lto_pr45586_0.o execute -O0 -flto -flto-partition=1to1
FAIL: gfortran.dg/lto/pr45586 f_lto_pr45586_0.o-f_lto_pr45586_0.o link, -O0 -flto (internal compiler error)
UNRESOLVED: gfortran.dg/lto/pr45586 f_lto_pr45586_0.o-f_lto_pr45586_0.o execute -O0 -flto
=== gfortran Summary for unix//-m64 ===
# of expected passes 44911
# of unexpected failures 14
# of expected failures 38
# of unresolved testcases 6
# of unsupported tests 77
=== gfortran Summary ===
# of expected passes 89531
# of unexpected failures 30
# of expected failures 76
# of unresolved testcases 12
# of unsupported tests 294
/home/jenkins/workspace/GCCupstream/objdir/gcc/testsuite/gfortran/../../gfortran version 4.9.0 20130925 (experimental) (GCC)
=== g++ tests ===
Running target unix//-m32
FAIL: g++.dg/other/anon5.C -std=gnu++98 (test for excess errors)
FAIL: g++.dg/other/anon5.C -std=gnu++11 (test for excess errors)
=== g++ Summary for unix//-m32 ===
# of expected passes 56527
# of unexpected failures 2
# of expected failures 293
# of unsupported tests 770
Running target unix//-m64
FAIL: g++.dg/other/anon5.C -std=gnu++98 (test for excess errors)
FAIL: g++.dg/other/anon5.C -std=gnu++11 (test for excess errors)
=== g++ Summary for unix//-m64 ===
# of expected passes 57274
# of unexpected failures 2
# of expected failures 293
# of unsupported tests 1015
=== g++ Summary ===
# of expected passes 113801
# of unexpected failures 4
# of expected failures 586
# of unsupported tests 1785
/home/jenkins/workspace/GCCupstream/objdir/gcc/testsuite/g++/../../xg++ version 4.9.0 20130925 (experimental) (GCC)
=== objc tests ===
Running target unix//-m32
=== objc Summary for unix//-m32 ===
# of expected passes 2988
# of expected failures 6
# of unsupported tests 74
Running target unix//-m64
=== objc Summary for unix//-m64 ===
# of expected passes 2988
# of expected failures 6
# of unsupported tests 74
=== objc Summary ===
# of expected passes 5976
# of expected failures 12
# of unsupported tests 148
/home/jenkins/workspace/GCCupstream/objdir/gcc/xgcc version 4.9.0 20130925 (experimental) (GCC)
=== boehm-gc tests ===
Running target unix//-m32
=== boehm-gc Summary for unix//-m32 ===
# of expected passes 12
# of unsupported tests 1
Running target unix//-m64
=== boehm-gc Summary for unix//-m64 ===
# of expected passes 12
# of unsupported tests 1
=== boehm-gc Summary ===
# of expected passes 24
# of unsupported tests 2
=== libatomic tests ===
Running target unix//-m32
=== libatomic Summary for unix//-m32 ===
# of expected passes 44
# of unsupported tests 5
Running target unix//-m64
=== libatomic Summary for unix//-m64 ===
# of expected passes 54
=== libatomic Summary ===
# of expected passes 98
# of unsupported tests 5
=== libffi tests ===
Running target unix//-m32
=== libffi Summary for unix//-m32 ===
# of expected passes 1819
# of unsupported tests 55
Running target unix//-m64
=== libffi Summary for unix//-m64 ===
# of expected passes 1819
# of unsupported tests 55
=== libffi Summary ===
# of expected passes 3638
# of unsupported tests 110
=== libgomp tests ===
Running target unix//-m32
=== libgomp Summary for unix//-m32 ===
# of expected passes 2151
Running target unix//-m64
=== libgomp Summary for unix//-m64 ===
# of expected passes 2151
=== libgomp Summary ===
# of expected passes 4302
=== libitm tests ===
Running target unix//-m32
=== libitm Summary for unix//-m32 ===
# of expected passes 26
# of expected failures 3
# of unsupported tests 1
Running target unix//-m64
=== libitm Summary for unix//-m64 ===
# of expected passes 26
# of expected failures 3
# of unsupported tests 1
=== libitm Summary ===
# of expected passes 52
# of expected failures 6
# of unsupported tests 2
=== libjava tests ===
Running target unix//-m32
FAIL: sourcelocation output - source compiled test
FAIL: sourcelocation -findirect-dispatch output - source compiled test
FAIL: sourcelocation -O3 output - source compiled test
FAIL: sourcelocation -O3 -findirect-dispatch output - source compiled test
=== libjava Summary for unix//-m32 ===
# of expected passes 2582
# of unexpected failures 4
Running target unix//-m64
FAIL: sourcelocation output - source compiled test
FAIL: sourcelocation -findirect-dispatch output - source compiled test
FAIL: sourcelocation -O3 output - source compiled test
FAIL: sourcelocation -O3 -findirect-dispatch output - source compiled test
=== libjava Summary for unix//-m64 ===
# of expected passes 2582
# of unexpected failures 4
=== libjava Summary ===
# of expected passes 5164
# of unexpected failures 8
=== libmudflap tests ===
Running target unix//-m32
FAIL: libmudflap.c/fail17-frag.c (-static) (test for excess errors)
FAIL: libmudflap.c/fail23-frag.c (-static) (test for excess errors)
FAIL: libmudflap.c/fail25-frag.c (-static) (test for excess errors)
FAIL: libmudflap.c/fail4-frag.c (-static) (test for excess errors)
FAIL: libmudflap.c/fail5-frag.c (-static) (test for excess errors)
FAIL: libmudflap.c/fail6-frag.c (-static) (test for excess errors)
FAIL: libmudflap.c/fail7-frag.c (-static) (test for excess errors)
FAIL: libmudflap.c/fail8-frag.c (-static) (test for excess errors)
FAIL: libmudflap.c/fail9-frag.c (-static) (test for excess errors)
FAIL: libmudflap.c/heap-scalestress.c (-static) (test for excess errors)
FAIL: libmudflap.c/hook-allocstuff.c (-static) (test for excess errors)
FAIL: libmudflap.c/pass-stratcliff.c (-static) (test for excess errors)
FAIL: libmudflap.c/pass30-frag.c (-static) (test for excess errors)
FAIL: libmudflap.c/pass30-frag.c (-static) (test for excess errors)
FAIL: libmudflap.c/pass4-frag.c (-static) (test for excess errors)
FAIL: libmudflap.c/pass4-frag.c (-static) (test for excess errors)
FAIL: libmudflap.c/pass45-frag.c (-static) (test for excess errors)
FAIL: libmudflap.c/pass45-frag.c (-static) (test for excess errors)
FAIL: libmudflap.c/pass46-frag.c (-static) (test for excess errors)
FAIL: libmudflap.c/pass46-frag.c (-static) (test for excess errors)
FAIL: libmudflap.c/pass47-frag.c (-static) (test for excess errors)
FAIL: libmudflap.c/pass47-frag.c (-static) (test for excess errors)
FAIL: libmudflap.c/pass49-frag.c (-static) (test for excess errors)
FAIL: libmudflap.c/pass49-frag.c (-static) (test for excess errors)
FAIL: libmudflap.c/pass5-frag.c (-static) (test for excess errors)
FAIL: libmudflap.c/pass5-frag.c (-static) (test for excess errors)
FAIL: libmudflap.c/pass51-frag.c (-static) (test for excess errors)
FAIL: libmudflap.c/pass51-frag.c (-static) (test for excess errors)
FAIL: libmudflap.c/pass52-frag.c (-static) (test for excess errors)
FAIL: libmudflap.c/pass52-frag.c (-static) (test for excess errors)
FAIL: libmudflap.c/pass6-frag.c (-static) (test for excess errors)
FAIL: libmudflap.c/pass6-frag.c (-static) (test for excess errors)
FAIL: libmudflap.c/pass7-frag.c (-static) (test for excess errors)
FAIL: libmudflap.c/pass7-frag.c (-static) (test for excess errors)
FAIL: libmudflap.c/pass8-frag.c (-static) (test for excess errors)
FAIL: libmudflap.c/pass8-frag.c (-static) (test for excess errors)
FAIL: libmudflap.c/pass9-frag.c (-static) (test for excess errors)
FAIL: libmudflap.c/pass9-frag.c (-static) (test for excess errors)
FAIL: libmudflap.c++/fail24-frag.cxx (-static) (test for excess errors)
FAIL: libmudflap.c++/pass31-frag.cxx (-static) (test for excess errors)
FAIL: libmudflap.c++/pass41-frag.cxx (-static) execution test
FAIL: libmudflap.c++/pass41-frag.cxx ( -O) execution test
FAIL: libmudflap.c++/pass41-frag.cxx (-O2) execution test
FAIL: libmudflap.c++/pass41-frag.cxx (-O3) execution test
FAIL: libmudflap.cth/pass37-frag.c (-static -DSTATIC) (test for excess errors)
FAIL: libmudflap.cth/pass39-frag.c (-static -DSTATIC) (test for excess errors)
FAIL: libmudflap.cth/pass40-frag.c (-static -DSTATIC) (test for excess errors)
FAIL: libmudflap.cth/pass59-frag.c (-static -DSTATIC) (test for excess errors)
=== libmudflap Summary for unix//-m32 ===
# of expected passes 1858
# of unexpected failures 48
Running target unix//-m64
FAIL: libmudflap.c++/pass41-frag.cxx ( -O) execution test
FAIL: libmudflap.c++/pass41-frag.cxx (-O2) execution test
FAIL: libmudflap.c++/pass41-frag.cxx (-O3) execution test
FAIL: libmudflap.c++/pass55-frag.cxx (-O3) execution test
=== libmudflap Summary for unix//-m64 ===
# of expected passes 1432
# of unexpected failures 4
=== libmudflap Summary ===
# of expected passes 3290
# of unexpected failures 52
=== libstdc++ tests ===
Running target unix//-m32
=== libstdc++ Summary for unix//-m32 ===
# of expected passes 8927
# of expected failures 38
# of unsupported tests 522
Running target unix//-m64
=== libstdc++ Summary for unix//-m64 ===
# of expected passes 8919
# of expected failures 38
# of unsupported tests 526
=== libstdc++ Summary ===
# of expected passes 17846
# of expected failures 76
# of unsupported tests 1048
=== libvtv tests ===
Running target unix//-m32
FAIL: libvtv.cc/template-list-iostream.cc -O0 -fvtable-verify=std execution test
FAIL: libvtv.cc/thunk_vtable_map_attack.cc -O0 -fvtable-verify=std execution test
FAIL: libvtv.cc/template-list-iostream.cc -O2 -fvtable-verify=std execution test
FAIL: libvtv.cc/thunk_vtable_map_attack.cc -O2 -fvtable-verify=std execution test
FAIL: libvtv.cc/bb_tests.cc -O0 -fvtable-verify=preinit (test for excess errors)
UNRESOLVED: libvtv.cc/bb_tests.cc -O0 -fvtable-verify=preinit compilation failed to produce executable
FAIL: libvtv.cc/const_vtable.cc -O0 -fvtable-verify=preinit (test for excess errors)
UNRESOLVED: libvtv.cc/const_vtable.cc -O0 -fvtable-verify=preinit compilation failed to produce executable
FAIL: libvtv.cc/dataentry.cc -O0 -fvtable-verify=preinit (test for excess errors)
UNRESOLVED: libvtv.cc/dataentry.cc -O0 -fvtable-verify=preinit compilation failed to produce executable
FAIL: libvtv.cc/dup_name.cc -O0 -fvtable-verify=preinit (test for excess errors)
UNRESOLVED: libvtv.cc/dup_name.cc -O0 -fvtable-verify=preinit compilation failed to produce executable
FAIL: libvtv.cc/environment.cc -O0 -fvtable-verify=preinit (test for excess errors)
UNRESOLVED: libvtv.cc/environment.cc -O0 -fvtable-verify=preinit compilation failed to produce executable
FAIL: libvtv.cc/mul_inh.cc -O0 -fvtable-verify=preinit (test for excess errors)
UNRESOLVED: libvtv.cc/mul_inh.cc -O0 -fvtable-verify=preinit compilation failed to produce executable
FAIL: libvtv.cc/nested_vcall_test.cc -O0 -fvtable-verify=preinit (test for excess errors)
UNRESOLVED: libvtv.cc/nested_vcall_test.cc -O0 -fvtable-verify=preinit compilation failed to produce executable
FAIL: libvtv.cc/povray-derived.cc -O0 -fvtable-verify=preinit (test for excess errors)
UNRESOLVED: libvtv.cc/povray-derived.cc -O0 -fvtable-verify=preinit compilation failed to produce executable
FAIL: libvtv.cc/register_set_pair.cc -O0 -fvtable-verify=preinit (test for excess errors)
UNRESOLVED: libvtv.cc/register_set_pair.cc -O0 -fvtable-verify=preinit compilation failed to produce executable
FAIL: libvtv.cc/register_set_pair_inserts.cc -O0 -fvtable-verify=preinit (test for excess errors)
UNRESOLVED: libvtv.cc/register_set_pair_inserts.cc -O0 -fvtable-verify=preinit compilation failed to produce executable
FAIL: libvtv.cc/template-list-iostream.cc -O0 -fvtable-verify=preinit (test for excess errors)
UNRESOLVED: libvtv.cc/template-list-iostream.cc -O0 -fvtable-verify=preinit compilation failed to produce executable
FAIL: libvtv.cc/template-list.cc -O0 -fvtable-verify=preinit (test for excess errors)
UNRESOLVED: libvtv.cc/template-list.cc -O0 -fvtable-verify=preinit compilation failed to produce executable
FAIL: libvtv.cc/template-list2.cc -O0 -fvtable-verify=preinit (test for excess errors)
UNRESOLVED: libvtv.cc/template-list2.cc -O0 -fvtable-verify=preinit compilation failed to produce executable
FAIL: libvtv.cc/test1.cc -O0 -fvtable-verify=preinit (test for excess errors)
UNRESOLVED: libvtv.cc/test1.cc -O0 -fvtable-verify=preinit compilation failed to produce executable
FAIL: libvtv.cc/thunk.cc -O0 -fvtable-verify=preinit (test for excess errors)
UNRESOLVED: libvtv.cc/thunk.cc -O0 -fvtable-verify=preinit compilation failed to produce executable
FAIL: libvtv.cc/thunk_vtable_map_attack.cc -O0 -fvtable-verify=preinit (test for excess errors)
UNRESOLVED: libvtv.cc/thunk_vtable_map_attack.cc -O0 -fvtable-verify=preinit compilation failed to produce executable
FAIL: libvtv.cc/v8-test-2.cc -O0 -fvtable-verify=preinit (test for excess errors)
UNRESOLVED: libvtv.cc/v8-test-2.cc -O0 -fvtable-verify=preinit compilation failed to produce executable
FAIL: libvtv.cc/virtfunc-test.cc -O0 -fvtable-verify=preinit (test for excess errors)
UNRESOLVED: libvtv.cc/virtfunc-test.cc -O0 -fvtable-verify=preinit compilation failed to produce executable
FAIL: libvtv.cc/virtual_inheritance.cc -O0 -fvtable-verify=preinit (test for excess errors)
UNRESOLVED: libvtv.cc/virtual_inheritance.cc -O0 -fvtable-verify=preinit compilation failed to produce executable
FAIL: libvtv.cc/xlan-test.cc -O0 -fvtable-verify=preinit (test for excess errors)
UNRESOLVED: libvtv.cc/xlan-test.cc -O0 -fvtable-verify=preinit compilation failed to produce executable
FAIL: libvtv.cc/bb_tests.cc -O2 -fvtable-verify=preinit (test for excess errors)
UNRESOLVED: libvtv.cc/bb_tests.cc -O2 -fvtable-verify=preinit compilation failed to produce executable
FAIL: libvtv.cc/const_vtable.cc -O2 -fvtable-verify=preinit (test for excess errors)
UNRESOLVED: libvtv.cc/const_vtable.cc -O2 -fvtable-verify=preinit compilation failed to produce executable
FAIL: libvtv.cc/dataentry.cc -O2 -fvtable-verify=preinit (test for excess errors)
UNRESOLVED: libvtv.cc/dataentry.cc -O2 -fvtable-verify=preinit compilation failed to produce executable
FAIL: libvtv.cc/dup_name.cc -O2 -fvtable-verify=preinit (test for excess errors)
UNRESOLVED: libvtv.cc/dup_name.cc -O2 -fvtable-verify=preinit compilation failed to produce executable
FAIL: libvtv.cc/environment.cc -O2 -fvtable-verify=preinit (test for excess errors)
UNRESOLVED: libvtv.cc/environment.cc -O2 -fvtable-verify=preinit compilation failed to produce executable
FAIL: libvtv.cc/mul_inh.cc -O2 -fvtable-verify=preinit (test for excess errors)
UNRESOLVED: libvtv.cc/mul_inh.cc -O2 -fvtable-verify=preinit compilation failed to produce executable
FAIL: libvtv.cc/nested_vcall_test.cc -O2 -fvtable-verify=preinit (test for excess errors)
UNRESOLVED: libvtv.cc/nested_vcall_test.cc -O2 -fvtable-verify=preinit compilation failed to produce executable
FAIL: libvtv.cc/povray-derived.cc -O2 -fvtable-verify=preinit (test for excess errors)
UNRESOLVED: libvtv.cc/povray-derived.cc -O2 -fvtable-verify=preinit compilation failed to produce executable
FAIL: libvtv.cc/register_set_pair.cc -O2 -fvtable-verify=preinit (test for excess errors)
UNRESOLVED: libvtv.cc/register_set_pair.cc -O2 -fvtable-verify=preinit compilation failed to produce executable
FAIL: libvtv.cc/register_set_pair_inserts.cc -O2 -fvtable-verify=preinit (test for excess errors)
UNRESOLVED: libvtv.cc/register_set_pair_inserts.cc -O2 -fvtable-verify=preinit compilation failed to produce executable
FAIL: libvtv.cc/template-list-iostream.cc -O2 -fvtable-verify=preinit (test for excess errors)
UNRESOLVED: libvtv.cc/template-list-iostream.cc -O2 -fvtable-verify=preinit compilation failed to produce executable
FAIL: libvtv.cc/template-list.cc -O2 -fvtable-verify=preinit (test for excess errors)
UNRESOLVED: libvtv.cc/template-list.cc -O2 -fvtable-verify=preinit compilation failed to produce executable
FAIL: libvtv.cc/template-list2.cc -O2 -fvtable-verify=preinit (test for excess errors)
UNRESOLVED: libvtv.cc/template-list2.cc -O2 -fvtable-verify=preinit compilation failed to produce executable
FAIL: libvtv.cc/test1.cc -O2 -fvtable-verify=preinit (test for excess errors)
UNRESOLVED: libvtv.cc/test1.cc -O2 -fvtable-verify=preinit compilation failed to produce executable
FAIL: libvtv.cc/thunk.cc -O2 -fvtable-verify=preinit (test for excess errors)
UNRESOLVED: libvtv.cc/thunk.cc -O2 -fvtable-verify=preinit compilation failed to produce executable
FAIL: libvtv.cc/thunk_vtable_map_attack.cc -O2 -fvtable-verify=preinit (test for excess errors)
UNRESOLVED: libvtv.cc/thunk_vtable_map_attack.cc -O2 -fvtable-verify=preinit compilation failed to produce executable
FAIL: libvtv.cc/v8-test-2.cc -O2 -fvtable-verify=preinit (test for excess errors)
UNRESOLVED: libvtv.cc/v8-test-2.cc -O2 -fvtable-verify=preinit compilation failed to produce executable
FAIL: libvtv.cc/virtfunc-test.cc -O2 -fvtable-verify=preinit (test for excess errors)
UNRESOLVED: libvtv.cc/virtfunc-test.cc -O2 -fvtable-verify=preinit compilation failed to produce executable
FAIL: libvtv.cc/virtual_inheritance.cc -O2 -fvtable-verify=preinit (test for excess errors)
UNRESOLVED: libvtv.cc/virtual_inheritance.cc -O2 -fvtable-verify=preinit compilation failed to produce executable
FAIL: libvtv.cc/xlan-test.cc -O2 -fvtable-verify=preinit (test for excess errors)
UNRESOLVED: libvtv.cc/xlan-test.cc -O2 -fvtable-verify=preinit compilation failed to produce executable
=== libvtv Summary for unix//-m32 ===
# of expected passes 92
# of unexpected failures 44
# of unresolved testcases 40
Running target unix//-m64
FAIL: libvtv.cc/template-list-iostream.cc -O0 -fvtable-verify=std execution test
FAIL: libvtv.cc/thunk_vtable_map_attack.cc -O0 -fvtable-verify=std execution test
FAIL: libvtv.cc/template-list-iostream.cc -O2 -fvtable-verify=std execution test
FAIL: libvtv.cc/thunk_vtable_map_attack.cc -O2 -fvtable-verify=std execution test
FAIL: libvtv.cc/bb_tests.cc -O0 -fvtable-verify=preinit (test for excess errors)
UNRESOLVED: libvtv.cc/bb_tests.cc -O0 -fvtable-verify=preinit compilation failed to produce executable
FAIL: libvtv.cc/const_vtable.cc -O0 -fvtable-verify=preinit (test for excess errors)
UNRESOLVED: libvtv.cc/const_vtable.cc -O0 -fvtable-verify=preinit compilation failed to produce executable
FAIL: libvtv.cc/dataentry.cc -O0 -fvtable-verify=preinit (test for excess errors)
UNRESOLVED: libvtv.cc/dataentry.cc -O0 -fvtable-verify=preinit compilation failed to produce executable
FAIL: libvtv.cc/dup_name.cc -O0 -fvtable-verify=preinit (test for excess errors)
UNRESOLVED: libvtv.cc/dup_name.cc -O0 -fvtable-verify=preinit compilation failed to produce executable
FAIL: libvtv.cc/environment.cc -O0 -fvtable-verify=preinit (test for excess errors)
UNRESOLVED: libvtv.cc/environment.cc -O0 -fvtable-verify=preinit compilation failed to produce executable
FAIL: libvtv.cc/mul_inh.cc -O0 -fvtable-verify=preinit (test for excess errors)
UNRESOLVED: libvtv.cc/mul_inh.cc -O0 -fvtable-verify=preinit compilation failed to produce executable
FAIL: libvtv.cc/nested_vcall_test.cc -O0 -fvtable-verify=preinit (test for excess errors)
UNRESOLVED: libvtv.cc/nested_vcall_test.cc -O0 -fvtable-verify=preinit compilation failed to produce executable
FAIL: libvtv.cc/povray-derived.cc -O0 -fvtable-verify=preinit (test for excess errors)
UNRESOLVED: libvtv.cc/povray-derived.cc -O0 -fvtable-verify=preinit compilation failed to produce executable
FAIL: libvtv.cc/register_set_pair.cc -O0 -fvtable-verify=preinit (test for excess errors)
UNRESOLVED: libvtv.cc/register_set_pair.cc -O0 -fvtable-verify=preinit compilation failed to produce executable
FAIL: libvtv.cc/register_set_pair_inserts.cc -O0 -fvtable-verify=preinit (test for excess errors)
UNRESOLVED: libvtv.cc/register_set_pair_inserts.cc -O0 -fvtable-verify=preinit compilation failed to produce executable
FAIL: libvtv.cc/template-list-iostream.cc -O0 -fvtable-verify=preinit (test for excess errors)
UNRESOLVED: libvtv.cc/template-list-iostream.cc -O0 -fvtable-verify=preinit compilation failed to produce executable
FAIL: libvtv.cc/template-list.cc -O0 -fvtable-verify=preinit (test for excess errors)
UNRESOLVED: libvtv.cc/template-list.cc -O0 -fvtable-verify=preinit compilation failed to produce executable
FAIL: libvtv.cc/template-list2.cc -O0 -fvtable-verify=preinit (test for excess errors)
UNRESOLVED: libvtv.cc/template-list2.cc -O0 -fvtable-verify=preinit compilation failed to produce executable
FAIL: libvtv.cc/test1.cc -O0 -fvtable-verify=preinit (test for excess errors)
UNRESOLVED: libvtv.cc/test1.cc -O0 -fvtable-verify=preinit compilation failed to produce executable
FAIL: libvtv.cc/thunk.cc -O0 -fvtable-verify=preinit (test for excess errors)
UNRESOLVED: libvtv.cc/thunk.cc -O0 -fvtable-verify=preinit compilation failed to produce executable
FAIL: libvtv.cc/thunk_vtable_map_attack.cc -O0 -fvtable-verify=preinit (test for excess errors)
UNRESOLVED: libvtv.cc/thunk_vtable_map_attack.cc -O0 -fvtable-verify=preinit compilation failed to produce executable
FAIL: libvtv.cc/v8-test-2.cc -O0 -fvtable-verify=preinit (test for excess errors)
UNRESOLVED: libvtv.cc/v8-test-2.cc -O0 -fvtable-verify=preinit compilation failed to produce executable
FAIL: libvtv.cc/virtfunc-test.cc -O0 -fvtable-verify=preinit (test for excess errors)
UNRESOLVED: libvtv.cc/virtfunc-test.cc -O0 -fvtable-verify=preinit compilation failed to produce executable
FAIL: libvtv.cc/virtual_inheritance.cc -O0 -fvtable-verify=preinit (test for excess errors)
UNRESOLVED: libvtv.cc/virtual_inheritance.cc -O0 -fvtable-verify=preinit compilation failed to produce executable
FAIL: libvtv.cc/xlan-test.cc -O0 -fvtable-verify=preinit (test for excess errors)
UNRESOLVED: libvtv.cc/xlan-test.cc -O0 -fvtable-verify=preinit compilation failed to produce executable
FAIL: libvtv.cc/bb_tests.cc -O2 -fvtable-verify=preinit (test for excess errors)
UNRESOLVED: libvtv.cc/bb_tests.cc -O2 -fvtable-verify=preinit compilation failed to produce executable
FAIL: libvtv.cc/const_vtable.cc -O2 -fvtable-verify=preinit (test for excess errors)
UNRESOLVED: libvtv.cc/const_vtable.cc -O2 -fvtable-verify=preinit compilation failed to produce executable
FAIL: libvtv.cc/dataentry.cc -O2 -fvtable-verify=preinit (test for excess errors)
UNRESOLVED: libvtv.cc/dataentry.cc -O2 -fvtable-verify=preinit compilation failed to produce executable
FAIL: libvtv.cc/dup_name.cc -O2 -fvtable-verify=preinit (test for excess errors)
UNRESOLVED: libvtv.cc/dup_name.cc -O2 -fvtable-verify=preinit compilation failed to produce executable
FAIL: libvtv.cc/environment.cc -O2 -fvtable-verify=preinit (test for excess errors)
UNRESOLVED: libvtv.cc/environment.cc -O2 -fvtable-verify=preinit compilation failed to produce executable
FAIL: libvtv.cc/mul_inh.cc -O2 -fvtable-verify=preinit (test for excess errors)
UNRESOLVED: libvtv.cc/mul_inh.cc -O2 -fvtable-verify=preinit compilation failed to produce executable
FAIL: libvtv.cc/nested_vcall_test.cc -O2 -fvtable-verify=preinit (test for excess errors)
UNRESOLVED: libvtv.cc/nested_vcall_test.cc -O2 -fvtable-verify=preinit compilation failed to produce executable
FAIL: libvtv.cc/povray-derived.cc -O2 -fvtable-verify=preinit (test for excess errors)
UNRESOLVED: libvtv.cc/povray-derived.cc -O2 -fvtable-verify=preinit compilation failed to produce executable
FAIL: libvtv.cc/register_set_pair.cc -O2 -fvtable-verify=preinit (test for excess errors)
UNRESOLVED: libvtv.cc/register_set_pair.cc -O2 -fvtable-verify=preinit compilation failed to produce executable
FAIL: libvtv.cc/register_set_pair_inserts.cc -O2 -fvtable-verify=preinit (test for excess errors)
UNRESOLVED: libvtv.cc/register_set_pair_inserts.cc -O2 -fvtable-verify=preinit compilation failed to produce executable
FAIL: libvtv.cc/template-list-iostream.cc -O2 -fvtable-verify=preinit (test for excess errors)
UNRESOLVED: libvtv.cc/template-list-iostream.cc -O2 -fvtable-verify=preinit compilation failed to produce executable
FAIL: libvtv.cc/template-list.cc -O2 -fvtable-verify=preinit (test for excess errors)
UNRESOLVED: libvtv.cc/template-list.cc -O2 -fvtable-verify=preinit compilation failed to produce executable
FAIL: libvtv.cc/template-list2.cc -O2 -fvtable-verify=preinit (test for excess errors)
UNRESOLVED: libvtv.cc/template-list2.cc -O2 -fvtable-verify=preinit compilation failed to produce executable
FAIL: libvtv.cc/test1.cc -O2 -fvtable-verify=preinit (test for excess errors)
UNRESOLVED: libvtv.cc/test1.cc -O2 -fvtable-verify=preinit compilation failed to produce executable
FAIL: libvtv.cc/thunk.cc -O2 -fvtable-verify=preinit (test for excess errors)
UNRESOLVED: libvtv.cc/thunk.cc -O2 -fvtable-verify=preinit compilation failed to produce executable
FAIL: libvtv.cc/thunk_vtable_map_attack.cc -O2 -fvtable-verify=preinit (test for excess errors)
UNRESOLVED: libvtv.cc/thunk_vtable_map_attack.cc -O2 -fvtable-verify=preinit compilation failed to produce executable
FAIL: libvtv.cc/v8-test-2.cc -O2 -fvtable-verify=preinit (test for excess errors)
UNRESOLVED: libvtv.cc/v8-test-2.cc -O2 -fvtable-verify=preinit compilation failed to produce executable
FAIL: libvtv.cc/virtfunc-test.cc -O2 -fvtable-verify=preinit (test for excess errors)
UNRESOLVED: libvtv.cc/virtfunc-test.cc -O2 -fvtable-verify=preinit compilation failed to produce executable
FAIL: libvtv.cc/virtual_inheritance.cc -O2 -fvtable-verify=preinit (test for excess errors)
UNRESOLVED: libvtv.cc/virtual_inheritance.cc -O2 -fvtable-verify=preinit compilation failed to produce executable
FAIL: libvtv.cc/xlan-test.cc -O2 -fvtable-verify=preinit (test for excess errors)
UNRESOLVED: libvtv.cc/xlan-test.cc -O2 -fvtable-verify=preinit compilation failed to produce executable
=== libvtv Summary for unix//-m64 ===
# of expected passes 92
# of unexpected failures 44
# of unresolved testcases 40
=== libvtv Summary ===
# of expected passes 184
# of unexpected failures 88
# of unresolved testcases 80
Compiler version: 4.9.0 20130925 (experimental) (GCC)
Platform: x86_64-unknown-linux-gnu
configure flags: --prefix=/home/jenkins/workspace/GCCupstream/objdir/install
More information about the Gcc-testresults
mailing list