Results for 4.9.0 20131025 (experimental) [trunk revision 204057] (GCC) testsuite on i386-pc-solaris2.10
Rainer Orth
ro@CeBiTec.Uni-Bielefeld.DE
Mon Oct 28 09:38:00 GMT 2013
LAST_UPDATED: Fri Oct 25 11:08:47 UTC 2013 (revision 204057)
=== acats tests ===
=== acats Summary ===
# of expected passes 2320
# of unexpected failures 0
Native configuration is i386-pc-solaris2.10
=== g++ tests ===
Running target unix
FAIL: g++.dg/init/cleanup3.C -std=c++98 scan-assembler-not _tcf
FAIL: g++.dg/init/cleanup3.C -std=c++11 scan-assembler-not _tcf
FAIL: g++.dg/lto/20100302 cp_lto_20100302_0.o-cp_lto_20100302_1.o link, -flto -fabi-version=2
UNRESOLVED: g++.dg/lto/20100302 cp_lto_20100302_0.o-cp_lto_20100302_1.o execute -flto -fabi-version=2
FAIL: g++.dg/tls/thread_local-order1.C execution test
FAIL: g++.dg/tls/thread_local3g.C -std=gnu++11 execution test
FAIL: g++.dg/tls/thread_local4g.C -std=gnu++11 execution test
FAIL: g++.dg/tls/thread_local5g.C -std=gnu++11 execution test
FAIL: g++.dg/tls/thread_local6g.C execution test
FAIL: g++.old-deja/g++.other/init5.C -std=c++98 execution test
FAIL: g++.old-deja/g++.other/init5.C -std=c++11 execution test
=== g++ Summary for unix ===
# of expected passes 54901
# of unexpected failures 10
# of expected failures 292
# of unresolved testcases 1
# of unsupported tests 746
Running target unix/-m64
FAIL: g++.dg/init/cleanup3.C -std=c++98 scan-assembler-not _tcf
FAIL: g++.dg/init/cleanup3.C -std=c++11 scan-assembler-not _tcf
FAIL: g++.dg/lto/20100302 cp_lto_20100302_0.o-cp_lto_20100302_1.o link, -flto -fabi-version=2
UNRESOLVED: g++.dg/lto/20100302 cp_lto_20100302_0.o-cp_lto_20100302_1.o execute -flto -fabi-version=2
FAIL: g++.dg/tls/thread_local-order1.C execution test
FAIL: g++.dg/tls/thread_local3g.C -std=gnu++11 execution test
FAIL: g++.dg/tls/thread_local4g.C -std=gnu++11 execution test
FAIL: g++.dg/tls/thread_local5g.C -std=gnu++11 execution test
FAIL: g++.dg/tls/thread_local6g.C execution test
FAIL: g++.old-deja/g++.other/init5.C -std=c++98 execution test
FAIL: g++.old-deja/g++.other/init5.C -std=c++11 execution test
=== g++ Summary for unix/-m64 ===
# of expected passes 55666
# of unexpected failures 10
# of expected failures 292
# of unresolved testcases 1
# of unsupported tests 990
=== g++ Summary ===
# of expected passes 110567
# of unexpected failures 20
# of expected failures 584
# of unresolved testcases 2
# of unsupported tests 1736
/var/gcc/regression/trunk/10-gcc-gld/build/gcc/testsuite/g++/../../xg++ version 4.9.0 20131025 (experimental) [trunk revision 204057] (GCC)
=== gcc tests ===
Running target unix
FAIL: gcc.dg/torture/memcpy-1.c -O0 (internal compiler error)
FAIL: gcc.dg/torture/memcpy-1.c -O0 (test for excess errors)
WARNING: gcc.dg/torture/memcpy-1.c -O0 compilation failed to produce executable
FAIL: gcc.dg/torture/memcpy-1.c -O1 (internal compiler error)
FAIL: gcc.dg/torture/memcpy-1.c -O1 (test for excess errors)
WARNING: gcc.dg/torture/memcpy-1.c -O1 compilation failed to produce executable
FAIL: gcc.dg/torture/memcpy-1.c -O2 (internal compiler error)
FAIL: gcc.dg/torture/memcpy-1.c -O2 (test for excess errors)
WARNING: gcc.dg/torture/memcpy-1.c -O2 compilation failed to produce executable
FAIL: gcc.dg/torture/memcpy-1.c -O3 -fomit-frame-pointer (internal compiler error)
FAIL: gcc.dg/torture/memcpy-1.c -O3 -fomit-frame-pointer (test for excess errors)
WARNING: gcc.dg/torture/memcpy-1.c -O3 -fomit-frame-pointer compilation failed to produce executable
FAIL: gcc.dg/torture/memcpy-1.c -O3 -g (internal compiler error)
FAIL: gcc.dg/torture/memcpy-1.c -O3 -g (test for excess errors)
WARNING: gcc.dg/torture/memcpy-1.c -O3 -g compilation failed to produce executable
FAIL: gcc.dg/torture/memcpy-1.c -O2 -flto -fno-use-linker-plugin -flto-partition=none (internal compiler error)
FAIL: gcc.dg/torture/memcpy-1.c -O2 -flto -fno-use-linker-plugin -flto-partition=none (test for excess errors)
WARNING: gcc.dg/torture/memcpy-1.c -O2 -flto -fno-use-linker-plugin -flto-partition=none compilation failed to produce executable
FAIL: gcc.dg/torture/memcpy-1.c -O2 -flto -fuse-linker-plugin -fno-fat-lto-objects (internal compiler error)
FAIL: gcc.dg/torture/memcpy-1.c -O2 -flto -fuse-linker-plugin -fno-fat-lto-objects (test for excess errors)
WARNING: gcc.dg/torture/memcpy-1.c -O2 -flto -fuse-linker-plugin -fno-fat-lto-objects compilation failed to produce executable
=== gcc Summary for unix ===
# of expected passes 96844
# of unexpected failures 14
# of expected failures 253
# of unsupported tests 1261
Running target unix/-m64
FAIL: gcc.misc-tests/linkage.c link
FAIL: gcc.target/i386/pr58218.c (test for excess errors)
=== gcc Summary for unix/-m64 ===
# of expected passes 97273
# of unexpected failures 2
# of expected failures 255
# of unsupported tests 1559
=== gcc Summary ===
# of expected passes 194117
# of unexpected failures 16
# of expected failures 508
# of unsupported tests 2820
/var/gcc/regression/trunk/10-gcc-gld/build/gcc/xgcc version 4.9.0 20131025 (experimental) [trunk revision 204057] (GCC)
=== gfortran tests ===
Running target unix
FAIL: gfortran.dg/assumed_type_8.f90 -O (test for errors, line 17)
FAIL: gfortran.dg/assumed_type_8.f90 -O (test for excess errors)
FAIL: gfortran.dg/class_48.f90 -O2 (test for excess errors)
FAIL: gfortran.dg/class_48.f90 -Os (test for excess errors)
FAIL: gfortran.dg/unlimited_polymorphic_13.f90 -O0 execution test
FAIL: gfortran.dg/unlimited_polymorphic_13.f90 -O1 execution test
FAIL: gfortran.dg/unlimited_polymorphic_13.f90 -O2 execution test
FAIL: gfortran.dg/unlimited_polymorphic_13.f90 -O3 -fomit-frame-pointer execution test
FAIL: gfortran.dg/unlimited_polymorphic_13.f90 -O3 -fomit-frame-pointer -funroll-loops execution test
FAIL: gfortran.dg/unlimited_polymorphic_13.f90 -O3 -fomit-frame-pointer -funroll-all-loops -finline-functions execution test
FAIL: gfortran.dg/unlimited_polymorphic_13.f90 -O3 -g execution test
FAIL: gfortran.dg/unlimited_polymorphic_13.f90 -Os execution test
FAIL: gfortran.dg/lto/pr45586-2 f_lto_pr45586-2_0.o-f_lto_pr45586-2_0.o link, -O0 -flto -flto-partition=none -fuse-linker-plugin (internal compiler error)
UNRESOLVED: gfortran.dg/lto/pr45586-2 f_lto_pr45586-2_0.o-f_lto_pr45586-2_0.o execute -O0 -flto -flto-partition=none -fuse-linker-plugin
FAIL: gfortran.dg/lto/pr45586-2 f_lto_pr45586-2_0.o-f_lto_pr45586-2_0.o link, -O0 -flto -flto-partition=1to1 -fno-use-linker-plugin (internal compiler error)
UNRESOLVED: gfortran.dg/lto/pr45586-2 f_lto_pr45586-2_0.o-f_lto_pr45586-2_0.o execute -O0 -flto -flto-partition=1to1 -fno-use-linker-plugin
FAIL: gfortran.dg/lto/pr45586-2 f_lto_pr45586-2_0.o-f_lto_pr45586-2_0.o link, -O0 -flto -fuse-linker-plugin -fno-fat-lto-objects (internal compiler error)
UNRESOLVED: gfortran.dg/lto/pr45586-2 f_lto_pr45586-2_0.o-f_lto_pr45586-2_0.o execute -O0 -flto -fuse-linker-plugin -fno-fat-lto-objects
FAIL: gfortran.dg/lto/pr45586 f_lto_pr45586_0.o-f_lto_pr45586_0.o link, -O0 -flto -flto-partition=none -fuse-linker-plugin (internal compiler error)
UNRESOLVED: gfortran.dg/lto/pr45586 f_lto_pr45586_0.o-f_lto_pr45586_0.o execute -O0 -flto -flto-partition=none -fuse-linker-plugin
FAIL: gfortran.dg/lto/pr45586 f_lto_pr45586_0.o-f_lto_pr45586_0.o link, -O0 -flto -flto-partition=1to1 -fno-use-linker-plugin (internal compiler error)
UNRESOLVED: gfortran.dg/lto/pr45586 f_lto_pr45586_0.o-f_lto_pr45586_0.o execute -O0 -flto -flto-partition=1to1 -fno-use-linker-plugin
FAIL: gfortran.dg/lto/pr45586 f_lto_pr45586_0.o-f_lto_pr45586_0.o link, -O0 -flto -fuse-linker-plugin -fno-fat-lto-objects (internal compiler error)
UNRESOLVED: gfortran.dg/lto/pr45586 f_lto_pr45586_0.o-f_lto_pr45586_0.o execute -O0 -flto -fuse-linker-plugin -fno-fat-lto-objects
=== gfortran Summary for unix ===
# of expected passes 44753
# of unexpected failures 18
# of expected failures 52
# of unresolved testcases 6
# of unsupported tests 228
Running target unix/-m64
FAIL: gfortran.dg/assumed_type_8.f90 -O (test for errors, line 17)
FAIL: gfortran.dg/assumed_type_8.f90 -O (test for excess errors)
FAIL: gfortran.dg/lto/pr45586-2 f_lto_pr45586-2_0.o-f_lto_pr45586-2_0.o link, -O0 -flto -flto-partition=none -fuse-linker-plugin (internal compiler error)
UNRESOLVED: gfortran.dg/lto/pr45586-2 f_lto_pr45586-2_0.o-f_lto_pr45586-2_0.o execute -O0 -flto -flto-partition=none -fuse-linker-plugin
FAIL: gfortran.dg/lto/pr45586-2 f_lto_pr45586-2_0.o-f_lto_pr45586-2_0.o link, -O0 -flto -flto-partition=1to1 -fno-use-linker-plugin (internal compiler error)
UNRESOLVED: gfortran.dg/lto/pr45586-2 f_lto_pr45586-2_0.o-f_lto_pr45586-2_0.o execute -O0 -flto -flto-partition=1to1 -fno-use-linker-plugin
FAIL: gfortran.dg/lto/pr45586-2 f_lto_pr45586-2_0.o-f_lto_pr45586-2_0.o link, -O0 -flto -fuse-linker-plugin -fno-fat-lto-objects (internal compiler error)
UNRESOLVED: gfortran.dg/lto/pr45586-2 f_lto_pr45586-2_0.o-f_lto_pr45586-2_0.o execute -O0 -flto -fuse-linker-plugin -fno-fat-lto-objects
FAIL: gfortran.dg/lto/pr45586 f_lto_pr45586_0.o-f_lto_pr45586_0.o link, -O0 -flto -flto-partition=none -fuse-linker-plugin (internal compiler error)
UNRESOLVED: gfortran.dg/lto/pr45586 f_lto_pr45586_0.o-f_lto_pr45586_0.o execute -O0 -flto -flto-partition=none -fuse-linker-plugin
FAIL: gfortran.dg/lto/pr45586 f_lto_pr45586_0.o-f_lto_pr45586_0.o link, -O0 -flto -flto-partition=1to1 -fno-use-linker-plugin (internal compiler error)
UNRESOLVED: gfortran.dg/lto/pr45586 f_lto_pr45586_0.o-f_lto_pr45586_0.o execute -O0 -flto -flto-partition=1to1 -fno-use-linker-plugin
FAIL: gfortran.dg/lto/pr45586 f_lto_pr45586_0.o-f_lto_pr45586_0.o link, -O0 -flto -fuse-linker-plugin -fno-fat-lto-objects (internal compiler error)
UNRESOLVED: gfortran.dg/lto/pr45586 f_lto_pr45586_0.o-f_lto_pr45586_0.o execute -O0 -flto -fuse-linker-plugin -fno-fat-lto-objects
=== gfortran Summary for unix/-m64 ===
# of expected passes 45066
# of unexpected failures 8
# of expected failures 52
# of unresolved testcases 6
# of unsupported tests 82
=== gfortran Summary ===
# of expected passes 89819
# of unexpected failures 26
# of expected failures 104
# of unresolved testcases 12
# of unsupported tests 310
/var/gcc/regression/trunk/10-gcc-gld/build/gcc/testsuite/gfortran/../../gfortran version 4.9.0 20131025 (experimental) [trunk revision 204057] (GCC)
=== gnat tests ===
Running target unix
=== gnat Summary for unix ===
# of expected passes 1195
# of expected failures 18
# of unsupported tests 6
Running target unix/-m64
=== gnat Summary for unix/-m64 ===
# of expected passes 1195
# of expected failures 18
# of unsupported tests 6
=== gnat Summary ===
# of expected passes 2390
# of expected failures 36
# of unsupported tests 12
/var/gcc/regression/trunk/10-gcc-gld/build/gcc/gnatmake version 4.9.0 20131025 (experimental) [trunk revision 204057]
=== go tests ===
Running target unix
=== go Summary for unix ===
# of expected passes 7249
# of expected failures 1
# of untested testcases 5
# of unsupported tests 1
Running target unix/-m64
FAIL: go.test/test/fixedbugs/issue4348.go -O (test for excess errors)
=== go Summary for unix/-m64 ===
# of expected passes 7128
# of unexpected failures 1
# of expected failures 1
# of untested testcases 5
# of unsupported tests 1
=== go Summary ===
# of expected passes 14377
# of unexpected failures 1
# of expected failures 2
# of untested testcases 10
# of unsupported tests 2
/var/gcc/regression/trunk/10-gcc-gld/build/gcc/testsuite/go/../../gccgo version 4.9.0 20131025 (experimental) [trunk revision 204057] (GCC)
=== obj-c++ tests ===
Running target unix
=== obj-c++ Summary for unix ===
# of expected passes 1449
# of expected failures 2
# of unsupported tests 86
Running target unix/-m64
=== obj-c++ Summary for unix/-m64 ===
# of expected passes 1441
# of expected failures 10
# of unsupported tests 86
=== obj-c++ Summary ===
# of expected passes 2890
# of expected failures 12
# of unsupported tests 172
/var/gcc/regression/trunk/10-gcc-gld/build/gcc/testsuite/obj-c++/../../xg++ version 4.9.0 20131025 (experimental) [trunk revision 204057] (GCC)
=== objc tests ===
Running target unix
=== objc Summary for unix ===
# of expected passes 2988
# of expected failures 6
# of unsupported tests 74
Running target unix/-m64
=== objc Summary for unix/-m64 ===
# of expected passes 2988
# of expected failures 6
# of unsupported tests 74
=== objc Summary ===
# of expected passes 5976
# of expected failures 12
# of unsupported tests 148
/var/gcc/regression/trunk/10-gcc-gld/build/gcc/xgcc version 4.9.0 20131025 (experimental) [trunk revision 204057] (GCC)
=== boehm-gc tests ===
Running target unix
FAIL: boehm-gc.c/gctest.c -O2 execution test
=== boehm-gc Summary for unix ===
# of expected passes 11
# of unexpected failures 1
# of unsupported tests 1
Running target unix/-m64
=== boehm-gc Summary for unix/-m64 ===
# of expected passes 12
# of unsupported tests 1
=== boehm-gc Summary ===
# of expected passes 23
# of unexpected failures 1
# of unsupported tests 2
=== libatomic tests ===
Running target unix
=== libatomic Summary for unix ===
# of expected passes 44
# of unsupported tests 5
Running target unix/-m64
=== libatomic Summary for unix/-m64 ===
# of expected passes 54
=== libatomic Summary ===
# of expected passes 98
# of unsupported tests 5
=== libffi tests ===
Running target unix
=== libffi Summary for unix ===
# of expected passes 1819
# of unsupported tests 55
Running target unix/-m64
=== libffi Summary for unix/-m64 ===
# of expected passes 1819
# of unsupported tests 55
=== libffi Summary ===
# of expected passes 3638
# of unsupported tests 110
=== libgo tests ===
Running target unix
FAIL: runtime
=== libgo Summary for unix ===
# of expected passes 121
# of unexpected failures 1
Running target unix/-m64
FAIL: image
FAIL: log
FAIL: mime
FAIL: net
FAIL: os
FAIL: regexp
FAIL: strconv
FAIL: syscall
FAIL: time
FAIL: archive/tar
FAIL: archive/zip
FAIL: compress/flate
FAIL: compress/lzw
FAIL: compress/zlib
FAIL: crypto/cipher
FAIL: crypto/dsa
FAIL: crypto/ecdsa
FAIL: crypto/elliptic
FAIL: crypto/rand
FAIL: crypto/rsa
FAIL: crypto/tls
FAIL: crypto/x509
FAIL: debug/dwarf
FAIL: debug/elf
FAIL: debug/macho
FAIL: debug/pe
FAIL: encoding/asn1
FAIL: encoding/gob
FAIL: encoding/xml
FAIL: html/template
FAIL: go/doc
FAIL: go/format
FAIL: go/parser
FAIL: go/printer
FAIL: image/jpeg
FAIL: image/png
FAIL: io/ioutil
FAIL: log/syslog
FAIL: mime/multipart
FAIL: net/http
FAIL: net/http/cgi
FAIL: net/http/httptest
FAIL: net/http/httputil
FAIL: net/mail
FAIL: net/rpc
FAIL: net/smtp
FAIL: net/rpc/jsonrpc
FAIL: old/template
FAIL: os/exec
FAIL: os/signal
FAIL: path/filepath
FAIL: text/template
=== libgo Summary for unix/-m64 ===
# of expected passes 70
# of unexpected failures 52
=== libgo Summary ===
# of expected passes 191
# of unexpected failures 53
/var/gcc/regression/trunk/10-gcc-gld/build/./gcc/gccgo version 4.9.0 20131025 (experimental) [trunk revision 204057] (GCC)
=== libgomp tests ===
Running target unix
FAIL: libgomp.graphite/bounds.c scan-tree-dump-times graphite "0 loops carried no dependency" 1
FAIL: libgomp.graphite/force-parallel-4.c execution test
FAIL: libgomp.graphite/force-parallel-4.c scan-tree-dump-times graphite "2 loops carried no dependency" 1
FAIL: libgomp.graphite/force-parallel-6.c scan-tree-dump-times graphite "1 loops carried no dependency" 1
FAIL: libgomp.graphite/pr41118.c scan-tree-dump-times optimized "loopfn" 0
=== libgomp Summary for unix ===
# of expected passes 2381
# of unexpected failures 5
# of unsupported tests 3
Running target unix/-m64
FAIL: libgomp.graphite/bounds.c scan-tree-dump-times graphite "0 loops carried no dependency" 1
FAIL: libgomp.graphite/force-parallel-4.c execution test
FAIL: libgomp.graphite/force-parallel-4.c scan-tree-dump-times graphite "2 loops carried no dependency" 1
FAIL: libgomp.graphite/force-parallel-6.c scan-tree-dump-times graphite "1 loops carried no dependency" 1
FAIL: libgomp.graphite/pr41118.c scan-tree-dump-times optimized "loopfn" 0
=== libgomp Summary for unix/-m64 ===
# of expected passes 2381
# of unexpected failures 5
# of unsupported tests 3
=== libgomp Summary ===
# of expected passes 4762
# of unexpected failures 10
# of unsupported tests 6
=== libitm tests ===
Running target unix
=== libitm Summary for unix ===
# of expected passes 26
# of expected failures 3
# of unsupported tests 1
Running target unix/-m64
=== libitm Summary for unix/-m64 ===
# of expected passes 26
# of expected failures 3
# of unsupported tests 1
=== libitm Summary ===
# of expected passes 52
# of expected failures 6
# of unsupported tests 2
=== libjava tests ===
Running target unix
FAIL: sourcelocation output - source compiled test
FAIL: sourcelocation -findirect-dispatch output - source compiled test
FAIL: sourcelocation -O3 output - source compiled test
FAIL: sourcelocation -O3 -findirect-dispatch output - source compiled test
=== libjava Summary for unix ===
# of expected passes 2582
# of unexpected failures 4
Running target unix/-m64
FAIL: sourcelocation output - source compiled test
FAIL: sourcelocation -findirect-dispatch output - source compiled test
FAIL: sourcelocation -O3 output - source compiled test
FAIL: sourcelocation -O3 -findirect-dispatch output - source compiled test
=== libjava Summary for unix/-m64 ===
# of expected passes 2582
# of unexpected failures 4
=== libjava Summary ===
# of expected passes 5164
# of unexpected failures 8
=== libstdc++ tests ===
Running target unix
=== libstdc++ Summary for unix ===
# of expected passes 8657
# of expected failures 38
# of unsupported tests 580
Running target unix/-m64
=== libstdc++ Summary for unix/-m64 ===
# of expected passes 8657
# of expected failures 38
# of unsupported tests 580
=== libstdc++ Summary ===
# of expected passes 17314
# of expected failures 76
# of unsupported tests 1160
Compiler version: 4.9.0 20131025 (experimental) [trunk revision 204057] (GCC)
Platform: i386-pc-solaris2.10
configure flags: --prefix=/vol/gcc --target=i386-pc-solaris2.10 --enable-objc-gc --with-ld=/vol/gcc/bin/gld-2.23.1 --with-gnu-ld --with-gmp-include=/vol/gcc/include --with-gmp-lib=/vol/gcc/lib --with-mpfr-include=/vol/gcc/include --with-mpfr-lib=/vol/gcc/lib --with-mpc-include=/vol/gcc/include --with-mpc-lib=/vol/gcc/lib --enable-languages=all,ada,obj-c++,go --with-isl-include=/vol/gcc/include --with-isl-lib=/vol/gcc/lib --with-cloog-include=/vol/gcc/include --with-cloog-lib=/vol/gcc/lib --enable-cloog-backend=isl
BOOT_CFLAGS=-g -O2
More information about the Gcc-testresults
mailing list