Results for 4.9.0 20131026 (experimental) [trunk revision 204095] testsuite on x86_64-unknown-linux-gnu
Laurent GUERBY gcc13
guerby@gcc13.fsffrance.org
Sun Oct 27 12:58:00 GMT 2013
LAST_UPDATED: Sat Oct 26 19:26:34 UTC 2013 (revision 204095)
=== acats tests ===
FAIL: c34005p
FAIL: c34005r
FAIL: c34005s
FAIL: c34005u
FAIL: c34005v
FAIL: c34006g
FAIL: c34006j
FAIL: c34006l
FAIL: c34008a
FAIL: c3a0014
FAIL: c41103b
FAIL: c41203b
FAIL: c41306a
FAIL: c452001
FAIL: c62003a
FAIL: c650001
FAIL: c74302b
FAIL: c74306a
FAIL: c85014a
FAIL: c85014b
FAIL: c85014c
FAIL: c87b26b
FAIL: c87b41a
FAIL: c96008a
FAIL: c99004a
FAIL: cb40005
FAIL: cc3017c
FAIL: cc3019c
FAIL: cd10002
FAIL: cd2a21a
FAIL: cd2a22a
FAIL: cd2a22e
FAIL: cd2a23a
FAIL: cd2a24a
FAIL: cd2a24e
FAIL: cd2a31a
FAIL: cd2a32a
FAIL: cd2a32e
FAIL: cdd2a03
FAIL: cxac005
=== acats Summary ===
# of expected passes 2280
# of unexpected failures 40
Native configuration is x86_64-unknown-linux-gnu
=== gcc tests ===
Running target unix/-m32
FAIL: gcc.dg/debug/dwarf2/asm-line1.c scan-assembler is_stmt 1
FAIL: gcc.dg/debug/dwarf2/discriminator.c scan-assembler loc [0-9] 11 [0-9]( is_stmt [0-9])? discriminator 2\\n
FAIL: gcc.dg/debug/dwarf2/discriminator.c scan-assembler loc [0-9] 11 [0-9]( is_stmt [0-9])? discriminator 1\\n
FAIL: gcc.dg/cproj-fails-with-broken-glibc.c execution test
FAIL: gcc.dg/torture/memcpy-1.c -O0 (internal compiler error)
FAIL: gcc.dg/torture/memcpy-1.c -O0 (test for excess errors)
UNRESOLVED: gcc.dg/torture/memcpy-1.c -O0 compilation failed to produce executable
FAIL: gcc.dg/torture/memcpy-1.c -O1 (internal compiler error)
FAIL: gcc.dg/torture/memcpy-1.c -O1 (test for excess errors)
UNRESOLVED: gcc.dg/torture/memcpy-1.c -O1 compilation failed to produce executable
FAIL: gcc.dg/torture/memcpy-1.c -O2 (internal compiler error)
FAIL: gcc.dg/torture/memcpy-1.c -O2 (test for excess errors)
UNRESOLVED: gcc.dg/torture/memcpy-1.c -O2 compilation failed to produce executable
FAIL: gcc.dg/torture/memcpy-1.c -O3 -fomit-frame-pointer (internal compiler error)
FAIL: gcc.dg/torture/memcpy-1.c -O3 -fomit-frame-pointer (test for excess errors)
UNRESOLVED: gcc.dg/torture/memcpy-1.c -O3 -fomit-frame-pointer compilation failed to produce executable
FAIL: gcc.dg/torture/memcpy-1.c -O3 -g (internal compiler error)
FAIL: gcc.dg/torture/memcpy-1.c -O3 -g (test for excess errors)
UNRESOLVED: gcc.dg/torture/memcpy-1.c -O3 -g compilation failed to produce executable
FAIL: gcc.dg/torture/memcpy-1.c -O2 -flto -flto-partition=none (internal compiler error)
FAIL: gcc.dg/torture/memcpy-1.c -O2 -flto -flto-partition=none (test for excess errors)
UNRESOLVED: gcc.dg/torture/memcpy-1.c -O2 -flto -flto-partition=none compilation failed to produce executable
FAIL: gcc.dg/torture/memcpy-1.c -O2 -flto (internal compiler error)
FAIL: gcc.dg/torture/memcpy-1.c -O2 -flto (test for excess errors)
UNRESOLVED: gcc.dg/torture/memcpy-1.c -O2 -flto compilation failed to produce executable
FAIL: gcc.dg/torture/tls/run-gd.c -O0 (test for excess errors)
FAIL: gcc.dg/torture/tls/run-gd.c -O1 (test for excess errors)
FAIL: gcc.dg/torture/tls/run-gd.c -O2 (test for excess errors)
FAIL: gcc.dg/torture/tls/run-gd.c -O3 -fomit-frame-pointer (test for excess errors)
FAIL: gcc.dg/torture/tls/run-gd.c -O3 -g (test for excess errors)
FAIL: gcc.dg/torture/tls/run-gd.c -Os (test for excess errors)
FAIL: gcc.dg/torture/tls/run-gd.c -O2 -flto -flto-partition=none (test for excess errors)
FAIL: gcc.dg/torture/tls/run-gd.c -O2 -flto (test for excess errors)
FAIL: gcc.dg/torture/tls/run-ld.c -O0 (test for excess errors)
FAIL: gcc.dg/torture/tls/run-ld.c -O1 (test for excess errors)
FAIL: gcc.dg/torture/tls/run-ld.c -O2 (test for excess errors)
FAIL: gcc.dg/torture/tls/run-ld.c -O3 -fomit-frame-pointer (test for excess errors)
FAIL: gcc.dg/torture/tls/run-ld.c -O3 -g (test for excess errors)
FAIL: gcc.dg/torture/tls/run-ld.c -Os (test for excess errors)
FAIL: gcc.dg/torture/tls/run-ld.c -O2 -flto -flto-partition=none (test for excess errors)
FAIL: gcc.dg/torture/tls/run-ld.c -O2 -flto (test for excess errors)
=== gcc Summary for unix/-m32 ===
# of expected passes 97519
# of unexpected failures 34
# of expected failures 249
# of unresolved testcases 7
# of unsupported tests 1966
Running target unix/-m64
FAIL: c-c++-common/asan/clone-test-1.c -O0 execution test
FAIL: c-c++-common/asan/clone-test-1.c -O1 execution test
FAIL: c-c++-common/asan/clone-test-1.c -O2 execution test
FAIL: c-c++-common/asan/clone-test-1.c -O3 -fomit-frame-pointer execution test
FAIL: c-c++-common/asan/clone-test-1.c -O3 -fomit-frame-pointer -funroll-loops execution test
FAIL: c-c++-common/asan/clone-test-1.c -O3 -fomit-frame-pointer -funroll-all-loops -finline-functions execution test
FAIL: c-c++-common/asan/clone-test-1.c -O3 -g execution test
FAIL: c-c++-common/asan/clone-test-1.c -Os execution test
FAIL: c-c++-common/asan/clone-test-1.c -O2 -flto -flto-partition=none execution test
FAIL: c-c++-common/asan/clone-test-1.c -O2 -flto execution test
FAIL: c-c++-common/asan/global-overflow-1.c -O0 output pattern test, is ==5491== ERROR: AddressSanitizer failed to allocate 0xdfff0001000 (15392894357504) bytes at address 0x02008fff7000 (12)
FAIL: c-c++-common/asan/global-overflow-1.c -O1 output pattern test, is ==5513== ERROR: AddressSanitizer failed to allocate 0xdfff0001000 (15392894357504) bytes at address 0x02008fff7000 (12)
FAIL: c-c++-common/asan/global-overflow-1.c -O2 output pattern test, is ==5531== ERROR: AddressSanitizer failed to allocate 0xdfff0001000 (15392894357504) bytes at address 0x02008fff7000 (12)
FAIL: c-c++-common/asan/global-overflow-1.c -O3 -fomit-frame-pointer output pattern test, is ==5549== ERROR: AddressSanitizer failed to allocate 0xdfff0001000 (15392894357504) bytes at address 0x02008fff7000 (12)
FAIL: c-c++-common/asan/global-overflow-1.c -O3 -g output pattern test, is ==5569== ERROR: AddressSanitizer failed to allocate 0xdfff0001000 (15392894357504) bytes at address 0x02008fff7000 (12)
FAIL: c-c++-common/asan/global-overflow-1.c -Os output pattern test, is ==5589== ERROR: AddressSanitizer failed to allocate 0xdfff0001000 (15392894357504) bytes at address 0x02008fff7000 (12)
FAIL: c-c++-common/asan/global-overflow-1.c -O2 -flto -flto-partition=none output pattern test, is ==5640== ERROR: AddressSanitizer failed to allocate 0xdfff0001000 (15392894357504) bytes at address 0x02008fff7000 (12)
FAIL: c-c++-common/asan/global-overflow-1.c -O2 -flto output pattern test, is ==5689== ERROR: AddressSanitizer failed to allocate 0xdfff0001000 (15392894357504) bytes at address 0x02008fff7000 (12)
FAIL: c-c++-common/asan/heap-overflow-1.c -O0 output pattern test, is ==5707== ERROR: AddressSanitizer failed to allocate 0xdfff0001000 (15392894357504) bytes at address 0x02008fff7000 (12)
FAIL: c-c++-common/asan/heap-overflow-1.c -O1 output pattern test, is ==5727== ERROR: AddressSanitizer failed to allocate 0xdfff0001000 (15392894357504) bytes at address 0x02008fff7000 (12)
FAIL: c-c++-common/asan/heap-overflow-1.c -O2 output pattern test, is ==5743== ERROR: AddressSanitizer failed to allocate 0xdfff0001000 (15392894357504) bytes at address 0x02008fff7000 (12)
FAIL: c-c++-common/asan/heap-overflow-1.c -O3 -fomit-frame-pointer output pattern test, is ==5759== ERROR: AddressSanitizer failed to allocate 0xdfff0001000 (15392894357504) bytes at address 0x02008fff7000 (12)
FAIL: c-c++-common/asan/heap-overflow-1.c -O3 -g output pattern test, is ==5776== ERROR: AddressSanitizer failed to allocate 0xdfff0001000 (15392894357504) bytes at address 0x02008fff7000 (12)
FAIL: c-c++-common/asan/heap-overflow-1.c -Os output pattern test, is ==5793== ERROR: AddressSanitizer failed to allocate 0xdfff0001000 (15392894357504) bytes at address 0x02008fff7000 (12)
FAIL: c-c++-common/asan/heap-overflow-1.c -O2 -flto -flto-partition=none output pattern test, is ==5840== ERROR: AddressSanitizer failed to allocate 0xdfff0001000 (15392894357504) bytes at address 0x02008fff7000 (12)
FAIL: c-c++-common/asan/heap-overflow-1.c -O2 -flto output pattern test, is ==5883== ERROR: AddressSanitizer failed to allocate 0xdfff0001000 (15392894357504) bytes at address 0x02008fff7000 (12)
FAIL: c-c++-common/asan/memcmp-1.c -O0 output pattern test, is ==5905== ERROR: AddressSanitizer failed to allocate 0xdfff0001000 (15392894357504) bytes at address 0x02008fff7000 (12)
FAIL: c-c++-common/asan/memcmp-1.c -O1 output pattern test, is ==5921== ERROR: AddressSanitizer failed to allocate 0xdfff0001000 (15392894357504) bytes at address 0x02008fff7000 (12)
FAIL: c-c++-common/asan/memcmp-1.c -O2 output pattern test, is ==5936== ERROR: AddressSanitizer failed to allocate 0xdfff0001000 (15392894357504) bytes at address 0x02008fff7000 (12)
FAIL: c-c++-common/asan/memcmp-1.c -O3 -fomit-frame-pointer output pattern test, is ==5953== ERROR: AddressSanitizer failed to allocate 0xdfff0001000 (15392894357504) bytes at address 0x02008fff7000 (12)
FAIL: c-c++-common/asan/memcmp-1.c -O3 -g output pattern test, is ==5970== ERROR: AddressSanitizer failed to allocate 0xdfff0001000 (15392894357504) bytes at address 0x02008fff7000 (12)
FAIL: c-c++-common/asan/memcmp-1.c -Os output pattern test, is ==5987== ERROR: AddressSanitizer failed to allocate 0xdfff0001000 (15392894357504) bytes at address 0x02008fff7000 (12)
FAIL: c-c++-common/asan/memcmp-1.c -O2 -flto -flto-partition=none output pattern test, is ==6030== ERROR: AddressSanitizer failed to allocate 0xdfff0001000 (15392894357504) bytes at address 0x02008fff7000 (12)
FAIL: c-c++-common/asan/memcmp-1.c -O2 -flto output pattern test, is ==6082== ERROR: AddressSanitizer failed to allocate 0xdfff0001000 (15392894357504) bytes at address 0x02008fff7000 (12)
FAIL: c-c++-common/asan/null-deref-1.c -O0 output pattern test, is ==6206== ERROR: AddressSanitizer failed to allocate 0xdfff0001000 (15392894357504) bytes at address 0x02008fff7000 (12)
FAIL: c-c++-common/asan/null-deref-1.c -O1 output pattern test, is ==6224== ERROR: AddressSanitizer failed to allocate 0xdfff0001000 (15392894357504) bytes at address 0x02008fff7000 (12)
FAIL: c-c++-common/asan/null-deref-1.c -O2 output pattern test, is ==6240== ERROR: AddressSanitizer failed to allocate 0xdfff0001000 (15392894357504) bytes at address 0x02008fff7000 (12)
FAIL: c-c++-common/asan/null-deref-1.c -O3 -fomit-frame-pointer output pattern test, is ==6257== ERROR: AddressSanitizer failed to allocate 0xdfff0001000 (15392894357504) bytes at address 0x02008fff7000 (12)
FAIL: c-c++-common/asan/null-deref-1.c -O3 -g output pattern test, is ==6276== ERROR: AddressSanitizer failed to allocate 0xdfff0001000 (15392894357504) bytes at address 0x02008fff7000 (12)
FAIL: c-c++-common/asan/null-deref-1.c -Os output pattern test, is ==6296== ERROR: AddressSanitizer failed to allocate 0xdfff0001000 (15392894357504) bytes at address 0x02008fff7000 (12)
FAIL: c-c++-common/asan/null-deref-1.c -O2 -flto -flto-partition=none output pattern test, is ==6342== ERROR: AddressSanitizer failed to allocate 0xdfff0001000 (15392894357504) bytes at address 0x02008fff7000 (12)
FAIL: c-c++-common/asan/null-deref-1.c -O2 -flto output pattern test, is ==6390== ERROR: AddressSanitizer failed to allocate 0xdfff0001000 (15392894357504) bytes at address 0x02008fff7000 (12)
FAIL: c-c++-common/asan/rlimit-mmap-test-1.c -O0 output pattern test, is ==6479== ERROR: AddressSanitizer failed to allocate 0xdfff0001000 (15392894357504) bytes at address 0x02008fff7000 (12)
FAIL: c-c++-common/asan/sanity-check-pure-c-1.c -O0 output pattern test, is ==6493== ERROR: AddressSanitizer failed to allocate 0xdfff0001000 (15392894357504) bytes at address 0x02008fff7000 (12)
FAIL: c-c++-common/asan/sanity-check-pure-c-1.c -O1 output pattern test, is ==6507== ERROR: AddressSanitizer failed to allocate 0xdfff0001000 (15392894357504) bytes at address 0x02008fff7000 (12)
FAIL: c-c++-common/asan/sanity-check-pure-c-1.c -O2 output pattern test, is ==6523== ERROR: AddressSanitizer failed to allocate 0xdfff0001000 (15392894357504) bytes at address 0x02008fff7000 (12)
FAIL: c-c++-common/asan/sanity-check-pure-c-1.c -O3 -fomit-frame-pointer output pattern test, is ==6539== ERROR: AddressSanitizer failed to allocate 0xdfff0001000 (15392894357504) bytes at address 0x02008fff7000 (12)
FAIL: c-c++-common/asan/sanity-check-pure-c-1.c -O3 -g output pattern test, is ==6555== ERROR: AddressSanitizer failed to allocate 0xdfff0001000 (15392894357504) bytes at address 0x02008fff7000 (12)
FAIL: c-c++-common/asan/sanity-check-pure-c-1.c -Os output pattern test, is ==6569== ERROR: AddressSanitizer failed to allocate 0xdfff0001000 (15392894357504) bytes at address 0x02008fff7000 (12)
FAIL: c-c++-common/asan/sanity-check-pure-c-1.c -O2 -flto -flto-partition=none output pattern test, is ==6608== ERROR: AddressSanitizer failed to allocate 0xdfff0001000 (15392894357504) bytes at address 0x02008fff7000 (12)
FAIL: c-c++-common/asan/sanity-check-pure-c-1.c -O2 -flto output pattern test, is ==6648== ERROR: AddressSanitizer failed to allocate 0xdfff0001000 (15392894357504) bytes at address 0x02008fff7000 (12)
FAIL: c-c++-common/asan/sleep-before-dying-1.c -O2 output pattern test, is ==6664== ERROR: AddressSanitizer failed to allocate 0xdfff0001000 (15392894357504) bytes at address 0x02008fff7000 (12)
FAIL: c-c++-common/asan/sleep-before-dying-1.c -O2 -flto -flto-partition=none output pattern test, is ==6704== ERROR: AddressSanitizer failed to allocate 0xdfff0001000 (15392894357504) bytes at address 0x02008fff7000 (12)
FAIL: c-c++-common/asan/sleep-before-dying-1.c -O2 -flto output pattern test, is ==6743== ERROR: AddressSanitizer failed to allocate 0xdfff0001000 (15392894357504) bytes at address 0x02008fff7000 (12)
FAIL: c-c++-common/asan/stack-overflow-1.c -O0 output pattern test, is ==6759== ERROR: AddressSanitizer failed to allocate 0xdfff0001000 (15392894357504) bytes at address 0x02008fff7000 (12)
FAIL: c-c++-common/asan/stack-overflow-1.c -O1 output pattern test, is ==6773== ERROR: AddressSanitizer failed to allocate 0xdfff0001000 (15392894357504) bytes at address 0x02008fff7000 (12)
FAIL: c-c++-common/asan/stack-overflow-1.c -O2 output pattern test, is ==6787== ERROR: AddressSanitizer failed to allocate 0xdfff0001000 (15392894357504) bytes at address 0x02008fff7000 (12)
FAIL: c-c++-common/asan/stack-overflow-1.c -O3 -fomit-frame-pointer output pattern test, is ==6802== ERROR: AddressSanitizer failed to allocate 0xdfff0001000 (15392894357504) bytes at address 0x02008fff7000 (12)
FAIL: c-c++-common/asan/stack-overflow-1.c -O3 -g output pattern test, is ==6819== ERROR: AddressSanitizer failed to allocate 0xdfff0001000 (15392894357504) bytes at address 0x02008fff7000 (12)
FAIL: c-c++-common/asan/stack-overflow-1.c -Os output pattern test, is ==6835== ERROR: AddressSanitizer failed to allocate 0xdfff0001000 (15392894357504) bytes at address 0x02008fff7000 (12)
FAIL: c-c++-common/asan/stack-overflow-1.c -O2 -flto -flto-partition=none output pattern test, is ==6878== ERROR: AddressSanitizer failed to allocate 0xdfff0001000 (15392894357504) bytes at address 0x02008fff7000 (12)
FAIL: c-c++-common/asan/stack-overflow-1.c -O2 -flto output pattern test, is ==6922== ERROR: AddressSanitizer failed to allocate 0xdfff0001000 (15392894357504) bytes at address 0x02008fff7000 (12)
FAIL: c-c++-common/asan/strip-path-prefix-1.c -O2 output pattern test, is ==6941== ERROR: AddressSanitizer failed to allocate 0xdfff0001000 (15392894357504) bytes at address 0x02008fff7000 (12)
FAIL: c-c++-common/asan/strip-path-prefix-1.c -O2 -flto -flto-partition=none output pattern test, is ==6988== ERROR: AddressSanitizer failed to allocate 0xdfff0001000 (15392894357504) bytes at address 0x02008fff7000 (12)
FAIL: c-c++-common/asan/strip-path-prefix-1.c -O2 -flto output pattern test, is ==7036== ERROR: AddressSanitizer failed to allocate 0xdfff0001000 (15392894357504) bytes at address 0x02008fff7000 (12)
FAIL: c-c++-common/asan/strncpy-overflow-1.c -O0 output pattern test, is ==7053== ERROR: AddressSanitizer failed to allocate 0xdfff0001000 (15392894357504) bytes at address 0x02008fff7000 (12)
FAIL: c-c++-common/asan/strncpy-overflow-1.c -O1 output pattern test, is ==7073== ERROR: AddressSanitizer failed to allocate 0xdfff0001000 (15392894357504) bytes at address 0x02008fff7000 (12)
FAIL: c-c++-common/asan/strncpy-overflow-1.c -O2 output pattern test, is ==7092== ERROR: AddressSanitizer failed to allocate 0xdfff0001000 (15392894357504) bytes at address 0x02008fff7000 (12)
FAIL: c-c++-common/asan/strncpy-overflow-1.c -O3 -fomit-frame-pointer output pattern test, is ==7109== ERROR: AddressSanitizer failed to allocate 0xdfff0001000 (15392894357504) bytes at address 0x02008fff7000 (12)
FAIL: c-c++-common/asan/strncpy-overflow-1.c -O3 -g output pattern test, is ==7129== ERROR: AddressSanitizer failed to allocate 0xdfff0001000 (15392894357504) bytes at address 0x02008fff7000 (12)
FAIL: c-c++-common/asan/strncpy-overflow-1.c -Os output pattern test, is ==7145== ERROR: AddressSanitizer failed to allocate 0xdfff0001000 (15392894357504) bytes at address 0x02008fff7000 (12)
FAIL: c-c++-common/asan/strncpy-overflow-1.c -O2 -flto -flto-partition=none output pattern test, is ==7192== ERROR: AddressSanitizer failed to allocate 0xdfff0001000 (15392894357504) bytes at address 0x02008fff7000 (12)
FAIL: c-c++-common/asan/strncpy-overflow-1.c -O2 -flto output pattern test, is ==7241== ERROR: AddressSanitizer failed to allocate 0xdfff0001000 (15392894357504) bytes at address 0x02008fff7000 (12)
FAIL: c-c++-common/asan/swapcontext-test-1.c -O0 execution test
FAIL: c-c++-common/asan/swapcontext-test-1.c -O1 execution test
FAIL: c-c++-common/asan/swapcontext-test-1.c -O2 execution test
FAIL: c-c++-common/asan/swapcontext-test-1.c -O3 -fomit-frame-pointer execution test
FAIL: c-c++-common/asan/swapcontext-test-1.c -O3 -fomit-frame-pointer -funroll-loops execution test
FAIL: c-c++-common/asan/swapcontext-test-1.c -O3 -fomit-frame-pointer -funroll-all-loops -finline-functions execution test
FAIL: c-c++-common/asan/swapcontext-test-1.c -O3 -g execution test
FAIL: c-c++-common/asan/swapcontext-test-1.c -Os execution test
FAIL: c-c++-common/asan/swapcontext-test-1.c -O2 -flto -flto-partition=none execution test
FAIL: c-c++-common/asan/swapcontext-test-1.c -O2 -flto execution test
FAIL: c-c++-common/asan/use-after-free-1.c -O0 output pattern test, is ==7481== ERROR: AddressSanitizer failed to allocate 0xdfff0001000 (15392894357504) bytes at address 0x02008fff7000 (12)
FAIL: c-c++-common/asan/use-after-free-1.c -O1 output pattern test, is ==7497== ERROR: AddressSanitizer failed to allocate 0xdfff0001000 (15392894357504) bytes at address 0x02008fff7000 (12)
FAIL: c-c++-common/asan/use-after-free-1.c -O2 output pattern test, is ==7509== ERROR: AddressSanitizer failed to allocate 0xdfff0001000 (15392894357504) bytes at address 0x02008fff7000 (12)
FAIL: c-c++-common/asan/use-after-free-1.c -O3 -fomit-frame-pointer output pattern test, is ==7523== ERROR: AddressSanitizer failed to allocate 0xdfff0001000 (15392894357504) bytes at address 0x02008fff7000 (12)
FAIL: c-c++-common/asan/use-after-free-1.c -O3 -g output pattern test, is ==7537== ERROR: AddressSanitizer failed to allocate 0xdfff0001000 (15392894357504) bytes at address 0x02008fff7000 (12)
FAIL: c-c++-common/asan/use-after-free-1.c -Os output pattern test, is ==7551== ERROR: AddressSanitizer failed to allocate 0xdfff0001000 (15392894357504) bytes at address 0x02008fff7000 (12)
FAIL: c-c++-common/asan/use-after-free-1.c -O2 -flto -flto-partition=none output pattern test, is ==7590== ERROR: AddressSanitizer failed to allocate 0xdfff0001000 (15392894357504) bytes at address 0x02008fff7000 (12)
FAIL: c-c++-common/asan/use-after-free-1.c -O2 -flto output pattern test, is ==7629== ERROR: AddressSanitizer failed to allocate 0xdfff0001000 (15392894357504) bytes at address 0x02008fff7000 (12)
FAIL: gcc.dg/debug/dwarf2/asm-line1.c scan-assembler is_stmt 1
FAIL: gcc.dg/debug/dwarf2/discriminator.c scan-assembler loc [0-9] 11 [0-9]( is_stmt [0-9])? discriminator 2\\n
FAIL: gcc.dg/debug/dwarf2/discriminator.c scan-assembler loc [0-9] 11 [0-9]( is_stmt [0-9])? discriminator 1\\n
FAIL: gcc.dg/cproj-fails-with-broken-glibc.c execution test
FAIL: gcc.dg/torture/tls/run-gd.c -O0 (test for excess errors)
FAIL: gcc.dg/torture/tls/run-gd.c -O1 (test for excess errors)
FAIL: gcc.dg/torture/tls/run-gd.c -O2 (test for excess errors)
FAIL: gcc.dg/torture/tls/run-gd.c -O3 -fomit-frame-pointer (test for excess errors)
FAIL: gcc.dg/torture/tls/run-gd.c -O3 -g (test for excess errors)
FAIL: gcc.dg/torture/tls/run-gd.c -Os (test for excess errors)
FAIL: gcc.dg/torture/tls/run-gd.c -O2 -flto -flto-partition=none (test for excess errors)
FAIL: gcc.dg/torture/tls/run-gd.c -O2 -flto (test for excess errors)
FAIL: gcc.dg/torture/tls/run-ld.c -O0 (test for excess errors)
FAIL: gcc.dg/torture/tls/run-ld.c -O1 (test for excess errors)
FAIL: gcc.dg/torture/tls/run-ld.c -O2 (test for excess errors)
FAIL: gcc.dg/torture/tls/run-ld.c -O3 -fomit-frame-pointer (test for excess errors)
FAIL: gcc.dg/torture/tls/run-ld.c -O3 -g (test for excess errors)
FAIL: gcc.dg/torture/tls/run-ld.c -Os (test for excess errors)
FAIL: gcc.dg/torture/tls/run-ld.c -O2 -flto -flto-partition=none (test for excess errors)
FAIL: gcc.dg/torture/tls/run-ld.c -O2 -flto (test for excess errors)
FAIL: gcc.dg/torture/tls/run-le.c -O0 -pie -fpie (test for excess errors)
UNRESOLVED: gcc.dg/torture/tls/run-le.c -O0 -pie -fpie compilation failed to produce executable
FAIL: gcc.dg/torture/tls/run-le.c -O1 -pie -fpie (test for excess errors)
UNRESOLVED: gcc.dg/torture/tls/run-le.c -O1 -pie -fpie compilation failed to produce executable
FAIL: gcc.dg/torture/tls/run-le.c -O2 -pie -fpie (test for excess errors)
UNRESOLVED: gcc.dg/torture/tls/run-le.c -O2 -pie -fpie compilation failed to produce executable
FAIL: gcc.dg/torture/tls/run-le.c -O3 -fomit-frame-pointer -pie -fpie (test for excess errors)
UNRESOLVED: gcc.dg/torture/tls/run-le.c -O3 -fomit-frame-pointer -pie -fpie compilation failed to produce executable
FAIL: gcc.dg/torture/tls/run-le.c -O3 -g -pie -fpie (test for excess errors)
UNRESOLVED: gcc.dg/torture/tls/run-le.c -O3 -g -pie -fpie compilation failed to produce executable
FAIL: gcc.dg/torture/tls/run-le.c -Os -pie -fpie (test for excess errors)
UNRESOLVED: gcc.dg/torture/tls/run-le.c -Os -pie -fpie compilation failed to produce executable
FAIL: gcc.dg/torture/tls/run-le.c -O0 -pie -fPIE (test for excess errors)
UNRESOLVED: gcc.dg/torture/tls/run-le.c -O0 -pie -fPIE compilation failed to produce executable
FAIL: gcc.dg/torture/tls/run-le.c -O1 -pie -fPIE (test for excess errors)
UNRESOLVED: gcc.dg/torture/tls/run-le.c -O1 -pie -fPIE compilation failed to produce executable
FAIL: gcc.dg/torture/tls/run-le.c -O2 -pie -fPIE (test for excess errors)
UNRESOLVED: gcc.dg/torture/tls/run-le.c -O2 -pie -fPIE compilation failed to produce executable
FAIL: gcc.dg/torture/tls/run-le.c -O3 -fomit-frame-pointer -pie -fPIE (test for excess errors)
UNRESOLVED: gcc.dg/torture/tls/run-le.c -O3 -fomit-frame-pointer -pie -fPIE compilation failed to produce executable
FAIL: gcc.dg/torture/tls/run-le.c -O3 -g -pie -fPIE (test for excess errors)
UNRESOLVED: gcc.dg/torture/tls/run-le.c -O3 -g -pie -fPIE compilation failed to produce executable
FAIL: gcc.dg/torture/tls/run-le.c -Os -pie -fPIE (test for excess errors)
UNRESOLVED: gcc.dg/torture/tls/run-le.c -Os -pie -fPIE compilation failed to produce executable
FAIL: gcc.dg/torture/tls/thr-init-1.c -O0 -pie -fpie (test for excess errors)
UNRESOLVED: gcc.dg/torture/tls/thr-init-1.c -O0 -pie -fpie compilation failed to produce executable
FAIL: gcc.dg/torture/tls/thr-init-1.c -O1 -pie -fpie (test for excess errors)
UNRESOLVED: gcc.dg/torture/tls/thr-init-1.c -O1 -pie -fpie compilation failed to produce executable
FAIL: gcc.dg/torture/tls/thr-init-1.c -O2 -pie -fpie (test for excess errors)
UNRESOLVED: gcc.dg/torture/tls/thr-init-1.c -O2 -pie -fpie compilation failed to produce executable
FAIL: gcc.dg/torture/tls/thr-init-1.c -O3 -fomit-frame-pointer -pie -fpie (test for excess errors)
UNRESOLVED: gcc.dg/torture/tls/thr-init-1.c -O3 -fomit-frame-pointer -pie -fpie compilation failed to produce executable
FAIL: gcc.dg/torture/tls/thr-init-1.c -O3 -g -pie -fpie (test for excess errors)
UNRESOLVED: gcc.dg/torture/tls/thr-init-1.c -O3 -g -pie -fpie compilation failed to produce executable
FAIL: gcc.dg/torture/tls/thr-init-1.c -Os -pie -fpie (test for excess errors)
UNRESOLVED: gcc.dg/torture/tls/thr-init-1.c -Os -pie -fpie compilation failed to produce executable
FAIL: gcc.dg/torture/tls/thr-init-1.c -O0 -pie -fPIE (test for excess errors)
UNRESOLVED: gcc.dg/torture/tls/thr-init-1.c -O0 -pie -fPIE compilation failed to produce executable
FAIL: gcc.dg/torture/tls/thr-init-1.c -O1 -pie -fPIE (test for excess errors)
UNRESOLVED: gcc.dg/torture/tls/thr-init-1.c -O1 -pie -fPIE compilation failed to produce executable
FAIL: gcc.dg/torture/tls/thr-init-1.c -O2 -pie -fPIE (test for excess errors)
UNRESOLVED: gcc.dg/torture/tls/thr-init-1.c -O2 -pie -fPIE compilation failed to produce executable
FAIL: gcc.dg/torture/tls/thr-init-1.c -O3 -fomit-frame-pointer -pie -fPIE (test for excess errors)
UNRESOLVED: gcc.dg/torture/tls/thr-init-1.c -O3 -fomit-frame-pointer -pie -fPIE compilation failed to produce executable
FAIL: gcc.dg/torture/tls/thr-init-1.c -O3 -g -pie -fPIE (test for excess errors)
UNRESOLVED: gcc.dg/torture/tls/thr-init-1.c -O3 -g -pie -fPIE compilation failed to produce executable
FAIL: gcc.dg/torture/tls/thr-init-1.c -Os -pie -fPIE (test for excess errors)
UNRESOLVED: gcc.dg/torture/tls/thr-init-1.c -Os -pie -fPIE compilation failed to produce executable
FAIL: gcc.dg/torture/tls/thr-init-2.c -O0 -pie -fpie (test for excess errors)
UNRESOLVED: gcc.dg/torture/tls/thr-init-2.c -O0 -pie -fpie compilation failed to produce executable
FAIL: gcc.dg/torture/tls/thr-init-2.c -O1 -pie -fpie (test for excess errors)
UNRESOLVED: gcc.dg/torture/tls/thr-init-2.c -O1 -pie -fpie compilation failed to produce executable
FAIL: gcc.dg/torture/tls/thr-init-2.c -O2 -pie -fpie (test for excess errors)
UNRESOLVED: gcc.dg/torture/tls/thr-init-2.c -O2 -pie -fpie compilation failed to produce executable
FAIL: gcc.dg/torture/tls/thr-init-2.c -O3 -fomit-frame-pointer -pie -fpie (test for excess errors)
UNRESOLVED: gcc.dg/torture/tls/thr-init-2.c -O3 -fomit-frame-pointer -pie -fpie compilation failed to produce executable
FAIL: gcc.dg/torture/tls/thr-init-2.c -O3 -g -pie -fpie (test for excess errors)
UNRESOLVED: gcc.dg/torture/tls/thr-init-2.c -O3 -g -pie -fpie compilation failed to produce executable
FAIL: gcc.dg/torture/tls/thr-init-2.c -Os -pie -fpie (test for excess errors)
UNRESOLVED: gcc.dg/torture/tls/thr-init-2.c -Os -pie -fpie compilation failed to produce executable
FAIL: gcc.dg/torture/tls/thr-init-2.c -O0 -pie -fPIE (test for excess errors)
UNRESOLVED: gcc.dg/torture/tls/thr-init-2.c -O0 -pie -fPIE compilation failed to produce executable
FAIL: gcc.dg/torture/tls/thr-init-2.c -O1 -pie -fPIE (test for excess errors)
UNRESOLVED: gcc.dg/torture/tls/thr-init-2.c -O1 -pie -fPIE compilation failed to produce executable
FAIL: gcc.dg/torture/tls/thr-init-2.c -O2 -pie -fPIE (test for excess errors)
UNRESOLVED: gcc.dg/torture/tls/thr-init-2.c -O2 -pie -fPIE compilation failed to produce executable
FAIL: gcc.dg/torture/tls/thr-init-2.c -O3 -fomit-frame-pointer -pie -fPIE (test for excess errors)
UNRESOLVED: gcc.dg/torture/tls/thr-init-2.c -O3 -fomit-frame-pointer -pie -fPIE compilation failed to produce executable
FAIL: gcc.dg/torture/tls/thr-init-2.c -O3 -g -pie -fPIE (test for excess errors)
UNRESOLVED: gcc.dg/torture/tls/thr-init-2.c -O3 -g -pie -fPIE compilation failed to produce executable
FAIL: gcc.dg/torture/tls/thr-init-2.c -Os -pie -fPIE (test for excess errors)
UNRESOLVED: gcc.dg/torture/tls/thr-init-2.c -Os -pie -fPIE compilation failed to produce executable
FAIL: gcc.dg/torture/tls/tls-reload-1.c -O0 -pie -fpie (test for excess errors)
UNRESOLVED: gcc.dg/torture/tls/tls-reload-1.c -O0 -pie -fpie compilation failed to produce executable
FAIL: gcc.dg/torture/tls/tls-reload-1.c -O1 -pie -fpie (test for excess errors)
UNRESOLVED: gcc.dg/torture/tls/tls-reload-1.c -O1 -pie -fpie compilation failed to produce executable
FAIL: gcc.dg/torture/tls/tls-reload-1.c -O2 -pie -fpie (test for excess errors)
UNRESOLVED: gcc.dg/torture/tls/tls-reload-1.c -O2 -pie -fpie compilation failed to produce executable
FAIL: gcc.dg/torture/tls/tls-reload-1.c -O3 -fomit-frame-pointer -pie -fpie (test for excess errors)
UNRESOLVED: gcc.dg/torture/tls/tls-reload-1.c -O3 -fomit-frame-pointer -pie -fpie compilation failed to produce executable
FAIL: gcc.dg/torture/tls/tls-reload-1.c -O3 -g -pie -fpie (test for excess errors)
UNRESOLVED: gcc.dg/torture/tls/tls-reload-1.c -O3 -g -pie -fpie compilation failed to produce executable
FAIL: gcc.dg/torture/tls/tls-reload-1.c -Os -pie -fpie (test for excess errors)
UNRESOLVED: gcc.dg/torture/tls/tls-reload-1.c -Os -pie -fpie compilation failed to produce executable
FAIL: gcc.dg/torture/tls/tls-reload-1.c -O0 -pie -fPIE (test for excess errors)
UNRESOLVED: gcc.dg/torture/tls/tls-reload-1.c -O0 -pie -fPIE compilation failed to produce executable
FAIL: gcc.dg/torture/tls/tls-reload-1.c -O1 -pie -fPIE (test for excess errors)
UNRESOLVED: gcc.dg/torture/tls/tls-reload-1.c -O1 -pie -fPIE compilation failed to produce executable
FAIL: gcc.dg/torture/tls/tls-reload-1.c -O2 -pie -fPIE (test for excess errors)
UNRESOLVED: gcc.dg/torture/tls/tls-reload-1.c -O2 -pie -fPIE compilation failed to produce executable
FAIL: gcc.dg/torture/tls/tls-reload-1.c -O3 -fomit-frame-pointer -pie -fPIE (test for excess errors)
UNRESOLVED: gcc.dg/torture/tls/tls-reload-1.c -O3 -fomit-frame-pointer -pie -fPIE compilation failed to produce executable
FAIL: gcc.dg/torture/tls/tls-reload-1.c -O3 -g -pie -fPIE (test for excess errors)
UNRESOLVED: gcc.dg/torture/tls/tls-reload-1.c -O3 -g -pie -fPIE compilation failed to produce executable
FAIL: gcc.dg/torture/tls/tls-reload-1.c -Os -pie -fPIE (test for excess errors)
UNRESOLVED: gcc.dg/torture/tls/tls-reload-1.c -Os -pie -fPIE compilation failed to produce executable
FAIL: gcc.dg/torture/tls/tls-test.c -O0 -pie -fpie (test for excess errors)
UNRESOLVED: gcc.dg/torture/tls/tls-test.c -O0 -pie -fpie compilation failed to produce executable
FAIL: gcc.dg/torture/tls/tls-test.c -O1 -pie -fpie (test for excess errors)
UNRESOLVED: gcc.dg/torture/tls/tls-test.c -O1 -pie -fpie compilation failed to produce executable
FAIL: gcc.dg/torture/tls/tls-test.c -O2 -pie -fpie (test for excess errors)
UNRESOLVED: gcc.dg/torture/tls/tls-test.c -O2 -pie -fpie compilation failed to produce executable
FAIL: gcc.dg/torture/tls/tls-test.c -O3 -fomit-frame-pointer -pie -fpie (test for excess errors)
UNRESOLVED: gcc.dg/torture/tls/tls-test.c -O3 -fomit-frame-pointer -pie -fpie compilation failed to produce executable
FAIL: gcc.dg/torture/tls/tls-test.c -O3 -g -pie -fpie (test for excess errors)
UNRESOLVED: gcc.dg/torture/tls/tls-test.c -O3 -g -pie -fpie compilation failed to produce executable
FAIL: gcc.dg/torture/tls/tls-test.c -Os -pie -fpie (test for excess errors)
UNRESOLVED: gcc.dg/torture/tls/tls-test.c -Os -pie -fpie compilation failed to produce executable
FAIL: gcc.dg/torture/tls/tls-test.c -O0 -pie -fPIE (test for excess errors)
UNRESOLVED: gcc.dg/torture/tls/tls-test.c -O0 -pie -fPIE compilation failed to produce executable
FAIL: gcc.dg/torture/tls/tls-test.c -O1 -pie -fPIE (test for excess errors)
UNRESOLVED: gcc.dg/torture/tls/tls-test.c -O1 -pie -fPIE compilation failed to produce executable
FAIL: gcc.dg/torture/tls/tls-test.c -O2 -pie -fPIE (test for excess errors)
UNRESOLVED: gcc.dg/torture/tls/tls-test.c -O2 -pie -fPIE compilation failed to produce executable
FAIL: gcc.dg/torture/tls/tls-test.c -O3 -fomit-frame-pointer -pie -fPIE (test for excess errors)
UNRESOLVED: gcc.dg/torture/tls/tls-test.c -O3 -fomit-frame-pointer -pie -fPIE compilation failed to produce executable
FAIL: gcc.dg/torture/tls/tls-test.c -O3 -g -pie -fPIE (test for excess errors)
UNRESOLVED: gcc.dg/torture/tls/tls-test.c -O3 -g -pie -fPIE compilation failed to produce executable
FAIL: gcc.dg/torture/tls/tls-test.c -Os -pie -fPIE (test for excess errors)
UNRESOLVED: gcc.dg/torture/tls/tls-test.c -Os -pie -fPIE compilation failed to produce executable
FAIL: gcc.target/i386/pr56114.c (test for excess errors)
=== gcc Summary for unix/-m64 ===
# of expected passes 97639
# of unexpected failures 172
# of expected failures 251
# of unresolved testcases 60
# of unsupported tests 2272
=== gcc Summary ===
# of expected passes 195158
# of unexpected failures 206
# of expected failures 500
# of unresolved testcases 67
# of unsupported tests 4238
/home/guerby/build/gcc/xgcc version 4.9.0 20131026 (experimental) [trunk revision 204095] (GCC)
=== g++ tests ===
Running target unix/-m32
FAIL: g++.dg/asan/asan_test.C -O2 AddressSanitizer_pread64 pread64(fd, x, 15, 0) execution test
FAIL: g++.dg/asan/asan_test.C -O2 AddressSanitizer_pread pread(fd, x, 15, 0) execution test
FAIL: g++.dg/other/anon5.C -std=gnu++98 (test for excess errors)
FAIL: g++.dg/other/anon5.C -std=gnu++11 (test for excess errors)
=== g++ Summary for unix/-m32 ===
# of expected passes 57769
# of unexpected failures 4
# of expected failures 292
# of unsupported tests 810
Running target unix/-m64
FAIL: c-c++-common/asan/clone-test-1.c -O0 execution test
FAIL: c-c++-common/asan/clone-test-1.c -O1 execution test
FAIL: c-c++-common/asan/clone-test-1.c -O2 execution test
FAIL: c-c++-common/asan/clone-test-1.c -O3 -fomit-frame-pointer execution test
FAIL: c-c++-common/asan/clone-test-1.c -O3 -fomit-frame-pointer -funroll-loops execution test
FAIL: c-c++-common/asan/clone-test-1.c -O3 -fomit-frame-pointer -funroll-all-loops -finline-functions execution test
FAIL: c-c++-common/asan/clone-test-1.c -O3 -g execution test
FAIL: c-c++-common/asan/clone-test-1.c -Os execution test
FAIL: c-c++-common/asan/clone-test-1.c -O2 -flto -flto-partition=none execution test
FAIL: c-c++-common/asan/clone-test-1.c -O2 -flto execution test
FAIL: c-c++-common/asan/global-overflow-1.c -O0 output pattern test, is ==16002== ERROR: AddressSanitizer failed to allocate 0xdfff0001000 (15392894357504) bytes at address 0x02008fff7000 (12)
FAIL: c-c++-common/asan/global-overflow-1.c -O1 output pattern test, is ==16014== ERROR: AddressSanitizer failed to allocate 0xdfff0001000 (15392894357504) bytes at address 0x02008fff7000 (12)
FAIL: c-c++-common/asan/global-overflow-1.c -O2 output pattern test, is ==16026== ERROR: AddressSanitizer failed to allocate 0xdfff0001000 (15392894357504) bytes at address 0x02008fff7000 (12)
FAIL: c-c++-common/asan/global-overflow-1.c -O3 -fomit-frame-pointer output pattern test, is ==16038== ERROR: AddressSanitizer failed to allocate 0xdfff0001000 (15392894357504) bytes at address 0x02008fff7000 (12)
FAIL: c-c++-common/asan/global-overflow-1.c -O3 -g output pattern test, is ==16052== ERROR: AddressSanitizer failed to allocate 0xdfff0001000 (15392894357504) bytes at address 0x02008fff7000 (12)
FAIL: c-c++-common/asan/global-overflow-1.c -Os output pattern test, is ==16082== ERROR: AddressSanitizer failed to allocate 0xdfff0001000 (15392894357504) bytes at address 0x02008fff7000 (12)
FAIL: c-c++-common/asan/global-overflow-1.c -O2 -flto -flto-partition=none output pattern test, is ==16115== ERROR: AddressSanitizer failed to allocate 0xdfff0001000 (15392894357504) bytes at address 0x02008fff7000 (12)
FAIL: c-c++-common/asan/global-overflow-1.c -O2 -flto output pattern test, is ==16150== ERROR: AddressSanitizer failed to allocate 0xdfff0001000 (15392894357504) bytes at address 0x02008fff7000 (12)
FAIL: c-c++-common/asan/heap-overflow-1.c -O0 output pattern test, is ==16167== ERROR: AddressSanitizer failed to allocate 0xdfff0001000 (15392894357504) bytes at address 0x02008fff7000 (12)
FAIL: c-c++-common/asan/heap-overflow-1.c -O1 output pattern test, is ==16179== ERROR: AddressSanitizer failed to allocate 0xdfff0001000 (15392894357504) bytes at address 0x02008fff7000 (12)
FAIL: c-c++-common/asan/heap-overflow-1.c -O2 output pattern test, is ==16193== ERROR: AddressSanitizer failed to allocate 0xdfff0001000 (15392894357504) bytes at address 0x02008fff7000 (12)
FAIL: c-c++-common/asan/heap-overflow-1.c -O3 -fomit-frame-pointer output pattern test, is ==16208== ERROR: AddressSanitizer failed to allocate 0xdfff0001000 (15392894357504) bytes at address 0x02008fff7000 (12)
FAIL: c-c++-common/asan/heap-overflow-1.c -O3 -g output pattern test, is ==16220== ERROR: AddressSanitizer failed to allocate 0xdfff0001000 (15392894357504) bytes at address 0x02008fff7000 (12)
FAIL: c-c++-common/asan/heap-overflow-1.c -Os output pattern test, is ==16232== ERROR: AddressSanitizer failed to allocate 0xdfff0001000 (15392894357504) bytes at address 0x02008fff7000 (12)
FAIL: c-c++-common/asan/heap-overflow-1.c -O2 -flto -flto-partition=none output pattern test, is ==16265== ERROR: AddressSanitizer failed to allocate 0xdfff0001000 (15392894357504) bytes at address 0x02008fff7000 (12)
FAIL: c-c++-common/asan/heap-overflow-1.c -O2 -flto output pattern test, is ==16300== ERROR: AddressSanitizer failed to allocate 0xdfff0001000 (15392894357504) bytes at address 0x02008fff7000 (12)
FAIL: c-c++-common/asan/memcmp-1.c -O0 output pattern test, is ==16323== ERROR: AddressSanitizer failed to allocate 0xdfff0001000 (15392894357504) bytes at address 0x02008fff7000 (12)
FAIL: c-c++-common/asan/memcmp-1.c -O1 output pattern test, is ==16340== ERROR: AddressSanitizer failed to allocate 0xdfff0001000 (15392894357504) bytes at address 0x02008fff7000 (12)
FAIL: c-c++-common/asan/memcmp-1.c -O2 output pattern test, is ==16352== ERROR: AddressSanitizer failed to allocate 0xdfff0001000 (15392894357504) bytes at address 0x02008fff7000 (12)
FAIL: c-c++-common/asan/memcmp-1.c -O3 -fomit-frame-pointer output pattern test, is ==16369== ERROR: AddressSanitizer failed to allocate 0xdfff0001000 (15392894357504) bytes at address 0x02008fff7000 (12)
FAIL: c-c++-common/asan/memcmp-1.c -O3 -g output pattern test, is ==16381== ERROR: AddressSanitizer failed to allocate 0xdfff0001000 (15392894357504) bytes at address 0x02008fff7000 (12)
FAIL: c-c++-common/asan/memcmp-1.c -Os output pattern test, is ==16393== ERROR: AddressSanitizer failed to allocate 0xdfff0001000 (15392894357504) bytes at address 0x02008fff7000 (12)
FAIL: c-c++-common/asan/memcmp-1.c -O2 -flto -flto-partition=none output pattern test, is ==16426== ERROR: AddressSanitizer failed to allocate 0xdfff0001000 (15392894357504) bytes at address 0x02008fff7000 (12)
FAIL: c-c++-common/asan/memcmp-1.c -O2 -flto output pattern test, is ==16466== ERROR: AddressSanitizer failed to allocate 0xdfff0001000 (15392894357504) bytes at address 0x02008fff7000 (12)
FAIL: c-c++-common/asan/null-deref-1.c -O0 output pattern test, is ==16575== ERROR: AddressSanitizer failed to allocate 0xdfff0001000 (15392894357504) bytes at address 0x02008fff7000 (12)
FAIL: c-c++-common/asan/null-deref-1.c -O1 output pattern test, is ==16587== ERROR: AddressSanitizer failed to allocate 0xdfff0001000 (15392894357504) bytes at address 0x02008fff7000 (12)
FAIL: c-c++-common/asan/null-deref-1.c -O2 output pattern test, is ==16604== ERROR: AddressSanitizer failed to allocate 0xdfff0001000 (15392894357504) bytes at address 0x02008fff7000 (12)
FAIL: c-c++-common/asan/null-deref-1.c -O3 -fomit-frame-pointer output pattern test, is ==16616== ERROR: AddressSanitizer failed to allocate 0xdfff0001000 (15392894357504) bytes at address 0x02008fff7000 (12)
FAIL: c-c++-common/asan/null-deref-1.c -O3 -g output pattern test, is ==16628== ERROR: AddressSanitizer failed to allocate 0xdfff0001000 (15392894357504) bytes at address 0x02008fff7000 (12)
FAIL: c-c++-common/asan/null-deref-1.c -Os output pattern test, is ==16640== ERROR: AddressSanitizer failed to allocate 0xdfff0001000 (15392894357504) bytes at address 0x02008fff7000 (12)
FAIL: c-c++-common/asan/null-deref-1.c -O2 -flto -flto-partition=none output pattern test, is ==16673== ERROR: AddressSanitizer failed to allocate 0xdfff0001000 (15392894357504) bytes at address 0x02008fff7000 (12)
FAIL: c-c++-common/asan/null-deref-1.c -O2 -flto output pattern test, is ==16713== ERROR: AddressSanitizer failed to allocate 0xdfff0001000 (15392894357504) bytes at address 0x02008fff7000 (12)
FAIL: c-c++-common/asan/rlimit-mmap-test-1.c -O0 output pattern test, is ==16780== ERROR: AddressSanitizer failed to allocate 0xdfff0001000 (15392894357504) bytes at address 0x02008fff7000 (12)
FAIL: c-c++-common/asan/sanity-check-pure-c-1.c -O0 output pattern test, is ==16792== ERROR: AddressSanitizer failed to allocate 0xdfff0001000 (15392894357504) bytes at address 0x02008fff7000 (12)
FAIL: c-c++-common/asan/sanity-check-pure-c-1.c -O1 output pattern test, is ==16804== ERROR: AddressSanitizer failed to allocate 0xdfff0001000 (15392894357504) bytes at address 0x02008fff7000 (12)
FAIL: c-c++-common/asan/sanity-check-pure-c-1.c -O2 output pattern test, is ==16816== ERROR: AddressSanitizer failed to allocate 0xdfff0001000 (15392894357504) bytes at address 0x02008fff7000 (12)
FAIL: c-c++-common/asan/sanity-check-pure-c-1.c -O3 -fomit-frame-pointer output pattern test, is ==16831== ERROR: AddressSanitizer failed to allocate 0xdfff0001000 (15392894357504) bytes at address 0x02008fff7000 (12)
FAIL: c-c++-common/asan/sanity-check-pure-c-1.c -O3 -g output pattern test, is ==16859== ERROR: AddressSanitizer failed to allocate 0xdfff0001000 (15392894357504) bytes at address 0x02008fff7000 (12)
FAIL: c-c++-common/asan/sanity-check-pure-c-1.c -Os output pattern test, is ==16872== ERROR: AddressSanitizer failed to allocate 0xdfff0001000 (15392894357504) bytes at address 0x02008fff7000 (12)
FAIL: c-c++-common/asan/sanity-check-pure-c-1.c -O2 -flto -flto-partition=none output pattern test, is ==16905== ERROR: AddressSanitizer failed to allocate 0xdfff0001000 (15392894357504) bytes at address 0x02008fff7000 (12)
FAIL: c-c++-common/asan/sanity-check-pure-c-1.c -O2 -flto output pattern test, is ==16945== ERROR: AddressSanitizer failed to allocate 0xdfff0001000 (15392894357504) bytes at address 0x02008fff7000 (12)
FAIL: c-c++-common/asan/sleep-before-dying-1.c -O2 output pattern test, is ==16970== ERROR: AddressSanitizer failed to allocate 0xdfff0001000 (15392894357504) bytes at address 0x02008fff7000 (12)
FAIL: c-c++-common/asan/sleep-before-dying-1.c -O2 -flto -flto-partition=none output pattern test, is ==17006== ERROR: AddressSanitizer failed to allocate 0xdfff0001000 (15392894357504) bytes at address 0x02008fff7000 (12)
FAIL: c-c++-common/asan/sleep-before-dying-1.c -O2 -flto output pattern test, is ==17041== ERROR: AddressSanitizer failed to allocate 0xdfff0001000 (15392894357504) bytes at address 0x02008fff7000 (12)
FAIL: c-c++-common/asan/stack-overflow-1.c -O0 output pattern test, is ==17053== ERROR: AddressSanitizer failed to allocate 0xdfff0001000 (15392894357504) bytes at address 0x02008fff7000 (12)
FAIL: c-c++-common/asan/stack-overflow-1.c -O1 output pattern test, is ==17067== ERROR: AddressSanitizer failed to allocate 0xdfff0001000 (15392894357504) bytes at address 0x02008fff7000 (12)
FAIL: c-c++-common/asan/stack-overflow-1.c -O2 output pattern test, is ==17079== ERROR: AddressSanitizer failed to allocate 0xdfff0001000 (15392894357504) bytes at address 0x02008fff7000 (12)
FAIL: c-c++-common/asan/stack-overflow-1.c -O3 -fomit-frame-pointer output pattern test, is ==17093== ERROR: AddressSanitizer failed to allocate 0xdfff0001000 (15392894357504) bytes at address 0x02008fff7000 (12)
FAIL: c-c++-common/asan/stack-overflow-1.c -O3 -g output pattern test, is ==17105== ERROR: AddressSanitizer failed to allocate 0xdfff0001000 (15392894357504) bytes at address 0x02008fff7000 (12)
FAIL: c-c++-common/asan/stack-overflow-1.c -Os output pattern test, is ==17117== ERROR: AddressSanitizer failed to allocate 0xdfff0001000 (15392894357504) bytes at address 0x02008fff7000 (12)
FAIL: c-c++-common/asan/stack-overflow-1.c -O2 -flto -flto-partition=none output pattern test, is ==17152== ERROR: AddressSanitizer failed to allocate 0xdfff0001000 (15392894357504) bytes at address 0x02008fff7000 (12)
FAIL: c-c++-common/asan/stack-overflow-1.c -O2 -flto output pattern test, is ==17187== ERROR: AddressSanitizer failed to allocate 0xdfff0001000 (15392894357504) bytes at address 0x02008fff7000 (12)
FAIL: c-c++-common/asan/strip-path-prefix-1.c -O2 output pattern test, is ==17201== ERROR: AddressSanitizer failed to allocate 0xdfff0001000 (15392894357504) bytes at address 0x02008fff7000 (12)
FAIL: c-c++-common/asan/strip-path-prefix-1.c -O2 -flto -flto-partition=none output pattern test, is ==17234== ERROR: AddressSanitizer failed to allocate 0xdfff0001000 (15392894357504) bytes at address 0x02008fff7000 (12)
FAIL: c-c++-common/asan/strip-path-prefix-1.c -O2 -flto output pattern test, is ==17271== ERROR: AddressSanitizer failed to allocate 0xdfff0001000 (15392894357504) bytes at address 0x02008fff7000 (12)
FAIL: c-c++-common/asan/strncpy-overflow-1.c -O0 output pattern test, is ==17283== ERROR: AddressSanitizer failed to allocate 0xdfff0001000 (15392894357504) bytes at address 0x02008fff7000 (12)
FAIL: c-c++-common/asan/strncpy-overflow-1.c -O1 output pattern test, is ==17297== ERROR: AddressSanitizer failed to allocate 0xdfff0001000 (15392894357504) bytes at address 0x02008fff7000 (12)
FAIL: c-c++-common/asan/strncpy-overflow-1.c -O2 output pattern test, is ==17309== ERROR: AddressSanitizer failed to allocate 0xdfff0001000 (15392894357504) bytes at address 0x02008fff7000 (12)
FAIL: c-c++-common/asan/strncpy-overflow-1.c -O3 -fomit-frame-pointer output pattern test, is ==17321== ERROR: AddressSanitizer failed to allocate 0xdfff0001000 (15392894357504) bytes at address 0x02008fff7000 (12)
FAIL: c-c++-common/asan/strncpy-overflow-1.c -O3 -g output pattern test, is ==17334== ERROR: AddressSanitizer failed to allocate 0xdfff0001000 (15392894357504) bytes at address 0x02008fff7000 (12)
FAIL: c-c++-common/asan/strncpy-overflow-1.c -Os output pattern test, is ==17347== ERROR: AddressSanitizer failed to allocate 0xdfff0001000 (15392894357504) bytes at address 0x02008fff7000 (12)
FAIL: c-c++-common/asan/strncpy-overflow-1.c -O2 -flto -flto-partition=none output pattern test, is ==17380== ERROR: AddressSanitizer failed to allocate 0xdfff0001000 (15392894357504) bytes at address 0x02008fff7000 (12)
FAIL: c-c++-common/asan/strncpy-overflow-1.c -O2 -flto output pattern test, is ==17417== ERROR: AddressSanitizer failed to allocate 0xdfff0001000 (15392894357504) bytes at address 0x02008fff7000 (12)
FAIL: c-c++-common/asan/swapcontext-test-1.c -O0 execution test
FAIL: c-c++-common/asan/swapcontext-test-1.c -O1 execution test
FAIL: c-c++-common/asan/swapcontext-test-1.c -O2 execution test
FAIL: c-c++-common/asan/swapcontext-test-1.c -O3 -fomit-frame-pointer execution test
FAIL: c-c++-common/asan/swapcontext-test-1.c -O3 -fomit-frame-pointer -funroll-loops execution test
FAIL: c-c++-common/asan/swapcontext-test-1.c -O3 -fomit-frame-pointer -funroll-all-loops -finline-functions execution test
FAIL: c-c++-common/asan/swapcontext-test-1.c -O3 -g execution test
FAIL: c-c++-common/asan/swapcontext-test-1.c -Os execution test
FAIL: c-c++-common/asan/swapcontext-test-1.c -O2 -flto -flto-partition=none execution test
FAIL: c-c++-common/asan/swapcontext-test-1.c -O2 -flto execution test
FAIL: c-c++-common/asan/use-after-free-1.c -O0 output pattern test, is ==17652== ERROR: AddressSanitizer failed to allocate 0xdfff0001000 (15392894357504) bytes at address 0x02008fff7000 (12)
FAIL: c-c++-common/asan/use-after-free-1.c -O1 output pattern test, is ==17664== ERROR: AddressSanitizer failed to allocate 0xdfff0001000 (15392894357504) bytes at address 0x02008fff7000 (12)
FAIL: c-c++-common/asan/use-after-free-1.c -O2 output pattern test, is ==17676== ERROR: AddressSanitizer failed to allocate 0xdfff0001000 (15392894357504) bytes at address 0x02008fff7000 (12)
FAIL: c-c++-common/asan/use-after-free-1.c -O3 -fomit-frame-pointer output pattern test, is ==17688== ERROR: AddressSanitizer failed to allocate 0xdfff0001000 (15392894357504) bytes at address 0x02008fff7000 (12)
FAIL: c-c++-common/asan/use-after-free-1.c -O3 -g output pattern test, is ==17700== ERROR: AddressSanitizer failed to allocate 0xdfff0001000 (15392894357504) bytes at address 0x02008fff7000 (12)
FAIL: c-c++-common/asan/use-after-free-1.c -Os output pattern test, is ==17712== ERROR: AddressSanitizer failed to allocate 0xdfff0001000 (15392894357504) bytes at address 0x02008fff7000 (12)
FAIL: c-c++-common/asan/use-after-free-1.c -O2 -flto -flto-partition=none output pattern test, is ==17745== ERROR: AddressSanitizer failed to allocate 0xdfff0001000 (15392894357504) bytes at address 0x02008fff7000 (12)
FAIL: c-c++-common/asan/use-after-free-1.c -O2 -flto output pattern test, is ==17780== ERROR: AddressSanitizer failed to allocate 0xdfff0001000 (15392894357504) bytes at address 0x02008fff7000 (12)
FAIL: g++.dg/asan/deep-stack-uaf-1.C -O0 output pattern test, is ==17811== ERROR: AddressSanitizer failed to allocate 0xdfff0001000 (15392894357504) bytes at address 0x02008fff7000 (12)
FAIL: g++.dg/asan/deep-stack-uaf-1.C -O1 output pattern test, is ==17833== ERROR: AddressSanitizer failed to allocate 0xdfff0001000 (15392894357504) bytes at address 0x02008fff7000 (12)
FAIL: g++.dg/asan/deep-stack-uaf-1.C -O2 output pattern test, is ==17845== ERROR: AddressSanitizer failed to allocate 0xdfff0001000 (15392894357504) bytes at address 0x02008fff7000 (12)
FAIL: g++.dg/asan/deep-stack-uaf-1.C -O3 -fomit-frame-pointer output pattern test, is ==17861== ERROR: AddressSanitizer failed to allocate 0xdfff0001000 (15392894357504) bytes at address 0x02008fff7000 (12)
FAIL: g++.dg/asan/deep-stack-uaf-1.C -O3 -g output pattern test, is ==17874== ERROR: AddressSanitizer failed to allocate 0xdfff0001000 (15392894357504) bytes at address 0x02008fff7000 (12)
FAIL: g++.dg/asan/deep-stack-uaf-1.C -Os output pattern test, is ==17891== ERROR: AddressSanitizer failed to allocate 0xdfff0001000 (15392894357504) bytes at address 0x02008fff7000 (12)
FAIL: g++.dg/asan/deep-tail-call-1.C -O0 output pattern test, is ==17903== ERROR: AddressSanitizer failed to allocate 0xdfff0001000 (15392894357504) bytes at address 0x02008fff7000 (12)
FAIL: g++.dg/asan/deep-tail-call-1.C -O1 output pattern test, is ==17915== ERROR: AddressSanitizer failed to allocate 0xdfff0001000 (15392894357504) bytes at address 0x02008fff7000 (12)
FAIL: g++.dg/asan/deep-tail-call-1.C -O2 output pattern test, is ==17927== ERROR: AddressSanitizer failed to allocate 0xdfff0001000 (15392894357504) bytes at address 0x02008fff7000 (12)
FAIL: g++.dg/asan/deep-tail-call-1.C -O3 -fomit-frame-pointer output pattern test, is ==17939== ERROR: AddressSanitizer failed to allocate 0xdfff0001000 (15392894357504) bytes at address 0x02008fff7000 (12)
FAIL: g++.dg/asan/deep-tail-call-1.C -O3 -g output pattern test, is ==17951== ERROR: AddressSanitizer failed to allocate 0xdfff0001000 (15392894357504) bytes at address 0x02008fff7000 (12)
FAIL: g++.dg/asan/deep-tail-call-1.C -Os output pattern test, is ==17963== ERROR: AddressSanitizer failed to allocate 0xdfff0001000 (15392894357504) bytes at address 0x02008fff7000 (12)
FAIL: g++.dg/asan/deep-tail-call-1.C -O2 -flto -flto-partition=none output pattern test, is ==17996== ERROR: AddressSanitizer failed to allocate 0xdfff0001000 (15392894357504) bytes at address 0x02008fff7000 (12)
FAIL: g++.dg/asan/deep-tail-call-1.C -O2 -flto output pattern test, is ==18031== ERROR: AddressSanitizer failed to allocate 0xdfff0001000 (15392894357504) bytes at address 0x02008fff7000 (12)
FAIL: g++.dg/asan/deep-thread-stack-1.C -O0 output pattern test, is ==18055== ERROR: AddressSanitizer failed to allocate 0xdfff0001000 (15392894357504) bytes at address 0x02008fff7000 (12)
FAIL: g++.dg/asan/deep-thread-stack-1.C -O1 output pattern test, is ==18067== ERROR: AddressSanitizer failed to allocate 0xdfff0001000 (15392894357504) bytes at address 0x02008fff7000 (12)
FAIL: g++.dg/asan/deep-thread-stack-1.C -O2 output pattern test, is ==18079== ERROR: AddressSanitizer failed to allocate 0xdfff0001000 (15392894357504) bytes at address 0x02008fff7000 (12)
FAIL: g++.dg/asan/deep-thread-stack-1.C -O3 -fomit-frame-pointer output pattern test, is ==18091== ERROR: AddressSanitizer failed to allocate 0xdfff0001000 (15392894357504) bytes at address 0x02008fff7000 (12)
FAIL: g++.dg/asan/deep-thread-stack-1.C -O3 -g output pattern test, is ==18103== ERROR: AddressSanitizer failed to allocate 0xdfff0001000 (15392894357504) bytes at address 0x02008fff7000 (12)
FAIL: g++.dg/asan/deep-thread-stack-1.C -Os output pattern test, is ==18115== ERROR: AddressSanitizer failed to allocate 0xdfff0001000 (15392894357504) bytes at address 0x02008fff7000 (12)
FAIL: g++.dg/asan/deep-thread-stack-1.C -O2 -flto -flto-partition=none output pattern test, is ==18148== ERROR: AddressSanitizer failed to allocate 0xdfff0001000 (15392894357504) bytes at address 0x02008fff7000 (12)
FAIL: g++.dg/asan/deep-thread-stack-1.C -O2 -flto output pattern test, is ==18184== ERROR: AddressSanitizer failed to allocate 0xdfff0001000 (15392894357504) bytes at address 0x02008fff7000 (12)
FAIL: g++.dg/asan/default-options-1.C -O0 execution test
FAIL: g++.dg/asan/default-options-1.C -O1 execution test
FAIL: g++.dg/asan/default-options-1.C -O2 execution test
FAIL: g++.dg/asan/default-options-1.C -O3 -fomit-frame-pointer execution test
FAIL: g++.dg/asan/default-options-1.C -O3 -g execution test
FAIL: g++.dg/asan/default-options-1.C -Os execution test
FAIL: g++.dg/asan/default-options-1.C -O2 -flto -flto-partition=none execution test
FAIL: g++.dg/asan/default-options-1.C -O2 -flto execution test
FAIL: g++.dg/asan/interception-failure-test-1.C -O0 execution test
FAIL: g++.dg/asan/interception-failure-test-1.C -O1 execution test
FAIL: g++.dg/asan/interception-failure-test-1.C -O2 execution test
FAIL: g++.dg/asan/interception-failure-test-1.C -O3 -fomit-frame-pointer execution test
FAIL: g++.dg/asan/interception-failure-test-1.C -O3 -g execution test
FAIL: g++.dg/asan/interception-failure-test-1.C -Os execution test
FAIL: g++.dg/asan/interception-failure-test-1.C -O2 -flto -flto-partition=none execution test
FAIL: g++.dg/asan/interception-failure-test-1.C -O2 -flto execution test
FAIL: g++.dg/asan/interception-malloc-test-1.C -O0 output pattern test, is ==18491== ERROR: AddressSanitizer failed to allocate 0xdfff0001000 (15392894357504) bytes at address 0x02008fff7000 (12)
FAIL: g++.dg/asan/interception-malloc-test-1.C -O1 output pattern test, is ==18508== ERROR: AddressSanitizer failed to allocate 0xdfff0001000 (15392894357504) bytes at address 0x02008fff7000 (12)
FAIL: g++.dg/asan/interception-malloc-test-1.C -O2 output pattern test, is ==18520== ERROR: AddressSanitizer failed to allocate 0xdfff0001000 (15392894357504) bytes at address 0x02008fff7000 (12)
FAIL: g++.dg/asan/interception-malloc-test-1.C -O3 -fomit-frame-pointer output pattern test, is ==18532== ERROR: AddressSanitizer failed to allocate 0xdfff0001000 (15392894357504) bytes at address 0x02008fff7000 (12)
FAIL: g++.dg/asan/interception-malloc-test-1.C -O3 -g output pattern test, is ==18544== ERROR: AddressSanitizer failed to allocate 0xdfff0001000 (15392894357504) bytes at address 0x02008fff7000 (12)
FAIL: g++.dg/asan/interception-malloc-test-1.C -Os output pattern test, is ==18556== ERROR: AddressSanitizer failed to allocate 0xdfff0001000 (15392894357504) bytes at address 0x02008fff7000 (12)
FAIL: g++.dg/asan/interception-malloc-test-1.C -O2 -flto -flto-partition=none output pattern test, is ==18589== ERROR: AddressSanitizer failed to allocate 0xdfff0001000 (15392894357504) bytes at address 0x02008fff7000 (12)
FAIL: g++.dg/asan/interception-malloc-test-1.C -O2 -flto output pattern test, is ==18624== ERROR: AddressSanitizer failed to allocate 0xdfff0001000 (15392894357504) bytes at address 0x02008fff7000 (12)
FAIL: g++.dg/asan/interception-test-1.C -O0 output pattern test, is ==18636== ERROR: AddressSanitizer failed to allocate 0xdfff0001000 (15392894357504) bytes at address 0x02008fff7000 (12)
FAIL: g++.dg/asan/interception-test-1.C -O1 output pattern test, is ==18648== ERROR: AddressSanitizer failed to allocate 0xdfff0001000 (15392894357504) bytes at address 0x02008fff7000 (12)
FAIL: g++.dg/asan/interception-test-1.C -O2 output pattern test, is ==18660== ERROR: AddressSanitizer failed to allocate 0xdfff0001000 (15392894357504) bytes at address 0x02008fff7000 (12)
FAIL: g++.dg/asan/interception-test-1.C -O3 -fomit-frame-pointer output pattern test, is ==18672== ERROR: AddressSanitizer failed to allocate 0xdfff0001000 (15392894357504) bytes at address 0x02008fff7000 (12)
FAIL: g++.dg/asan/interception-test-1.C -O3 -g output pattern test, is ==18684== ERROR: AddressSanitizer failed to allocate 0xdfff0001000 (15392894357504) bytes at address 0x02008fff7000 (12)
FAIL: g++.dg/asan/interception-test-1.C -Os output pattern test, is ==18696== ERROR: AddressSanitizer failed to allocate 0xdfff0001000 (15392894357504) bytes at address 0x02008fff7000 (12)
FAIL: g++.dg/asan/interception-test-1.C -O2 -flto -flto-partition=none output pattern test, is ==18729== ERROR: AddressSanitizer failed to allocate 0xdfff0001000 (15392894357504) bytes at address 0x02008fff7000 (12)
FAIL: g++.dg/asan/interception-test-1.C -O2 -flto output pattern test, is ==18764== ERROR: AddressSanitizer failed to allocate 0xdfff0001000 (15392894357504) bytes at address 0x02008fff7000 (12)
FAIL: g++.dg/asan/large-func-test-1.C -O0 output pattern test, is ==18780== ERROR: AddressSanitizer failed to allocate 0xdfff0001000 (15392894357504) bytes at address 0x02008fff7000 (12)
FAIL: g++.dg/asan/large-func-test-1.C -O1 output pattern test, is ==18793== ERROR: AddressSanitizer failed to allocate 0xdfff0001000 (15392894357504) bytes at address 0x02008fff7000 (12)
FAIL: g++.dg/asan/large-func-test-1.C -O2 output pattern test, is ==18805== ERROR: AddressSanitizer failed to allocate 0xdfff0001000 (15392894357504) bytes at address 0x02008fff7000 (12)
FAIL: g++.dg/asan/large-func-test-1.C -O3 -fomit-frame-pointer output pattern test, is ==18817== ERROR: AddressSanitizer failed to allocate 0xdfff0001000 (15392894357504) bytes at address 0x02008fff7000 (12)
FAIL: g++.dg/asan/large-func-test-1.C -O3 -g output pattern test, is ==18829== ERROR: AddressSanitizer failed to allocate 0xdfff0001000 (15392894357504) bytes at address 0x02008fff7000 (12)
FAIL: g++.dg/asan/large-func-test-1.C -Os output pattern test, is ==18841== ERROR: AddressSanitizer failed to allocate 0xdfff0001000 (15392894357504) bytes at address 0x02008fff7000 (12)
FAIL: g++.dg/asan/large-func-test-1.C -O2 -flto -flto-partition=none output pattern test, is ==18874== ERROR: AddressSanitizer failed to allocate 0xdfff0001000 (15392894357504) bytes at address 0x02008fff7000 (12)
FAIL: g++.dg/asan/large-func-test-1.C -O2 -flto output pattern test, is ==18909== ERROR: AddressSanitizer failed to allocate 0xdfff0001000 (15392894357504) bytes at address 0x02008fff7000 (12)
FAIL: g++.dg/asan/pr55617.C -O0 execution test
FAIL: g++.dg/asan/pr55617.C -O1 execution test
FAIL: g++.dg/asan/pr55617.C -O2 execution test
FAIL: g++.dg/asan/pr55617.C -O3 -fomit-frame-pointer execution test
FAIL: g++.dg/asan/pr55617.C -O3 -g execution test
FAIL: g++.dg/asan/pr55617.C -Os execution test
FAIL: g++.dg/asan/pr55617.C -O2 -flto -flto-partition=none execution test
FAIL: g++.dg/asan/pr55617.C -O2 -flto execution test
FAIL: g++.dg/asan/symbolize-callback-1.C -O2 output pattern test, is ==19066== ERROR: AddressSanitizer failed to allocate 0xdfff0001000 (15392894357504) bytes at address 0x02008fff7000 (12)
FAIL: g++.dg/asan/symbolize-callback-1.C -O2 -flto -flto-partition=none output pattern test, is ==19099== ERROR: AddressSanitizer failed to allocate 0xdfff0001000 (15392894357504) bytes at address 0x02008fff7000 (12)
FAIL: g++.dg/asan/symbolize-callback-1.C -O2 -flto output pattern test, is ==19134== ERROR: AddressSanitizer failed to allocate 0xdfff0001000 (15392894357504) bytes at address 0x02008fff7000 (12)
FAIL: g++.dg/other/anon5.C -std=gnu++98 (test for excess errors)
FAIL: g++.dg/other/anon5.C -std=gnu++11 (test for excess errors)
=== g++ Summary for unix/-m64 ===
# of expected passes 57087
# of unexpected failures 166
# of expected failures 292
# of unsupported tests 1062
=== g++ Summary ===
# of expected passes 114856
# of unexpected failures 170
# of expected failures 584
# of unsupported tests 1872
/home/guerby/build/gcc/testsuite/g++/../../xg++ version 4.9.0 20131026 (experimental) [trunk revision 204095] (GCC)
=== gnat tests ===
Running target unix/-m32
=== gnat Summary for unix/-m32 ===
# of expected passes 1200
# of expected failures 18
# of unsupported tests 3
Running target unix/-m64
=== gnat Summary for unix/-m64 ===
# of expected passes 1200
# of expected failures 18
# of unsupported tests 3
=== gnat Summary ===
# of expected passes 2400
# of expected failures 36
# of unsupported tests 6
/home/guerby/build/gcc/gnatmake version 4.9.0 20131026 (experimental) [trunk revision 204095]
=== libatomic tests ===
Running target unix/-m32
=== libatomic Summary for unix/-m32 ===
# of expected passes 44
# of unsupported tests 5
Running target unix/-m64
=== libatomic Summary for unix/-m64 ===
# of expected passes 54
=== libatomic Summary ===
# of expected passes 98
# of unsupported tests 5
=== libgomp tests ===
Running target unix/-m32
=== libgomp Summary for unix/-m32 ===
# of expected passes 621
Running target unix/-m64
=== libgomp Summary for unix/-m64 ===
# of expected passes 621
=== libgomp Summary ===
# of expected passes 1242
=== libitm tests ===
Running target unix/-m32
=== libitm Summary for unix/-m32 ===
# of expected passes 26
# of expected failures 3
# of unsupported tests 1
Running target unix/-m64
=== libitm Summary for unix/-m64 ===
# of expected passes 26
# of expected failures 3
# of unsupported tests 1
=== libitm Summary ===
# of expected passes 52
# of expected failures 6
# of unsupported tests 2
=== libstdc++ tests ===
Running target unix/-m32
FAIL: 22_locale/time_get/get_date/wchar_t/4.cc execution test
=== libstdc++ Summary for unix/-m32 ===
# of expected passes 9546
# of unexpected failures 1
# of expected failures 37
# of unsupported tests 223
Running target unix/-m64
FAIL: 22_locale/time_get/get_date/wchar_t/4.cc execution test
=== libstdc++ Summary for unix/-m64 ===
# of expected passes 9538
# of unexpected failures 1
# of expected failures 37
# of unsupported tests 227
=== libstdc++ Summary ===
# of expected passes 19084
# of unexpected failures 2
# of expected failures 74
# of unsupported tests 450
Compiler version: 4.9.0 20131026 (experimental) [trunk revision 204095]
Platform: x86_64-unknown-linux-gnu
configure flags: --prefix=/n/13/guerby/install-trunk --enable-languages=c,ada --enable-__cxa_atexit --disable-nls --enable-threads=posix --with-mpfr=/opt/cfarm/mpfr-2.4.1 --with-gmp=/opt/cfarm/gmp-4.2.4 --with-libelf=/opt/cfarm/libelf-0.8.12 --with-mpc=/opt/cfarm/mpc-0.8
More information about the Gcc-testresults
mailing list