Results for 4.9.0 20131021 (experimental) [trunk revision 203906] (GCC) testsuite on hppa1.1-hp-hpux11.11
John David Anglin
dave@hiauly3.hia.nrc.ca
Tue Oct 22 20:41:00 GMT 2013
Native configuration is hppa1.1-hp-hpux11.11
=== g++ tests ===
Running target unix
UNRESOLVED: g++.dg/ext/label13.C -std=gnu++98 compilation failed to produce executable
UNRESOLVED: g++.dg/ext/label13.C -std=gnu++11 compilation failed to produce executable
WARNING: program timed out.
FAIL: c-c++-common/simulate-thread/bitfields-2.c -O2 -g -std=c++98 thread simulation test
FAIL: c-c++-common/simulate-thread/bitfields-2.c -O3 -g -std=c++11 thread simulation test
FAIL: c-c++-common/simulate-thread/bitfields-2.c -Os -g thread simulation test
=== g++ Summary ===
# of expected passes 49435
# of unexpected failures 3
# of expected failures 295
# of unresolved testcases 2
# of unsupported tests 1390
/test/gnu/gcc/objdir/gcc/testsuite/g++/../../xg++ version 4.9.0 20131021 (experimental) [trunk revision 203906] (GCC)
=== gcc tests ===
Running target unix
FAIL: gcc.dg/large-size-array-6.c (internal compiler error)
FAIL: gcc.dg/large-size-array-6.c (test for errors, line 6)
FAIL: gcc.dg/large-size-array-6.c (test for excess errors)
WARNING: program timed out.
FAIL: c-c++-common/simulate-thread/bitfields-2.c -O2 -g thread simulation test
FAIL: c-c++-common/simulate-thread/bitfields-2.c -O3 -g thread simulation test
FAIL: gcc.dg/tree-prof/crossmodule-indircall-1a.c compilation, -fprofile-generate -D_PROFILE_GENERATE
UNRESOLVED: gcc.dg/tree-prof/crossmodule-indircall-1a.c execution, -fprofile-generate -D_PROFILE_GENERATE
UNRESOLVED: gcc.dg/tree-prof/crossmodule-indircall-1a.c compilation, -fprofile-use -D_PROFILE_USE
UNRESOLVED: gcc.dg/tree-prof/crossmodule-indircall-1a.c execution, -fprofile-use -D_PROFILE_USE
FAIL: gcc.dg/tree-ssa/ssa-dom-thread-4.c scan-tree-dump-times dom1 "Threaded" 3
=== gcc Summary ===
# of expected passes 70183
# of unexpected failures 7
# of expected failures 115
# of unresolved testcases 3
# of unsupported tests 1576
/test/gnu/gcc/objdir/gcc/xgcc version 4.9.0 20131021 (experimental) [trunk revision 203906] (GCC)
=== libatomic tests ===
Running target unix
=== libatomic Summary ===
# of expected passes 4
# of unsupported tests 25
=== libgomp tests ===
Running target unix
WARNING: program timed out.
FAIL: libgomp.c/depend-3.c execution test
FAIL: libgomp.c/pr58392.c execution test
FAIL: libgomp.c++/simd-1.C (test for excess errors)
UNRESOLVED: libgomp.c++/simd-1.C compilation failed to produce executable
=== libgomp Summary ===
# of expected passes 597
# of unexpected failures 3
# of unresolved testcases 1
# of unsupported tests 10
=== libstdc++ tests ===
Running target unix
=== libstdc++ Summary ===
# of expected passes 7905
# of expected failures 37
# of unsupported tests 922
Compiler version: 4.9.0 20131021 (experimental) [trunk revision 203906] (GCC)
Platform: hppa1.1-hp-hpux11.11
configure flags:Test Run By dave on Tue Oct 22 02:23:55 2013
More information about the Gcc-testresults
mailing list