Results for 4.9.0 20131016 (experimental) [trunk revision 203718] (GCC) testsuite on hppa1.1-hp-hpux11.11
John David Anglin
dave@hiauly3.hia.nrc.ca
Thu Oct 17 18:05:00 GMT 2013
Native configuration is hppa1.1-hp-hpux11.11
=== g++ tests ===
Running target unix
UNRESOLVED: g++.dg/ext/label13.C -std=gnu++98 compilation failed to produce executable
UNRESOLVED: g++.dg/ext/label13.C -std=gnu++11 compilation failed to produce executable
FAIL: c-c++-common/opaque-vector.c -std=c++98 (test for excess errors)
FAIL: c-c++-common/opaque-vector.c -std=c++11 (test for excess errors)
WARNING: program timed out.
FAIL: c-c++-common/simulate-thread/bitfields-2.c -O2 -g -std=c++98 thread simulation test
FAIL: c-c++-common/simulate-thread/bitfields-2.c -O3 -g -std=c++11 thread simulation test
FAIL: c-c++-common/simulate-thread/bitfields-2.c -Os -g thread simulation test
=== g++ Summary ===
# of expected passes 49409
# of unexpected failures 5
# of expected failures 295
# of unresolved testcases 2
# of unsupported tests 1387
/test/gnu/gcc/objdir/gcc/testsuite/g++/../../xg++ version 4.9.0 20131016 (experimental) [trunk revision 203718] (GCC)
=== gcc tests ===
Running target unix
FAIL: gcc.dg/large-size-array-6.c (internal compiler error)
FAIL: gcc.dg/large-size-array-6.c (test for errors, line 6)
FAIL: gcc.dg/large-size-array-6.c (test for excess errors)
WARNING: program timed out.
FAIL: c-c++-common/simulate-thread/bitfields-2.c -O2 -g thread simulation test
FAIL: c-c++-common/simulate-thread/bitfields-2.c -O3 -g thread simulation test
FAIL: gcc.dg/tree-prof/crossmodule-indircall-1a.c compilation, -fprofile-generate -D_PROFILE_GENERATE
UNRESOLVED: gcc.dg/tree-prof/crossmodule-indircall-1a.c execution, -fprofile-generate -D_PROFILE_GENERATE
UNRESOLVED: gcc.dg/tree-prof/crossmodule-indircall-1a.c compilation, -fprofile-use -D_PROFILE_USE
UNRESOLVED: gcc.dg/tree-prof/crossmodule-indircall-1a.c execution, -fprofile-use -D_PROFILE_USE
FAIL: gcc.dg/tree-ssa/forwprop-28.c scan-tree-dump-times forwprop1 "Replaced" 8
FAIL: gcc.dg/tree-ssa/reassoc-33.c scan-tree-dump-times reassoc1 "Optimizing range tests" 3
FAIL: gcc.dg/tree-ssa/reassoc-34.c scan-tree-dump-times reassoc1 "Optimizing range tests" 1
FAIL: gcc.dg/tree-ssa/reassoc-35.c scan-tree-dump-times reassoc1 "Optimizing range tests" 1
FAIL: gcc.dg/tree-ssa/reassoc-36.c scan-tree-dump-times reassoc1 "Optimizing range tests" 1
FAIL: gcc.dg/tree-ssa/ssa-dom-thread-4.c scan-tree-dump-times dom1 "Threaded" 3
FAIL: gcc.dg/tree-ssa/vrp47.c scan-tree-dump-times vrp1 "[xy][^ ]* !=" 0
FAIL: gcc.dg/tree-ssa/vrp47.c scan-tree-dump-times vrp1 "x[^ ]* [|] y" 1
FAIL: gcc.dg/tree-ssa/vrp87.c scan-tree-dump vrp2 "Folded into: if.*"
FAIL: gcc.dg/tree-ssa/vrp87.c scan-tree-dump cddce2 "Deleting.*_Bool.*;"
=== gcc Summary ===
# of expected passes 70122
# of unexpected failures 16
# of expected failures 115
# of unresolved testcases 3
# of unsupported tests 1569
/test/gnu/gcc/objdir/gcc/xgcc version 4.9.0 20131016 (experimental) [trunk revision 203718] (GCC)
=== libatomic tests ===
Running target unix
=== libatomic Summary ===
# of expected passes 4
# of unsupported tests 25
=== libgomp tests ===
Running target unix
WARNING: program timed out.
FAIL: libgomp.c/depend-3.c execution test
FAIL: libgomp.c/pr58392.c execution test
FAIL: libgomp.c++/simd-1.C (test for excess errors)
UNRESOLVED: libgomp.c++/simd-1.C compilation failed to produce executable
=== libgomp Summary ===
# of expected passes 597
# of unexpected failures 3
# of unresolved testcases 1
# of unsupported tests 10
=== libstdc++ tests ===
Running target unix
=== libstdc++ Summary ===
# of expected passes 7899
# of expected failures 37
# of unsupported tests 922
Compiler version: 4.9.0 20131016 (experimental) [trunk revision 203718] (GCC)
Platform: hppa1.1-hp-hpux11.11
configure flags:Test Run By dave on Thu Oct 17 05:24:19 2013
More information about the Gcc-testresults
mailing list