Results for 4.9.0 20131015 (experimental) [trunk revision 203624] testsuite on x86_64-unknown-linux-gnu
Laurent GUERBY gcc13
guerby@gcc13.fsffrance.org
Wed Oct 16 10:24:00 GMT 2013
LAST_UPDATED: Tue Oct 15 16:54:13 UTC 2013 (revision 203624)
=== acats tests ===
FAIL: c34005p
FAIL: c34005r
FAIL: c34005s
FAIL: c34005u
FAIL: c34005v
FAIL: c34006g
FAIL: c34006j
FAIL: c34006l
FAIL: c34008a
FAIL: c3a0014
FAIL: c41103b
FAIL: c41203b
FAIL: c41306a
FAIL: c452001
FAIL: c62003a
FAIL: c650001
FAIL: c74302b
FAIL: c74306a
FAIL: c85014a
FAIL: c85014b
FAIL: c85014c
FAIL: c87b26b
FAIL: c87b41a
FAIL: c99004a
FAIL: cb40005
FAIL: cc3017c
FAIL: cc3019c
FAIL: cd10002
FAIL: cd2a21a
FAIL: cd2a22a
FAIL: cd2a22e
FAIL: cd2a23a
FAIL: cd2a24a
FAIL: cd2a24e
FAIL: cd2a31a
FAIL: cd2a32a
FAIL: cd2a32e
FAIL: cdd2a03
FAIL: cxac005
=== acats Summary ===
# of expected passes 2281
# of unexpected failures 39
Native configuration is x86_64-unknown-linux-gnu
=== gcc tests ===
Running target unix/-m32
FAIL: gcc.dg/debug/dwarf2/asm-line1.c scan-assembler is_stmt 1
FAIL: gcc.dg/debug/dwarf2/discriminator.c scan-assembler loc [0-9] 11 [0-9]( is_stmt [0-9])? discriminator 2\\n
FAIL: gcc.dg/debug/dwarf2/discriminator.c scan-assembler loc [0-9] 11 [0-9]( is_stmt [0-9])? discriminator 1\\n
FAIL: gcc.dg/cproj-fails-with-broken-glibc.c execution test
FAIL: gcc.dg/torture/tls/run-gd.c -O0 (test for excess errors)
FAIL: gcc.dg/torture/tls/run-gd.c -O1 (test for excess errors)
FAIL: gcc.dg/torture/tls/run-gd.c -O2 (test for excess errors)
FAIL: gcc.dg/torture/tls/run-gd.c -O3 -fomit-frame-pointer (test for excess errors)
FAIL: gcc.dg/torture/tls/run-gd.c -O3 -g (test for excess errors)
FAIL: gcc.dg/torture/tls/run-gd.c -Os (test for excess errors)
FAIL: gcc.dg/torture/tls/run-gd.c -O2 -flto -flto-partition=none (test for excess errors)
FAIL: gcc.dg/torture/tls/run-gd.c -O2 -flto (test for excess errors)
FAIL: gcc.dg/torture/tls/run-ld.c -O0 (test for excess errors)
FAIL: gcc.dg/torture/tls/run-ld.c -O1 (test for excess errors)
FAIL: gcc.dg/torture/tls/run-ld.c -O2 (test for excess errors)
FAIL: gcc.dg/torture/tls/run-ld.c -O3 -fomit-frame-pointer (test for excess errors)
FAIL: gcc.dg/torture/tls/run-ld.c -O3 -g (test for excess errors)
FAIL: gcc.dg/torture/tls/run-ld.c -Os (test for excess errors)
FAIL: gcc.dg/torture/tls/run-ld.c -O2 -flto -flto-partition=none (test for excess errors)
FAIL: gcc.dg/torture/tls/run-ld.c -O2 -flto (test for excess errors)
=== gcc Summary for unix/-m32 ===
# of expected passes 97303
# of unexpected failures 20
# of expected failures 249
# of unsupported tests 1965
Running target unix/-m64
FAIL: c-c++-common/asan/clone-test-1.c -O0 execution test
FAIL: c-c++-common/asan/clone-test-1.c -O1 execution test
FAIL: c-c++-common/asan/clone-test-1.c -O2 execution test
FAIL: c-c++-common/asan/clone-test-1.c -O3 -fomit-frame-pointer execution test
FAIL: c-c++-common/asan/clone-test-1.c -O3 -fomit-frame-pointer -funroll-loops execution test
FAIL: c-c++-common/asan/clone-test-1.c -O3 -fomit-frame-pointer -funroll-all-loops -finline-functions execution test
FAIL: c-c++-common/asan/clone-test-1.c -O3 -g execution test
FAIL: c-c++-common/asan/clone-test-1.c -Os execution test
FAIL: c-c++-common/asan/clone-test-1.c -O2 -flto -flto-partition=none execution test
FAIL: c-c++-common/asan/clone-test-1.c -O2 -flto execution test
FAIL: c-c++-common/asan/global-overflow-1.c -O0 output pattern test, is ==8846== ERROR: AddressSanitizer failed to allocate 0xdfff0001000 (15392894357504) bytes at address 0x02008fff7000 (12)
FAIL: c-c++-common/asan/global-overflow-1.c -O1 output pattern test, is ==8858== ERROR: AddressSanitizer failed to allocate 0xdfff0001000 (15392894357504) bytes at address 0x02008fff7000 (12)
FAIL: c-c++-common/asan/global-overflow-1.c -O2 output pattern test, is ==8870== ERROR: AddressSanitizer failed to allocate 0xdfff0001000 (15392894357504) bytes at address 0x02008fff7000 (12)
FAIL: c-c++-common/asan/global-overflow-1.c -O3 -fomit-frame-pointer output pattern test, is ==8882== ERROR: AddressSanitizer failed to allocate 0xdfff0001000 (15392894357504) bytes at address 0x02008fff7000 (12)
FAIL: c-c++-common/asan/global-overflow-1.c -O3 -g output pattern test, is ==8894== ERROR: AddressSanitizer failed to allocate 0xdfff0001000 (15392894357504) bytes at address 0x02008fff7000 (12)
FAIL: c-c++-common/asan/global-overflow-1.c -Os output pattern test, is ==8906== ERROR: AddressSanitizer failed to allocate 0xdfff0001000 (15392894357504) bytes at address 0x02008fff7000 (12)
FAIL: c-c++-common/asan/global-overflow-1.c -O2 -flto -flto-partition=none output pattern test, is ==8939== ERROR: AddressSanitizer failed to allocate 0xdfff0001000 (15392894357504) bytes at address 0x02008fff7000 (12)
FAIL: c-c++-common/asan/global-overflow-1.c -O2 -flto output pattern test, is ==8974== ERROR: AddressSanitizer failed to allocate 0xdfff0001000 (15392894357504) bytes at address 0x02008fff7000 (12)
FAIL: c-c++-common/asan/heap-overflow-1.c -O0 output pattern test, is ==8986== ERROR: AddressSanitizer failed to allocate 0xdfff0001000 (15392894357504) bytes at address 0x02008fff7000 (12)
FAIL: c-c++-common/asan/heap-overflow-1.c -O1 output pattern test, is ==8998== ERROR: AddressSanitizer failed to allocate 0xdfff0001000 (15392894357504) bytes at address 0x02008fff7000 (12)
FAIL: c-c++-common/asan/heap-overflow-1.c -O2 output pattern test, is ==9010== ERROR: AddressSanitizer failed to allocate 0xdfff0001000 (15392894357504) bytes at address 0x02008fff7000 (12)
FAIL: c-c++-common/asan/heap-overflow-1.c -O3 -fomit-frame-pointer output pattern test, is ==9022== ERROR: AddressSanitizer failed to allocate 0xdfff0001000 (15392894357504) bytes at address 0x02008fff7000 (12)
FAIL: c-c++-common/asan/heap-overflow-1.c -O3 -g output pattern test, is ==9034== ERROR: AddressSanitizer failed to allocate 0xdfff0001000 (15392894357504) bytes at address 0x02008fff7000 (12)
FAIL: c-c++-common/asan/heap-overflow-1.c -Os output pattern test, is ==9047== ERROR: AddressSanitizer failed to allocate 0xdfff0001000 (15392894357504) bytes at address 0x02008fff7000 (12)
FAIL: c-c++-common/asan/heap-overflow-1.c -O2 -flto -flto-partition=none output pattern test, is ==9085== ERROR: AddressSanitizer failed to allocate 0xdfff0001000 (15392894357504) bytes at address 0x02008fff7000 (12)
FAIL: c-c++-common/asan/heap-overflow-1.c -O2 -flto output pattern test, is ==9120== ERROR: AddressSanitizer failed to allocate 0xdfff0001000 (15392894357504) bytes at address 0x02008fff7000 (12)
FAIL: c-c++-common/asan/memcmp-1.c -O0 output pattern test, is ==9138== ERROR: AddressSanitizer failed to allocate 0xdfff0001000 (15392894357504) bytes at address 0x02008fff7000 (12)
FAIL: c-c++-common/asan/memcmp-1.c -O1 output pattern test, is ==9150== ERROR: AddressSanitizer failed to allocate 0xdfff0001000 (15392894357504) bytes at address 0x02008fff7000 (12)
FAIL: c-c++-common/asan/memcmp-1.c -O2 output pattern test, is ==9162== ERROR: AddressSanitizer failed to allocate 0xdfff0001000 (15392894357504) bytes at address 0x02008fff7000 (12)
FAIL: c-c++-common/asan/memcmp-1.c -O3 -fomit-frame-pointer output pattern test, is ==9174== ERROR: AddressSanitizer failed to allocate 0xdfff0001000 (15392894357504) bytes at address 0x02008fff7000 (12)
FAIL: c-c++-common/asan/memcmp-1.c -O3 -g output pattern test, is ==9186== ERROR: AddressSanitizer failed to allocate 0xdfff0001000 (15392894357504) bytes at address 0x02008fff7000 (12)
FAIL: c-c++-common/asan/memcmp-1.c -Os output pattern test, is ==9198== ERROR: AddressSanitizer failed to allocate 0xdfff0001000 (15392894357504) bytes at address 0x02008fff7000 (12)
FAIL: c-c++-common/asan/memcmp-1.c -O2 -flto -flto-partition=none output pattern test, is ==9237== ERROR: AddressSanitizer failed to allocate 0xdfff0001000 (15392894357504) bytes at address 0x02008fff7000 (12)
FAIL: c-c++-common/asan/memcmp-1.c -O2 -flto output pattern test, is ==9272== ERROR: AddressSanitizer failed to allocate 0xdfff0001000 (15392894357504) bytes at address 0x02008fff7000 (12)
FAIL: c-c++-common/asan/null-deref-1.c -O0 output pattern test, is ==9371== ERROR: AddressSanitizer failed to allocate 0xdfff0001000 (15392894357504) bytes at address 0x02008fff7000 (12)
FAIL: c-c++-common/asan/null-deref-1.c -O1 output pattern test, is ==9383== ERROR: AddressSanitizer failed to allocate 0xdfff0001000 (15392894357504) bytes at address 0x02008fff7000 (12)
FAIL: c-c++-common/asan/null-deref-1.c -O2 output pattern test, is ==9395== ERROR: AddressSanitizer failed to allocate 0xdfff0001000 (15392894357504) bytes at address 0x02008fff7000 (12)
FAIL: c-c++-common/asan/null-deref-1.c -O3 -fomit-frame-pointer output pattern test, is ==9407== ERROR: AddressSanitizer failed to allocate 0xdfff0001000 (15392894357504) bytes at address 0x02008fff7000 (12)
FAIL: c-c++-common/asan/null-deref-1.c -O3 -g output pattern test, is ==9419== ERROR: AddressSanitizer failed to allocate 0xdfff0001000 (15392894357504) bytes at address 0x02008fff7000 (12)
FAIL: c-c++-common/asan/null-deref-1.c -Os output pattern test, is ==9431== ERROR: AddressSanitizer failed to allocate 0xdfff0001000 (15392894357504) bytes at address 0x02008fff7000 (12)
FAIL: c-c++-common/asan/null-deref-1.c -O2 -flto -flto-partition=none output pattern test, is ==9464== ERROR: AddressSanitizer failed to allocate 0xdfff0001000 (15392894357504) bytes at address 0x02008fff7000 (12)
FAIL: c-c++-common/asan/null-deref-1.c -O2 -flto output pattern test, is ==9499== ERROR: AddressSanitizer failed to allocate 0xdfff0001000 (15392894357504) bytes at address 0x02008fff7000 (12)
FAIL: c-c++-common/asan/rlimit-mmap-test-1.c -O0 output pattern test, is ==9561== ERROR: AddressSanitizer failed to allocate 0xdfff0001000 (15392894357504) bytes at address 0x02008fff7000 (12)
FAIL: c-c++-common/asan/sanity-check-pure-c-1.c -O0 output pattern test, is ==9573== ERROR: AddressSanitizer failed to allocate 0xdfff0001000 (15392894357504) bytes at address 0x02008fff7000 (12)
FAIL: c-c++-common/asan/sanity-check-pure-c-1.c -O1 output pattern test, is ==9585== ERROR: AddressSanitizer failed to allocate 0xdfff0001000 (15392894357504) bytes at address 0x02008fff7000 (12)
FAIL: c-c++-common/asan/sanity-check-pure-c-1.c -O2 output pattern test, is ==9597== ERROR: AddressSanitizer failed to allocate 0xdfff0001000 (15392894357504) bytes at address 0x02008fff7000 (12)
FAIL: c-c++-common/asan/sanity-check-pure-c-1.c -O3 -fomit-frame-pointer output pattern test, is ==9609== ERROR: AddressSanitizer failed to allocate 0xdfff0001000 (15392894357504) bytes at address 0x02008fff7000 (12)
FAIL: c-c++-common/asan/sanity-check-pure-c-1.c -O3 -g output pattern test, is ==9621== ERROR: AddressSanitizer failed to allocate 0xdfff0001000 (15392894357504) bytes at address 0x02008fff7000 (12)
FAIL: c-c++-common/asan/sanity-check-pure-c-1.c -Os output pattern test, is ==9633== ERROR: AddressSanitizer failed to allocate 0xdfff0001000 (15392894357504) bytes at address 0x02008fff7000 (12)
FAIL: c-c++-common/asan/sanity-check-pure-c-1.c -O2 -flto -flto-partition=none output pattern test, is ==9666== ERROR: AddressSanitizer failed to allocate 0xdfff0001000 (15392894357504) bytes at address 0x02008fff7000 (12)
FAIL: c-c++-common/asan/sanity-check-pure-c-1.c -O2 -flto output pattern test, is ==9701== ERROR: AddressSanitizer failed to allocate 0xdfff0001000 (15392894357504) bytes at address 0x02008fff7000 (12)
FAIL: c-c++-common/asan/sleep-before-dying-1.c -O2 output pattern test, is ==9713== ERROR: AddressSanitizer failed to allocate 0xdfff0001000 (15392894357504) bytes at address 0x02008fff7000 (12)
FAIL: c-c++-common/asan/sleep-before-dying-1.c -O2 -flto -flto-partition=none output pattern test, is ==9746== ERROR: AddressSanitizer failed to allocate 0xdfff0001000 (15392894357504) bytes at address 0x02008fff7000 (12)
FAIL: c-c++-common/asan/sleep-before-dying-1.c -O2 -flto output pattern test, is ==9787== ERROR: AddressSanitizer failed to allocate 0xdfff0001000 (15392894357504) bytes at address 0x02008fff7000 (12)
FAIL: c-c++-common/asan/stack-overflow-1.c -O0 output pattern test, is ==9799== ERROR: AddressSanitizer failed to allocate 0xdfff0001000 (15392894357504) bytes at address 0x02008fff7000 (12)
FAIL: c-c++-common/asan/stack-overflow-1.c -O1 output pattern test, is ==9811== ERROR: AddressSanitizer failed to allocate 0xdfff0001000 (15392894357504) bytes at address 0x02008fff7000 (12)
FAIL: c-c++-common/asan/stack-overflow-1.c -O2 output pattern test, is ==9823== ERROR: AddressSanitizer failed to allocate 0xdfff0001000 (15392894357504) bytes at address 0x02008fff7000 (12)
FAIL: c-c++-common/asan/stack-overflow-1.c -O3 -fomit-frame-pointer output pattern test, is ==9835== ERROR: AddressSanitizer failed to allocate 0xdfff0001000 (15392894357504) bytes at address 0x02008fff7000 (12)
FAIL: c-c++-common/asan/stack-overflow-1.c -O3 -g output pattern test, is ==9847== ERROR: AddressSanitizer failed to allocate 0xdfff0001000 (15392894357504) bytes at address 0x02008fff7000 (12)
FAIL: c-c++-common/asan/stack-overflow-1.c -Os output pattern test, is ==9859== ERROR: AddressSanitizer failed to allocate 0xdfff0001000 (15392894357504) bytes at address 0x02008fff7000 (12)
FAIL: c-c++-common/asan/stack-overflow-1.c -O2 -flto -flto-partition=none output pattern test, is ==9892== ERROR: AddressSanitizer failed to allocate 0xdfff0001000 (15392894357504) bytes at address 0x02008fff7000 (12)
FAIL: c-c++-common/asan/stack-overflow-1.c -O2 -flto output pattern test, is ==9927== ERROR: AddressSanitizer failed to allocate 0xdfff0001000 (15392894357504) bytes at address 0x02008fff7000 (12)
FAIL: c-c++-common/asan/strip-path-prefix-1.c -O2 output pattern test, is ==9939== ERROR: AddressSanitizer failed to allocate 0xdfff0001000 (15392894357504) bytes at address 0x02008fff7000 (12)
FAIL: c-c++-common/asan/strip-path-prefix-1.c -O2 -flto -flto-partition=none output pattern test, is ==9972== ERROR: AddressSanitizer failed to allocate 0xdfff0001000 (15392894357504) bytes at address 0x02008fff7000 (12)
FAIL: c-c++-common/asan/strip-path-prefix-1.c -O2 -flto output pattern test, is ==10007== ERROR: AddressSanitizer failed to allocate 0xdfff0001000 (15392894357504) bytes at address 0x02008fff7000 (12)
FAIL: c-c++-common/asan/strncpy-overflow-1.c -O0 output pattern test, is ==10019== ERROR: AddressSanitizer failed to allocate 0xdfff0001000 (15392894357504) bytes at address 0x02008fff7000 (12)
FAIL: c-c++-common/asan/strncpy-overflow-1.c -O1 output pattern test, is ==10031== ERROR: AddressSanitizer failed to allocate 0xdfff0001000 (15392894357504) bytes at address 0x02008fff7000 (12)
FAIL: c-c++-common/asan/strncpy-overflow-1.c -O2 output pattern test, is ==10043== ERROR: AddressSanitizer failed to allocate 0xdfff0001000 (15392894357504) bytes at address 0x02008fff7000 (12)
FAIL: c-c++-common/asan/strncpy-overflow-1.c -O3 -fomit-frame-pointer output pattern test, is ==10055== ERROR: AddressSanitizer failed to allocate 0xdfff0001000 (15392894357504) bytes at address 0x02008fff7000 (12)
FAIL: c-c++-common/asan/strncpy-overflow-1.c -O3 -g output pattern test, is ==10067== ERROR: AddressSanitizer failed to allocate 0xdfff0001000 (15392894357504) bytes at address 0x02008fff7000 (12)
FAIL: c-c++-common/asan/strncpy-overflow-1.c -Os output pattern test, is ==10079== ERROR: AddressSanitizer failed to allocate 0xdfff0001000 (15392894357504) bytes at address 0x02008fff7000 (12)
FAIL: c-c++-common/asan/strncpy-overflow-1.c -O2 -flto -flto-partition=none output pattern test, is ==10112== ERROR: AddressSanitizer failed to allocate 0xdfff0001000 (15392894357504) bytes at address 0x02008fff7000 (12)
FAIL: c-c++-common/asan/strncpy-overflow-1.c -O2 -flto output pattern test, is ==10147== ERROR: AddressSanitizer failed to allocate 0xdfff0001000 (15392894357504) bytes at address 0x02008fff7000 (12)
FAIL: c-c++-common/asan/swapcontext-test-1.c -O0 execution test
FAIL: c-c++-common/asan/swapcontext-test-1.c -O1 execution test
FAIL: c-c++-common/asan/swapcontext-test-1.c -O2 execution test
FAIL: c-c++-common/asan/swapcontext-test-1.c -O3 -fomit-frame-pointer execution test
FAIL: c-c++-common/asan/swapcontext-test-1.c -O3 -fomit-frame-pointer -funroll-loops execution test
FAIL: c-c++-common/asan/swapcontext-test-1.c -O3 -fomit-frame-pointer -funroll-all-loops -finline-functions execution test
FAIL: c-c++-common/asan/swapcontext-test-1.c -O3 -g execution test
FAIL: c-c++-common/asan/swapcontext-test-1.c -Os execution test
FAIL: c-c++-common/asan/swapcontext-test-1.c -O2 -flto -flto-partition=none execution test
FAIL: c-c++-common/asan/swapcontext-test-1.c -O2 -flto execution test
FAIL: c-c++-common/asan/use-after-free-1.c -O0 output pattern test, is ==10339== ERROR: AddressSanitizer failed to allocate 0xdfff0001000 (15392894357504) bytes at address 0x02008fff7000 (12)
FAIL: c-c++-common/asan/use-after-free-1.c -O1 output pattern test, is ==10351== ERROR: AddressSanitizer failed to allocate 0xdfff0001000 (15392894357504) bytes at address 0x02008fff7000 (12)
FAIL: c-c++-common/asan/use-after-free-1.c -O2 output pattern test, is ==10363== ERROR: AddressSanitizer failed to allocate 0xdfff0001000 (15392894357504) bytes at address 0x02008fff7000 (12)
FAIL: c-c++-common/asan/use-after-free-1.c -O3 -fomit-frame-pointer output pattern test, is ==10375== ERROR: AddressSanitizer failed to allocate 0xdfff0001000 (15392894357504) bytes at address 0x02008fff7000 (12)
FAIL: c-c++-common/asan/use-after-free-1.c -O3 -g output pattern test, is ==10387== ERROR: AddressSanitizer failed to allocate 0xdfff0001000 (15392894357504) bytes at address 0x02008fff7000 (12)
FAIL: c-c++-common/asan/use-after-free-1.c -Os output pattern test, is ==10399== ERROR: AddressSanitizer failed to allocate 0xdfff0001000 (15392894357504) bytes at address 0x02008fff7000 (12)
FAIL: c-c++-common/asan/use-after-free-1.c -O2 -flto -flto-partition=none output pattern test, is ==10432== ERROR: AddressSanitizer failed to allocate 0xdfff0001000 (15392894357504) bytes at address 0x02008fff7000 (12)
FAIL: c-c++-common/asan/use-after-free-1.c -O2 -flto output pattern test, is ==10467== ERROR: AddressSanitizer failed to allocate 0xdfff0001000 (15392894357504) bytes at address 0x02008fff7000 (12)
FAIL: gcc.dg/debug/dwarf2/asm-line1.c scan-assembler is_stmt 1
FAIL: gcc.dg/debug/dwarf2/discriminator.c scan-assembler loc [0-9] 11 [0-9]( is_stmt [0-9])? discriminator 2\\n
FAIL: gcc.dg/debug/dwarf2/discriminator.c scan-assembler loc [0-9] 11 [0-9]( is_stmt [0-9])? discriminator 1\\n
FAIL: gcc.dg/cproj-fails-with-broken-glibc.c execution test
FAIL: gcc.dg/torture/tls/run-gd.c -O0 (test for excess errors)
FAIL: gcc.dg/torture/tls/run-gd.c -O1 (test for excess errors)
FAIL: gcc.dg/torture/tls/run-gd.c -O2 (test for excess errors)
FAIL: gcc.dg/torture/tls/run-gd.c -O3 -fomit-frame-pointer (test for excess errors)
FAIL: gcc.dg/torture/tls/run-gd.c -O3 -g (test for excess errors)
FAIL: gcc.dg/torture/tls/run-gd.c -Os (test for excess errors)
FAIL: gcc.dg/torture/tls/run-gd.c -O2 -flto -flto-partition=none (test for excess errors)
FAIL: gcc.dg/torture/tls/run-gd.c -O2 -flto (test for excess errors)
FAIL: gcc.dg/torture/tls/run-ld.c -O0 (test for excess errors)
FAIL: gcc.dg/torture/tls/run-ld.c -O1 (test for excess errors)
FAIL: gcc.dg/torture/tls/run-ld.c -O2 (test for excess errors)
FAIL: gcc.dg/torture/tls/run-ld.c -O3 -fomit-frame-pointer (test for excess errors)
FAIL: gcc.dg/torture/tls/run-ld.c -O3 -g (test for excess errors)
FAIL: gcc.dg/torture/tls/run-ld.c -Os (test for excess errors)
FAIL: gcc.dg/torture/tls/run-ld.c -O2 -flto -flto-partition=none (test for excess errors)
FAIL: gcc.dg/torture/tls/run-ld.c -O2 -flto (test for excess errors)
FAIL: gcc.dg/torture/tls/run-le.c -O0 -pie -fpie (test for excess errors)
UNRESOLVED: gcc.dg/torture/tls/run-le.c -O0 -pie -fpie compilation failed to produce executable
FAIL: gcc.dg/torture/tls/run-le.c -O1 -pie -fpie (test for excess errors)
UNRESOLVED: gcc.dg/torture/tls/run-le.c -O1 -pie -fpie compilation failed to produce executable
FAIL: gcc.dg/torture/tls/run-le.c -O2 -pie -fpie (test for excess errors)
UNRESOLVED: gcc.dg/torture/tls/run-le.c -O2 -pie -fpie compilation failed to produce executable
FAIL: gcc.dg/torture/tls/run-le.c -O3 -fomit-frame-pointer -pie -fpie (test for excess errors)
UNRESOLVED: gcc.dg/torture/tls/run-le.c -O3 -fomit-frame-pointer -pie -fpie compilation failed to produce executable
FAIL: gcc.dg/torture/tls/run-le.c -O3 -g -pie -fpie (test for excess errors)
UNRESOLVED: gcc.dg/torture/tls/run-le.c -O3 -g -pie -fpie compilation failed to produce executable
FAIL: gcc.dg/torture/tls/run-le.c -Os -pie -fpie (test for excess errors)
UNRESOLVED: gcc.dg/torture/tls/run-le.c -Os -pie -fpie compilation failed to produce executable
FAIL: gcc.dg/torture/tls/run-le.c -O0 -pie -fPIE (test for excess errors)
UNRESOLVED: gcc.dg/torture/tls/run-le.c -O0 -pie -fPIE compilation failed to produce executable
FAIL: gcc.dg/torture/tls/run-le.c -O1 -pie -fPIE (test for excess errors)
UNRESOLVED: gcc.dg/torture/tls/run-le.c -O1 -pie -fPIE compilation failed to produce executable
FAIL: gcc.dg/torture/tls/run-le.c -O2 -pie -fPIE (test for excess errors)
UNRESOLVED: gcc.dg/torture/tls/run-le.c -O2 -pie -fPIE compilation failed to produce executable
FAIL: gcc.dg/torture/tls/run-le.c -O3 -fomit-frame-pointer -pie -fPIE (test for excess errors)
UNRESOLVED: gcc.dg/torture/tls/run-le.c -O3 -fomit-frame-pointer -pie -fPIE compilation failed to produce executable
FAIL: gcc.dg/torture/tls/run-le.c -O3 -g -pie -fPIE (test for excess errors)
UNRESOLVED: gcc.dg/torture/tls/run-le.c -O3 -g -pie -fPIE compilation failed to produce executable
FAIL: gcc.dg/torture/tls/run-le.c -Os -pie -fPIE (test for excess errors)
UNRESOLVED: gcc.dg/torture/tls/run-le.c -Os -pie -fPIE compilation failed to produce executable
FAIL: gcc.dg/torture/tls/thr-init-1.c -O0 -pie -fpie (test for excess errors)
UNRESOLVED: gcc.dg/torture/tls/thr-init-1.c -O0 -pie -fpie compilation failed to produce executable
FAIL: gcc.dg/torture/tls/thr-init-1.c -O1 -pie -fpie (test for excess errors)
UNRESOLVED: gcc.dg/torture/tls/thr-init-1.c -O1 -pie -fpie compilation failed to produce executable
FAIL: gcc.dg/torture/tls/thr-init-1.c -O2 -pie -fpie (test for excess errors)
UNRESOLVED: gcc.dg/torture/tls/thr-init-1.c -O2 -pie -fpie compilation failed to produce executable
FAIL: gcc.dg/torture/tls/thr-init-1.c -O3 -fomit-frame-pointer -pie -fpie (test for excess errors)
UNRESOLVED: gcc.dg/torture/tls/thr-init-1.c -O3 -fomit-frame-pointer -pie -fpie compilation failed to produce executable
FAIL: gcc.dg/torture/tls/thr-init-1.c -O3 -g -pie -fpie (test for excess errors)
UNRESOLVED: gcc.dg/torture/tls/thr-init-1.c -O3 -g -pie -fpie compilation failed to produce executable
FAIL: gcc.dg/torture/tls/thr-init-1.c -Os -pie -fpie (test for excess errors)
UNRESOLVED: gcc.dg/torture/tls/thr-init-1.c -Os -pie -fpie compilation failed to produce executable
FAIL: gcc.dg/torture/tls/thr-init-1.c -O0 -pie -fPIE (test for excess errors)
UNRESOLVED: gcc.dg/torture/tls/thr-init-1.c -O0 -pie -fPIE compilation failed to produce executable
FAIL: gcc.dg/torture/tls/thr-init-1.c -O1 -pie -fPIE (test for excess errors)
UNRESOLVED: gcc.dg/torture/tls/thr-init-1.c -O1 -pie -fPIE compilation failed to produce executable
FAIL: gcc.dg/torture/tls/thr-init-1.c -O2 -pie -fPIE (test for excess errors)
UNRESOLVED: gcc.dg/torture/tls/thr-init-1.c -O2 -pie -fPIE compilation failed to produce executable
FAIL: gcc.dg/torture/tls/thr-init-1.c -O3 -fomit-frame-pointer -pie -fPIE (test for excess errors)
UNRESOLVED: gcc.dg/torture/tls/thr-init-1.c -O3 -fomit-frame-pointer -pie -fPIE compilation failed to produce executable
FAIL: gcc.dg/torture/tls/thr-init-1.c -O3 -g -pie -fPIE (test for excess errors)
UNRESOLVED: gcc.dg/torture/tls/thr-init-1.c -O3 -g -pie -fPIE compilation failed to produce executable
FAIL: gcc.dg/torture/tls/thr-init-1.c -Os -pie -fPIE (test for excess errors)
UNRESOLVED: gcc.dg/torture/tls/thr-init-1.c -Os -pie -fPIE compilation failed to produce executable
FAIL: gcc.dg/torture/tls/thr-init-2.c -O0 -pie -fpie (test for excess errors)
UNRESOLVED: gcc.dg/torture/tls/thr-init-2.c -O0 -pie -fpie compilation failed to produce executable
FAIL: gcc.dg/torture/tls/thr-init-2.c -O1 -pie -fpie (test for excess errors)
UNRESOLVED: gcc.dg/torture/tls/thr-init-2.c -O1 -pie -fpie compilation failed to produce executable
FAIL: gcc.dg/torture/tls/thr-init-2.c -O2 -pie -fpie (test for excess errors)
UNRESOLVED: gcc.dg/torture/tls/thr-init-2.c -O2 -pie -fpie compilation failed to produce executable
FAIL: gcc.dg/torture/tls/thr-init-2.c -O3 -fomit-frame-pointer -pie -fpie (test for excess errors)
UNRESOLVED: gcc.dg/torture/tls/thr-init-2.c -O3 -fomit-frame-pointer -pie -fpie compilation failed to produce executable
FAIL: gcc.dg/torture/tls/thr-init-2.c -O3 -g -pie -fpie (test for excess errors)
UNRESOLVED: gcc.dg/torture/tls/thr-init-2.c -O3 -g -pie -fpie compilation failed to produce executable
FAIL: gcc.dg/torture/tls/thr-init-2.c -Os -pie -fpie (test for excess errors)
UNRESOLVED: gcc.dg/torture/tls/thr-init-2.c -Os -pie -fpie compilation failed to produce executable
FAIL: gcc.dg/torture/tls/thr-init-2.c -O0 -pie -fPIE (test for excess errors)
UNRESOLVED: gcc.dg/torture/tls/thr-init-2.c -O0 -pie -fPIE compilation failed to produce executable
FAIL: gcc.dg/torture/tls/thr-init-2.c -O1 -pie -fPIE (test for excess errors)
UNRESOLVED: gcc.dg/torture/tls/thr-init-2.c -O1 -pie -fPIE compilation failed to produce executable
FAIL: gcc.dg/torture/tls/thr-init-2.c -O2 -pie -fPIE (test for excess errors)
UNRESOLVED: gcc.dg/torture/tls/thr-init-2.c -O2 -pie -fPIE compilation failed to produce executable
FAIL: gcc.dg/torture/tls/thr-init-2.c -O3 -fomit-frame-pointer -pie -fPIE (test for excess errors)
UNRESOLVED: gcc.dg/torture/tls/thr-init-2.c -O3 -fomit-frame-pointer -pie -fPIE compilation failed to produce executable
FAIL: gcc.dg/torture/tls/thr-init-2.c -O3 -g -pie -fPIE (test for excess errors)
UNRESOLVED: gcc.dg/torture/tls/thr-init-2.c -O3 -g -pie -fPIE compilation failed to produce executable
FAIL: gcc.dg/torture/tls/thr-init-2.c -Os -pie -fPIE (test for excess errors)
UNRESOLVED: gcc.dg/torture/tls/thr-init-2.c -Os -pie -fPIE compilation failed to produce executable
FAIL: gcc.dg/torture/tls/tls-reload-1.c -O0 -pie -fpie (test for excess errors)
UNRESOLVED: gcc.dg/torture/tls/tls-reload-1.c -O0 -pie -fpie compilation failed to produce executable
FAIL: gcc.dg/torture/tls/tls-reload-1.c -O1 -pie -fpie (test for excess errors)
UNRESOLVED: gcc.dg/torture/tls/tls-reload-1.c -O1 -pie -fpie compilation failed to produce executable
FAIL: gcc.dg/torture/tls/tls-reload-1.c -O2 -pie -fpie (test for excess errors)
UNRESOLVED: gcc.dg/torture/tls/tls-reload-1.c -O2 -pie -fpie compilation failed to produce executable
FAIL: gcc.dg/torture/tls/tls-reload-1.c -O3 -fomit-frame-pointer -pie -fpie (test for excess errors)
UNRESOLVED: gcc.dg/torture/tls/tls-reload-1.c -O3 -fomit-frame-pointer -pie -fpie compilation failed to produce executable
FAIL: gcc.dg/torture/tls/tls-reload-1.c -O3 -g -pie -fpie (test for excess errors)
UNRESOLVED: gcc.dg/torture/tls/tls-reload-1.c -O3 -g -pie -fpie compilation failed to produce executable
FAIL: gcc.dg/torture/tls/tls-reload-1.c -Os -pie -fpie (test for excess errors)
UNRESOLVED: gcc.dg/torture/tls/tls-reload-1.c -Os -pie -fpie compilation failed to produce executable
FAIL: gcc.dg/torture/tls/tls-reload-1.c -O0 -pie -fPIE (test for excess errors)
UNRESOLVED: gcc.dg/torture/tls/tls-reload-1.c -O0 -pie -fPIE compilation failed to produce executable
FAIL: gcc.dg/torture/tls/tls-reload-1.c -O1 -pie -fPIE (test for excess errors)
UNRESOLVED: gcc.dg/torture/tls/tls-reload-1.c -O1 -pie -fPIE compilation failed to produce executable
FAIL: gcc.dg/torture/tls/tls-reload-1.c -O2 -pie -fPIE (test for excess errors)
UNRESOLVED: gcc.dg/torture/tls/tls-reload-1.c -O2 -pie -fPIE compilation failed to produce executable
FAIL: gcc.dg/torture/tls/tls-reload-1.c -O3 -fomit-frame-pointer -pie -fPIE (test for excess errors)
UNRESOLVED: gcc.dg/torture/tls/tls-reload-1.c -O3 -fomit-frame-pointer -pie -fPIE compilation failed to produce executable
FAIL: gcc.dg/torture/tls/tls-reload-1.c -O3 -g -pie -fPIE (test for excess errors)
UNRESOLVED: gcc.dg/torture/tls/tls-reload-1.c -O3 -g -pie -fPIE compilation failed to produce executable
FAIL: gcc.dg/torture/tls/tls-reload-1.c -Os -pie -fPIE (test for excess errors)
UNRESOLVED: gcc.dg/torture/tls/tls-reload-1.c -Os -pie -fPIE compilation failed to produce executable
FAIL: gcc.dg/torture/tls/tls-test.c -O0 -pie -fpie (test for excess errors)
UNRESOLVED: gcc.dg/torture/tls/tls-test.c -O0 -pie -fpie compilation failed to produce executable
FAIL: gcc.dg/torture/tls/tls-test.c -O1 -pie -fpie (test for excess errors)
UNRESOLVED: gcc.dg/torture/tls/tls-test.c -O1 -pie -fpie compilation failed to produce executable
FAIL: gcc.dg/torture/tls/tls-test.c -O2 -pie -fpie (test for excess errors)
UNRESOLVED: gcc.dg/torture/tls/tls-test.c -O2 -pie -fpie compilation failed to produce executable
FAIL: gcc.dg/torture/tls/tls-test.c -O3 -fomit-frame-pointer -pie -fpie (test for excess errors)
UNRESOLVED: gcc.dg/torture/tls/tls-test.c -O3 -fomit-frame-pointer -pie -fpie compilation failed to produce executable
FAIL: gcc.dg/torture/tls/tls-test.c -O3 -g -pie -fpie (test for excess errors)
UNRESOLVED: gcc.dg/torture/tls/tls-test.c -O3 -g -pie -fpie compilation failed to produce executable
FAIL: gcc.dg/torture/tls/tls-test.c -Os -pie -fpie (test for excess errors)
UNRESOLVED: gcc.dg/torture/tls/tls-test.c -Os -pie -fpie compilation failed to produce executable
FAIL: gcc.dg/torture/tls/tls-test.c -O0 -pie -fPIE (test for excess errors)
UNRESOLVED: gcc.dg/torture/tls/tls-test.c -O0 -pie -fPIE compilation failed to produce executable
FAIL: gcc.dg/torture/tls/tls-test.c -O1 -pie -fPIE (test for excess errors)
UNRESOLVED: gcc.dg/torture/tls/tls-test.c -O1 -pie -fPIE compilation failed to produce executable
FAIL: gcc.dg/torture/tls/tls-test.c -O2 -pie -fPIE (test for excess errors)
UNRESOLVED: gcc.dg/torture/tls/tls-test.c -O2 -pie -fPIE compilation failed to produce executable
FAIL: gcc.dg/torture/tls/tls-test.c -O3 -fomit-frame-pointer -pie -fPIE (test for excess errors)
UNRESOLVED: gcc.dg/torture/tls/tls-test.c -O3 -fomit-frame-pointer -pie -fPIE compilation failed to produce executable
FAIL: gcc.dg/torture/tls/tls-test.c -O3 -g -pie -fPIE (test for excess errors)
UNRESOLVED: gcc.dg/torture/tls/tls-test.c -O3 -g -pie -fPIE compilation failed to produce executable
FAIL: gcc.dg/torture/tls/tls-test.c -Os -pie -fPIE (test for excess errors)
UNRESOLVED: gcc.dg/torture/tls/tls-test.c -Os -pie -fPIE compilation failed to produce executable
FAIL: gcc.target/i386/pr56114.c (test for excess errors)
=== gcc Summary for unix/-m64 ===
# of expected passes 97407
# of unexpected failures 172
# of expected failures 251
# of unresolved testcases 60
# of unsupported tests 2272
=== gcc Summary ===
# of expected passes 194710
# of unexpected failures 192
# of expected failures 500
# of unresolved testcases 60
# of unsupported tests 4237
/home/guerby/build/gcc/xgcc version 4.9.0 20131015 (experimental) [trunk revision 203624] (GCC)
=== g++ tests ===
Running target unix/-m32
FAIL: g++.dg/asan/asan_test.C -O2 AddressSanitizer_pread64 pread64(fd, x, 15, 0) execution test
FAIL: g++.dg/asan/asan_test.C -O2 AddressSanitizer_pread pread(fd, x, 15, 0) execution test
FAIL: g++.dg/other/anon5.C -std=gnu++98 (test for excess errors)
FAIL: g++.dg/other/anon5.C -std=gnu++11 (test for excess errors)
=== g++ Summary for unix/-m32 ===
# of expected passes 57632
# of unexpected failures 4
# of expected failures 293
# of unsupported tests 807
Running target unix/-m64
FAIL: c-c++-common/asan/clone-test-1.c -O0 execution test
FAIL: c-c++-common/asan/clone-test-1.c -O1 execution test
FAIL: c-c++-common/asan/clone-test-1.c -O2 execution test
FAIL: c-c++-common/asan/clone-test-1.c -O3 -fomit-frame-pointer execution test
FAIL: c-c++-common/asan/clone-test-1.c -O3 -fomit-frame-pointer -funroll-loops execution test
FAIL: c-c++-common/asan/clone-test-1.c -O3 -fomit-frame-pointer -funroll-all-loops -finline-functions execution test
FAIL: c-c++-common/asan/clone-test-1.c -O3 -g execution test
FAIL: c-c++-common/asan/clone-test-1.c -Os execution test
FAIL: c-c++-common/asan/clone-test-1.c -O2 -flto -flto-partition=none execution test
FAIL: c-c++-common/asan/clone-test-1.c -O2 -flto execution test
FAIL: c-c++-common/asan/global-overflow-1.c -O0 output pattern test, is ==8273== ERROR: AddressSanitizer failed to allocate 0xdfff0001000 (15392894357504) bytes at address 0x02008fff7000 (12)
FAIL: c-c++-common/asan/global-overflow-1.c -O1 output pattern test, is ==8292== ERROR: AddressSanitizer failed to allocate 0xdfff0001000 (15392894357504) bytes at address 0x02008fff7000 (12)
FAIL: c-c++-common/asan/global-overflow-1.c -O2 output pattern test, is ==8310== ERROR: AddressSanitizer failed to allocate 0xdfff0001000 (15392894357504) bytes at address 0x02008fff7000 (12)
FAIL: c-c++-common/asan/global-overflow-1.c -O3 -fomit-frame-pointer output pattern test, is ==8327== ERROR: AddressSanitizer failed to allocate 0xdfff0001000 (15392894357504) bytes at address 0x02008fff7000 (12)
FAIL: c-c++-common/asan/global-overflow-1.c -O3 -g output pattern test, is ==8344== ERROR: AddressSanitizer failed to allocate 0xdfff0001000 (15392894357504) bytes at address 0x02008fff7000 (12)
FAIL: c-c++-common/asan/global-overflow-1.c -Os output pattern test, is ==8368== ERROR: AddressSanitizer failed to allocate 0xdfff0001000 (15392894357504) bytes at address 0x02008fff7000 (12)
FAIL: c-c++-common/asan/global-overflow-1.c -O2 -flto -flto-partition=none output pattern test, is ==8429== ERROR: AddressSanitizer failed to allocate 0xdfff0001000 (15392894357504) bytes at address 0x02008fff7000 (12)
FAIL: c-c++-common/asan/global-overflow-1.c -O2 -flto output pattern test, is ==8494== ERROR: AddressSanitizer failed to allocate 0xdfff0001000 (15392894357504) bytes at address 0x02008fff7000 (12)
FAIL: c-c++-common/asan/heap-overflow-1.c -O0 output pattern test, is ==8516== ERROR: AddressSanitizer failed to allocate 0xdfff0001000 (15392894357504) bytes at address 0x02008fff7000 (12)
FAIL: c-c++-common/asan/heap-overflow-1.c -O1 output pattern test, is ==8534== ERROR: AddressSanitizer failed to allocate 0xdfff0001000 (15392894357504) bytes at address 0x02008fff7000 (12)
FAIL: c-c++-common/asan/heap-overflow-1.c -O2 output pattern test, is ==8558== ERROR: AddressSanitizer failed to allocate 0xdfff0001000 (15392894357504) bytes at address 0x02008fff7000 (12)
FAIL: c-c++-common/asan/heap-overflow-1.c -O3 -fomit-frame-pointer output pattern test, is ==8587== ERROR: AddressSanitizer failed to allocate 0xdfff0001000 (15392894357504) bytes at address 0x02008fff7000 (12)
FAIL: c-c++-common/asan/heap-overflow-1.c -O3 -g output pattern test, is ==8606== ERROR: AddressSanitizer failed to allocate 0xdfff0001000 (15392894357504) bytes at address 0x02008fff7000 (12)
FAIL: c-c++-common/asan/heap-overflow-1.c -Os output pattern test, is ==8626== ERROR: AddressSanitizer failed to allocate 0xdfff0001000 (15392894357504) bytes at address 0x02008fff7000 (12)
FAIL: c-c++-common/asan/heap-overflow-1.c -O2 -flto -flto-partition=none output pattern test, is ==8693== ERROR: AddressSanitizer failed to allocate 0xdfff0001000 (15392894357504) bytes at address 0x02008fff7000 (12)
FAIL: c-c++-common/asan/heap-overflow-1.c -O2 -flto output pattern test, is ==8752== ERROR: AddressSanitizer failed to allocate 0xdfff0001000 (15392894357504) bytes at address 0x02008fff7000 (12)
FAIL: c-c++-common/asan/memcmp-1.c -O0 output pattern test, is ==8789== ERROR: AddressSanitizer failed to allocate 0xdfff0001000 (15392894357504) bytes at address 0x02008fff7000 (12)
FAIL: c-c++-common/asan/memcmp-1.c -O1 output pattern test, is ==8811== ERROR: AddressSanitizer failed to allocate 0xdfff0001000 (15392894357504) bytes at address 0x02008fff7000 (12)
FAIL: c-c++-common/asan/memcmp-1.c -O2 output pattern test, is ==8836== ERROR: AddressSanitizer failed to allocate 0xdfff0001000 (15392894357504) bytes at address 0x02008fff7000 (12)
FAIL: c-c++-common/asan/memcmp-1.c -O3 -fomit-frame-pointer output pattern test, is ==8856== ERROR: AddressSanitizer failed to allocate 0xdfff0001000 (15392894357504) bytes at address 0x02008fff7000 (12)
FAIL: c-c++-common/asan/memcmp-1.c -O3 -g output pattern test, is ==8879== ERROR: AddressSanitizer failed to allocate 0xdfff0001000 (15392894357504) bytes at address 0x02008fff7000 (12)
FAIL: c-c++-common/asan/memcmp-1.c -Os output pattern test, is ==8914== ERROR: AddressSanitizer failed to allocate 0xdfff0001000 (15392894357504) bytes at address 0x02008fff7000 (12)
FAIL: c-c++-common/asan/memcmp-1.c -O2 -flto -flto-partition=none output pattern test, is ==8967== ERROR: AddressSanitizer failed to allocate 0xdfff0001000 (15392894357504) bytes at address 0x02008fff7000 (12)
FAIL: c-c++-common/asan/memcmp-1.c -O2 -flto output pattern test, is ==9018== ERROR: AddressSanitizer failed to allocate 0xdfff0001000 (15392894357504) bytes at address 0x02008fff7000 (12)
FAIL: c-c++-common/asan/null-deref-1.c -O0 output pattern test, is ==9207== ERROR: AddressSanitizer failed to allocate 0xdfff0001000 (15392894357504) bytes at address 0x02008fff7000 (12)
FAIL: c-c++-common/asan/null-deref-1.c -O1 output pattern test, is ==9232== ERROR: AddressSanitizer failed to allocate 0xdfff0001000 (15392894357504) bytes at address 0x02008fff7000 (12)
FAIL: c-c++-common/asan/null-deref-1.c -O2 output pattern test, is ==9251== ERROR: AddressSanitizer failed to allocate 0xdfff0001000 (15392894357504) bytes at address 0x02008fff7000 (12)
FAIL: c-c++-common/asan/null-deref-1.c -O3 -fomit-frame-pointer output pattern test, is ==9269== ERROR: AddressSanitizer failed to allocate 0xdfff0001000 (15392894357504) bytes at address 0x02008fff7000 (12)
FAIL: c-c++-common/asan/null-deref-1.c -O3 -g output pattern test, is ==9290== ERROR: AddressSanitizer failed to allocate 0xdfff0001000 (15392894357504) bytes at address 0x02008fff7000 (12)
FAIL: c-c++-common/asan/null-deref-1.c -Os output pattern test, is ==9307== ERROR: AddressSanitizer failed to allocate 0xdfff0001000 (15392894357504) bytes at address 0x02008fff7000 (12)
FAIL: c-c++-common/asan/null-deref-1.c -O2 -flto -flto-partition=none output pattern test, is ==9363== ERROR: AddressSanitizer failed to allocate 0xdfff0001000 (15392894357504) bytes at address 0x02008fff7000 (12)
FAIL: c-c++-common/asan/null-deref-1.c -O2 -flto output pattern test, is ==9418== ERROR: AddressSanitizer failed to allocate 0xdfff0001000 (15392894357504) bytes at address 0x02008fff7000 (12)
FAIL: c-c++-common/asan/rlimit-mmap-test-1.c -O0 output pattern test, is ==9698== ERROR: AddressSanitizer failed to allocate 0xdfff0001000 (15392894357504) bytes at address 0x02008fff7000 (12)
FAIL: c-c++-common/asan/sanity-check-pure-c-1.c -O0 output pattern test, is ==9722== ERROR: AddressSanitizer failed to allocate 0xdfff0001000 (15392894357504) bytes at address 0x02008fff7000 (12)
FAIL: c-c++-common/asan/sanity-check-pure-c-1.c -O1 output pattern test, is ==9782== ERROR: AddressSanitizer failed to allocate 0xdfff0001000 (15392894357504) bytes at address 0x02008fff7000 (12)
FAIL: c-c++-common/asan/sanity-check-pure-c-1.c -O2 output pattern test, is ==9809== ERROR: AddressSanitizer failed to allocate 0xdfff0001000 (15392894357504) bytes at address 0x02008fff7000 (12)
FAIL: c-c++-common/asan/sanity-check-pure-c-1.c -O3 -fomit-frame-pointer output pattern test, is ==9840== ERROR: AddressSanitizer failed to allocate 0xdfff0001000 (15392894357504) bytes at address 0x02008fff7000 (12)
FAIL: c-c++-common/asan/sanity-check-pure-c-1.c -O3 -g output pattern test, is ==9903== ERROR: AddressSanitizer failed to allocate 0xdfff0001000 (15392894357504) bytes at address 0x02008fff7000 (12)
FAIL: c-c++-common/asan/sanity-check-pure-c-1.c -Os output pattern test, is ==9929== ERROR: AddressSanitizer failed to allocate 0xdfff0001000 (15392894357504) bytes at address 0x02008fff7000 (12)
FAIL: c-c++-common/asan/sanity-check-pure-c-1.c -O2 -flto -flto-partition=none output pattern test, is ==9996== ERROR: AddressSanitizer failed to allocate 0xdfff0001000 (15392894357504) bytes at address 0x02008fff7000 (12)
FAIL: c-c++-common/asan/sanity-check-pure-c-1.c -O2 -flto output pattern test, is ==10096== ERROR: AddressSanitizer failed to allocate 0xdfff0001000 (15392894357504) bytes at address 0x02008fff7000 (12)
FAIL: c-c++-common/asan/sleep-before-dying-1.c -O2 output pattern test, is ==10165== ERROR: AddressSanitizer failed to allocate 0xdfff0001000 (15392894357504) bytes at address 0x02008fff7000 (12)
FAIL: c-c++-common/asan/sleep-before-dying-1.c -O2 -flto -flto-partition=none output pattern test, is ==10322== ERROR: AddressSanitizer failed to allocate 0xdfff0001000 (15392894357504) bytes at address 0x02008fff7000 (12)
FAIL: c-c++-common/asan/sleep-before-dying-1.c -O2 -flto output pattern test, is ==10400== ERROR: AddressSanitizer failed to allocate 0xdfff0001000 (15392894357504) bytes at address 0x02008fff7000 (12)
FAIL: c-c++-common/asan/stack-overflow-1.c -O0 output pattern test, is ==10517== ERROR: AddressSanitizer failed to allocate 0xdfff0001000 (15392894357504) bytes at address 0x02008fff7000 (12)
FAIL: c-c++-common/asan/stack-overflow-1.c -O1 output pattern test, is ==10538== ERROR: AddressSanitizer failed to allocate 0xdfff0001000 (15392894357504) bytes at address 0x02008fff7000 (12)
FAIL: c-c++-common/asan/stack-overflow-1.c -O2 output pattern test, is ==10555== ERROR: AddressSanitizer failed to allocate 0xdfff0001000 (15392894357504) bytes at address 0x02008fff7000 (12)
FAIL: c-c++-common/asan/stack-overflow-1.c -O3 -fomit-frame-pointer output pattern test, is ==10592== ERROR: AddressSanitizer failed to allocate 0xdfff0001000 (15392894357504) bytes at address 0x02008fff7000 (12)
FAIL: c-c++-common/asan/stack-overflow-1.c -O3 -g output pattern test, is ==10621== ERROR: AddressSanitizer failed to allocate 0xdfff0001000 (15392894357504) bytes at address 0x02008fff7000 (12)
FAIL: c-c++-common/asan/stack-overflow-1.c -Os output pattern test, is ==10650== ERROR: AddressSanitizer failed to allocate 0xdfff0001000 (15392894357504) bytes at address 0x02008fff7000 (12)
FAIL: c-c++-common/asan/stack-overflow-1.c -O2 -flto -flto-partition=none output pattern test, is ==10738== ERROR: AddressSanitizer failed to allocate 0xdfff0001000 (15392894357504) bytes at address 0x02008fff7000 (12)
FAIL: c-c++-common/asan/stack-overflow-1.c -O2 -flto output pattern test, is ==10818== ERROR: AddressSanitizer failed to allocate 0xdfff0001000 (15392894357504) bytes at address 0x02008fff7000 (12)
FAIL: c-c++-common/asan/strip-path-prefix-1.c -O2 output pattern test, is ==10886== ERROR: AddressSanitizer failed to allocate 0xdfff0001000 (15392894357504) bytes at address 0x02008fff7000 (12)
FAIL: c-c++-common/asan/strip-path-prefix-1.c -O2 -flto -flto-partition=none output pattern test, is ==11019== ERROR: AddressSanitizer failed to allocate 0xdfff0001000 (15392894357504) bytes at address 0x02008fff7000 (12)
FAIL: c-c++-common/asan/strip-path-prefix-1.c -O2 -flto output pattern test, is ==11120== ERROR: AddressSanitizer failed to allocate 0xdfff0001000 (15392894357504) bytes at address 0x02008fff7000 (12)
FAIL: c-c++-common/asan/strncpy-overflow-1.c -O0 output pattern test, is ==11168== ERROR: AddressSanitizer failed to allocate 0xdfff0001000 (15392894357504) bytes at address 0x02008fff7000 (12)
FAIL: c-c++-common/asan/strncpy-overflow-1.c -O1 output pattern test, is ==11218== ERROR: AddressSanitizer failed to allocate 0xdfff0001000 (15392894357504) bytes at address 0x02008fff7000 (12)
FAIL: c-c++-common/asan/strncpy-overflow-1.c -O2 output pattern test, is ==11244== ERROR: AddressSanitizer failed to allocate 0xdfff0001000 (15392894357504) bytes at address 0x02008fff7000 (12)
FAIL: c-c++-common/asan/strncpy-overflow-1.c -O3 -fomit-frame-pointer output pattern test, is ==11294== ERROR: AddressSanitizer failed to allocate 0xdfff0001000 (15392894357504) bytes at address 0x02008fff7000 (12)
FAIL: c-c++-common/asan/strncpy-overflow-1.c -O3 -g output pattern test, is ==11432== ERROR: AddressSanitizer failed to allocate 0xdfff0001000 (15392894357504) bytes at address 0x02008fff7000 (12)
FAIL: c-c++-common/asan/strncpy-overflow-1.c -Os output pattern test, is ==11512== ERROR: AddressSanitizer failed to allocate 0xdfff0001000 (15392894357504) bytes at address 0x02008fff7000 (12)
FAIL: c-c++-common/asan/strncpy-overflow-1.c -O2 -flto -flto-partition=none output pattern test, is ==11647== ERROR: AddressSanitizer failed to allocate 0xdfff0001000 (15392894357504) bytes at address 0x02008fff7000 (12)
FAIL: c-c++-common/asan/strncpy-overflow-1.c -O2 -flto output pattern test, is ==11784== ERROR: AddressSanitizer failed to allocate 0xdfff0001000 (15392894357504) bytes at address 0x02008fff7000 (12)
FAIL: c-c++-common/asan/swapcontext-test-1.c -O0 execution test
FAIL: c-c++-common/asan/swapcontext-test-1.c -O1 execution test
FAIL: c-c++-common/asan/swapcontext-test-1.c -O2 execution test
FAIL: c-c++-common/asan/swapcontext-test-1.c -O3 -fomit-frame-pointer execution test
FAIL: c-c++-common/asan/swapcontext-test-1.c -O3 -fomit-frame-pointer -funroll-loops execution test
FAIL: c-c++-common/asan/swapcontext-test-1.c -O3 -fomit-frame-pointer -funroll-all-loops -finline-functions execution test
FAIL: c-c++-common/asan/swapcontext-test-1.c -O3 -g execution test
FAIL: c-c++-common/asan/swapcontext-test-1.c -Os execution test
FAIL: c-c++-common/asan/swapcontext-test-1.c -O2 -flto -flto-partition=none execution test
FAIL: c-c++-common/asan/swapcontext-test-1.c -O2 -flto execution test
FAIL: c-c++-common/asan/use-after-free-1.c -O0 output pattern test, is ==12667== ERROR: AddressSanitizer failed to allocate 0xdfff0001000 (15392894357504) bytes at address 0x02008fff7000 (12)
FAIL: c-c++-common/asan/use-after-free-1.c -O1 output pattern test, is ==12709== ERROR: AddressSanitizer failed to allocate 0xdfff0001000 (15392894357504) bytes at address 0x02008fff7000 (12)
FAIL: c-c++-common/asan/use-after-free-1.c -O2 output pattern test, is ==12773== ERROR: AddressSanitizer failed to allocate 0xdfff0001000 (15392894357504) bytes at address 0x02008fff7000 (12)
FAIL: c-c++-common/asan/use-after-free-1.c -O3 -fomit-frame-pointer output pattern test, is ==12805== ERROR: AddressSanitizer failed to allocate 0xdfff0001000 (15392894357504) bytes at address 0x02008fff7000 (12)
FAIL: c-c++-common/asan/use-after-free-1.c -O3 -g output pattern test, is ==12826== ERROR: AddressSanitizer failed to allocate 0xdfff0001000 (15392894357504) bytes at address 0x02008fff7000 (12)
FAIL: c-c++-common/asan/use-after-free-1.c -Os output pattern test, is ==12853== ERROR: AddressSanitizer failed to allocate 0xdfff0001000 (15392894357504) bytes at address 0x02008fff7000 (12)
FAIL: c-c++-common/asan/use-after-free-1.c -O2 -flto -flto-partition=none output pattern test, is ==12965== ERROR: AddressSanitizer failed to allocate 0xdfff0001000 (15392894357504) bytes at address 0x02008fff7000 (12)
FAIL: c-c++-common/asan/use-after-free-1.c -O2 -flto output pattern test, is ==13087== ERROR: AddressSanitizer failed to allocate 0xdfff0001000 (15392894357504) bytes at address 0x02008fff7000 (12)
FAIL: g++.dg/asan/deep-stack-uaf-1.C -O0 output pattern test, is ==13212== ERROR: AddressSanitizer failed to allocate 0xdfff0001000 (15392894357504) bytes at address 0x02008fff7000 (12)
FAIL: g++.dg/asan/deep-stack-uaf-1.C -O1 output pattern test, is ==13290== ERROR: AddressSanitizer failed to allocate 0xdfff0001000 (15392894357504) bytes at address 0x02008fff7000 (12)
FAIL: g++.dg/asan/deep-stack-uaf-1.C -O2 output pattern test, is ==13443== ERROR: AddressSanitizer failed to allocate 0xdfff0001000 (15392894357504) bytes at address 0x02008fff7000 (12)
FAIL: g++.dg/asan/deep-stack-uaf-1.C -O3 -fomit-frame-pointer output pattern test, is ==13455== ERROR: AddressSanitizer failed to allocate 0xdfff0001000 (15392894357504) bytes at address 0x02008fff7000 (12)
FAIL: g++.dg/asan/deep-stack-uaf-1.C -O3 -g output pattern test, is ==13467== ERROR: AddressSanitizer failed to allocate 0xdfff0001000 (15392894357504) bytes at address 0x02008fff7000 (12)
FAIL: g++.dg/asan/deep-stack-uaf-1.C -Os output pattern test, is ==13479== ERROR: AddressSanitizer failed to allocate 0xdfff0001000 (15392894357504) bytes at address 0x02008fff7000 (12)
FAIL: g++.dg/asan/deep-tail-call-1.C -O0 output pattern test, is ==13491== ERROR: AddressSanitizer failed to allocate 0xdfff0001000 (15392894357504) bytes at address 0x02008fff7000 (12)
FAIL: g++.dg/asan/deep-tail-call-1.C -O1 output pattern test, is ==13503== ERROR: AddressSanitizer failed to allocate 0xdfff0001000 (15392894357504) bytes at address 0x02008fff7000 (12)
FAIL: g++.dg/asan/deep-tail-call-1.C -O2 output pattern test, is ==13515== ERROR: AddressSanitizer failed to allocate 0xdfff0001000 (15392894357504) bytes at address 0x02008fff7000 (12)
FAIL: g++.dg/asan/deep-tail-call-1.C -O3 -fomit-frame-pointer output pattern test, is ==13527== ERROR: AddressSanitizer failed to allocate 0xdfff0001000 (15392894357504) bytes at address 0x02008fff7000 (12)
FAIL: g++.dg/asan/deep-tail-call-1.C -O3 -g output pattern test, is ==13539== ERROR: AddressSanitizer failed to allocate 0xdfff0001000 (15392894357504) bytes at address 0x02008fff7000 (12)
FAIL: g++.dg/asan/deep-tail-call-1.C -Os output pattern test, is ==13551== ERROR: AddressSanitizer failed to allocate 0xdfff0001000 (15392894357504) bytes at address 0x02008fff7000 (12)
FAIL: g++.dg/asan/deep-tail-call-1.C -O2 -flto -flto-partition=none output pattern test, is ==13584== ERROR: AddressSanitizer failed to allocate 0xdfff0001000 (15392894357504) bytes at address 0x02008fff7000 (12)
FAIL: g++.dg/asan/deep-tail-call-1.C -O2 -flto output pattern test, is ==13619== ERROR: AddressSanitizer failed to allocate 0xdfff0001000 (15392894357504) bytes at address 0x02008fff7000 (12)
FAIL: g++.dg/asan/deep-thread-stack-1.C -O0 output pattern test, is ==13638== ERROR: AddressSanitizer failed to allocate 0xdfff0001000 (15392894357504) bytes at address 0x02008fff7000 (12)
FAIL: g++.dg/asan/deep-thread-stack-1.C -O1 output pattern test, is ==13666== ERROR: AddressSanitizer failed to allocate 0xdfff0001000 (15392894357504) bytes at address 0x02008fff7000 (12)
FAIL: g++.dg/asan/deep-thread-stack-1.C -O2 output pattern test, is ==13716== ERROR: AddressSanitizer failed to allocate 0xdfff0001000 (15392894357504) bytes at address 0x02008fff7000 (12)
FAIL: g++.dg/asan/deep-thread-stack-1.C -O3 -fomit-frame-pointer output pattern test, is ==13728== ERROR: AddressSanitizer failed to allocate 0xdfff0001000 (15392894357504) bytes at address 0x02008fff7000 (12)
FAIL: g++.dg/asan/deep-thread-stack-1.C -O3 -g output pattern test, is ==13740== ERROR: AddressSanitizer failed to allocate 0xdfff0001000 (15392894357504) bytes at address 0x02008fff7000 (12)
FAIL: g++.dg/asan/deep-thread-stack-1.C -Os output pattern test, is ==13752== ERROR: AddressSanitizer failed to allocate 0xdfff0001000 (15392894357504) bytes at address 0x02008fff7000 (12)
FAIL: g++.dg/asan/deep-thread-stack-1.C -O2 -flto -flto-partition=none output pattern test, is ==13785== ERROR: AddressSanitizer failed to allocate 0xdfff0001000 (15392894357504) bytes at address 0x02008fff7000 (12)
FAIL: g++.dg/asan/deep-thread-stack-1.C -O2 -flto output pattern test, is ==13820== ERROR: AddressSanitizer failed to allocate 0xdfff0001000 (15392894357504) bytes at address 0x02008fff7000 (12)
FAIL: g++.dg/asan/default-options-1.C -O0 execution test
FAIL: g++.dg/asan/default-options-1.C -O1 execution test
FAIL: g++.dg/asan/default-options-1.C -O2 execution test
FAIL: g++.dg/asan/default-options-1.C -O3 -fomit-frame-pointer execution test
FAIL: g++.dg/asan/default-options-1.C -O3 -g execution test
FAIL: g++.dg/asan/default-options-1.C -Os execution test
FAIL: g++.dg/asan/default-options-1.C -O2 -flto -flto-partition=none execution test
FAIL: g++.dg/asan/default-options-1.C -O2 -flto execution test
FAIL: g++.dg/asan/interception-failure-test-1.C -O0 execution test
FAIL: g++.dg/asan/interception-failure-test-1.C -O1 execution test
FAIL: g++.dg/asan/interception-failure-test-1.C -O2 execution test
FAIL: g++.dg/asan/interception-failure-test-1.C -O3 -fomit-frame-pointer execution test
FAIL: g++.dg/asan/interception-failure-test-1.C -O3 -g execution test
FAIL: g++.dg/asan/interception-failure-test-1.C -Os execution test
FAIL: g++.dg/asan/interception-failure-test-1.C -O2 -flto -flto-partition=none execution test
FAIL: g++.dg/asan/interception-failure-test-1.C -O2 -flto execution test
FAIL: g++.dg/asan/interception-malloc-test-1.C -O0 output pattern test, is ==14146== ERROR: AddressSanitizer failed to allocate 0xdfff0001000 (15392894357504) bytes at address 0x02008fff7000 (12)
FAIL: g++.dg/asan/interception-malloc-test-1.C -O1 output pattern test, is ==14158== ERROR: AddressSanitizer failed to allocate 0xdfff0001000 (15392894357504) bytes at address 0x02008fff7000 (12)
FAIL: g++.dg/asan/interception-malloc-test-1.C -O2 output pattern test, is ==14172== ERROR: AddressSanitizer failed to allocate 0xdfff0001000 (15392894357504) bytes at address 0x02008fff7000 (12)
FAIL: g++.dg/asan/interception-malloc-test-1.C -O3 -fomit-frame-pointer output pattern test, is ==14199== ERROR: AddressSanitizer failed to allocate 0xdfff0001000 (15392894357504) bytes at address 0x02008fff7000 (12)
FAIL: g++.dg/asan/interception-malloc-test-1.C -O3 -g output pattern test, is ==14211== ERROR: AddressSanitizer failed to allocate 0xdfff0001000 (15392894357504) bytes at address 0x02008fff7000 (12)
FAIL: g++.dg/asan/interception-malloc-test-1.C -Os output pattern test, is ==14223== ERROR: AddressSanitizer failed to allocate 0xdfff0001000 (15392894357504) bytes at address 0x02008fff7000 (12)
FAIL: g++.dg/asan/interception-malloc-test-1.C -O2 -flto -flto-partition=none output pattern test, is ==14284== ERROR: AddressSanitizer failed to allocate 0xdfff0001000 (15392894357504) bytes at address 0x02008fff7000 (12)
FAIL: g++.dg/asan/interception-malloc-test-1.C -O2 -flto output pattern test, is ==14325== ERROR: AddressSanitizer failed to allocate 0xdfff0001000 (15392894357504) bytes at address 0x02008fff7000 (12)
FAIL: g++.dg/asan/interception-test-1.C -O0 output pattern test, is ==14337== ERROR: AddressSanitizer failed to allocate 0xdfff0001000 (15392894357504) bytes at address 0x02008fff7000 (12)
FAIL: g++.dg/asan/interception-test-1.C -O1 output pattern test, is ==14349== ERROR: AddressSanitizer failed to allocate 0xdfff0001000 (15392894357504) bytes at address 0x02008fff7000 (12)
FAIL: g++.dg/asan/interception-test-1.C -O2 output pattern test, is ==14361== ERROR: AddressSanitizer failed to allocate 0xdfff0001000 (15392894357504) bytes at address 0x02008fff7000 (12)
FAIL: g++.dg/asan/interception-test-1.C -O3 -fomit-frame-pointer output pattern test, is ==14373== ERROR: AddressSanitizer failed to allocate 0xdfff0001000 (15392894357504) bytes at address 0x02008fff7000 (12)
FAIL: g++.dg/asan/interception-test-1.C -O3 -g output pattern test, is ==14385== ERROR: AddressSanitizer failed to allocate 0xdfff0001000 (15392894357504) bytes at address 0x02008fff7000 (12)
FAIL: g++.dg/asan/interception-test-1.C -Os output pattern test, is ==14397== ERROR: AddressSanitizer failed to allocate 0xdfff0001000 (15392894357504) bytes at address 0x02008fff7000 (12)
FAIL: g++.dg/asan/interception-test-1.C -O2 -flto -flto-partition=none output pattern test, is ==14430== ERROR: AddressSanitizer failed to allocate 0xdfff0001000 (15392894357504) bytes at address 0x02008fff7000 (12)
FAIL: g++.dg/asan/interception-test-1.C -O2 -flto output pattern test, is ==14482== ERROR: AddressSanitizer failed to allocate 0xdfff0001000 (15392894357504) bytes at address 0x02008fff7000 (12)
FAIL: g++.dg/asan/large-func-test-1.C -O0 output pattern test, is ==14494== ERROR: AddressSanitizer failed to allocate 0xdfff0001000 (15392894357504) bytes at address 0x02008fff7000 (12)
FAIL: g++.dg/asan/large-func-test-1.C -O1 output pattern test, is ==14506== ERROR: AddressSanitizer failed to allocate 0xdfff0001000 (15392894357504) bytes at address 0x02008fff7000 (12)
FAIL: g++.dg/asan/large-func-test-1.C -O2 output pattern test, is ==14518== ERROR: AddressSanitizer failed to allocate 0xdfff0001000 (15392894357504) bytes at address 0x02008fff7000 (12)
FAIL: g++.dg/asan/large-func-test-1.C -O3 -fomit-frame-pointer output pattern test, is ==14530== ERROR: AddressSanitizer failed to allocate 0xdfff0001000 (15392894357504) bytes at address 0x02008fff7000 (12)
FAIL: g++.dg/asan/large-func-test-1.C -O3 -g output pattern test, is ==14559== ERROR: AddressSanitizer failed to allocate 0xdfff0001000 (15392894357504) bytes at address 0x02008fff7000 (12)
FAIL: g++.dg/asan/large-func-test-1.C -Os output pattern test, is ==14571== ERROR: AddressSanitizer failed to allocate 0xdfff0001000 (15392894357504) bytes at address 0x02008fff7000 (12)
FAIL: g++.dg/asan/large-func-test-1.C -O2 -flto -flto-partition=none output pattern test, is ==14604== ERROR: AddressSanitizer failed to allocate 0xdfff0001000 (15392894357504) bytes at address 0x02008fff7000 (12)
FAIL: g++.dg/asan/large-func-test-1.C -O2 -flto output pattern test, is ==14656== ERROR: AddressSanitizer failed to allocate 0xdfff0001000 (15392894357504) bytes at address 0x02008fff7000 (12)
FAIL: g++.dg/asan/pr55617.C -O0 execution test
FAIL: g++.dg/asan/pr55617.C -O1 execution test
FAIL: g++.dg/asan/pr55617.C -O2 execution test
FAIL: g++.dg/asan/pr55617.C -O3 -fomit-frame-pointer execution test
FAIL: g++.dg/asan/pr55617.C -O3 -g execution test
FAIL: g++.dg/asan/pr55617.C -Os execution test
FAIL: g++.dg/asan/pr55617.C -O2 -flto -flto-partition=none execution test
FAIL: g++.dg/asan/pr55617.C -O2 -flto execution test
FAIL: g++.dg/asan/symbolize-callback-1.C -O2 output pattern test, is ==14808== ERROR: AddressSanitizer failed to allocate 0xdfff0001000 (15392894357504) bytes at address 0x02008fff7000 (12)
FAIL: g++.dg/asan/symbolize-callback-1.C -O2 -flto -flto-partition=none output pattern test, is ==14872== ERROR: AddressSanitizer failed to allocate 0xdfff0001000 (15392894357504) bytes at address 0x02008fff7000 (12)
FAIL: g++.dg/asan/symbolize-callback-1.C -O2 -flto output pattern test, is ==14922== ERROR: AddressSanitizer failed to allocate 0xdfff0001000 (15392894357504) bytes at address 0x02008fff7000 (12)
FAIL: g++.dg/other/anon5.C -std=gnu++98 (test for excess errors)
FAIL: g++.dg/other/anon5.C -std=gnu++11 (test for excess errors)
=== g++ Summary for unix/-m64 ===
# of expected passes 56950
# of unexpected failures 166
# of expected failures 293
# of unsupported tests 1059
=== g++ Summary ===
# of expected passes 114582
# of unexpected failures 170
# of expected failures 586
# of unsupported tests 1866
/home/guerby/build/gcc/testsuite/g++/../../xg++ version 4.9.0 20131015 (experimental) [trunk revision 203624] (GCC)
=== gnat tests ===
Running target unix/-m32
=== gnat Summary for unix/-m32 ===
# of expected passes 1200
# of expected failures 18
# of unsupported tests 3
Running target unix/-m64
=== gnat Summary for unix/-m64 ===
# of expected passes 1200
# of expected failures 18
# of unsupported tests 3
=== gnat Summary ===
# of expected passes 2400
# of expected failures 36
# of unsupported tests 6
/home/guerby/build/gcc/gnatmake version 4.9.0 20131015 (experimental) [trunk revision 203624]
=== libatomic tests ===
Running target unix/-m32
=== libatomic Summary for unix/-m32 ===
# of expected passes 44
# of unsupported tests 5
Running target unix/-m64
=== libatomic Summary for unix/-m64 ===
# of expected passes 54
=== libatomic Summary ===
# of expected passes 98
# of unsupported tests 5
=== libgomp tests ===
Running target unix/-m32
=== libgomp Summary for unix/-m32 ===
# of expected passes 621
Running target unix/-m64
=== libgomp Summary for unix/-m64 ===
# of expected passes 621
=== libgomp Summary ===
# of expected passes 1242
=== libitm tests ===
Running target unix/-m32
=== libitm Summary for unix/-m32 ===
# of expected passes 26
# of expected failures 3
# of unsupported tests 1
Running target unix/-m64
=== libitm Summary for unix/-m64 ===
# of expected passes 26
# of expected failures 3
# of unsupported tests 1
=== libitm Summary ===
# of expected passes 52
# of expected failures 6
# of unsupported tests 2
=== libmudflap tests ===
Running target unix/-m32
FAIL: libmudflap.c/fail17-frag.c (-static) (test for excess errors)
FAIL: libmudflap.c/fail23-frag.c (-static) (test for excess errors)
FAIL: libmudflap.c/fail25-frag.c (-static) (test for excess errors)
FAIL: libmudflap.c/fail4-frag.c (-static) (test for excess errors)
FAIL: libmudflap.c/fail5-frag.c (-static) (test for excess errors)
FAIL: libmudflap.c/fail6-frag.c (-static) (test for excess errors)
FAIL: libmudflap.c/fail7-frag.c (-static) (test for excess errors)
FAIL: libmudflap.c/fail8-frag.c (-static) (test for excess errors)
FAIL: libmudflap.c/fail9-frag.c (-static) (test for excess errors)
FAIL: libmudflap.c/heap-scalestress.c (-static) (test for excess errors)
FAIL: libmudflap.c/hook-allocstuff.c (-static) (test for excess errors)
FAIL: libmudflap.c/pass-stratcliff.c (-static) (test for excess errors)
FAIL: libmudflap.c/pass30-frag.c (-static) (test for excess errors)
FAIL: libmudflap.c/pass30-frag.c (-static) (test for excess errors)
FAIL: libmudflap.c/pass4-frag.c (-static) (test for excess errors)
FAIL: libmudflap.c/pass4-frag.c (-static) (test for excess errors)
FAIL: libmudflap.c/pass45-frag.c (-static) (test for excess errors)
FAIL: libmudflap.c/pass45-frag.c (-static) (test for excess errors)
FAIL: libmudflap.c/pass46-frag.c (-static) (test for excess errors)
FAIL: libmudflap.c/pass46-frag.c (-static) (test for excess errors)
FAIL: libmudflap.c/pass47-frag.c (-static) (test for excess errors)
FAIL: libmudflap.c/pass47-frag.c (-static) (test for excess errors)
FAIL: libmudflap.c/pass49-frag.c (-static) (test for excess errors)
FAIL: libmudflap.c/pass49-frag.c (-static) (test for excess errors)
FAIL: libmudflap.c/pass5-frag.c (-static) (test for excess errors)
FAIL: libmudflap.c/pass5-frag.c (-static) (test for excess errors)
FAIL: libmudflap.c/pass51-frag.c (-static) (test for excess errors)
FAIL: libmudflap.c/pass51-frag.c (-static) (test for excess errors)
FAIL: libmudflap.c/pass52-frag.c (-static) (test for excess errors)
FAIL: libmudflap.c/pass52-frag.c (-static) (test for excess errors)
FAIL: libmudflap.c/pass6-frag.c (-static) (test for excess errors)
FAIL: libmudflap.c/pass6-frag.c (-static) (test for excess errors)
FAIL: libmudflap.c/pass7-frag.c (-static) (test for excess errors)
FAIL: libmudflap.c/pass7-frag.c (-static) (test for excess errors)
FAIL: libmudflap.c/pass8-frag.c (-static) (test for excess errors)
FAIL: libmudflap.c/pass8-frag.c (-static) (test for excess errors)
FAIL: libmudflap.c/pass9-frag.c (-static) (test for excess errors)
FAIL: libmudflap.c/pass9-frag.c (-static) (test for excess errors)
FAIL: libmudflap.c++/fail24-frag.cxx (-static) (test for excess errors)
FAIL: libmudflap.c++/pass31-frag.cxx (-static) (test for excess errors)
FAIL: libmudflap.c++/pass41-frag.cxx (-static) execution test
FAIL: libmudflap.c++/pass41-frag.cxx ( -O) execution test
FAIL: libmudflap.c++/pass41-frag.cxx (-O2) execution test
FAIL: libmudflap.c++/pass41-frag.cxx (-O3) execution test
FAIL: libmudflap.cth/pass37-frag.c (-static -DSTATIC) (test for excess errors)
FAIL: libmudflap.cth/pass39-frag.c (-static -DSTATIC) (test for excess errors)
FAIL: libmudflap.cth/pass40-frag.c (-static -DSTATIC) (test for excess errors)
FAIL: libmudflap.cth/pass59-frag.c (-static -DSTATIC) (test for excess errors)
=== libmudflap Summary for unix/-m32 ===
# of expected passes 1858
# of unexpected failures 48
Running target unix/-m64
FAIL: libmudflap.c/fail17-frag.c (-static) (test for excess errors)
FAIL: libmudflap.c/fail23-frag.c (-static) (test for excess errors)
FAIL: libmudflap.c/fail25-frag.c (-static) (test for excess errors)
FAIL: libmudflap.c/fail4-frag.c (-static) (test for excess errors)
FAIL: libmudflap.c/fail5-frag.c (-static) (test for excess errors)
FAIL: libmudflap.c/fail6-frag.c (-static) (test for excess errors)
FAIL: libmudflap.c/fail7-frag.c (-static) (test for excess errors)
FAIL: libmudflap.c/fail8-frag.c (-static) (test for excess errors)
FAIL: libmudflap.c/fail9-frag.c (-static) (test for excess errors)
FAIL: libmudflap.c/heap-scalestress.c (-static) (test for excess errors)
FAIL: libmudflap.c/hook-allocstuff.c (-static) (test for excess errors)
FAIL: libmudflap.c/pass-stratcliff.c (-static) (test for excess errors)
FAIL: libmudflap.c/pass30-frag.c (-static) (test for excess errors)
FAIL: libmudflap.c/pass30-frag.c (-static) (test for excess errors)
FAIL: libmudflap.c/pass4-frag.c (-static) (test for excess errors)
FAIL: libmudflap.c/pass4-frag.c (-static) (test for excess errors)
FAIL: libmudflap.c/pass45-frag.c (-static) (test for excess errors)
FAIL: libmudflap.c/pass45-frag.c (-static) (test for excess errors)
FAIL: libmudflap.c/pass46-frag.c (-static) (test for excess errors)
FAIL: libmudflap.c/pass46-frag.c (-static) (test for excess errors)
FAIL: libmudflap.c/pass47-frag.c (-static) (test for excess errors)
FAIL: libmudflap.c/pass47-frag.c (-static) (test for excess errors)
FAIL: libmudflap.c/pass49-frag.c (-static) (test for excess errors)
FAIL: libmudflap.c/pass49-frag.c (-static) (test for excess errors)
FAIL: libmudflap.c/pass5-frag.c (-static) (test for excess errors)
FAIL: libmudflap.c/pass5-frag.c (-static) (test for excess errors)
FAIL: libmudflap.c/pass51-frag.c (-static) (test for excess errors)
FAIL: libmudflap.c/pass51-frag.c (-static) (test for excess errors)
FAIL: libmudflap.c/pass52-frag.c (-static) (test for excess errors)
FAIL: libmudflap.c/pass52-frag.c (-static) (test for excess errors)
FAIL: libmudflap.c/pass6-frag.c (-static) (test for excess errors)
FAIL: libmudflap.c/pass6-frag.c (-static) (test for excess errors)
FAIL: libmudflap.c/pass7-frag.c (-static) (test for excess errors)
FAIL: libmudflap.c/pass7-frag.c (-static) (test for excess errors)
FAIL: libmudflap.c/pass8-frag.c (-static) (test for excess errors)
FAIL: libmudflap.c/pass8-frag.c (-static) (test for excess errors)
FAIL: libmudflap.c/pass9-frag.c (-static) (test for excess errors)
FAIL: libmudflap.c/pass9-frag.c (-static) (test for excess errors)
FAIL: libmudflap.c++/fail24-frag.cxx (-static) (test for excess errors)
FAIL: libmudflap.c++/pass31-frag.cxx (-static) (test for excess errors)
FAIL: libmudflap.c++/pass41-frag.cxx (-static) execution test
FAIL: libmudflap.c++/pass41-frag.cxx ( -O) execution test
FAIL: libmudflap.c++/pass41-frag.cxx (-O2) execution test
FAIL: libmudflap.c++/pass41-frag.cxx (-O3) execution test
FAIL: libmudflap.c++/pass55-frag.cxx (-O3) execution test
FAIL: libmudflap.cth/pass37-frag.c (-static -DSTATIC) (test for excess errors)
FAIL: libmudflap.cth/pass39-frag.c (-static -DSTATIC) (test for excess errors)
FAIL: libmudflap.cth/pass40-frag.c (-static -DSTATIC) (test for excess errors)
FAIL: libmudflap.cth/pass59-frag.c (-static -DSTATIC) (test for excess errors)
=== libmudflap Summary for unix/-m64 ===
# of expected passes 1857
# of unexpected failures 49
=== libmudflap Summary ===
# of expected passes 3715
# of unexpected failures 97
=== libstdc++ tests ===
Running target unix/-m32
FAIL: 22_locale/time_get/get_date/wchar_t/4.cc execution test
=== libstdc++ Summary for unix/-m32 ===
# of expected passes 9526
# of unexpected failures 1
# of expected failures 37
# of unsupported tests 221
Running target unix/-m64
FAIL: 22_locale/time_get/get_date/wchar_t/4.cc execution test
=== libstdc++ Summary for unix/-m64 ===
# of expected passes 9518
# of unexpected failures 1
# of expected failures 37
# of unsupported tests 225
=== libstdc++ Summary ===
# of expected passes 19044
# of unexpected failures 2
# of expected failures 74
# of unsupported tests 446
Compiler version: 4.9.0 20131015 (experimental) [trunk revision 203624]
Platform: x86_64-unknown-linux-gnu
configure flags: --prefix=/n/13/guerby/install-trunk --enable-languages=c,ada --enable-__cxa_atexit --disable-nls --enable-threads=posix --with-mpfr=/opt/cfarm/mpfr-2.4.1 --with-gmp=/opt/cfarm/gmp-4.2.4 --with-libelf=/opt/cfarm/libelf-0.8.12 --with-mpc=/opt/cfarm/mpc-0.8
More information about the Gcc-testresults
mailing list