Results for 4.9.0 20131009 (experimental) [trunk revision 203324] (GCC) testsuite on hppa2.0w-hp-hpux11.00
John David Anglin
dave@hiauly2.hia.nrc.ca
Tue Oct 15 00:21:00 GMT 2013
Native configuration is hppa2.0w-hp-hpux11.00
=== g++ tests ===
Running target unix
FAIL: g++.dg/cpp0x/udlit-string-literal.C (test for excess errors)
UNRESOLVED: g++.dg/ext/label13.C -std=gnu++98 compilation failed to produce executable
UNRESOLVED: g++.dg/ext/label13.C -std=gnu++11 compilation failed to produce executable
FAIL: c-c++-common/opaque-vector.c -std=c++98 (test for excess errors)
FAIL: c-c++-common/opaque-vector.c -std=c++11 (test for excess errors)
WARNING: program timed out.
FAIL: c-c++-common/simulate-thread/bitfields-2.c -Os -g thread simulation test
=== g++ Summary ===
# of expected passes 48315
# of unexpected failures 4
# of expected failures 295
# of unresolved testcases 2
# of unsupported tests 1388
/home/gnu/gcc/objdir/gcc/testsuite/g++/../../xg++ version 4.9.0 20131009 (experimental) [trunk revision 203324] (GCC)
=== gcc tests ===
Running target unix
WARNING: program timed out.
FAIL: gcc.dg/c99-intconst-1.c (test for excess errors)
FAIL: gcc.dg/large-size-array-6.c (internal compiler error)
FAIL: gcc.dg/large-size-array-6.c (test for errors, line 6)
FAIL: gcc.dg/large-size-array-6.c (test for excess errors)
WARNING: program timed out.
FAIL: gcc.dg/pr48141.c (test for excess errors)
WARNING: program timed out.
FAIL: gcc.dg/tree-prof/crossmodule-indircall-1a.c compilation, -fprofile-generate -D_PROFILE_GENERATE
UNRESOLVED: gcc.dg/tree-prof/crossmodule-indircall-1a.c execution, -fprofile-generate -D_PROFILE_GENERATE
UNRESOLVED: gcc.dg/tree-prof/crossmodule-indircall-1a.c compilation, -fprofile-use -D_PROFILE_USE
UNRESOLVED: gcc.dg/tree-prof/crossmodule-indircall-1a.c execution, -fprofile-use -D_PROFILE_USE
=== gcc Summary ===
# of expected passes 69592
# of unexpected failures 6
# of expected failures 115
# of unresolved testcases 3
# of unsupported tests 1560
/home/gnu/gcc/objdir/gcc/xgcc version 4.9.0 20131009 (experimental) [trunk revision 203324] (GCC)
=== gfortran tests ===
Running target unix
FAIL: gfortran.dg/class_48.f90 -O2 (test for excess errors)
FAIL: gfortran.dg/class_48.f90 -Os (test for excess errors)
WARNING: program timed out.
FAIL: gfortran.dg/minlocval_3.f90 -O3 -fomit-frame-pointer (test for excess errors)
UNRESOLVED: gfortran.dg/minlocval_3.f90 -O3 -fomit-frame-pointer compilation failed to produce executable
WARNING: program timed out.
FAIL: gfortran.dg/minlocval_3.f90 -O3 -fomit-frame-pointer -funroll-loops (test for excess errors)
UNRESOLVED: gfortran.dg/minlocval_3.f90 -O3 -fomit-frame-pointer -funroll-loops compilation failed to produce executable
WARNING: program timed out.
FAIL: gfortran.dg/minlocval_3.f90 -O3 -fomit-frame-pointer -funroll-all-loops -finline-functions (test for excess errors)
UNRESOLVED: gfortran.dg/minlocval_3.f90 -O3 -fomit-frame-pointer -funroll-all-loops -finline-functions compilation failed to produce executable
WARNING: program timed out.
FAIL: gfortran.dg/minlocval_3.f90 -O3 -g (test for excess errors)
UNRESOLVED: gfortran.dg/minlocval_3.f90 -O3 -g compilation failed to produce executable
FAIL: gfortran.dg/pr45636.f90 -O scan-tree-dump-times forwprop2 "memset" 0
FAIL: gfortran.dg/round_4.f90 -O0 (test for excess errors)
FAIL: gfortran.dg/round_4.f90 -O0 execution test
FAIL: gfortran.dg/round_4.f90 -O1 (test for excess errors)
FAIL: gfortran.dg/round_4.f90 -O1 execution test
FAIL: gfortran.dg/round_4.f90 -O2 (test for excess errors)
FAIL: gfortran.dg/round_4.f90 -O2 execution test
FAIL: gfortran.dg/round_4.f90 -O3 -fomit-frame-pointer (test for excess errors)
FAIL: gfortran.dg/round_4.f90 -O3 -fomit-frame-pointer execution test
FAIL: gfortran.dg/round_4.f90 -O3 -fomit-frame-pointer -funroll-loops (test for excess errors)
FAIL: gfortran.dg/round_4.f90 -O3 -fomit-frame-pointer -funroll-loops execution test
FAIL: gfortran.dg/round_4.f90 -O3 -fomit-frame-pointer -funroll-all-loops -finline-functions (test for excess errors)
FAIL: gfortran.dg/round_4.f90 -O3 -fomit-frame-pointer -funroll-all-loops -finline-functions execution test
FAIL: gfortran.dg/round_4.f90 -O3 -g (test for excess errors)
FAIL: gfortran.dg/round_4.f90 -O3 -g execution test
FAIL: gfortran.dg/round_4.f90 -Os (test for excess errors)
FAIL: gfortran.dg/round_4.f90 -Os execution test
FAIL: gfortran.dg/size_kind_2.f90 -O scan-tree-dump original "var2 = 4294967300;"
=== gfortran Summary ===
# of expected passes 43313
# of unexpected failures 24
# of expected failures 38
# of unresolved testcases 4
# of unsupported tests 419
/home/gnu/gcc/objdir/gcc/testsuite/gfortran/../../gfortran version 4.9.0 20131009 (experimental) [trunk revision 203324] (GCC)
=== obj-c++ tests ===
Running target unix
=== obj-c++ Summary ===
# of expected passes 1407
# of expected failures 2
# of unsupported tests 69
/home/gnu/gcc/objdir/gcc/testsuite/obj-c++/../../xg++ version 4.9.0 20131009 (experimental) [trunk revision 203324] (GCC)
=== objc tests ===
Running target unix
=== objc Summary ===
# of expected passes 2912
# of unsupported tests 67
/home/gnu/gcc/objdir/gcc/xgcc version 4.9.0 20131009 (experimental) [trunk revision 203324] (GCC)
=== libatomic tests ===
Running target unix
=== libatomic Summary ===
# of expected passes 4
# of unsupported tests 25
=== libgomp tests ===
Running target unix
=== libgomp Summary ===
# of expected passes 2131
# of unsupported tests 10
=== libstdc++ tests ===
Running target unix
FAIL: 21_strings/basic_string/literals/types.cc (test for excess errors)
FAIL: 21_strings/basic_string/literals/values.cc (test for excess errors)
UNRESOLVED: 21_strings/basic_string/literals/values.cc compilation failed to produce executable
WARNING: program timed out.
FAIL: 23_containers/vector/bool/modifiers/insert/31370.cc execution test
=== libstdc++ Summary ===
# of expected passes 6914
# of unexpected failures 3
# of expected failures 36
# of unresolved testcases 1
# of unsupported tests 752
Compiler version: 4.9.0 20131009 (experimental) [trunk revision 203324] (GCC)
Platform: hppa2.0w-hp-hpux11.00
configure flags:Test Run By dave on Sat Oct 12 03:49:35 2013
More information about the Gcc-testresults
mailing list