Results for 4.9.0 20131011 (experimental) [trunk revision 203426] (GCC) testsuite on i386-pc-solaris2.10
Rainer Orth
ro@CeBiTec.Uni-Bielefeld.DE
Fri Oct 11 14:21:00 GMT 2013
LAST_UPDATED: Fri Oct 11 13:30:17 UTC 2013 (revision 203429)
=== acats tests ===
=== acats Summary ===
# of expected passes 2320
# of unexpected failures 0
Native configuration is i386-pc-solaris2.10
=== g++ tests ===
Running target unix
FAIL: c-c++-common/gomp/pr58472.c -std=gnu++98 (internal compiler error)
FAIL: c-c++-common/gomp/pr58472.c -std=gnu++98 (test for excess errors)
FAIL: c-c++-common/gomp/pr58472.c -std=gnu++11 (internal compiler error)
FAIL: c-c++-common/gomp/pr58472.c -std=gnu++11 (test for excess errors)
=== g++ Summary for unix ===
# of expected passes 54728
# of unexpected failures 4
# of expected failures 295
# of unsupported tests 759
Running target unix/-m64
FAIL: c-c++-common/gomp/pr58472.c -std=gnu++98 (internal compiler error)
FAIL: c-c++-common/gomp/pr58472.c -std=gnu++98 (test for excess errors)
FAIL: c-c++-common/gomp/pr58472.c -std=gnu++11 (internal compiler error)
FAIL: c-c++-common/gomp/pr58472.c -std=gnu++11 (test for excess errors)
=== g++ Summary for unix/-m64 ===
# of expected passes 55493
# of unexpected failures 4
# of expected failures 295
# of unsupported tests 1003
=== g++ Summary ===
# of expected passes 110221
# of unexpected failures 8
# of expected failures 590
# of unsupported tests 1762
/var/gcc/regression/trunk/10-gcc/build/gcc/testsuite/g++/../../xg++ version 4.9.0 20131011 (experimental) [trunk revision 203426] (GCC)
=== gcc tests ===
Running target unix
FAIL: c-c++-common/gomp/pr58472.c (internal compiler error)
FAIL: c-c++-common/gomp/pr58472.c (test for excess errors)
=== gcc Summary for unix ===
# of expected passes 96666
# of unexpected failures 2
# of expected failures 253
# of unsupported tests 1242
Running target unix/-m64
FAIL: c-c++-common/gomp/pr58472.c (internal compiler error)
FAIL: c-c++-common/gomp/pr58472.c (test for excess errors)
FAIL: gcc.target/i386/pr58218.c (test for excess errors)
=== gcc Summary for unix/-m64 ===
# of expected passes 97068
# of unexpected failures 3
# of expected failures 255
# of unsupported tests 1550
=== gcc Summary ===
# of expected passes 193734
# of unexpected failures 5
# of expected failures 508
# of unsupported tests 2792
/var/gcc/regression/trunk/10-gcc/build/gcc/xgcc version 4.9.0 20131011 (experimental) [trunk revision 203426] (GCC)
=== gfortran tests ===
Running target unix
FAIL: gfortran.dg/class_48.f90 -O2 (test for excess errors)
FAIL: gfortran.dg/class_48.f90 -Os (test for excess errors)
FAIL: gfortran.dg/lto/pr45586-2 f_lto_pr45586-2_0.o-f_lto_pr45586-2_0.o link, -O0 -flto -flto-partition=none (internal compiler error)
UNRESOLVED: gfortran.dg/lto/pr45586-2 f_lto_pr45586-2_0.o-f_lto_pr45586-2_0.o execute -O0 -flto -flto-partition=none
FAIL: gfortran.dg/lto/pr45586-2 f_lto_pr45586-2_0.o-f_lto_pr45586-2_0.o link, -O0 -flto -flto-partition=1to1 (internal compiler error)
UNRESOLVED: gfortran.dg/lto/pr45586-2 f_lto_pr45586-2_0.o-f_lto_pr45586-2_0.o execute -O0 -flto -flto-partition=1to1
FAIL: gfortran.dg/lto/pr45586-2 f_lto_pr45586-2_0.o-f_lto_pr45586-2_0.o link, -O0 -flto (internal compiler error)
UNRESOLVED: gfortran.dg/lto/pr45586-2 f_lto_pr45586-2_0.o-f_lto_pr45586-2_0.o execute -O0 -flto
FAIL: gfortran.dg/lto/pr45586 f_lto_pr45586_0.o-f_lto_pr45586_0.o link, -O0 -flto -flto-partition=none (internal compiler error)
UNRESOLVED: gfortran.dg/lto/pr45586 f_lto_pr45586_0.o-f_lto_pr45586_0.o execute -O0 -flto -flto-partition=none
FAIL: gfortran.dg/lto/pr45586 f_lto_pr45586_0.o-f_lto_pr45586_0.o link, -O0 -flto -flto-partition=1to1 (internal compiler error)
UNRESOLVED: gfortran.dg/lto/pr45586 f_lto_pr45586_0.o-f_lto_pr45586_0.o execute -O0 -flto -flto-partition=1to1
FAIL: gfortran.dg/lto/pr45586 f_lto_pr45586_0.o-f_lto_pr45586_0.o link, -O0 -flto (internal compiler error)
UNRESOLVED: gfortran.dg/lto/pr45586 f_lto_pr45586_0.o-f_lto_pr45586_0.o execute -O0 -flto
=== gfortran Summary for unix ===
# of expected passes 44735
# of unexpected failures 8
# of expected failures 52
# of unresolved testcases 6
# of unsupported tests 228
Running target unix/-m64
FAIL: gfortran.dg/lto/pr45586-2 f_lto_pr45586-2_0.o-f_lto_pr45586-2_0.o link, -O0 -flto -flto-partition=none (internal compiler error)
UNRESOLVED: gfortran.dg/lto/pr45586-2 f_lto_pr45586-2_0.o-f_lto_pr45586-2_0.o execute -O0 -flto -flto-partition=none
FAIL: gfortran.dg/lto/pr45586-2 f_lto_pr45586-2_0.o-f_lto_pr45586-2_0.o link, -O0 -flto -flto-partition=1to1 (internal compiler error)
UNRESOLVED: gfortran.dg/lto/pr45586-2 f_lto_pr45586-2_0.o-f_lto_pr45586-2_0.o execute -O0 -flto -flto-partition=1to1
FAIL: gfortran.dg/lto/pr45586-2 f_lto_pr45586-2_0.o-f_lto_pr45586-2_0.o link, -O0 -flto (internal compiler error)
UNRESOLVED: gfortran.dg/lto/pr45586-2 f_lto_pr45586-2_0.o-f_lto_pr45586-2_0.o execute -O0 -flto
FAIL: gfortran.dg/lto/pr45586 f_lto_pr45586_0.o-f_lto_pr45586_0.o link, -O0 -flto -flto-partition=none (internal compiler error)
UNRESOLVED: gfortran.dg/lto/pr45586 f_lto_pr45586_0.o-f_lto_pr45586_0.o execute -O0 -flto -flto-partition=none
FAIL: gfortran.dg/lto/pr45586 f_lto_pr45586_0.o-f_lto_pr45586_0.o link, -O0 -flto -flto-partition=1to1 (internal compiler error)
UNRESOLVED: gfortran.dg/lto/pr45586 f_lto_pr45586_0.o-f_lto_pr45586_0.o execute -O0 -flto -flto-partition=1to1
FAIL: gfortran.dg/lto/pr45586 f_lto_pr45586_0.o-f_lto_pr45586_0.o link, -O0 -flto (internal compiler error)
UNRESOLVED: gfortran.dg/lto/pr45586 f_lto_pr45586_0.o-f_lto_pr45586_0.o execute -O0 -flto
=== gfortran Summary for unix/-m64 ===
# of expected passes 45040
# of unexpected failures 6
# of expected failures 52
# of unresolved testcases 6
# of unsupported tests 82
=== gfortran Summary ===
# of expected passes 89775
# of unexpected failures 14
# of expected failures 104
# of unresolved testcases 12
# of unsupported tests 310
/var/gcc/regression/trunk/10-gcc/build/gcc/testsuite/gfortran/../../gfortran version 4.9.0 20131011 (experimental) [trunk revision 203426] (GCC)
=== gnat tests ===
Running target unix
FAIL: gnat.dg/specs/linker_section.ads (test for errors, line 6)
=== gnat Summary for unix ===
# of expected passes 1193
# of unexpected failures 1
# of expected failures 18
# of unsupported tests 6
Running target unix/-m64
FAIL: gnat.dg/specs/linker_section.ads (test for errors, line 6)
=== gnat Summary for unix/-m64 ===
# of expected passes 1193
# of unexpected failures 1
# of expected failures 18
# of unsupported tests 6
=== gnat Summary ===
# of expected passes 2386
# of unexpected failures 2
# of expected failures 36
# of unsupported tests 12
/var/gcc/regression/trunk/10-gcc/build/gcc/gnatmake version 4.9.0 20131011 (experimental) [trunk revision 203426]
=== go tests ===
Running target unix
=== go Summary for unix ===
# of expected passes 5179
# of expected failures 1
# of untested testcases 5
Running target unix/-m64
=== go Summary for unix/-m64 ===
# of expected passes 5059
# of expected failures 1
# of untested testcases 5
=== go Summary ===
# of expected passes 10238
# of expected failures 2
# of untested testcases 10
/var/gcc/regression/trunk/10-gcc/build/gcc/testsuite/go/../../gccgo version 4.9.0 20131011 (experimental) [trunk revision 203426] (GCC)
=== obj-c++ tests ===
Running target unix
=== obj-c++ Summary for unix ===
# of expected passes 1449
# of expected failures 2
# of unsupported tests 86
Running target unix/-m64
=== obj-c++ Summary for unix/-m64 ===
# of expected passes 1441
# of expected failures 10
# of unsupported tests 86
=== obj-c++ Summary ===
# of expected passes 2890
# of expected failures 12
# of unsupported tests 172
/var/gcc/regression/trunk/10-gcc/build/gcc/testsuite/obj-c++/../../xg++ version 4.9.0 20131011 (experimental) [trunk revision 203426] (GCC)
=== objc tests ===
Running target unix
=== objc Summary for unix ===
# of expected passes 2988
# of expected failures 6
# of unsupported tests 74
Running target unix/-m64
=== objc Summary for unix/-m64 ===
# of expected passes 2988
# of expected failures 6
# of unsupported tests 74
=== objc Summary ===
# of expected passes 5976
# of expected failures 12
# of unsupported tests 148
/var/gcc/regression/trunk/10-gcc/build/gcc/xgcc version 4.9.0 20131011 (experimental) [trunk revision 203426] (GCC)
=== boehm-gc tests ===
Running target unix
=== boehm-gc Summary for unix ===
# of expected passes 12
# of unsupported tests 1
Running target unix/-m64
=== boehm-gc Summary for unix/-m64 ===
# of expected passes 12
# of unsupported tests 1
=== boehm-gc Summary ===
# of expected passes 24
# of unsupported tests 2
=== libatomic tests ===
Running target unix
=== libatomic Summary for unix ===
# of expected passes 44
# of unsupported tests 5
Running target unix/-m64
=== libatomic Summary for unix/-m64 ===
# of expected passes 54
=== libatomic Summary ===
# of expected passes 98
# of unsupported tests 5
=== libffi tests ===
Running target unix
=== libffi Summary for unix ===
# of expected passes 1819
# of unsupported tests 55
Running target unix/-m64
=== libffi Summary for unix/-m64 ===
# of expected passes 1819
# of unsupported tests 55
=== libffi Summary ===
# of expected passes 3638
# of unsupported tests 110
=== libgo tests ===
Running target unix
FAIL: runtime
=== libgo Summary for unix ===
# of expected passes 121
# of unexpected failures 1
Running target unix/-m64
FAIL: os
FAIL: net/http/cgi
=== libgo Summary for unix/-m64 ===
# of expected passes 120
# of unexpected failures 2
=== libgo Summary ===
# of expected passes 241
# of unexpected failures 3
/var/gcc/regression/trunk/10-gcc/build/./gcc/gccgo version 4.9.0 20131011 (experimental) [trunk revision 203426] (GCC)
=== libgomp tests ===
Running target unix
FAIL: libgomp.c/pr58392.c (internal compiler error)
FAIL: libgomp.c/pr58392.c (test for excess errors)
WARNING: libgomp.c/pr58392.c compilation failed to produce executable
FAIL: libgomp.c/simd-1.c (internal compiler error)
FAIL: libgomp.c/simd-1.c (test for excess errors)
WARNING: libgomp.c/simd-1.c compilation failed to produce executable
FAIL: libgomp.c/simd-3.c (internal compiler error)
FAIL: libgomp.c/simd-3.c (test for excess errors)
WARNING: libgomp.c/simd-3.c compilation failed to produce executable
FAIL: libgomp.c/simd-4.c (internal compiler error)
FAIL: libgomp.c/simd-4.c (test for excess errors)
WARNING: libgomp.c/simd-4.c compilation failed to produce executable
FAIL: libgomp.c/simd-6.c (internal compiler error)
FAIL: libgomp.c/simd-6.c (test for excess errors)
WARNING: libgomp.c/simd-6.c compilation failed to produce executable
FAIL: libgomp.c++/simd-1.C (internal compiler error)
FAIL: libgomp.c++/simd-1.C (test for excess errors)
WARNING: libgomp.c++/simd-1.C compilation failed to produce executable
FAIL: libgomp.c++/simd-3.C (internal compiler error)
FAIL: libgomp.c++/simd-3.C (test for excess errors)
WARNING: libgomp.c++/simd-3.C compilation failed to produce executable
FAIL: libgomp.c++/simd-4.C (internal compiler error)
FAIL: libgomp.c++/simd-4.C (test for excess errors)
WARNING: libgomp.c++/simd-4.C compilation failed to produce executable
FAIL: libgomp.c++/simd-6.C (internal compiler error)
FAIL: libgomp.c++/simd-6.C (test for excess errors)
WARNING: libgomp.c++/simd-6.C compilation failed to produce executable
FAIL: libgomp.c++/simd-8.C (internal compiler error)
FAIL: libgomp.c++/simd-8.C (test for excess errors)
WARNING: libgomp.c++/simd-8.C compilation failed to produce executable
FAIL: libgomp.graphite/bounds.c scan-tree-dump-times graphite "0 loops carried no dependency" 1
FAIL: libgomp.graphite/force-parallel-4.c execution test
FAIL: libgomp.graphite/force-parallel-4.c scan-tree-dump-times graphite "2 loops carried no dependency" 1
FAIL: libgomp.graphite/force-parallel-6.c scan-tree-dump-times graphite "1 loops carried no dependency" 1
FAIL: libgomp.graphite/pr41118.c scan-tree-dump-times optimized "loopfn" 0
=== libgomp Summary for unix ===
# of expected passes 2361
# of unexpected failures 25
# of unsupported tests 3
Running target unix/-m64
FAIL: libgomp.c/pr58392.c (internal compiler error)
FAIL: libgomp.c/pr58392.c (test for excess errors)
WARNING: libgomp.c/pr58392.c compilation failed to produce executable
FAIL: libgomp.c/simd-1.c (internal compiler error)
FAIL: libgomp.c/simd-1.c (test for excess errors)
WARNING: libgomp.c/simd-1.c compilation failed to produce executable
FAIL: libgomp.c/simd-3.c (internal compiler error)
FAIL: libgomp.c/simd-3.c (test for excess errors)
WARNING: libgomp.c/simd-3.c compilation failed to produce executable
FAIL: libgomp.c/simd-4.c (internal compiler error)
FAIL: libgomp.c/simd-4.c (test for excess errors)
WARNING: libgomp.c/simd-4.c compilation failed to produce executable
FAIL: libgomp.c/simd-6.c (internal compiler error)
FAIL: libgomp.c/simd-6.c (test for excess errors)
WARNING: libgomp.c/simd-6.c compilation failed to produce executable
FAIL: libgomp.c++/simd-1.C (internal compiler error)
FAIL: libgomp.c++/simd-1.C (test for excess errors)
WARNING: libgomp.c++/simd-1.C compilation failed to produce executable
FAIL: libgomp.c++/simd-3.C (internal compiler error)
FAIL: libgomp.c++/simd-3.C (test for excess errors)
WARNING: libgomp.c++/simd-3.C compilation failed to produce executable
FAIL: libgomp.c++/simd-4.C (internal compiler error)
FAIL: libgomp.c++/simd-4.C (test for excess errors)
WARNING: libgomp.c++/simd-4.C compilation failed to produce executable
FAIL: libgomp.c++/simd-6.C (internal compiler error)
FAIL: libgomp.c++/simd-6.C (test for excess errors)
WARNING: libgomp.c++/simd-6.C compilation failed to produce executable
FAIL: libgomp.c++/simd-8.C (internal compiler error)
FAIL: libgomp.c++/simd-8.C (test for excess errors)
WARNING: libgomp.c++/simd-8.C compilation failed to produce executable
FAIL: libgomp.graphite/bounds.c scan-tree-dump-times graphite "0 loops carried no dependency" 1
FAIL: libgomp.graphite/force-parallel-4.c execution test
FAIL: libgomp.graphite/force-parallel-4.c scan-tree-dump-times graphite "2 loops carried no dependency" 1
FAIL: libgomp.graphite/force-parallel-6.c scan-tree-dump-times graphite "1 loops carried no dependency" 1
FAIL: libgomp.graphite/pr41118.c scan-tree-dump-times optimized "loopfn" 0
=== libgomp Summary for unix/-m64 ===
# of expected passes 2361
# of unexpected failures 25
# of unsupported tests 3
=== libgomp Summary ===
# of expected passes 4722
# of unexpected failures 50
# of unsupported tests 6
=== libitm tests ===
Running target unix
=== libitm Summary for unix ===
# of expected passes 26
# of expected failures 3
# of unsupported tests 1
Running target unix/-m64
=== libitm Summary for unix/-m64 ===
# of expected passes 26
# of expected failures 3
# of unsupported tests 1
=== libitm Summary ===
# of expected passes 52
# of expected failures 6
# of unsupported tests 2
=== libjava tests ===
Running target unix
FAIL: sourcelocation output - source compiled test
FAIL: sourcelocation -findirect-dispatch output - source compiled test
FAIL: sourcelocation -O3 output - source compiled test
FAIL: sourcelocation -O3 -findirect-dispatch output - source compiled test
=== libjava Summary for unix ===
# of expected passes 2582
# of unexpected failures 4
Running target unix/-m64
FAIL: sourcelocation output - source compiled test
FAIL: sourcelocation -findirect-dispatch output - source compiled test
FAIL: sourcelocation -O3 output - source compiled test
FAIL: sourcelocation -O3 -findirect-dispatch output - source compiled test
=== libjava Summary for unix/-m64 ===
# of expected passes 2582
# of unexpected failures 4
=== libjava Summary ===
# of expected passes 5164
# of unexpected failures 8
=== libstdc++ tests ===
Running target unix
=== libstdc++ Summary for unix ===
# of expected passes 8626
# of expected failures 38
# of unsupported tests 585
Running target unix/-m64
=== libstdc++ Summary for unix/-m64 ===
# of expected passes 8626
# of expected failures 38
# of unsupported tests 585
=== libstdc++ Summary ===
# of expected passes 17252
# of expected failures 76
# of unsupported tests 1170
Compiler version: 4.9.0 20131011 (experimental) [trunk revision 203426] (GCC)
Platform: i386-pc-solaris2.10
configure flags: --prefix=/vol/gcc --target=i386-pc-solaris2.10 --enable-objc-gc --with-gmp-include=/vol/gcc/include --with-gmp-lib=/vol/gcc/lib --with-mpfr-include=/vol/gcc/include --with-mpfr-lib=/vol/gcc/lib --with-mpc-include=/vol/gcc/include --with-mpc-lib=/vol/gcc/lib --enable-languages=all,ada,obj-c++,go --with-isl-include=/vol/gcc/include --with-isl-lib=/vol/gcc/lib --with-cloog-include=/vol/gcc/include --with-cloog-lib=/vol/gcc/lib --enable-cloog-backend=isl
BOOT_CFLAGS=-g -O2
More information about the Gcc-testresults
mailing list