Results for 4.9.0 20131115 (experimental) [trunk revision 204842] (GCC) testsuite on sparc-sun-solaris2.11
Rainer Orth
ro@CeBiTec.Uni-Bielefeld.DE
Mon Nov 18 10:18:00 GMT 2013
LAST_UPDATED: Fri Nov 15 14:39:55 UTC 2013 (revision 204842)
=== acats tests ===
FAIL: c52102c
=== acats Summary ===
# of expected passes 2319
# of unexpected failures 1
Native configuration is sparc-sun-solaris2.11
=== g++ tests ===
Running target unix
FAIL: g++.dg/warn/Wunused-3.C -std=gnu++98 (test for excess errors)
FAIL: g++.dg/warn/Wunused-3.C -std=gnu++11 (test for excess errors)
=== g++ Summary for unix ===
# of expected passes 54381
# of unexpected failures 2
# of expected failures 294
# of unsupported tests 1124
Running target unix/-m64
FAIL: g++.dg/warn/Wunused-3.C -std=gnu++98 (test for excess errors)
FAIL: g++.dg/warn/Wunused-3.C -std=gnu++11 (test for excess errors)
=== g++ Summary for unix/-m64 ===
# of expected passes 55619
# of unexpected failures 2
# of expected failures 294
# of unsupported tests 1114
=== g++ Summary ===
# of expected passes 110000
# of unexpected failures 4
# of expected failures 588
# of unsupported tests 2238
/var/gcc/regression/trunk/11-gcc-gas-gld/build/gcc/testsuite/g++/../../xg++ version 4.9.0 20131115 (experimental) [trunk revision 204842] (GCC)
=== gcc tests ===
Running target unix
FAIL: gcc.dg/atomic/c11-atomic-exec-5.c -O0 execution test
FAIL: gcc.dg/atomic/c11-atomic-exec-5.c -O1 execution test
FAIL: gcc.dg/atomic/c11-atomic-exec-5.c -O2 execution test
FAIL: gcc.dg/atomic/c11-atomic-exec-5.c -O3 -fomit-frame-pointer execution test
FAIL: gcc.dg/atomic/c11-atomic-exec-5.c -O3 -fomit-frame-pointer -funroll-loops execution test
FAIL: gcc.dg/atomic/c11-atomic-exec-5.c -O3 -fomit-frame-pointer -funroll-all-loops -finline-functions execution test
FAIL: gcc.dg/atomic/c11-atomic-exec-5.c -O3 -g execution test
FAIL: gcc.dg/atomic/c11-atomic-exec-5.c -Os execution test
FAIL: gcc.dg/atomic/c11-atomic-exec-5.c -O2 -flto -fno-use-linker-plugin -flto-partition=none execution test
FAIL: gcc.dg/atomic/c11-atomic-exec-5.c -O2 -flto -fuse-linker-plugin -fno-fat-lto-objects execution test
XPASS: gcc.dg/binop-xor1.c scan-tree-dump-times optimized "\\\\^" 1
FAIL: gcc.dg/uninit-pred-8_b.c bogus warning (test for bogus messages, line 20)
FAIL: gcc.dg/uninit-pred-9_b.c bogus warning (test for bogus messages, line 24)
FAIL: gcc.dg/unroll_1.c (test for warnings, line 14)
FAIL: gcc.dg/unroll_1.c (test for warnings, line 24)
FAIL: gcc.dg/simulate-thread/atomic-other-int.c -O0 -g thread simulation test
FAIL: gcc.dg/simulate-thread/atomic-other-int.c -O2 -g thread simulation test
FAIL: gcc.dg/simulate-thread/atomic-other-int.c -O3 -g thread simulation test
FAIL: gcc.dg/simulate-thread/speculative-store-4.c -O0 -g thread simulation test
FAIL: gcc.dg/simulate-thread/speculative-store-4.c -O2 -g thread simulation test
FAIL: gcc.dg/simulate-thread/speculative-store-4.c -O3 -g thread simulation test
FAIL: gcc.dg/simulate-thread/speculative-store.c -O0 -g thread simulation test
FAIL: gcc.dg/vect/pr58508.c scan-tree-dump-times vect "hoist" 8
FAIL: gcc.dg/vect/vect-reduc-pattern-3.c scan-tree-dump-times vect "vectorized 1 loops" 1
FAIL: gcc.dg/vect/pr58508.c -flto scan-tree-dump-times vect "hoist" 8
FAIL: gcc.dg/vect/vect-reduc-pattern-3.c -flto scan-tree-dump-times vect "vectorized 1 loops" 1
=== gcc Summary for unix ===
# of expected passes 87488
# of unexpected failures 25
# of unexpected successes 1
# of expected failures 318
# of unsupported tests 1839
Running target unix/-m64
FAIL: gcc.dg/atomic/c11-atomic-exec-1.c -O2 -flto -fuse-linker-plugin -fno-fat-lto-objects execution test
FAIL: gcc.dg/atomic/c11-atomic-exec-2.c -O2 -flto -fuse-linker-plugin -fno-fat-lto-objects execution test
FAIL: gcc.dg/atomic/c11-atomic-exec-3.c -O2 -flto -fuse-linker-plugin -fno-fat-lto-objects execution test
FAIL: gcc.dg/atomic/c11-atomic-exec-4.c -O2 -flto -fuse-linker-plugin -fno-fat-lto-objects execution test
FAIL: gcc.dg/atomic/c11-atomic-exec-5.c -O0 execution test
FAIL: gcc.dg/atomic/c11-atomic-exec-5.c -O1 execution test
FAIL: gcc.dg/atomic/c11-atomic-exec-5.c -O2 execution test
FAIL: gcc.dg/atomic/c11-atomic-exec-5.c -O3 -fomit-frame-pointer execution test
FAIL: gcc.dg/atomic/c11-atomic-exec-5.c -O3 -fomit-frame-pointer -funroll-loops execution test
FAIL: gcc.dg/atomic/c11-atomic-exec-5.c -O3 -fomit-frame-pointer -funroll-all-loops -finline-functions execution test
FAIL: gcc.dg/atomic/c11-atomic-exec-5.c -O3 -g execution test
FAIL: gcc.dg/atomic/c11-atomic-exec-5.c -Os execution test
FAIL: gcc.dg/atomic/c11-atomic-exec-5.c -O2 -flto -fno-use-linker-plugin -flto-partition=none execution test
FAIL: gcc.dg/atomic/c11-atomic-exec-5.c -O2 -flto -fuse-linker-plugin -fno-fat-lto-objects execution test
FAIL: gcc.dg/atomic/stdatomic-compare-exchange-1.c -O2 -flto -fuse-linker-plugin -fno-fat-lto-objects execution test
FAIL: gcc.dg/atomic/stdatomic-compare-exchange-2.c -O2 -flto -fuse-linker-plugin -fno-fat-lto-objects execution test
FAIL: gcc.dg/atomic/stdatomic-compare-exchange-3.c -O2 -flto -fuse-linker-plugin -fno-fat-lto-objects execution test
FAIL: gcc.dg/atomic/stdatomic-compare-exchange-4.c -O2 -flto -fuse-linker-plugin -fno-fat-lto-objects execution test
FAIL: gcc.dg/atomic/stdatomic-exchange-1.c -O2 -flto -fuse-linker-plugin -fno-fat-lto-objects execution test
FAIL: gcc.dg/atomic/stdatomic-exchange-2.c -O2 -flto -fuse-linker-plugin -fno-fat-lto-objects execution test
FAIL: gcc.dg/atomic/stdatomic-exchange-3.c -O2 -flto -fuse-linker-plugin -fno-fat-lto-objects execution test
FAIL: gcc.dg/atomic/stdatomic-exchange-4.c -O2 -flto -fuse-linker-plugin -fno-fat-lto-objects execution test
FAIL: gcc.dg/atomic/stdatomic-fence.c -O2 -flto -fuse-linker-plugin -fno-fat-lto-objects execution test
FAIL: gcc.dg/atomic/stdatomic-flag.c -O2 -flto -fuse-linker-plugin -fno-fat-lto-objects execution test
FAIL: gcc.dg/atomic/stdatomic-generic.c -O2 -flto -fuse-linker-plugin -fno-fat-lto-objects execution test
FAIL: gcc.dg/atomic/stdatomic-kill-dep.c -O2 -flto -fuse-linker-plugin -fno-fat-lto-objects execution test
FAIL: gcc.dg/atomic/stdatomic-load-1.c -O2 -flto -fuse-linker-plugin -fno-fat-lto-objects execution test
FAIL: gcc.dg/atomic/stdatomic-load-2.c -O2 -flto -fuse-linker-plugin -fno-fat-lto-objects execution test
FAIL: gcc.dg/atomic/stdatomic-load-3.c -O2 -flto -fuse-linker-plugin -fno-fat-lto-objects execution test
FAIL: gcc.dg/atomic/stdatomic-load-4.c -O2 -flto -fuse-linker-plugin -fno-fat-lto-objects execution test
FAIL: gcc.dg/atomic/stdatomic-lockfree.c -O2 -flto -fuse-linker-plugin -fno-fat-lto-objects execution test
FAIL: gcc.dg/atomic/stdatomic-op-1.c -O2 -flto -fuse-linker-plugin -fno-fat-lto-objects execution test
FAIL: gcc.dg/atomic/stdatomic-op-2.c -O2 -flto -fuse-linker-plugin -fno-fat-lto-objects execution test
FAIL: gcc.dg/atomic/stdatomic-op-3.c -O2 -flto -fuse-linker-plugin -fno-fat-lto-objects execution test
FAIL: gcc.dg/atomic/stdatomic-op-4.c -O2 -flto -fuse-linker-plugin -fno-fat-lto-objects execution test
FAIL: gcc.dg/atomic/stdatomic-store-1.c -O2 -flto -fuse-linker-plugin -fno-fat-lto-objects execution test
FAIL: gcc.dg/atomic/stdatomic-store-2.c -O2 -flto -fuse-linker-plugin -fno-fat-lto-objects execution test
FAIL: gcc.dg/atomic/stdatomic-store-3.c -O2 -flto -fuse-linker-plugin -fno-fat-lto-objects execution test
FAIL: gcc.dg/atomic/stdatomic-store-4.c -O2 -flto -fuse-linker-plugin -fno-fat-lto-objects execution test
FAIL: gcc.dg/atomic/stdatomic-vm.c -O2 -flto -fuse-linker-plugin -fno-fat-lto-objects execution test
FAIL: c-c++-common/cilk-plus/CK/test__cilk.c -O3 -flto -g -fcilkplus -L/var/gcc/regression/trunk/11-gcc-gas-gld/build/sparc-sun-solaris2.11/sparcv9/libcilkrts/.libs execution test
XPASS: gcc.dg/binop-xor1.c scan-tree-dump-times optimized "\\\\^" 1
FAIL: gcc.dg/uninit-pred-8_b.c bogus warning (test for bogus messages, line 20)
FAIL: gcc.dg/uninit-pred-9_b.c bogus warning (test for bogus messages, line 24)
FAIL: gcc.dg/unroll_1.c (test for warnings, line 14)
FAIL: gcc.dg/unroll_1.c (test for warnings, line 24)
FAIL: gcc.dg/lto/20081024 c_lto_20081024_0.o-c_lto_20081024_0.o execute -O0 -flto -flto-partition=none -fuse-linker-plugin
FAIL: gcc.dg/lto/20081024 c_lto_20081024_0.o-c_lto_20081024_0.o execute -O2 -flto -flto-partition=none -fuse-linker-plugin -fno-fat-lto-objects
FAIL: gcc.dg/lto/20081024 c_lto_20081024_0.o-c_lto_20081024_0.o execute -O0 -flto -fuse-linker-plugin -fno-fat-lto-objects
FAIL: gcc.dg/lto/20081024 c_lto_20081024_0.o-c_lto_20081024_0.o execute -O2 -flto -fuse-linker-plugin
FAIL: gcc.dg/lto/20081111 c_lto_20081111_0.o-c_lto_20081111_1.o execute -O0 -flto -flto-partition=none -fuse-linker-plugin
FAIL: gcc.dg/lto/20081111 c_lto_20081111_0.o-c_lto_20081111_1.o execute -O2 -flto -flto-partition=none -fuse-linker-plugin -fno-fat-lto-objects
FAIL: gcc.dg/lto/20081111 c_lto_20081111_0.o-c_lto_20081111_1.o execute -O0 -flto -fuse-linker-plugin -fno-fat-lto-objects
FAIL: gcc.dg/lto/20081111 c_lto_20081111_0.o-c_lto_20081111_1.o execute -O2 -flto -fuse-linker-plugin
FAIL: gcc.dg/lto/20081112 c_lto_20081112_0.o-c_lto_20081112_1.o execute -O0 -flto -flto-partition=none -fuse-linker-plugin
FAIL: gcc.dg/lto/20081112 c_lto_20081112_0.o-c_lto_20081112_1.o execute -O2 -flto -flto-partition=none -fuse-linker-plugin -fno-fat-lto-objects
FAIL: gcc.dg/lto/20081112 c_lto_20081112_0.o-c_lto_20081112_1.o execute -O0 -flto -fuse-linker-plugin -fno-fat-lto-objects
FAIL: gcc.dg/lto/20081112 c_lto_20081112_0.o-c_lto_20081112_1.o execute -O2 -flto -fuse-linker-plugin
FAIL: gcc.dg/lto/20081115 c_lto_20081115_0.o-c_lto_20081115_2.o execute -O2 -DOPTIMIZE -flto -flto-partition=1to1
FAIL: gcc.dg/lto/20081115 c_lto_20081115_0.o-c_lto_20081115_2.o execute -O0 -flto -flto-partition=1to1
FAIL: gcc.dg/lto/20081118 c_lto_20081118_0.o-c_lto_20081118_2.o execute -O2 -DOPTIMIZE -flto -flto-partition=1to1
FAIL: gcc.dg/lto/20081118 c_lto_20081118_0.o-c_lto_20081118_2.o execute -O0 -flto -flto-partition=1to1
FAIL: gcc.dg/lto/20081125 c_lto_20081125_0.o-c_lto_20081125_1.o execute -O0 -flto -flto-partition=none -fuse-linker-plugin
FAIL: gcc.dg/lto/20081125 c_lto_20081125_0.o-c_lto_20081125_1.o execute -O2 -flto -flto-partition=none -fuse-linker-plugin -fno-fat-lto-objects
FAIL: gcc.dg/lto/20081125 c_lto_20081125_0.o-c_lto_20081125_1.o execute -O0 -flto -fuse-linker-plugin -fno-fat-lto-objects
FAIL: gcc.dg/lto/20081125 c_lto_20081125_0.o-c_lto_20081125_1.o execute -O2 -flto -fuse-linker-plugin
FAIL: gcc.dg/lto/20081201-1 c_lto_20081201-1_0.o-c_lto_20081201-1_2.o execute -O2 -DOPTIMIZE -flto -flto-partition=1to1
FAIL: gcc.dg/lto/20081201-1 c_lto_20081201-1_0.o-c_lto_20081201-1_2.o execute -O0 -flto -flto-partition=1to1
FAIL: gcc.dg/lto/20081201-2 c_lto_20081201-2_0.o-c_lto_20081201-2_1.o execute -O3 -flto -flto-partition=1to1
FAIL: gcc.dg/lto/20081202-1 c_lto_20081202-1_0.o-c_lto_20081202-1_1.o execute -flto -flto-partition=1to1 -O3
FAIL: gcc.dg/lto/20081202-2 c_lto_20081202-2_0.o-c_lto_20081202-2_1.o execute -flto -flto-partition=1to1 -O3
FAIL: gcc.dg/lto/20081210-1 c_lto_20081210-1_0.o-c_lto_20081210-1_0.o execute -O0 -flto -flto-partition=none -fuse-linker-plugin
FAIL: gcc.dg/lto/20081210-1 c_lto_20081210-1_0.o-c_lto_20081210-1_0.o execute -O2 -flto -flto-partition=none -fuse-linker-plugin -fno-fat-lto-objects
FAIL: gcc.dg/lto/20081210-1 c_lto_20081210-1_0.o-c_lto_20081210-1_0.o execute -O0 -flto -fuse-linker-plugin -fno-fat-lto-objects
FAIL: gcc.dg/lto/20081210-1 c_lto_20081210-1_0.o-c_lto_20081210-1_0.o execute -O2 -flto -fuse-linker-plugin
FAIL: gcc.dg/lto/20081222 c_lto_20081222_0.o-c_lto_20081222_1.o execute -O0 -flto -flto-partition=none -fuse-linker-plugin
FAIL: gcc.dg/lto/20081222 c_lto_20081222_0.o-c_lto_20081222_1.o execute -O2 -flto -flto-partition=none -fuse-linker-plugin -fno-fat-lto-objects
FAIL: gcc.dg/lto/20081222 c_lto_20081222_0.o-c_lto_20081222_1.o execute -O0 -flto -fuse-linker-plugin -fno-fat-lto-objects
FAIL: gcc.dg/lto/20081222 c_lto_20081222_0.o-c_lto_20081222_1.o execute -O2 -flto -fuse-linker-plugin
FAIL: gcc.dg/lto/20090120 c_lto_20090120_0.o-c_lto_20090120_0.o execute -flto -funsigned-char
FAIL: gcc.dg/lto/20090210 c_lto_20090210_0.o-c_lto_20090210_1.o execute -O0 -flto -flto-partition=none -fuse-linker-plugin
FAIL: gcc.dg/lto/20090210 c_lto_20090210_0.o-c_lto_20090210_1.o execute -O2 -flto -flto-partition=none -fuse-linker-plugin -fno-fat-lto-objects
FAIL: gcc.dg/lto/20090210 c_lto_20090210_0.o-c_lto_20090210_1.o execute -O0 -flto -fuse-linker-plugin -fno-fat-lto-objects
FAIL: gcc.dg/lto/20090210 c_lto_20090210_0.o-c_lto_20090210_1.o execute -O2 -flto -fuse-linker-plugin
FAIL: gcc.dg/lto/20090213 c_lto_20090213_0.o-c_lto_20090213_1.o execute -O0 -flto -flto-partition=none -fuse-linker-plugin
FAIL: gcc.dg/lto/20090213 c_lto_20090213_0.o-c_lto_20090213_1.o execute -O2 -flto -flto-partition=none -fuse-linker-plugin -fno-fat-lto-objects
FAIL: gcc.dg/lto/20090213 c_lto_20090213_0.o-c_lto_20090213_1.o execute -O0 -flto -fuse-linker-plugin -fno-fat-lto-objects
FAIL: gcc.dg/lto/20090213 c_lto_20090213_0.o-c_lto_20090213_1.o execute -O2 -flto -fuse-linker-plugin
FAIL: gcc.dg/lto/20090218-1 c_lto_20090218-1_0.o-c_lto_20090218-1_1.o execute -O0 -flto -flto-partition=none -fuse-linker-plugin
FAIL: gcc.dg/lto/20090218-1 c_lto_20090218-1_0.o-c_lto_20090218-1_1.o execute -O2 -flto -flto-partition=none -fuse-linker-plugin -fno-fat-lto-objects
FAIL: gcc.dg/lto/20090218-1 c_lto_20090218-1_0.o-c_lto_20090218-1_1.o execute -O0 -flto -fuse-linker-plugin -fno-fat-lto-objects
FAIL: gcc.dg/lto/20090218-1 c_lto_20090218-1_0.o-c_lto_20090218-1_1.o execute -O2 -flto -fuse-linker-plugin
FAIL: gcc.dg/lto/20090218-2 c_lto_20090218-2_0.o-c_lto_20090218-2_1.o execute -O0 -flto -flto-partition=none -fuse-linker-plugin
FAIL: gcc.dg/lto/20090218-2 c_lto_20090218-2_0.o-c_lto_20090218-2_1.o execute -O2 -flto -flto-partition=none -fuse-linker-plugin -fno-fat-lto-objects
FAIL: gcc.dg/lto/20090218-2 c_lto_20090218-2_0.o-c_lto_20090218-2_1.o execute -O0 -flto -fuse-linker-plugin -fno-fat-lto-objects
FAIL: gcc.dg/lto/20090218-2 c_lto_20090218-2_0.o-c_lto_20090218-2_1.o execute -O2 -flto -fuse-linker-plugin
FAIL: gcc.dg/lto/20090218 c_lto_20090218_0.o-c_lto_20090218_3.o execute -O0 -flto -flto-partition=none -fuse-linker-plugin
FAIL: gcc.dg/lto/20090218 c_lto_20090218_0.o-c_lto_20090218_3.o execute -O2 -flto -flto-partition=none -fuse-linker-plugin -fno-fat-lto-objects
FAIL: gcc.dg/lto/20090218 c_lto_20090218_0.o-c_lto_20090218_3.o execute -O0 -flto -fuse-linker-plugin -fno-fat-lto-objects
FAIL: gcc.dg/lto/20090218 c_lto_20090218_0.o-c_lto_20090218_3.o execute -O2 -flto -fuse-linker-plugin
FAIL: gcc.dg/lto/20090706-1 c_lto_20090706-1_0.o-c_lto_20090706-1_0.o execute -O0 -flto -flto-partition=none -fuse-linker-plugin
FAIL: gcc.dg/lto/20090706-1 c_lto_20090706-1_0.o-c_lto_20090706-1_0.o execute -O2 -flto -flto-partition=none -fuse-linker-plugin -fno-fat-lto-objects
FAIL: gcc.dg/lto/20090706-1 c_lto_20090706-1_0.o-c_lto_20090706-1_0.o execute -O0 -flto -fuse-linker-plugin -fno-fat-lto-objects
FAIL: gcc.dg/lto/20090706-1 c_lto_20090706-1_0.o-c_lto_20090706-1_0.o execute -O2 -flto -fuse-linker-plugin
FAIL: gcc.dg/lto/20090706-2 c_lto_20090706-2_0.o-c_lto_20090706-2_0.o execute -O0 -flto -flto-partition=none -fuse-linker-plugin
FAIL: gcc.dg/lto/20090706-2 c_lto_20090706-2_0.o-c_lto_20090706-2_0.o execute -O2 -flto -flto-partition=none -fuse-linker-plugin -fno-fat-lto-objects
FAIL: gcc.dg/lto/20090706-2 c_lto_20090706-2_0.o-c_lto_20090706-2_0.o execute -O0 -flto -fuse-linker-plugin -fno-fat-lto-objects
FAIL: gcc.dg/lto/20090706-2 c_lto_20090706-2_0.o-c_lto_20090706-2_0.o execute -O2 -flto -fuse-linker-plugin
FAIL: gcc.dg/lto/20090717 c_lto_20090717_0.o-c_lto_20090717_1.o execute -O0 -flto -flto-partition=none -fuse-linker-plugin
FAIL: gcc.dg/lto/20090717 c_lto_20090717_0.o-c_lto_20090717_1.o execute -O2 -flto -flto-partition=none -fuse-linker-plugin -fno-fat-lto-objects
FAIL: gcc.dg/lto/20090717 c_lto_20090717_0.o-c_lto_20090717_1.o execute -O0 -flto -fuse-linker-plugin -fno-fat-lto-objects
FAIL: gcc.dg/lto/20090717 c_lto_20090717_0.o-c_lto_20090717_1.o execute -O2 -flto -fuse-linker-plugin
FAIL: gcc.dg/lto/20090812 c_lto_20090812_0.o-c_lto_20090812_1.o execute -O0 -flto -flto-partition=none -fuse-linker-plugin
FAIL: gcc.dg/lto/20090812 c_lto_20090812_0.o-c_lto_20090812_1.o execute -O2 -flto -flto-partition=none -fuse-linker-plugin -fno-fat-lto-objects
FAIL: gcc.dg/lto/20090812 c_lto_20090812_0.o-c_lto_20090812_1.o execute -O0 -flto -fuse-linker-plugin -fno-fat-lto-objects
FAIL: gcc.dg/lto/20090812 c_lto_20090812_0.o-c_lto_20090812_1.o execute -O2 -flto -fuse-linker-plugin
FAIL: gcc.dg/lto/20091005-1 c_lto_20091005-1_0.o-c_lto_20091005-1_1.o execute -O0 -flto -flto-partition=none -fuse-linker-plugin
FAIL: gcc.dg/lto/20091005-1 c_lto_20091005-1_0.o-c_lto_20091005-1_1.o execute -O2 -flto -flto-partition=none -fuse-linker-plugin -fno-fat-lto-objects
FAIL: gcc.dg/lto/20091005-1 c_lto_20091005-1_0.o-c_lto_20091005-1_1.o execute -O0 -flto -fuse-linker-plugin -fno-fat-lto-objects
FAIL: gcc.dg/lto/20091005-1 c_lto_20091005-1_0.o-c_lto_20091005-1_1.o execute -O2 -flto -fuse-linker-plugin
FAIL: gcc.dg/lto/20091017-1 c_lto_20091017-1_0.o-c_lto_20091017-1_1.o execute -O0 -flto -flto-partition=none -fuse-linker-plugin
FAIL: gcc.dg/lto/20091017-1 c_lto_20091017-1_0.o-c_lto_20091017-1_1.o execute -O2 -flto -flto-partition=none -fuse-linker-plugin -fno-fat-lto-objects
FAIL: gcc.dg/lto/20091017-1 c_lto_20091017-1_0.o-c_lto_20091017-1_1.o execute -O0 -flto -fuse-linker-plugin -fno-fat-lto-objects
FAIL: gcc.dg/lto/20091017-1 c_lto_20091017-1_0.o-c_lto_20091017-1_1.o execute -O2 -flto -fuse-linker-plugin
FAIL: gcc.dg/lto/20091216-1 c_lto_20091216-1_0.o-c_lto_20091216-1_0.o execute -O0 -flto -flto-partition=none -fuse-linker-plugin
FAIL: gcc.dg/lto/20091216-1 c_lto_20091216-1_0.o-c_lto_20091216-1_0.o execute -O2 -flto -flto-partition=none -fuse-linker-plugin -fno-fat-lto-objects
FAIL: gcc.dg/lto/20091216-1 c_lto_20091216-1_0.o-c_lto_20091216-1_0.o execute -O0 -flto -fuse-linker-plugin -fno-fat-lto-objects
FAIL: gcc.dg/lto/20091216-1 c_lto_20091216-1_0.o-c_lto_20091216-1_0.o execute -O2 -flto -fuse-linker-plugin
FAIL: gcc.dg/lto/20100423-1 c_lto_20100423-1_0.o-c_lto_20100423-1_1.o execute -O0 -flto -flto-partition=none -fuse-linker-plugin
FAIL: gcc.dg/lto/20100423-1 c_lto_20100423-1_0.o-c_lto_20100423-1_1.o execute -O2 -flto -flto-partition=none -fuse-linker-plugin -fno-fat-lto-objects
FAIL: gcc.dg/lto/20100423-1 c_lto_20100423-1_0.o-c_lto_20100423-1_1.o execute -O0 -flto -fuse-linker-plugin -fno-fat-lto-objects
FAIL: gcc.dg/lto/20100423-1 c_lto_20100423-1_0.o-c_lto_20100423-1_1.o execute -O2 -flto -fuse-linker-plugin
FAIL: gcc.dg/lto/20100720-1 c_lto_20100720-1_0.o-c_lto_20100720-1_1.o execute -O0 -flto -flto-partition=none -fuse-linker-plugin
FAIL: gcc.dg/lto/20100720-1 c_lto_20100720-1_0.o-c_lto_20100720-1_1.o execute -O2 -flto -flto-partition=none -fuse-linker-plugin -fno-fat-lto-objects
FAIL: gcc.dg/lto/20100720-1 c_lto_20100720-1_0.o-c_lto_20100720-1_1.o execute -O0 -flto -fuse-linker-plugin -fno-fat-lto-objects
FAIL: gcc.dg/lto/20100720-1 c_lto_20100720-1_0.o-c_lto_20100720-1_1.o execute -O2 -flto -fuse-linker-plugin
FAIL: gcc.dg/lto/20100720-2 c_lto_20100720-2_0.o-c_lto_20100720-2_1.o execute -O0 -flto -flto-partition=none -fuse-linker-plugin
FAIL: gcc.dg/lto/20100720-2 c_lto_20100720-2_0.o-c_lto_20100720-2_1.o execute -O2 -flto -flto-partition=none -fuse-linker-plugin -fno-fat-lto-objects
FAIL: gcc.dg/lto/20100720-2 c_lto_20100720-2_0.o-c_lto_20100720-2_1.o execute -O0 -flto -fuse-linker-plugin -fno-fat-lto-objects
FAIL: gcc.dg/lto/20100720-2 c_lto_20100720-2_0.o-c_lto_20100720-2_1.o execute -O2 -flto -fuse-linker-plugin
FAIL: gcc.dg/lto/20100720-3 c_lto_20100720-3_0.o-c_lto_20100720-3_1.o execute -O0 -flto -flto-partition=none -fuse-linker-plugin
FAIL: gcc.dg/lto/20100720-3 c_lto_20100720-3_0.o-c_lto_20100720-3_1.o execute -O2 -flto -flto-partition=none -fuse-linker-plugin -fno-fat-lto-objects
FAIL: gcc.dg/lto/20100720-3 c_lto_20100720-3_0.o-c_lto_20100720-3_1.o execute -O0 -flto -fuse-linker-plugin -fno-fat-lto-objects
FAIL: gcc.dg/lto/20100720-3 c_lto_20100720-3_0.o-c_lto_20100720-3_1.o execute -O2 -flto -fuse-linker-plugin
FAIL: gcc.dg/lto/20100722-1 c_lto_20100722-1_0.o-c_lto_20100722-1_0.o execute -O0 -flto -flto-partition=none -fuse-linker-plugin
FAIL: gcc.dg/lto/20100722-1 c_lto_20100722-1_0.o-c_lto_20100722-1_0.o execute -O2 -flto -flto-partition=none -fuse-linker-plugin -fno-fat-lto-objects
FAIL: gcc.dg/lto/20100722-1 c_lto_20100722-1_0.o-c_lto_20100722-1_0.o execute -O0 -flto -flto-partition=1to1 -fno-use-linker-plugin
FAIL: gcc.dg/lto/20100722-1 c_lto_20100722-1_0.o-c_lto_20100722-1_0.o execute -O2 -flto -flto-partition=1to1 -fno-use-linker-plugin
FAIL: gcc.dg/lto/20100722-1 c_lto_20100722-1_0.o-c_lto_20100722-1_0.o execute -O0 -flto -fuse-linker-plugin -fno-fat-lto-objects
FAIL: gcc.dg/lto/20100722-1 c_lto_20100722-1_0.o-c_lto_20100722-1_0.o execute -O2 -flto -fuse-linker-plugin
FAIL: gcc.dg/lto/20110201-1 c_lto_20110201-1_0.o-c_lto_20110201-1_0.o execute -O0 -flto
FAIL: gcc.dg/lto/20111207-1 c_lto_20111207-1_0.o-c_lto_20111207-1_3.o execute -flto
FAIL: gcc.dg/lto/20111207-2 c_lto_20111207-2_0.o-c_lto_20111207-2_0.o execute -g -O -flto
FAIL: gcc.dg/lto/20120723 c_lto_20120723_0.o-c_lto_20120723_1.o execute -O3 -fno-early-inlining -flto
FAIL: gcc.dg/lto/attr-weakref-1 c_lto_attr-weakref-1_0.o-c_lto_attr-weakref-1_2.o execute -O0 -flto -flto-partition=none -fuse-linker-plugin
FAIL: gcc.dg/lto/attr-weakref-1 c_lto_attr-weakref-1_0.o-c_lto_attr-weakref-1_2.o execute -O2 -flto -flto-partition=none -fuse-linker-plugin -fno-fat-lto-objects
FAIL: gcc.dg/lto/attr-weakref-1 c_lto_attr-weakref-1_0.o-c_lto_attr-weakref-1_2.o execute -O0 -flto -fuse-linker-plugin -fno-fat-lto-objects
FAIL: gcc.dg/lto/attr-weakref-1 c_lto_attr-weakref-1_0.o-c_lto_attr-weakref-1_2.o execute -O2 -flto -fuse-linker-plugin
FAIL: gcc.dg/lto/const-uniq c_lto_const-uniq_0.o-c_lto_const-uniq_1.o execute -Os -flto -flto-partition=none
FAIL: gcc.dg/lto/const-uniq c_lto_const-uniq_0.o-c_lto_const-uniq_1.o execute -Os -flto -flto-partition=1to1
FAIL: gcc.dg/lto/ipacp c_lto_ipacp_0.o-c_lto_ipacp_1.o execute -O1 -flto -flto-partition=1to1 -fipa-cp -fipa-cp-clone
FAIL: gcc.dg/lto/ipareference2 c_lto_ipareference2_0.o-c_lto_ipareference2_1.o execute -O1 -flto -flto-partition=1to1 -fwhole-program
FAIL: gcc.dg/lto/ipareference c_lto_ipareference_0.o-c_lto_ipareference_1.o execute -O1 -flto -flto-partition=1to1
FAIL: gcc.dg/lto/materialize-1 c_lto_materialize-1_0.o-c_lto_materialize-1_1.o execute -O3 -flto -flto-partition=1to1
FAIL: gcc.dg/lto/noreturn-1 c_lto_noreturn-1_0.o-c_lto_noreturn-1_1.o execute -O2 -flto -flto-partition=1to1
FAIL: gcc.dg/lto/pr46940 c_lto_pr46940_0.o-c_lto_pr46940_1.o execute -O0 -flto -flto-partition=none -fuse-linker-plugin
FAIL: gcc.dg/lto/pr46940 c_lto_pr46940_0.o-c_lto_pr46940_1.o execute -O2 -flto -flto-partition=none -fuse-linker-plugin -fno-fat-lto-objects
FAIL: gcc.dg/lto/pr46940 c_lto_pr46940_0.o-c_lto_pr46940_1.o execute -O0 -flto -flto-partition=1to1 -fno-use-linker-plugin
FAIL: gcc.dg/lto/pr46940 c_lto_pr46940_0.o-c_lto_pr46940_1.o execute -O2 -flto -flto-partition=1to1 -fno-use-linker-plugin
FAIL: gcc.dg/lto/pr46940 c_lto_pr46940_0.o-c_lto_pr46940_1.o execute -O0 -flto -fuse-linker-plugin -fno-fat-lto-objects
FAIL: gcc.dg/lto/pr46940 c_lto_pr46940_0.o-c_lto_pr46940_1.o execute -O2 -flto -fuse-linker-plugin
FAIL: gcc.dg/lto/pr53214 c_lto_pr53214_0.o-c_lto_pr53214_0.o execute -O0 -flto -flto-partition=none -fuse-linker-plugin
FAIL: gcc.dg/lto/pr53214 c_lto_pr53214_0.o-c_lto_pr53214_0.o execute -O2 -flto -flto-partition=none -fuse-linker-plugin -fno-fat-lto-objects
FAIL: gcc.dg/lto/pr53214 c_lto_pr53214_0.o-c_lto_pr53214_0.o execute -O0 -flto -fuse-linker-plugin -fno-fat-lto-objects
FAIL: gcc.dg/lto/pr53214 c_lto_pr53214_0.o-c_lto_pr53214_0.o execute -O2 -flto -fuse-linker-plugin
FAIL: gcc.dg/lto/pr55660 c_lto_pr55660_0.o-c_lto_pr55660_1.o execute -O0 -flto -flto-partition=none -fuse-linker-plugin
FAIL: gcc.dg/lto/pr55660 c_lto_pr55660_0.o-c_lto_pr55660_1.o execute -O2 -flto -flto-partition=none -fuse-linker-plugin -fno-fat-lto-objects
FAIL: gcc.dg/lto/pr55660 c_lto_pr55660_0.o-c_lto_pr55660_1.o execute -O0 -flto -fuse-linker-plugin -fno-fat-lto-objects
FAIL: gcc.dg/lto/pr55660 c_lto_pr55660_0.o-c_lto_pr55660_1.o execute -O2 -flto -fuse-linker-plugin
FAIL: gcc.dg/lto/pr55703 c_lto_pr55703_0.o-c_lto_pr55703_0.o execute -O2 -flto -fno-tree-copy-prop -fno-tree-dce
FAIL: gcc.dg/lto/pr56168 c_lto_pr56168_0.o-c_lto_pr56168_1.o execute -flto -O -ffast-math -fno-builtin
FAIL: gcc.dg/lto/resolutions c_lto_resolutions_0.o-c_lto_resolutions_0.o execute -O0 -flto -flto-partition=none -fuse-linker-plugin
FAIL: gcc.dg/lto/resolutions c_lto_resolutions_0.o-c_lto_resolutions_0.o execute -O2 -flto -flto-partition=none -fuse-linker-plugin -fno-fat-lto-objects
FAIL: gcc.dg/lto/resolutions c_lto_resolutions_0.o-c_lto_resolutions_0.o execute -O0 -flto -flto-partition=1to1 -fno-use-linker-plugin
FAIL: gcc.dg/lto/resolutions c_lto_resolutions_0.o-c_lto_resolutions_0.o execute -O2 -flto -flto-partition=1to1 -fno-use-linker-plugin
FAIL: gcc.dg/lto/resolutions c_lto_resolutions_0.o-c_lto_resolutions_0.o execute -O0 -flto -fuse-linker-plugin -fno-fat-lto-objects
FAIL: gcc.dg/lto/resolutions c_lto_resolutions_0.o-c_lto_resolutions_0.o execute -O2 -flto -fuse-linker-plugin
FAIL: gcc.dg/torture/tls/run-gd.c -O2 -flto -fuse-linker-plugin -fno-fat-lto-objects execution test
FAIL: gcc.dg/torture/tls/run-ie.c -O2 -flto -fuse-linker-plugin -fno-fat-lto-objects execution test
FAIL: gcc.dg/torture/tls/run-ld.c -O2 -flto -fuse-linker-plugin -fno-fat-lto-objects execution test
FAIL: gcc.dg/torture/tls/run-le.c -O2 -flto -fuse-linker-plugin -fno-fat-lto-objects execution test
FAIL: gcc.dg/torture/tls/thr-init-1.c -O2 -flto -fuse-linker-plugin -fno-fat-lto-objects execution test
FAIL: gcc.dg/torture/tls/thr-init-2.c -O2 -flto -fuse-linker-plugin -fno-fat-lto-objects execution test
FAIL: gcc.dg/torture/tls/tls-reload-1.c -O2 -flto -fuse-linker-plugin -fno-fat-lto-objects execution test
FAIL: gcc.dg/torture/tls/tls-test.c -O2 -flto -fuse-linker-plugin -fno-fat-lto-objects execution test
FAIL: gcc.dg/tree-prof/crossmodule-indircall-1.c execution, -fprofile-generate -D_PROFILE_GENERATE
UNRESOLVED: gcc.dg/tree-prof/crossmodule-indircall-1.c compilation, -fprofile-use -D_PROFILE_USE
UNRESOLVED: gcc.dg/tree-prof/crossmodule-indircall-1.c execution, -fprofile-use -D_PROFILE_USE
FAIL: gcc.dg/vect/pr58508.c scan-tree-dump-times vect "hoist" 8
FAIL: gcc.dg/vect/vect-reduc-pattern-3.c scan-tree-dump-times vect "vectorized 1 loops" 1
FAIL: gcc.dg/vect/pr58508.c -flto scan-tree-dump-times vect "hoist" 8
FAIL: gcc.dg/vect/vect-reduc-pattern-3.c -flto scan-tree-dump-times vect "vectorized 1 loops" 1
=== gcc Summary for unix/-m64 ===
# of expected passes 88080
# of unexpected failures 199
# of unexpected successes 1
# of expected failures 307
# of unresolved testcases 2
# of unsupported tests 1781
=== gcc Summary ===
# of expected passes 175568
# of unexpected failures 224
# of unexpected successes 2
# of expected failures 625
# of unresolved testcases 2
# of unsupported tests 3620
/var/gcc/regression/trunk/11-gcc-gas-gld/build/gcc/xgcc version 4.9.0 20131115 (experimental) [trunk revision 204842] (GCC)
=== gfortran tests ===
Running target unix
FAIL: gfortran.dg/class_48.f90 -O2 (test for excess errors)
FAIL: gfortran.dg/class_48.f90 -Os (test for excess errors)
FAIL: gfortran.dg/lto/pr45586-2 f_lto_pr45586-2_0.o-f_lto_pr45586-2_0.o link, -O0 -flto -flto-partition=none -fuse-linker-plugin (internal compiler error)
UNRESOLVED: gfortran.dg/lto/pr45586-2 f_lto_pr45586-2_0.o-f_lto_pr45586-2_0.o execute -O0 -flto -flto-partition=none -fuse-linker-plugin
FAIL: gfortran.dg/lto/pr45586-2 f_lto_pr45586-2_0.o-f_lto_pr45586-2_0.o link, -O0 -flto -flto-partition=1to1 -fno-use-linker-plugin (internal compiler error)
UNRESOLVED: gfortran.dg/lto/pr45586-2 f_lto_pr45586-2_0.o-f_lto_pr45586-2_0.o execute -O0 -flto -flto-partition=1to1 -fno-use-linker-plugin
FAIL: gfortran.dg/lto/pr45586-2 f_lto_pr45586-2_0.o-f_lto_pr45586-2_0.o link, -O0 -flto -fuse-linker-plugin -fno-fat-lto-objects (internal compiler error)
UNRESOLVED: gfortran.dg/lto/pr45586-2 f_lto_pr45586-2_0.o-f_lto_pr45586-2_0.o execute -O0 -flto -fuse-linker-plugin -fno-fat-lto-objects
FAIL: gfortran.dg/lto/pr45586 f_lto_pr45586_0.o-f_lto_pr45586_0.o link, -O0 -flto -flto-partition=none -fuse-linker-plugin (internal compiler error)
UNRESOLVED: gfortran.dg/lto/pr45586 f_lto_pr45586_0.o-f_lto_pr45586_0.o execute -O0 -flto -flto-partition=none -fuse-linker-plugin
FAIL: gfortran.dg/lto/pr45586 f_lto_pr45586_0.o-f_lto_pr45586_0.o link, -O0 -flto -flto-partition=1to1 -fno-use-linker-plugin (internal compiler error)
UNRESOLVED: gfortran.dg/lto/pr45586 f_lto_pr45586_0.o-f_lto_pr45586_0.o execute -O0 -flto -flto-partition=1to1 -fno-use-linker-plugin
FAIL: gfortran.dg/lto/pr45586 f_lto_pr45586_0.o-f_lto_pr45586_0.o link, -O0 -flto -fuse-linker-plugin -fno-fat-lto-objects (internal compiler error)
UNRESOLVED: gfortran.dg/lto/pr45586 f_lto_pr45586_0.o-f_lto_pr45586_0.o execute -O0 -flto -fuse-linker-plugin -fno-fat-lto-objects
FAIL: gfortran.fortran-torture/execute/pr32604.f90 execution, -O2 -fbounds-check
=== gfortran Summary for unix ===
# of expected passes 44746
# of unexpected failures 9
# of expected failures 54
# of unresolved testcases 6
# of unsupported tests 267
Running target unix/-m64
FAIL: gfortran.dg/lto/pr45586-2 f_lto_pr45586-2_0.o-f_lto_pr45586-2_0.o link, -O0 -flto -flto-partition=none -fuse-linker-plugin (internal compiler error)
UNRESOLVED: gfortran.dg/lto/pr45586-2 f_lto_pr45586-2_0.o-f_lto_pr45586-2_0.o execute -O0 -flto -flto-partition=none -fuse-linker-plugin
FAIL: gfortran.dg/lto/pr45586-2 f_lto_pr45586-2_0.o-f_lto_pr45586-2_0.o link, -O0 -flto -flto-partition=1to1 -fno-use-linker-plugin (internal compiler error)
UNRESOLVED: gfortran.dg/lto/pr45586-2 f_lto_pr45586-2_0.o-f_lto_pr45586-2_0.o execute -O0 -flto -flto-partition=1to1 -fno-use-linker-plugin
FAIL: gfortran.dg/lto/pr45586-2 f_lto_pr45586-2_0.o-f_lto_pr45586-2_0.o link, -O0 -flto -fuse-linker-plugin -fno-fat-lto-objects (internal compiler error)
UNRESOLVED: gfortran.dg/lto/pr45586-2 f_lto_pr45586-2_0.o-f_lto_pr45586-2_0.o execute -O0 -flto -fuse-linker-plugin -fno-fat-lto-objects
FAIL: gfortran.dg/lto/pr45586 f_lto_pr45586_0.o-f_lto_pr45586_0.o link, -O0 -flto -flto-partition=none -fuse-linker-plugin (internal compiler error)
UNRESOLVED: gfortran.dg/lto/pr45586 f_lto_pr45586_0.o-f_lto_pr45586_0.o execute -O0 -flto -flto-partition=none -fuse-linker-plugin
FAIL: gfortran.dg/lto/pr45586 f_lto_pr45586_0.o-f_lto_pr45586_0.o link, -O0 -flto -flto-partition=1to1 -fno-use-linker-plugin (internal compiler error)
UNRESOLVED: gfortran.dg/lto/pr45586 f_lto_pr45586_0.o-f_lto_pr45586_0.o execute -O0 -flto -flto-partition=1to1 -fno-use-linker-plugin
FAIL: gfortran.dg/lto/pr45586 f_lto_pr45586_0.o-f_lto_pr45586_0.o link, -O0 -flto -fuse-linker-plugin -fno-fat-lto-objects (internal compiler error)
UNRESOLVED: gfortran.dg/lto/pr45586 f_lto_pr45586_0.o-f_lto_pr45586_0.o execute -O0 -flto -fuse-linker-plugin -fno-fat-lto-objects
=== gfortran Summary for unix/-m64 ===
# of expected passes 45076
# of unexpected failures 6
# of expected failures 54
# of unresolved testcases 6
# of unsupported tests 106
=== gfortran Summary ===
# of expected passes 89822
# of unexpected failures 15
# of expected failures 108
# of unresolved testcases 12
# of unsupported tests 373
/var/gcc/regression/trunk/11-gcc-gas-gld/build/gcc/testsuite/gfortran/../../gfortran version 4.9.0 20131115 (experimental) [trunk revision 204842] (GCC)
=== gnat tests ===
Running target unix
=== gnat Summary for unix ===
# of expected passes 1186
# of expected failures 18
# of unsupported tests 13
Running target unix/-m64
=== gnat Summary for unix/-m64 ===
# of expected passes 1186
# of expected failures 18
# of unsupported tests 13
=== gnat Summary ===
# of expected passes 2372
# of expected failures 36
# of unsupported tests 26
/var/gcc/regression/trunk/11-gcc-gas-gld/build/gcc/gnatmake version 4.9.0 20131115 (experimental) [trunk revision 204842]
=== go tests ===
Running target unix
FAIL: ./rotate0-out.go compilation, -O0 -g -fno-var-tracking-assignments
FAIL: ./rotate1-out.go compilation, -O0 -g -fno-var-tracking-assignments
FAIL: ./rotate2-out.go compilation, -O0 -g -fno-var-tracking-assignments
FAIL: ./rotate3-out.go compilation, -O0 -g -fno-var-tracking-assignments
FAIL: go.test/test/chan/doubleselect.go execution, -O2 -g
FAIL: go.test/test/fixedbugs/bug370.go execution, -O2 -g
FAIL: go.test/test/mallocfin.go execution, -O2 -g
WARNING: program timed out.
WARNING: program timed out.
WARNING: program timed out.
WARNING: program timed out.
=== go Summary for unix ===
# of expected passes 7235
# of unexpected failures 7
# of expected failures 1
# of untested testcases 10
# of unsupported tests 2
Running target unix/-m64
FAIL: go.go-torture/execute/chan-1.go execution, -O2 -fbounds-check
FAIL: go.go-torture/execute/go-1.go execution, -O1
FAIL: go.go-torture/execute/go-2.go execution, -O1
FAIL: go.test/test/64bit.go execution
FAIL: go.test/test/append.go execution, -O2 -g
FAIL: go.test/test/bom.go execution
FAIL: go.test/test/chan/doubleselect.go execution, -O2 -g
FAIL: go.test/test/chan/fifo.go execution, -O2 -g
FAIL: go.test/test/chan/goroutines.go execution, -O2 -g
FAIL: go.test/test/chan/nonblock.go execution, -O2 -g
FAIL: go.test/test/chan/powser1.go execution, -O2 -g
FAIL: go.test/test/chan/select3.go execution, -O2 -g
FAIL: go.test/test/chan/select5.go execution
FAIL: go.test/test/chan/sieve1.go execution, -O2 -g
FAIL: go.test/test/convT2X.go execution, -O2 -g
FAIL: go.test/test/copy.go execution, -O2 -g
FAIL: go.test/test/ddd2.dir/ddd3.go execution, -O2 -g
FAIL: go.test/test/deferprint.go execution
FAIL: go.test/test/fixedbugs/bug147.go execution, -O2 -g
FAIL: go.test/test/fixedbugs/bug206.go execution
FAIL: go.test/test/fixedbugs/bug243.go execution, -O2 -g
FAIL: go.test/test/fixedbugs/bug257.go execution, -O2 -g
FAIL: go.test/test/fixedbugs/bug294.go execution, -O2 -g
FAIL: go.test/test/fixedbugs/bug347.go execution, -O0 -g
FAIL: go.test/test/fixedbugs/bug369.go
FAIL: go.test/test/fixedbugs/bug370.go execution, -O2 -g
FAIL: go.test/test/fixedbugs/bug414.dir/prog.go execution, -O2 -g
FAIL: go.test/test/fixedbugs/bug449.go execution
FAIL: go.test/test/fixedbugs/bug468.dir/p2.go execution, -O2 -g
FAIL: go.test/test/fixedbugs/issue4085b.go execution, -O2 -g
FAIL: go.test/test/fixedbugs/issue4316.go execution, -O2 -g
FAIL: go.test/test/fixedbugs/issue4348.go -O (test for excess errors)
FAIL: go.test/test/fixedbugs/issue4353.go execution, -O2 -g
FAIL: go.test/test/fixedbugs/issue4562.go execution, -O2 -g
FAIL: go.test/test/fixedbugs/issue4667.go execution, -O2 -g
FAIL: go.test/test/fixedbugs/issue4909b.go execution
FAIL: go.test/test/fixedbugs/issue5162.go execution
FAIL: go.test/test/gc1.go execution, -O2 -g
FAIL: go.test/test/gc2.go execution, -O2 -g
FAIL: go.test/test/goprint.go execution
FAIL: go.test/test/index0.go execution
FAIL: go.test/test/index1.go execution
FAIL: go.test/test/index2.go execution
FAIL: go.test/test/interface/struct.go execution, -O2 -g
FAIL: go.test/test/ken/chan.go execution, -O2 -g
FAIL: go.test/test/ken/chan1.go execution, -O2 -g
FAIL: go.test/test/ken/divconst.go execution, -O2 -g
FAIL: go.test/test/ken/modconst.go execution, -O2 -g
FAIL: go.test/test/ken/string.go execution
FAIL: go.test/test/mallocfin.go execution, -O2 -g
FAIL: go.test/test/mapnan.go execution, -O2 -g
FAIL: go.test/test/nil.go execution, -O2 -g
FAIL: go.test/test/peano.go execution, -O2 -g
FAIL: go.test/test/rotate0.go execution
FAIL: go.test/test/rotate1.go execution
FAIL: go.test/test/rotate2.go execution
FAIL: go.test/test/rotate3.go execution
FAIL: go.test/test/struct0.go execution, -O2 -g
=== go Summary for unix/-m64 ===
# of expected passes 2965
# of unexpected failures 58
# of expected failures 1
# of untested testcases 10
# of unsupported tests 2
=== go Summary ===
# of expected passes 10200
# of unexpected failures 65
# of expected failures 2
# of untested testcases 20
# of unsupported tests 4
/var/gcc/regression/trunk/11-gcc-gas-gld/build/gcc/testsuite/go/../../gccgo version 4.9.0 20131115 (experimental) [trunk revision 204842] (GCC)
=== obj-c++ tests ===
Running target unix
=== obj-c++ Summary for unix ===
# of expected passes 1449
# of expected failures 2
# of unsupported tests 86
Running target unix/-m64
=== obj-c++ Summary for unix/-m64 ===
# of expected passes 1441
# of expected failures 10
# of unsupported tests 86
=== obj-c++ Summary ===
# of expected passes 2890
# of expected failures 12
# of unsupported tests 172
/var/gcc/regression/trunk/11-gcc-gas-gld/build/gcc/testsuite/obj-c++/../../xg++ version 4.9.0 20131115 (experimental) [trunk revision 204842] (GCC)
=== objc tests ===
Running target unix
=== objc Summary for unix ===
# of expected passes 2994
# of unsupported tests 74
Running target unix/-m64
=== objc Summary for unix/-m64 ===
# of expected passes 2994
# of unsupported tests 74
=== objc Summary ===
# of expected passes 5988
# of unsupported tests 148
/var/gcc/regression/trunk/11-gcc-gas-gld/build/gcc/xgcc version 4.9.0 20131115 (experimental) [trunk revision 204842] (GCC)
=== boehm-gc tests ===
Running target unix
=== boehm-gc Summary for unix ===
# of expected passes 12
# of unsupported tests 1
Running target unix/-m64
=== boehm-gc Summary for unix/-m64 ===
# of expected passes 12
# of unsupported tests 1
=== boehm-gc Summary ===
# of expected passes 24
# of unsupported tests 2
=== libatomic tests ===
Running target unix
=== libatomic Summary for unix ===
# of expected passes 34
# of unsupported tests 10
Running target unix/-m64
=== libatomic Summary for unix/-m64 ===
# of expected passes 44
# of unsupported tests 5
=== libatomic Summary ===
# of expected passes 78
# of unsupported tests 15
=== libffi tests ===
Running target unix
=== libffi Summary for unix ===
# of expected passes 1819
# of unsupported tests 55
Running target unix/-m64
=== libffi Summary for unix/-m64 ===
# of expected passes 1819
# of unsupported tests 55
=== libffi Summary ===
# of expected passes 3638
# of unsupported tests 110
=== libgo tests ===
Running target unix
FAIL: net
FAIL: runtime
FAIL: sync
FAIL: time
FAIL: database/sql
FAIL: net/http
FAIL: os/signal
FAIL: os/user
FAIL: sync/atomic
FAIL: text/template
FAIL: testing/quick
=== libgo Summary for unix ===
# of expected passes 111
# of unexpected failures 11
Running target unix/-m64
FAIL: bufio
FAIL: bytes
FAIL: errors
FAIL: expvar
FAIL: flag
FAIL: fmt
FAIL: html
FAIL: image
FAIL: io
FAIL: log
FAIL: math
FAIL: mime
FAIL: net
FAIL: os
FAIL: path
FAIL: reflect
FAIL: regexp
FAIL: runtime
FAIL: sort
FAIL: strconv
FAIL: strings
FAIL: sync
FAIL: syscall
FAIL: time
FAIL: unicode
FAIL: archive/tar
FAIL: archive/zip
FAIL: compress/bzip2
FAIL: compress/flate
FAIL: compress/gzip
FAIL: compress/lzw
FAIL: compress/zlib
FAIL: container/heap
FAIL: container/list
FAIL: container/ring
FAIL: crypto/aes
FAIL: crypto/cipher
FAIL: crypto/des
FAIL: crypto/dsa
FAIL: crypto/ecdsa
FAIL: crypto/elliptic
FAIL: crypto/hmac
FAIL: crypto/md5
FAIL: crypto/rand
FAIL: crypto/rc4
FAIL: crypto/rsa
FAIL: crypto/sha1
FAIL: crypto/sha256
FAIL: crypto/sha512
FAIL: crypto/subtle
FAIL: crypto/tls
FAIL: crypto/x509
FAIL: database/sql
FAIL: database/sql/driver
FAIL: debug/dwarf
FAIL: debug/elf
FAIL: debug/macho
FAIL: debug/pe
FAIL: encoding/ascii85
FAIL: encoding/asn1
FAIL: encoding/base32
FAIL: encoding/base64
FAIL: encoding/binary
FAIL: encoding/csv
FAIL: encoding/gob
FAIL: encoding/hex
FAIL: encoding/json
FAIL: encoding/pem
FAIL: encoding/xml
FAIL: exp/terminal
FAIL: html/template
FAIL: go/ast
FAIL: go/doc
FAIL: go/format
FAIL: go/parser
FAIL: go/printer
FAIL: go/scanner
FAIL: go/token
FAIL: hash/adler32
FAIL: hash/crc32
FAIL: hash/crc64
FAIL: hash/fnv
FAIL: image/color
FAIL: image/draw
FAIL: image/jpeg
FAIL: image/png
FAIL: index/suffixarray
FAIL: io/ioutil
FAIL: log/syslog
FAIL: math/big
FAIL: math/cmplx
FAIL: math/rand
FAIL: mime/multipart
FAIL: net/http
FAIL: net/http/cgi
FAIL: net/http/cookiejar
FAIL: net/http/fcgi
FAIL: net/http/httptest
FAIL: net/http/httputil
FAIL: net/mail
FAIL: net/rpc
FAIL: net/smtp
FAIL: net/textproto
FAIL: net/url
FAIL: net/rpc/jsonrpc
FAIL: old/regexp
FAIL: old/template
FAIL: os/exec
FAIL: os/signal
FAIL: os/user
FAIL: path/filepath
FAIL: regexp/syntax
FAIL: runtime/pprof
FAIL: sync/atomic
FAIL: text/scanner
FAIL: text/tabwriter
FAIL: text/template
FAIL: text/template/parse
FAIL: testing/quick
FAIL: unicode/utf16
FAIL: unicode/utf8
=== libgo Summary for unix/-m64 ===
# of expected passes 1
# of unexpected failures 121
=== libgo Summary ===
# of expected passes 112
# of unexpected failures 132
/var/gcc/regression/trunk/11-gcc-gas-gld/build/./gcc/gccgo version 4.9.0 20131115 (experimental) [trunk revision 204842] (GCC)
=== libgomp tests ===
Running target unix
FAIL: libgomp.c/pr58392.c execution test
FAIL: libgomp.graphite/bounds.c scan-tree-dump-times graphite "0 loops carried no dependency" 1
FAIL: libgomp.graphite/force-parallel-4.c execution test
FAIL: libgomp.graphite/force-parallel-4.c scan-tree-dump-times graphite "2 loops carried no dependency" 1
FAIL: libgomp.graphite/force-parallel-6.c scan-tree-dump-times graphite "1 loops carried no dependency" 1
FAIL: libgomp.graphite/pr41118.c scan-tree-dump-times optimized "loopfn" 0
=== libgomp Summary for unix ===
# of expected passes 2380
# of unexpected failures 6
# of unsupported tests 3
Running target unix/-m64
FAIL: libgomp.c/pr58392.c execution test
FAIL: libgomp.graphite/bounds.c scan-tree-dump-times graphite "0 loops carried no dependency" 1
FAIL: libgomp.graphite/force-parallel-4.c execution test
FAIL: libgomp.graphite/force-parallel-4.c scan-tree-dump-times graphite "2 loops carried no dependency" 1
FAIL: libgomp.graphite/force-parallel-6.c scan-tree-dump-times graphite "1 loops carried no dependency" 1
FAIL: libgomp.graphite/pr41118.c scan-tree-dump-times optimized "loopfn" 0
=== libgomp Summary for unix/-m64 ===
# of expected passes 2380
# of unexpected failures 6
# of unsupported tests 3
=== libgomp Summary ===
# of expected passes 4760
# of unexpected failures 12
# of unsupported tests 6
=== libitm tests ===
Running target unix
=== libitm Summary for unix ===
# of expected passes 26
# of expected failures 3
# of unsupported tests 1
Running target unix/-m64
=== libitm Summary for unix/-m64 ===
# of expected passes 26
# of expected failures 3
# of unsupported tests 1
=== libitm Summary ===
# of expected passes 52
# of expected failures 6
# of unsupported tests 2
=== libjava tests ===
Running target unix
FAIL: sourcelocation output - source compiled test
FAIL: sourcelocation -findirect-dispatch output - source compiled test
FAIL: sourcelocation -O3 output - source compiled test
FAIL: sourcelocation -O3 -findirect-dispatch output - source compiled test
=== libjava Summary for unix ===
# of expected passes 2582
# of unexpected failures 4
Running target unix/-m64
FAIL: sourcelocation output - source compiled test
FAIL: sourcelocation -findirect-dispatch output - source compiled test
FAIL: sourcelocation -O3 output - source compiled test
FAIL: sourcelocation -O3 -findirect-dispatch output - source compiled test
=== libjava Summary for unix/-m64 ===
# of expected passes 2582
# of unexpected failures 4
=== libjava Summary ===
# of expected passes 5164
# of unexpected failures 8
=== libstdc++ tests ===
Running target unix
=== libstdc++ Summary for unix ===
# of expected passes 8722
# of expected failures 40
# of unsupported tests 597
Running target unix/-m64
=== libstdc++ Summary for unix/-m64 ===
# of expected passes 8722
# of expected failures 40
# of unsupported tests 597
=== libstdc++ Summary ===
# of expected passes 17444
# of expected failures 80
# of unsupported tests 1194
Compiler version: 4.9.0 20131115 (experimental) [trunk revision 204842] (GCC)
Platform: sparc-sun-solaris2.11
configure flags: --prefix=/vol/gcc --target=sparc-sun-solaris2.11 --enable-objc-gc --enable-libmudflap --with-as=/vol/gcc/bin/gas-2.23.1 --with-gnu-as --with-ld=/vol/gcc/bin/gld-2.23.1 --with-gnu-ld --with-gmp-include=/vol/gcc/include --with-gmp-lib=/vol/gcc/lib --with-mpfr-include=/vol/gcc/include --with-mpfr-lib=/vol/gcc/lib --with-mpc-include=/vol/gcc/include --with-mpc-lib=/vol/gcc/lib --enable-languages=all,ada,obj-c++,go --with-isl-include=/vol/gcc/include --with-isl-lib=/vol/gcc/lib --with-cloog-include=/vol/gcc/include --with-cloog-lib=/vol/gcc/lib --enable-cloog-backend=isl
BOOT_CFLAGS=-g -O2
More information about the Gcc-testresults
mailing list