Results for 4.9.0 20131115 (experimental) [trunk revision 204842] (GCC) testsuite on i386-pc-solaris2.10
Rainer Orth
ro@CeBiTec.Uni-Bielefeld.DE
Mon Nov 18 10:16:00 GMT 2013
LAST_UPDATED: Fri Nov 15 14:39:55 UTC 2013 (revision 204842)
=== acats tests ===
FAIL: c52102a
FAIL: c52102c
=== acats Summary ===
# of expected passes 2318
# of unexpected failures 2
Native configuration is i386-pc-solaris2.10
=== g++ tests ===
Running target unix
FAIL: g++.dg/init/cleanup3.C -std=c++98 scan-assembler-not _tcf
FAIL: g++.dg/init/cleanup3.C -std=c++11 scan-assembler-not _tcf
FAIL: g++.dg/warn/Wunused-3.C -std=gnu++98 (test for excess errors)
FAIL: g++.dg/warn/Wunused-3.C -std=gnu++11 (test for excess errors)
FAIL: g++.dg/lto/20100302 cp_lto_20100302_0.o-cp_lto_20100302_1.o link, -flto -fabi-version=2
UNRESOLVED: g++.dg/lto/20100302 cp_lto_20100302_0.o-cp_lto_20100302_1.o execute -flto -fabi-version=2
FAIL: g++.dg/tls/thread_local-order1.C execution test
FAIL: g++.dg/tls/thread_local3g.C -std=gnu++11 execution test
FAIL: g++.dg/tls/thread_local4g.C -std=gnu++11 execution test
FAIL: g++.dg/tls/thread_local5g.C -std=gnu++11 execution test
FAIL: g++.dg/tls/thread_local6g.C execution test
FAIL: g++.old-deja/g++.other/init5.C -std=c++98 execution test
FAIL: g++.old-deja/g++.other/init5.C -std=c++11 execution test
=== g++ Summary for unix ===
# of expected passes 55102
# of unexpected failures 12
# of expected failures 292
# of unresolved testcases 1
# of unsupported tests 756
Running target unix/-m64
FAIL: g++.dg/init/cleanup3.C -std=c++98 scan-assembler-not _tcf
FAIL: g++.dg/init/cleanup3.C -std=c++11 scan-assembler-not _tcf
FAIL: g++.dg/warn/Wunused-3.C -std=gnu++98 (test for excess errors)
FAIL: g++.dg/warn/Wunused-3.C -std=gnu++11 (test for excess errors)
FAIL: g++.dg/lto/20100302 cp_lto_20100302_0.o-cp_lto_20100302_1.o link, -flto -fabi-version=2
UNRESOLVED: g++.dg/lto/20100302 cp_lto_20100302_0.o-cp_lto_20100302_1.o execute -flto -fabi-version=2
FAIL: g++.dg/tls/thread_local-order1.C execution test
FAIL: g++.dg/tls/thread_local3g.C -std=gnu++11 execution test
FAIL: g++.dg/tls/thread_local4g.C -std=gnu++11 execution test
FAIL: g++.dg/tls/thread_local5g.C -std=gnu++11 execution test
FAIL: g++.dg/tls/thread_local6g.C execution test
FAIL: g++.old-deja/g++.other/init5.C -std=c++98 execution test
FAIL: g++.old-deja/g++.other/init5.C -std=c++11 execution test
=== g++ Summary for unix/-m64 ===
# of expected passes 55867
# of unexpected failures 12
# of expected failures 292
# of unresolved testcases 1
# of unsupported tests 1000
=== g++ Summary ===
# of expected passes 110969
# of unexpected failures 24
# of expected failures 584
# of unresolved testcases 2
# of unsupported tests 1756
/var/gcc/regression/trunk/10-gcc-gld/build/gcc/testsuite/g++/../../xg++ version 4.9.0 20131115 (experimental) [trunk revision 204842] (GCC)
=== gcc tests ===
Running target unix
XPASS: gcc.dg/binop-xor1.c scan-tree-dump-times optimized "\\\\^" 1
FAIL: gcc.dg/uninit-pred-8_b.c bogus warning (test for bogus messages, line 20)
FAIL: gcc.dg/uninit-pred-9_b.c bogus warning (test for bogus messages, line 24)
=== gcc Summary for unix ===
# of expected passes 96449
# of unexpected failures 2
# of unexpected successes 1
# of expected failures 252
# of unsupported tests 1275
Running target unix/-m64
FAIL: c-c++-common/cilk-plus/CK/fib.c -g -fcilkplus -L/var/gcc/regression/trunk/10-gcc-gld/build/i386-pc-solaris2.10/amd64/libcilkrts/.libs (test for excess errors)
WARNING: c-c++-common/cilk-plus/CK/fib.c -g -fcilkplus -L/var/gcc/regression/trunk/10-gcc-gld/build/i386-pc-solaris2.10/amd64/libcilkrts/.libs compilation failed to produce executable
FAIL: c-c++-common/cilk-plus/CK/fib_init_expr_xy.c -g -fcilkplus -L/var/gcc/regression/trunk/10-gcc-gld/build/i386-pc-solaris2.10/amd64/libcilkrts/.libs (test for excess errors)
WARNING: c-c++-common/cilk-plus/CK/fib_init_expr_xy.c -g -fcilkplus -L/var/gcc/regression/trunk/10-gcc-gld/build/i386-pc-solaris2.10/amd64/libcilkrts/.libs compilation failed to produce executable
FAIL: c-c++-common/cilk-plus/CK/fib_no_return.c -g -fcilkplus -L/var/gcc/regression/trunk/10-gcc-gld/build/i386-pc-solaris2.10/amd64/libcilkrts/.libs (test for excess errors)
WARNING: c-c++-common/cilk-plus/CK/fib_no_return.c -g -fcilkplus -L/var/gcc/regression/trunk/10-gcc-gld/build/i386-pc-solaris2.10/amd64/libcilkrts/.libs compilation failed to produce executable
FAIL: c-c++-common/cilk-plus/CK/fib_no_sync.c -g -fcilkplus -L/var/gcc/regression/trunk/10-gcc-gld/build/i386-pc-solaris2.10/amd64/libcilkrts/.libs (test for excess errors)
WARNING: c-c++-common/cilk-plus/CK/fib_no_sync.c -g -fcilkplus -L/var/gcc/regression/trunk/10-gcc-gld/build/i386-pc-solaris2.10/amd64/libcilkrts/.libs compilation failed to produce executable
FAIL: c-c++-common/cilk-plus/CK/spawnee_inline.c -g -fcilkplus -L/var/gcc/regression/trunk/10-gcc-gld/build/i386-pc-solaris2.10/amd64/libcilkrts/.libs (test for excess errors)
WARNING: c-c++-common/cilk-plus/CK/spawnee_inline.c -g -fcilkplus -L/var/gcc/regression/trunk/10-gcc-gld/build/i386-pc-solaris2.10/amd64/libcilkrts/.libs compilation failed to produce executable
FAIL: c-c++-common/cilk-plus/CK/spawner_inline.c -g -fcilkplus -L/var/gcc/regression/trunk/10-gcc-gld/build/i386-pc-solaris2.10/amd64/libcilkrts/.libs (test for excess errors)
WARNING: c-c++-common/cilk-plus/CK/spawner_inline.c -g -fcilkplus -L/var/gcc/regression/trunk/10-gcc-gld/build/i386-pc-solaris2.10/amd64/libcilkrts/.libs compilation failed to produce executable
FAIL: c-c++-common/cilk-plus/CK/spawning_arg.c -g -fcilkplus -L/var/gcc/regression/trunk/10-gcc-gld/build/i386-pc-solaris2.10/amd64/libcilkrts/.libs (test for excess errors)
WARNING: c-c++-common/cilk-plus/CK/spawning_arg.c -g -fcilkplus -L/var/gcc/regression/trunk/10-gcc-gld/build/i386-pc-solaris2.10/amd64/libcilkrts/.libs compilation failed to produce executable
FAIL: c-c++-common/cilk-plus/CK/steal_check.c -g -fcilkplus -L/var/gcc/regression/trunk/10-gcc-gld/build/i386-pc-solaris2.10/amd64/libcilkrts/.libs (test for excess errors)
WARNING: c-c++-common/cilk-plus/CK/steal_check.c -g -fcilkplus -L/var/gcc/regression/trunk/10-gcc-gld/build/i386-pc-solaris2.10/amd64/libcilkrts/.libs compilation failed to produce executable
FAIL: c-c++-common/cilk-plus/CK/varargs_test.c -g -fcilkplus -L/var/gcc/regression/trunk/10-gcc-gld/build/i386-pc-solaris2.10/amd64/libcilkrts/.libs (test for excess errors)
WARNING: c-c++-common/cilk-plus/CK/varargs_test.c -g -fcilkplus -L/var/gcc/regression/trunk/10-gcc-gld/build/i386-pc-solaris2.10/amd64/libcilkrts/.libs compilation failed to produce executable
FAIL: c-c++-common/cilk-plus/CK/fib.c -O1 -fcilkplus -L/var/gcc/regression/trunk/10-gcc-gld/build/i386-pc-solaris2.10/amd64/libcilkrts/.libs (test for excess errors)
WARNING: c-c++-common/cilk-plus/CK/fib.c -O1 -fcilkplus -L/var/gcc/regression/trunk/10-gcc-gld/build/i386-pc-solaris2.10/amd64/libcilkrts/.libs compilation failed to produce executable
FAIL: c-c++-common/cilk-plus/CK/fib_init_expr_xy.c -O1 -fcilkplus -L/var/gcc/regression/trunk/10-gcc-gld/build/i386-pc-solaris2.10/amd64/libcilkrts/.libs (test for excess errors)
WARNING: c-c++-common/cilk-plus/CK/fib_init_expr_xy.c -O1 -fcilkplus -L/var/gcc/regression/trunk/10-gcc-gld/build/i386-pc-solaris2.10/amd64/libcilkrts/.libs compilation failed to produce executable
FAIL: c-c++-common/cilk-plus/CK/fib_no_return.c -O1 -fcilkplus -L/var/gcc/regression/trunk/10-gcc-gld/build/i386-pc-solaris2.10/amd64/libcilkrts/.libs (test for excess errors)
WARNING: c-c++-common/cilk-plus/CK/fib_no_return.c -O1 -fcilkplus -L/var/gcc/regression/trunk/10-gcc-gld/build/i386-pc-solaris2.10/amd64/libcilkrts/.libs compilation failed to produce executable
FAIL: c-c++-common/cilk-plus/CK/fib_no_sync.c -O1 -fcilkplus -L/var/gcc/regression/trunk/10-gcc-gld/build/i386-pc-solaris2.10/amd64/libcilkrts/.libs (test for excess errors)
WARNING: c-c++-common/cilk-plus/CK/fib_no_sync.c -O1 -fcilkplus -L/var/gcc/regression/trunk/10-gcc-gld/build/i386-pc-solaris2.10/amd64/libcilkrts/.libs compilation failed to produce executable
FAIL: c-c++-common/cilk-plus/CK/spawnee_inline.c -O1 -fcilkplus -L/var/gcc/regression/trunk/10-gcc-gld/build/i386-pc-solaris2.10/amd64/libcilkrts/.libs (test for excess errors)
WARNING: c-c++-common/cilk-plus/CK/spawnee_inline.c -O1 -fcilkplus -L/var/gcc/regression/trunk/10-gcc-gld/build/i386-pc-solaris2.10/amd64/libcilkrts/.libs compilation failed to produce executable
FAIL: c-c++-common/cilk-plus/CK/spawner_inline.c -O1 -fcilkplus -L/var/gcc/regression/trunk/10-gcc-gld/build/i386-pc-solaris2.10/amd64/libcilkrts/.libs (test for excess errors)
WARNING: c-c++-common/cilk-plus/CK/spawner_inline.c -O1 -fcilkplus -L/var/gcc/regression/trunk/10-gcc-gld/build/i386-pc-solaris2.10/amd64/libcilkrts/.libs compilation failed to produce executable
FAIL: c-c++-common/cilk-plus/CK/spawning_arg.c -O1 -fcilkplus -L/var/gcc/regression/trunk/10-gcc-gld/build/i386-pc-solaris2.10/amd64/libcilkrts/.libs (test for excess errors)
WARNING: c-c++-common/cilk-plus/CK/spawning_arg.c -O1 -fcilkplus -L/var/gcc/regression/trunk/10-gcc-gld/build/i386-pc-solaris2.10/amd64/libcilkrts/.libs compilation failed to produce executable
FAIL: c-c++-common/cilk-plus/CK/steal_check.c -O1 -fcilkplus -L/var/gcc/regression/trunk/10-gcc-gld/build/i386-pc-solaris2.10/amd64/libcilkrts/.libs (test for excess errors)
WARNING: c-c++-common/cilk-plus/CK/steal_check.c -O1 -fcilkplus -L/var/gcc/regression/trunk/10-gcc-gld/build/i386-pc-solaris2.10/amd64/libcilkrts/.libs compilation failed to produce executable
FAIL: c-c++-common/cilk-plus/CK/varargs_test.c -O1 -fcilkplus -L/var/gcc/regression/trunk/10-gcc-gld/build/i386-pc-solaris2.10/amd64/libcilkrts/.libs (test for excess errors)
WARNING: c-c++-common/cilk-plus/CK/varargs_test.c -O1 -fcilkplus -L/var/gcc/regression/trunk/10-gcc-gld/build/i386-pc-solaris2.10/amd64/libcilkrts/.libs compilation failed to produce executable
FAIL: c-c++-common/cilk-plus/CK/fib.c -O2 -std=c99 -fcilkplus -L/var/gcc/regression/trunk/10-gcc-gld/build/i386-pc-solaris2.10/amd64/libcilkrts/.libs (test for excess errors)
WARNING: c-c++-common/cilk-plus/CK/fib.c -O2 -std=c99 -fcilkplus -L/var/gcc/regression/trunk/10-gcc-gld/build/i386-pc-solaris2.10/amd64/libcilkrts/.libs compilation failed to produce executable
FAIL: c-c++-common/cilk-plus/CK/fib_init_expr_xy.c -O2 -std=c99 -fcilkplus -L/var/gcc/regression/trunk/10-gcc-gld/build/i386-pc-solaris2.10/amd64/libcilkrts/.libs (test for excess errors)
WARNING: c-c++-common/cilk-plus/CK/fib_init_expr_xy.c -O2 -std=c99 -fcilkplus -L/var/gcc/regression/trunk/10-gcc-gld/build/i386-pc-solaris2.10/amd64/libcilkrts/.libs compilation failed to produce executable
FAIL: c-c++-common/cilk-plus/CK/fib_no_return.c -O2 -std=c99 -fcilkplus -L/var/gcc/regression/trunk/10-gcc-gld/build/i386-pc-solaris2.10/amd64/libcilkrts/.libs (test for excess errors)
WARNING: c-c++-common/cilk-plus/CK/fib_no_return.c -O2 -std=c99 -fcilkplus -L/var/gcc/regression/trunk/10-gcc-gld/build/i386-pc-solaris2.10/amd64/libcilkrts/.libs compilation failed to produce executable
FAIL: c-c++-common/cilk-plus/CK/fib_no_sync.c -O2 -std=c99 -fcilkplus -L/var/gcc/regression/trunk/10-gcc-gld/build/i386-pc-solaris2.10/amd64/libcilkrts/.libs (test for excess errors)
WARNING: c-c++-common/cilk-plus/CK/fib_no_sync.c -O2 -std=c99 -fcilkplus -L/var/gcc/regression/trunk/10-gcc-gld/build/i386-pc-solaris2.10/amd64/libcilkrts/.libs compilation failed to produce executable
FAIL: c-c++-common/cilk-plus/CK/spawnee_inline.c -O2 -std=c99 -fcilkplus -L/var/gcc/regression/trunk/10-gcc-gld/build/i386-pc-solaris2.10/amd64/libcilkrts/.libs (test for excess errors)
WARNING: c-c++-common/cilk-plus/CK/spawnee_inline.c -O2 -std=c99 -fcilkplus -L/var/gcc/regression/trunk/10-gcc-gld/build/i386-pc-solaris2.10/amd64/libcilkrts/.libs compilation failed to produce executable
FAIL: c-c++-common/cilk-plus/CK/spawner_inline.c -O2 -std=c99 -fcilkplus -L/var/gcc/regression/trunk/10-gcc-gld/build/i386-pc-solaris2.10/amd64/libcilkrts/.libs (test for excess errors)
WARNING: c-c++-common/cilk-plus/CK/spawner_inline.c -O2 -std=c99 -fcilkplus -L/var/gcc/regression/trunk/10-gcc-gld/build/i386-pc-solaris2.10/amd64/libcilkrts/.libs compilation failed to produce executable
FAIL: c-c++-common/cilk-plus/CK/spawning_arg.c -O2 -std=c99 -fcilkplus -L/var/gcc/regression/trunk/10-gcc-gld/build/i386-pc-solaris2.10/amd64/libcilkrts/.libs (test for excess errors)
WARNING: c-c++-common/cilk-plus/CK/spawning_arg.c -O2 -std=c99 -fcilkplus -L/var/gcc/regression/trunk/10-gcc-gld/build/i386-pc-solaris2.10/amd64/libcilkrts/.libs compilation failed to produce executable
FAIL: c-c++-common/cilk-plus/CK/steal_check.c -O2 -std=c99 -fcilkplus -L/var/gcc/regression/trunk/10-gcc-gld/build/i386-pc-solaris2.10/amd64/libcilkrts/.libs (test for excess errors)
WARNING: c-c++-common/cilk-plus/CK/steal_check.c -O2 -std=c99 -fcilkplus -L/var/gcc/regression/trunk/10-gcc-gld/build/i386-pc-solaris2.10/amd64/libcilkrts/.libs compilation failed to produce executable
FAIL: c-c++-common/cilk-plus/CK/varargs_test.c -O2 -std=c99 -fcilkplus -L/var/gcc/regression/trunk/10-gcc-gld/build/i386-pc-solaris2.10/amd64/libcilkrts/.libs (test for excess errors)
WARNING: c-c++-common/cilk-plus/CK/varargs_test.c -O2 -std=c99 -fcilkplus -L/var/gcc/regression/trunk/10-gcc-gld/build/i386-pc-solaris2.10/amd64/libcilkrts/.libs compilation failed to produce executable
FAIL: c-c++-common/cilk-plus/CK/fib.c -O2 -ftree-vectorize -fcilkplus -L/var/gcc/regression/trunk/10-gcc-gld/build/i386-pc-solaris2.10/amd64/libcilkrts/.libs (test for excess errors)
WARNING: c-c++-common/cilk-plus/CK/fib.c -O2 -ftree-vectorize -fcilkplus -L/var/gcc/regression/trunk/10-gcc-gld/build/i386-pc-solaris2.10/amd64/libcilkrts/.libs compilation failed to produce executable
FAIL: c-c++-common/cilk-plus/CK/fib_init_expr_xy.c -O2 -ftree-vectorize -fcilkplus -L/var/gcc/regression/trunk/10-gcc-gld/build/i386-pc-solaris2.10/amd64/libcilkrts/.libs (test for excess errors)
WARNING: c-c++-common/cilk-plus/CK/fib_init_expr_xy.c -O2 -ftree-vectorize -fcilkplus -L/var/gcc/regression/trunk/10-gcc-gld/build/i386-pc-solaris2.10/amd64/libcilkrts/.libs compilation failed to produce executable
FAIL: c-c++-common/cilk-plus/CK/fib_no_return.c -O2 -ftree-vectorize -fcilkplus -L/var/gcc/regression/trunk/10-gcc-gld/build/i386-pc-solaris2.10/amd64/libcilkrts/.libs (test for excess errors)
WARNING: c-c++-common/cilk-plus/CK/fib_no_return.c -O2 -ftree-vectorize -fcilkplus -L/var/gcc/regression/trunk/10-gcc-gld/build/i386-pc-solaris2.10/amd64/libcilkrts/.libs compilation failed to produce executable
FAIL: c-c++-common/cilk-plus/CK/fib_no_sync.c -O2 -ftree-vectorize -fcilkplus -L/var/gcc/regression/trunk/10-gcc-gld/build/i386-pc-solaris2.10/amd64/libcilkrts/.libs (test for excess errors)
WARNING: c-c++-common/cilk-plus/CK/fib_no_sync.c -O2 -ftree-vectorize -fcilkplus -L/var/gcc/regression/trunk/10-gcc-gld/build/i386-pc-solaris2.10/amd64/libcilkrts/.libs compilation failed to produce executable
FAIL: c-c++-common/cilk-plus/CK/spawnee_inline.c -O2 -ftree-vectorize -fcilkplus -L/var/gcc/regression/trunk/10-gcc-gld/build/i386-pc-solaris2.10/amd64/libcilkrts/.libs (test for excess errors)
WARNING: c-c++-common/cilk-plus/CK/spawnee_inline.c -O2 -ftree-vectorize -fcilkplus -L/var/gcc/regression/trunk/10-gcc-gld/build/i386-pc-solaris2.10/amd64/libcilkrts/.libs compilation failed to produce executable
FAIL: c-c++-common/cilk-plus/CK/spawner_inline.c -O2 -ftree-vectorize -fcilkplus -L/var/gcc/regression/trunk/10-gcc-gld/build/i386-pc-solaris2.10/amd64/libcilkrts/.libs (test for excess errors)
WARNING: c-c++-common/cilk-plus/CK/spawner_inline.c -O2 -ftree-vectorize -fcilkplus -L/var/gcc/regression/trunk/10-gcc-gld/build/i386-pc-solaris2.10/amd64/libcilkrts/.libs compilation failed to produce executable
FAIL: c-c++-common/cilk-plus/CK/spawning_arg.c -O2 -ftree-vectorize -fcilkplus -L/var/gcc/regression/trunk/10-gcc-gld/build/i386-pc-solaris2.10/amd64/libcilkrts/.libs (test for excess errors)
WARNING: c-c++-common/cilk-plus/CK/spawning_arg.c -O2 -ftree-vectorize -fcilkplus -L/var/gcc/regression/trunk/10-gcc-gld/build/i386-pc-solaris2.10/amd64/libcilkrts/.libs compilation failed to produce executable
FAIL: c-c++-common/cilk-plus/CK/steal_check.c -O2 -ftree-vectorize -fcilkplus -L/var/gcc/regression/trunk/10-gcc-gld/build/i386-pc-solaris2.10/amd64/libcilkrts/.libs (test for excess errors)
WARNING: c-c++-common/cilk-plus/CK/steal_check.c -O2 -ftree-vectorize -fcilkplus -L/var/gcc/regression/trunk/10-gcc-gld/build/i386-pc-solaris2.10/amd64/libcilkrts/.libs compilation failed to produce executable
FAIL: c-c++-common/cilk-plus/CK/varargs_test.c -O2 -ftree-vectorize -fcilkplus -L/var/gcc/regression/trunk/10-gcc-gld/build/i386-pc-solaris2.10/amd64/libcilkrts/.libs (test for excess errors)
WARNING: c-c++-common/cilk-plus/CK/varargs_test.c -O2 -ftree-vectorize -fcilkplus -L/var/gcc/regression/trunk/10-gcc-gld/build/i386-pc-solaris2.10/amd64/libcilkrts/.libs compilation failed to produce executable
FAIL: c-c++-common/cilk-plus/CK/fib.c -O3 -g -fcilkplus -L/var/gcc/regression/trunk/10-gcc-gld/build/i386-pc-solaris2.10/amd64/libcilkrts/.libs (test for excess errors)
WARNING: c-c++-common/cilk-plus/CK/fib.c -O3 -g -fcilkplus -L/var/gcc/regression/trunk/10-gcc-gld/build/i386-pc-solaris2.10/amd64/libcilkrts/.libs compilation failed to produce executable
FAIL: c-c++-common/cilk-plus/CK/fib_init_expr_xy.c -O3 -g -fcilkplus -L/var/gcc/regression/trunk/10-gcc-gld/build/i386-pc-solaris2.10/amd64/libcilkrts/.libs (test for excess errors)
WARNING: c-c++-common/cilk-plus/CK/fib_init_expr_xy.c -O3 -g -fcilkplus -L/var/gcc/regression/trunk/10-gcc-gld/build/i386-pc-solaris2.10/amd64/libcilkrts/.libs compilation failed to produce executable
FAIL: c-c++-common/cilk-plus/CK/fib_no_return.c -O3 -g -fcilkplus -L/var/gcc/regression/trunk/10-gcc-gld/build/i386-pc-solaris2.10/amd64/libcilkrts/.libs (test for excess errors)
WARNING: c-c++-common/cilk-plus/CK/fib_no_return.c -O3 -g -fcilkplus -L/var/gcc/regression/trunk/10-gcc-gld/build/i386-pc-solaris2.10/amd64/libcilkrts/.libs compilation failed to produce executable
FAIL: c-c++-common/cilk-plus/CK/fib_no_sync.c -O3 -g -fcilkplus -L/var/gcc/regression/trunk/10-gcc-gld/build/i386-pc-solaris2.10/amd64/libcilkrts/.libs (test for excess errors)
WARNING: c-c++-common/cilk-plus/CK/fib_no_sync.c -O3 -g -fcilkplus -L/var/gcc/regression/trunk/10-gcc-gld/build/i386-pc-solaris2.10/amd64/libcilkrts/.libs compilation failed to produce executable
FAIL: c-c++-common/cilk-plus/CK/spawnee_inline.c -O3 -g -fcilkplus -L/var/gcc/regression/trunk/10-gcc-gld/build/i386-pc-solaris2.10/amd64/libcilkrts/.libs (test for excess errors)
WARNING: c-c++-common/cilk-plus/CK/spawnee_inline.c -O3 -g -fcilkplus -L/var/gcc/regression/trunk/10-gcc-gld/build/i386-pc-solaris2.10/amd64/libcilkrts/.libs compilation failed to produce executable
FAIL: c-c++-common/cilk-plus/CK/spawner_inline.c -O3 -g -fcilkplus -L/var/gcc/regression/trunk/10-gcc-gld/build/i386-pc-solaris2.10/amd64/libcilkrts/.libs (test for excess errors)
WARNING: c-c++-common/cilk-plus/CK/spawner_inline.c -O3 -g -fcilkplus -L/var/gcc/regression/trunk/10-gcc-gld/build/i386-pc-solaris2.10/amd64/libcilkrts/.libs compilation failed to produce executable
FAIL: c-c++-common/cilk-plus/CK/spawning_arg.c -O3 -g -fcilkplus -L/var/gcc/regression/trunk/10-gcc-gld/build/i386-pc-solaris2.10/amd64/libcilkrts/.libs (test for excess errors)
WARNING: c-c++-common/cilk-plus/CK/spawning_arg.c -O3 -g -fcilkplus -L/var/gcc/regression/trunk/10-gcc-gld/build/i386-pc-solaris2.10/amd64/libcilkrts/.libs compilation failed to produce executable
FAIL: c-c++-common/cilk-plus/CK/steal_check.c -O3 -g -fcilkplus -L/var/gcc/regression/trunk/10-gcc-gld/build/i386-pc-solaris2.10/amd64/libcilkrts/.libs (test for excess errors)
WARNING: c-c++-common/cilk-plus/CK/steal_check.c -O3 -g -fcilkplus -L/var/gcc/regression/trunk/10-gcc-gld/build/i386-pc-solaris2.10/amd64/libcilkrts/.libs compilation failed to produce executable
FAIL: c-c++-common/cilk-plus/CK/varargs_test.c -O3 -g -fcilkplus -L/var/gcc/regression/trunk/10-gcc-gld/build/i386-pc-solaris2.10/amd64/libcilkrts/.libs (test for excess errors)
WARNING: c-c++-common/cilk-plus/CK/varargs_test.c -O3 -g -fcilkplus -L/var/gcc/regression/trunk/10-gcc-gld/build/i386-pc-solaris2.10/amd64/libcilkrts/.libs compilation failed to produce executable
FAIL: c-c++-common/cilk-plus/CK/fib.c -O3 -flto -g -fcilkplus -L/var/gcc/regression/trunk/10-gcc-gld/build/i386-pc-solaris2.10/amd64/libcilkrts/.libs (test for excess errors)
WARNING: c-c++-common/cilk-plus/CK/fib.c -O3 -flto -g -fcilkplus -L/var/gcc/regression/trunk/10-gcc-gld/build/i386-pc-solaris2.10/amd64/libcilkrts/.libs compilation failed to produce executable
FAIL: c-c++-common/cilk-plus/CK/fib_init_expr_xy.c -O3 -flto -g -fcilkplus -L/var/gcc/regression/trunk/10-gcc-gld/build/i386-pc-solaris2.10/amd64/libcilkrts/.libs (test for excess errors)
WARNING: c-c++-common/cilk-plus/CK/fib_init_expr_xy.c -O3 -flto -g -fcilkplus -L/var/gcc/regression/trunk/10-gcc-gld/build/i386-pc-solaris2.10/amd64/libcilkrts/.libs compilation failed to produce executable
FAIL: c-c++-common/cilk-plus/CK/fib_no_return.c -O3 -flto -g -fcilkplus -L/var/gcc/regression/trunk/10-gcc-gld/build/i386-pc-solaris2.10/amd64/libcilkrts/.libs (test for excess errors)
WARNING: c-c++-common/cilk-plus/CK/fib_no_return.c -O3 -flto -g -fcilkplus -L/var/gcc/regression/trunk/10-gcc-gld/build/i386-pc-solaris2.10/amd64/libcilkrts/.libs compilation failed to produce executable
FAIL: c-c++-common/cilk-plus/CK/fib_no_sync.c -O3 -flto -g -fcilkplus -L/var/gcc/regression/trunk/10-gcc-gld/build/i386-pc-solaris2.10/amd64/libcilkrts/.libs (test for excess errors)
WARNING: c-c++-common/cilk-plus/CK/fib_no_sync.c -O3 -flto -g -fcilkplus -L/var/gcc/regression/trunk/10-gcc-gld/build/i386-pc-solaris2.10/amd64/libcilkrts/.libs compilation failed to produce executable
FAIL: c-c++-common/cilk-plus/CK/spawnee_inline.c -O3 -flto -g -fcilkplus -L/var/gcc/regression/trunk/10-gcc-gld/build/i386-pc-solaris2.10/amd64/libcilkrts/.libs (test for excess errors)
WARNING: c-c++-common/cilk-plus/CK/spawnee_inline.c -O3 -flto -g -fcilkplus -L/var/gcc/regression/trunk/10-gcc-gld/build/i386-pc-solaris2.10/amd64/libcilkrts/.libs compilation failed to produce executable
FAIL: c-c++-common/cilk-plus/CK/spawner_inline.c -O3 -flto -g -fcilkplus -L/var/gcc/regression/trunk/10-gcc-gld/build/i386-pc-solaris2.10/amd64/libcilkrts/.libs (test for excess errors)
WARNING: c-c++-common/cilk-plus/CK/spawner_inline.c -O3 -flto -g -fcilkplus -L/var/gcc/regression/trunk/10-gcc-gld/build/i386-pc-solaris2.10/amd64/libcilkrts/.libs compilation failed to produce executable
FAIL: c-c++-common/cilk-plus/CK/spawning_arg.c -O3 -flto -g -fcilkplus -L/var/gcc/regression/trunk/10-gcc-gld/build/i386-pc-solaris2.10/amd64/libcilkrts/.libs (test for excess errors)
WARNING: c-c++-common/cilk-plus/CK/spawning_arg.c -O3 -flto -g -fcilkplus -L/var/gcc/regression/trunk/10-gcc-gld/build/i386-pc-solaris2.10/amd64/libcilkrts/.libs compilation failed to produce executable
FAIL: c-c++-common/cilk-plus/CK/steal_check.c -O3 -flto -g -fcilkplus -L/var/gcc/regression/trunk/10-gcc-gld/build/i386-pc-solaris2.10/amd64/libcilkrts/.libs (test for excess errors)
WARNING: c-c++-common/cilk-plus/CK/steal_check.c -O3 -flto -g -fcilkplus -L/var/gcc/regression/trunk/10-gcc-gld/build/i386-pc-solaris2.10/amd64/libcilkrts/.libs compilation failed to produce executable
FAIL: c-c++-common/cilk-plus/CK/varargs_test.c -O3 -flto -g -fcilkplus -L/var/gcc/regression/trunk/10-gcc-gld/build/i386-pc-solaris2.10/amd64/libcilkrts/.libs (test for excess errors)
WARNING: c-c++-common/cilk-plus/CK/varargs_test.c -O3 -flto -g -fcilkplus -L/var/gcc/regression/trunk/10-gcc-gld/build/i386-pc-solaris2.10/amd64/libcilkrts/.libs compilation failed to produce executable
XPASS: gcc.dg/binop-xor1.c scan-tree-dump-times optimized "\\\\^" 1
FAIL: gcc.dg/uninit-pred-8_b.c bogus warning (test for bogus messages, line 20)
FAIL: gcc.dg/uninit-pred-9_b.c bogus warning (test for bogus messages, line 24)
FAIL: gcc.misc-tests/linkage.c link
FAIL: gcc.target/i386/pr58218.c (test for excess errors)
=== gcc Summary for unix/-m64 ===
# of expected passes 96252
# of unexpected failures 58
# of unexpected successes 1
# of expected failures 254
# of unsupported tests 1565
=== gcc Summary ===
# of expected passes 192701
# of unexpected failures 60
# of unexpected successes 2
# of expected failures 506
# of unsupported tests 2840
/var/gcc/regression/trunk/10-gcc-gld/build/gcc/xgcc version 4.9.0 20131115 (experimental) [trunk revision 204842] (GCC)
=== gfortran tests ===
Running target unix
FAIL: gfortran.dg/class_48.f90 -O2 (test for excess errors)
FAIL: gfortran.dg/class_48.f90 -Os (test for excess errors)
FAIL: gfortran.dg/lto/pr45586-2 f_lto_pr45586-2_0.o-f_lto_pr45586-2_0.o link, -O0 -flto -flto-partition=none -fuse-linker-plugin (internal compiler error)
UNRESOLVED: gfortran.dg/lto/pr45586-2 f_lto_pr45586-2_0.o-f_lto_pr45586-2_0.o execute -O0 -flto -flto-partition=none -fuse-linker-plugin
FAIL: gfortran.dg/lto/pr45586-2 f_lto_pr45586-2_0.o-f_lto_pr45586-2_0.o link, -O0 -flto -flto-partition=1to1 -fno-use-linker-plugin (internal compiler error)
UNRESOLVED: gfortran.dg/lto/pr45586-2 f_lto_pr45586-2_0.o-f_lto_pr45586-2_0.o execute -O0 -flto -flto-partition=1to1 -fno-use-linker-plugin
FAIL: gfortran.dg/lto/pr45586-2 f_lto_pr45586-2_0.o-f_lto_pr45586-2_0.o link, -O0 -flto -fuse-linker-plugin -fno-fat-lto-objects (internal compiler error)
UNRESOLVED: gfortran.dg/lto/pr45586-2 f_lto_pr45586-2_0.o-f_lto_pr45586-2_0.o execute -O0 -flto -fuse-linker-plugin -fno-fat-lto-objects
FAIL: gfortran.dg/lto/pr45586 f_lto_pr45586_0.o-f_lto_pr45586_0.o link, -O0 -flto -flto-partition=none -fuse-linker-plugin (internal compiler error)
UNRESOLVED: gfortran.dg/lto/pr45586 f_lto_pr45586_0.o-f_lto_pr45586_0.o execute -O0 -flto -flto-partition=none -fuse-linker-plugin
FAIL: gfortran.dg/lto/pr45586 f_lto_pr45586_0.o-f_lto_pr45586_0.o link, -O0 -flto -flto-partition=1to1 -fno-use-linker-plugin (internal compiler error)
UNRESOLVED: gfortran.dg/lto/pr45586 f_lto_pr45586_0.o-f_lto_pr45586_0.o execute -O0 -flto -flto-partition=1to1 -fno-use-linker-plugin
FAIL: gfortran.dg/lto/pr45586 f_lto_pr45586_0.o-f_lto_pr45586_0.o link, -O0 -flto -fuse-linker-plugin -fno-fat-lto-objects (internal compiler error)
UNRESOLVED: gfortran.dg/lto/pr45586 f_lto_pr45586_0.o-f_lto_pr45586_0.o execute -O0 -flto -fuse-linker-plugin -fno-fat-lto-objects
=== gfortran Summary for unix ===
# of expected passes 44833
# of unexpected failures 8
# of expected failures 52
# of unresolved testcases 6
# of unsupported tests 229
Running target unix/-m64
FAIL: gfortran.dg/lto/pr45586-2 f_lto_pr45586-2_0.o-f_lto_pr45586-2_0.o link, -O0 -flto -flto-partition=none -fuse-linker-plugin (internal compiler error)
UNRESOLVED: gfortran.dg/lto/pr45586-2 f_lto_pr45586-2_0.o-f_lto_pr45586-2_0.o execute -O0 -flto -flto-partition=none -fuse-linker-plugin
FAIL: gfortran.dg/lto/pr45586-2 f_lto_pr45586-2_0.o-f_lto_pr45586-2_0.o link, -O0 -flto -flto-partition=1to1 -fno-use-linker-plugin (internal compiler error)
UNRESOLVED: gfortran.dg/lto/pr45586-2 f_lto_pr45586-2_0.o-f_lto_pr45586-2_0.o execute -O0 -flto -flto-partition=1to1 -fno-use-linker-plugin
FAIL: gfortran.dg/lto/pr45586-2 f_lto_pr45586-2_0.o-f_lto_pr45586-2_0.o link, -O0 -flto -fuse-linker-plugin -fno-fat-lto-objects (internal compiler error)
UNRESOLVED: gfortran.dg/lto/pr45586-2 f_lto_pr45586-2_0.o-f_lto_pr45586-2_0.o execute -O0 -flto -fuse-linker-plugin -fno-fat-lto-objects
FAIL: gfortran.dg/lto/pr45586 f_lto_pr45586_0.o-f_lto_pr45586_0.o link, -O0 -flto -flto-partition=none -fuse-linker-plugin (internal compiler error)
UNRESOLVED: gfortran.dg/lto/pr45586 f_lto_pr45586_0.o-f_lto_pr45586_0.o execute -O0 -flto -flto-partition=none -fuse-linker-plugin
FAIL: gfortran.dg/lto/pr45586 f_lto_pr45586_0.o-f_lto_pr45586_0.o link, -O0 -flto -flto-partition=1to1 -fno-use-linker-plugin (internal compiler error)
UNRESOLVED: gfortran.dg/lto/pr45586 f_lto_pr45586_0.o-f_lto_pr45586_0.o execute -O0 -flto -flto-partition=1to1 -fno-use-linker-plugin
FAIL: gfortran.dg/lto/pr45586 f_lto_pr45586_0.o-f_lto_pr45586_0.o link, -O0 -flto -fuse-linker-plugin -fno-fat-lto-objects (internal compiler error)
UNRESOLVED: gfortran.dg/lto/pr45586 f_lto_pr45586_0.o-f_lto_pr45586_0.o execute -O0 -flto -fuse-linker-plugin -fno-fat-lto-objects
=== gfortran Summary for unix/-m64 ===
# of expected passes 45138
# of unexpected failures 6
# of expected failures 52
# of unresolved testcases 6
# of unsupported tests 83
=== gfortran Summary ===
# of expected passes 89971
# of unexpected failures 14
# of expected failures 104
# of unresolved testcases 12
# of unsupported tests 312
/var/gcc/regression/trunk/10-gcc-gld/build/gcc/testsuite/gfortran/../../gfortran version 4.9.0 20131115 (experimental) [trunk revision 204842] (GCC)
=== gnat tests ===
Running target unix
=== gnat Summary for unix ===
# of expected passes 1202
# of expected failures 18
# of unsupported tests 6
Running target unix/-m64
=== gnat Summary for unix/-m64 ===
# of expected passes 1202
# of expected failures 18
# of unsupported tests 6
=== gnat Summary ===
# of expected passes 2404
# of expected failures 36
# of unsupported tests 12
/var/gcc/regression/trunk/10-gcc-gld/build/gcc/gnatmake version 4.9.0 20131115 (experimental) [trunk revision 204842]
=== go tests ===
Running target unix
FAIL: go.test/test/chan/doubleselect.go execution, -O2 -g
FAIL: go.test/test/fixedbugs/bug370.go execution, -O2 -g
FAIL: go.test/test/mallocfin.go execution, -O2 -g
=== go Summary for unix ===
# of expected passes 7246
# of unexpected failures 3
# of expected failures 1
# of untested testcases 5
# of unsupported tests 1
Running target unix/-m64
FAIL: go.test/test/64bit.go execution
FAIL: go.test/test/append.go execution, -O2 -g
FAIL: go.test/test/chan/doubleselect.go execution, -O2 -g
FAIL: go.test/test/chan/fifo.go execution, -O2 -g
FAIL: go.test/test/chan/goroutines.go execution, -O2 -g
FAIL: go.test/test/chan/nonblock.go execution, -O2 -g
FAIL: go.test/test/chan/powser1.go execution, -O2 -g
FAIL: go.test/test/chan/powser2.go execution, -O2 -g
FAIL: go.test/test/chan/select3.go execution, -O2 -g
FAIL: go.test/test/chan/select5.go execution
FAIL: go.test/test/chan/select7.go execution, -O2 -g
FAIL: go.test/test/chan/sieve1.go execution, -O2 -g
FAIL: go.test/test/copy.go execution, -O2 -g
FAIL: go.test/test/fixedbugs/bug147.go execution, -O2 -g
FAIL: go.test/test/fixedbugs/bug257.go execution, -O2 -g
FAIL: go.test/test/fixedbugs/bug369.go
FAIL: go.test/test/fixedbugs/bug370.go execution, -O2 -g
FAIL: go.test/test/fixedbugs/bug423.go execution, -O2 -g
FAIL: go.test/test/fixedbugs/bug449.go execution
FAIL: go.test/test/fixedbugs/issue4348.go -O (test for excess errors)
FAIL: go.test/test/fixedbugs/issue4909b.go execution
FAIL: go.test/test/fixedbugs/issue5162.go execution
FAIL: go.test/test/gc1.go execution, -O2 -g
FAIL: go.test/test/gc2.go execution, -O2 -g
FAIL: go.test/test/goprint.go execution
FAIL: go.test/test/index0.go execution
FAIL: go.test/test/ken/chan.go execution, -O2 -g
FAIL: go.test/test/ken/divconst.go execution, -O2 -g
FAIL: go.test/test/ken/modconst.go execution, -O2 -g
FAIL: go.test/test/mallocfin.go execution, -O2 -g
FAIL: go.test/test/mapnan.go execution, -O2 -g
FAIL: go.test/test/nil.go execution, -O2 -g
FAIL: go.test/test/peano.go execution, -O2 -g
FAIL: go.test/test/rotate0.go execution
FAIL: go.test/test/rotate1.go execution
FAIL: go.test/test/rotate2.go execution
FAIL: go.test/test/rotate3.go execution
=== go Summary for unix/-m64 ===
# of expected passes 6176
# of unexpected failures 37
# of expected failures 1
# of untested testcases 6
# of unsupported tests 1
=== go Summary ===
# of expected passes 13422
# of unexpected failures 40
# of expected failures 2
# of untested testcases 11
# of unsupported tests 2
/var/gcc/regression/trunk/10-gcc-gld/build/gcc/testsuite/go/../../gccgo version 4.9.0 20131115 (experimental) [trunk revision 204842] (GCC)
=== obj-c++ tests ===
Running target unix
=== obj-c++ Summary for unix ===
# of expected passes 1449
# of expected failures 2
# of unsupported tests 86
Running target unix/-m64
=== obj-c++ Summary for unix/-m64 ===
# of expected passes 1441
# of expected failures 10
# of unsupported tests 86
=== obj-c++ Summary ===
# of expected passes 2890
# of expected failures 12
# of unsupported tests 172
/var/gcc/regression/trunk/10-gcc-gld/build/gcc/testsuite/obj-c++/../../xg++ version 4.9.0 20131115 (experimental) [trunk revision 204842] (GCC)
=== objc tests ===
Running target unix
=== objc Summary for unix ===
# of expected passes 2988
# of expected failures 6
# of unsupported tests 74
Running target unix/-m64
=== objc Summary for unix/-m64 ===
# of expected passes 2988
# of expected failures 6
# of unsupported tests 74
=== objc Summary ===
# of expected passes 5976
# of expected failures 12
# of unsupported tests 148
/var/gcc/regression/trunk/10-gcc-gld/build/gcc/xgcc version 4.9.0 20131115 (experimental) [trunk revision 204842] (GCC)
=== boehm-gc tests ===
Running target unix
FAIL: boehm-gc.c/gctest.c -O2 execution test
=== boehm-gc Summary for unix ===
# of expected passes 11
# of unexpected failures 1
# of unsupported tests 1
Running target unix/-m64
=== boehm-gc Summary for unix/-m64 ===
# of expected passes 12
# of unsupported tests 1
=== boehm-gc Summary ===
# of expected passes 23
# of unexpected failures 1
# of unsupported tests 2
=== libatomic tests ===
Running target unix
=== libatomic Summary for unix ===
# of expected passes 44
# of unsupported tests 5
Running target unix/-m64
=== libatomic Summary for unix/-m64 ===
# of expected passes 54
=== libatomic Summary ===
# of expected passes 98
# of unsupported tests 5
=== libffi tests ===
Running target unix
=== libffi Summary for unix ===
# of expected passes 1819
# of unsupported tests 55
Running target unix/-m64
=== libffi Summary for unix/-m64 ===
# of expected passes 1819
# of unsupported tests 55
=== libffi Summary ===
# of expected passes 3638
# of unsupported tests 110
=== libgo tests ===
Running target unix
FAIL: net
FAIL: runtime
FAIL: sync
FAIL: time
FAIL: database/sql
FAIL: net/http
FAIL: os/signal
FAIL: os/user
FAIL: runtime/pprof
FAIL: sync/atomic
=== libgo Summary for unix ===
# of expected passes 112
# of unexpected failures 10
Running target unix/-m64
FAIL: bufio
FAIL: bytes
FAIL: fmt
FAIL: image
FAIL: io
FAIL: log
FAIL: mime
FAIL: net
FAIL: os
FAIL: reflect
FAIL: regexp
FAIL: runtime
FAIL: sort
FAIL: strconv
FAIL: strings
FAIL: sync
FAIL: syscall
FAIL: time
FAIL: archive/tar
FAIL: archive/zip
FAIL: compress/bzip2
FAIL: compress/flate
FAIL: compress/gzip
FAIL: compress/lzw
FAIL: compress/zlib
FAIL: container/ring
FAIL: crypto/aes
FAIL: crypto/dsa
FAIL: crypto/ecdsa
FAIL: crypto/elliptic
FAIL: crypto/rand
FAIL: crypto/rc4
FAIL: crypto/rsa
FAIL: crypto/sha1
FAIL: crypto/sha256
FAIL: crypto/sha512
FAIL: crypto/subtle
FAIL: crypto/tls
FAIL: crypto/x509
FAIL: database/sql
FAIL: debug/dwarf
FAIL: debug/elf
FAIL: debug/macho
FAIL: debug/pe
FAIL: encoding/asn1
FAIL: encoding/binary
FAIL: encoding/gob
FAIL: encoding/json
FAIL: encoding/pem
FAIL: encoding/xml
FAIL: html/template
FAIL: go/doc
FAIL: go/format
FAIL: go/parser
FAIL: go/printer
FAIL: go/token
FAIL: hash/adler32
FAIL: image/color
FAIL: image/draw
FAIL: image/jpeg
FAIL: image/png
FAIL: index/suffixarray
FAIL: io/ioutil
FAIL: log/syslog
FAIL: math/big
FAIL: math/rand
FAIL: mime/multipart
FAIL: net/http
FAIL: net/http/cgi
FAIL: net/http/cookiejar
FAIL: net/http/fcgi
FAIL: net/http/httptest
FAIL: net/http/httputil
FAIL: net/rpc
FAIL: net/smtp
FAIL: net/textproto
FAIL: net/url
FAIL: net/rpc/jsonrpc
FAIL: old/regexp
FAIL: old/template
FAIL: os/exec
FAIL: os/signal
FAIL: os/user
FAIL: path/filepath
FAIL: regexp/syntax
FAIL: runtime/pprof
FAIL: sync/atomic
FAIL: text/template
FAIL: text/template/parse
FAIL: testing/quick
FAIL: unicode/utf8
=== libgo Summary for unix/-m64 ===
# of expected passes 31
# of unexpected failures 91
=== libgo Summary ===
# of expected passes 143
# of unexpected failures 101
/var/gcc/regression/trunk/10-gcc-gld/build/./gcc/gccgo version 4.9.0 20131115 (experimental) [trunk revision 204842] (GCC)
=== libgomp tests ===
Running target unix
FAIL: libgomp.graphite/bounds.c scan-tree-dump-times graphite "0 loops carried no dependency" 1
FAIL: libgomp.graphite/force-parallel-4.c scan-tree-dump-times graphite "2 loops carried no dependency" 1
FAIL: libgomp.graphite/force-parallel-6.c scan-tree-dump-times graphite "1 loops carried no dependency" 1
FAIL: libgomp.graphite/pr41118.c scan-tree-dump-times optimized "loopfn" 0
=== libgomp Summary for unix ===
# of expected passes 2382
# of unexpected failures 4
# of unsupported tests 3
Running target unix/-m64
FAIL: libgomp.graphite/bounds.c scan-tree-dump-times graphite "0 loops carried no dependency" 1
FAIL: libgomp.graphite/force-parallel-4.c execution test
FAIL: libgomp.graphite/force-parallel-4.c scan-tree-dump-times graphite "2 loops carried no dependency" 1
FAIL: libgomp.graphite/force-parallel-6.c scan-tree-dump-times graphite "1 loops carried no dependency" 1
FAIL: libgomp.graphite/pr41118.c scan-tree-dump-times optimized "loopfn" 0
=== libgomp Summary for unix/-m64 ===
# of expected passes 2381
# of unexpected failures 5
# of unsupported tests 3
=== libgomp Summary ===
# of expected passes 4763
# of unexpected failures 9
# of unsupported tests 6
=== libitm tests ===
Running target unix
=== libitm Summary for unix ===
# of expected passes 26
# of expected failures 3
# of unsupported tests 1
Running target unix/-m64
=== libitm Summary for unix/-m64 ===
# of expected passes 26
# of expected failures 3
# of unsupported tests 1
=== libitm Summary ===
# of expected passes 52
# of expected failures 6
# of unsupported tests 2
=== libjava tests ===
Running target unix
FAIL: sourcelocation output - source compiled test
FAIL: sourcelocation -findirect-dispatch output - source compiled test
FAIL: sourcelocation -O3 output - source compiled test
FAIL: sourcelocation -O3 -findirect-dispatch output - source compiled test
=== libjava Summary for unix ===
# of expected passes 2582
# of unexpected failures 4
Running target unix/-m64
FAIL: sourcelocation output - source compiled test
FAIL: sourcelocation -findirect-dispatch output - source compiled test
FAIL: sourcelocation -O3 output - source compiled test
FAIL: sourcelocation -O3 -findirect-dispatch output - source compiled test
=== libjava Summary for unix/-m64 ===
# of expected passes 2582
# of unexpected failures 4
=== libjava Summary ===
# of expected passes 5164
# of unexpected failures 8
=== libstdc++ tests ===
Running target unix
=== libstdc++ Summary for unix ===
# of expected passes 8752
# of expected failures 41
# of unsupported tests 582
Running target unix/-m64
=== libstdc++ Summary for unix/-m64 ===
# of expected passes 8752
# of expected failures 41
# of unsupported tests 582
=== libstdc++ Summary ===
# of expected passes 17504
# of expected failures 82
# of unsupported tests 1164
Compiler version: 4.9.0 20131115 (experimental) [trunk revision 204842] (GCC)
Platform: i386-pc-solaris2.10
configure flags: --prefix=/vol/gcc --target=i386-pc-solaris2.10 --enable-objc-gc --with-ld=/vol/gcc/bin/gld-2.23.1 --with-gnu-ld --with-gmp-include=/vol/gcc/include --with-gmp-lib=/vol/gcc/lib --with-mpfr-include=/vol/gcc/include --with-mpfr-lib=/vol/gcc/lib --with-mpc-include=/vol/gcc/include --with-mpc-lib=/vol/gcc/lib --enable-languages=all,ada,obj-c++,go --with-isl-include=/vol/gcc/include --with-isl-lib=/vol/gcc/lib --with-cloog-include=/vol/gcc/include --with-cloog-lib=/vol/gcc/lib --enable-cloog-backend=isl
BOOT_CFLAGS=-g -O2
More information about the Gcc-testresults
mailing list