Results for 4.9.0 20130525 (experimental) [trunk revision 199323] testsuite on hppa-unknown-linux-gnu
Dave Anglin
dave.anglin@bell.net
Sun May 26 03:15:00 GMT 2013
LAST_UPDATED: Sat May 25 02:56:38 UTC 2013 (revision 199323)
=== acats tests ===
=== acats Summary ===
# of expected passes 2320
# of unexpected failures 0
Native configuration is hppa-unknown-linux-gnu
=== gcc tests ===
Running target unix
XPASS: gcc.dg/tree-ssa/loop-1.c scan-assembler-times foo 5
=== gcc Summary ===
# of expected passes 80743
# of unexpected successes 1
# of expected failures 114
# of unsupported tests 1293
/home/dave/gnu/gcc/objdir/gcc/xgcc version 4.9.0 20130525 (experimental) [trunk revision 199323] (GCC)
=== g++ tests ===
Running target unix
FAIL: g++.dg/debug/dwarf2/non-virtual-thunk.C -std=gnu++98 scan-assembler thunk.C:30
FAIL: g++.dg/debug/dwarf2/non-virtual-thunk.C -std=gnu++11 scan-assembler thunk.C:30
FAIL: g++.dg/simulate-thread/atomics-1.C -O0 -g thread simulation test
FAIL: c-c++-common/simulate-thread/bitfields-2.c -Os -g thread simulation test
=== gnat tests ===
Running target unix
=== gnat Summary ===
# of expected passes 1164
# of expected failures 18
# of unsupported tests 9
/home/dave/gnu/gcc/objdir/gcc/gnatmake version 4.9.0 20130525 (experimental) [trunk revision 199323]
Compiler version: 4.9.0 20130525 (experimental) [trunk revision 199323]
Platform: hppa-unknown-linux-gnu
configure flags: --with-gnu-as --with-gnu-ld --enable-shared --enable-multiarch --with-multiarch-defaults=hppa-linux-gnu --enable-linker-build-id --build=hppa-linux-gnu --host=hppa-linux-gnu --target=hppa-linux-gnu --prefix=/home/dave/opt/gnu/gcc/gcc-4.9 --with-local-prefix=/home/dave/opt/gnu --enable-threads=posix --enable-__cxa_atexit --build=hppa-linux-gnu --enable-clocale=gnu --enable-java-gc=boehm --enable-languages=c,c++,objc,fortran,obj-c++,java,ada,lto
More information about the Gcc-testresults
mailing list