Results for 4.9.0 20130501 (experimental) [trunk revision 198496] (GCC) testsuite on hppa64-hp-hpux11.11
John David Anglin
dave@hiauly3.hia.nrc.ca
Sat May 4 23:00:00 GMT 2013
Native configuration is hppa64-hp-hpux11.11
=== g++ tests ===
Running target unix
FAIL: g++.dg/debug/dwarf2/non-virtual-thunk.C -std=gnu++98 scan-assembler thunk.C:30
FAIL: g++.dg/debug/dwarf2/non-virtual-thunk.C -std=gnu++11 scan-assembler thunk.C:30
FAIL: g++.dg/opt/pr56999.C -std=gnu++98 (test for excess errors)
FAIL: g++.dg/opt/pr56999.C -std=gnu++11 (test for excess errors)
WARNING: program timed out.
FAIL: g++.dg/simulate-thread/atomics-1.C -O0 -g thread simulation test
FAIL: g++.dg/simulate-thread/atomics-2.C -O0 -g thread simulation test
FAIL: g++.dg/torture/vshuf-v2sf.C -O3 -fomit-frame-pointer execution test
FAIL: g++.dg/torture/vshuf-v2sf.C -O3 -g execution test
FAIL: g++.dg/torture/vshuf-v2si.C -O3 -fomit-frame-pointer execution test
FAIL: g++.dg/torture/vshuf-v2si.C -O3 -g execution test
=== g++ Summary ===
# of expected passes 48599
# of unexpected failures 10
# of expected failures 294
# of unsupported tests 1196
/test/gnu/gcc/objdir/gcc/testsuite/g++/../../xg++ version 4.9.0 20130501 (experimental) [trunk revision 198496] (GCC)
=== gcc tests ===
Running target unix
FAIL: gcc.dg/pr41345.c (test for excess errors)
WARNING: program timed out.
=== gcc Summary ===
# of expected passes 77730
# of unexpected failures 1
# of expected failures 121
# of unsupported tests 1553
/test/gnu/gcc/objdir/gcc/xgcc version 4.9.0 20130501 (experimental) [trunk revision 198496] (GCC)
=== gfortran tests ===
Running target unix
FAIL: gfortran.dg/lto/pr45586-2 f_lto_pr45586-2_0.o-f_lto_pr45586-2_0.o link, -O0 -flto -flto-partition=none (internal compiler error)
UNRESOLVED: gfortran.dg/lto/pr45586-2 f_lto_pr45586-2_0.o-f_lto_pr45586-2_0.o execute -O0 -flto -flto-partition=none
FAIL: gfortran.dg/lto/pr45586-2 f_lto_pr45586-2_0.o-f_lto_pr45586-2_0.o link, -O0 -flto -flto-partition=1to1 (internal compiler error)
UNRESOLVED: gfortran.dg/lto/pr45586-2 f_lto_pr45586-2_0.o-f_lto_pr45586-2_0.o execute -O0 -flto -flto-partition=1to1
FAIL: gfortran.dg/lto/pr45586-2 f_lto_pr45586-2_0.o-f_lto_pr45586-2_0.o link, -O0 -flto (internal compiler error)
UNRESOLVED: gfortran.dg/lto/pr45586-2 f_lto_pr45586-2_0.o-f_lto_pr45586-2_0.o execute -O0 -flto
FAIL: gfortran.dg/lto/pr45586 f_lto_pr45586_0.o-f_lto_pr45586_0.o link, -O0 -flto -flto-partition=none (internal compiler error)
UNRESOLVED: gfortran.dg/lto/pr45586 f_lto_pr45586_0.o-f_lto_pr45586_0.o execute -O0 -flto -flto-partition=none
FAIL: gfortran.dg/lto/pr45586 f_lto_pr45586_0.o-f_lto_pr45586_0.o link, -O0 -flto -flto-partition=1to1 (internal compiler error)
UNRESOLVED: gfortran.dg/lto/pr45586 f_lto_pr45586_0.o-f_lto_pr45586_0.o execute -O0 -flto -flto-partition=1to1
FAIL: gfortran.dg/lto/pr45586 f_lto_pr45586_0.o-f_lto_pr45586_0.o link, -O0 -flto (internal compiler error)
UNRESOLVED: gfortran.dg/lto/pr45586 f_lto_pr45586_0.o-f_lto_pr45586_0.o execute -O0 -flto
=== gfortran Summary ===
# of expected passes 42809
# of unexpected failures 6
# of expected failures 42
# of unresolved testcases 6
# of unsupported tests 377
/test/gnu/gcc/objdir/gcc/testsuite/gfortran/../../gfortran version 4.9.0 20130501 (experimental) [trunk revision 198496] (GCC)
=== obj-c++ tests ===
Running target unix
=== obj-c++ Summary ===
# of expected passes 1442
# of expected failures 10
# of unsupported tests 86
/test/gnu/gcc/objdir/gcc/testsuite/obj-c++/../../xg++ version 4.9.0 20130501 (experimental) [trunk revision 198496] (GCC)
=== objc tests ===
Running target unix
=== objc Summary ===
# of expected passes 2992
# of unsupported tests 75
/test/gnu/gcc/objdir/gcc/xgcc version 4.9.0 20130501 (experimental) [trunk revision 198496] (GCC)
=== libatomic tests ===
Running target unix
=== libatomic Summary ===
# of expected passes 4
# of unsupported tests 25
=== libgomp tests ===
Running target unix
=== libgomp Summary ===
# of expected passes 2929
# of unsupported tests 10
=== libstdc++ tests ===
Running target unix
=== libstdc++ Summary ===
# of expected passes 7687
# of expected failures 45
# of unsupported tests 882
Compiler version: 4.9.0 20130501 (experimental) [trunk revision 198496] (GCC)
Platform: hppa64-hp-hpux11.11
configure flags:Test Run By dave on Sat May 4 01:49:18 2013
More information about the Gcc-testresults
mailing list