Results for 4.9.0 20130504 (experimental) (GCC) testsuite on arm-none-eabi
CodeSourcery Automatic Testing System
gcc@codesourcery.com
Sat May 4 22:43:00 GMT 2013
LAST_UPDATED: Sat May 4 07:09:14 UTC 2013 (/trunk revision 198593)
Target is arm-none-eabi
Host is i686-pc-linux-gnu
=== g++ tests ===
Running target arm-sim-fsf
FAIL: g++.dg/simulate-thread/atomics-1.C -O0 -g (test for excess errors)
FAIL: g++.dg/simulate-thread/atomics-1.C -O1 -g (test for excess errors)
FAIL: g++.dg/simulate-thread/atomics-1.C -O2 -g -std=c++98 (test for excess errors)
FAIL: g++.dg/simulate-thread/atomics-1.C -O3 -g -std=c++11 (test for excess errors)
FAIL: g++.dg/simulate-thread/atomics-1.C -Os -g (test for excess errors)
FAIL: g++.dg/simulate-thread/atomics-2.C -O0 -g (test for excess errors)
FAIL: g++.dg/simulate-thread/atomics-2.C -O1 -g (test for excess errors)
FAIL: g++.dg/simulate-thread/atomics-2.C -O2 -g -std=c++98 (test for excess errors)
FAIL: g++.dg/simulate-thread/atomics-2.C -O3 -g -std=c++11 (test for excess errors)
FAIL: g++.dg/simulate-thread/atomics-2.C -Os -g (test for excess errors)
=== g++ Summary ===
# of expected passes 48723
# of unexpected failures 10
# of expected failures 287
# of unsupported tests 1074
/scratch/gcc/nightly-2013-05-04-mainline/arm-none-eabi/obj/test-mainline-0-arm-none-eabi/host-i686-pc-linux-gnu/fsf-mainline/bin/arm-none-eabi-g++ version 4.9.0 20130504 (experimental) (GCC)
=== Summary adjusted for local xfails ===
# of unexpected failures 10
# of expected passes 48723
# of expected failures 287
# of unsupported tests 1074
Host is i686-pc-linux-gnu
=== gcc tests ===
Running target arm-sim-fsf
FAIL: gcc.dg/atomic-flag.c (test for excess errors)
UNRESOLVED: gcc.dg/atomic-flag.c compilation failed to produce executable
FAIL: gcc.dg/pr41345.c (test for excess errors)
FAIL: gcc.dg/uninit-13.c unconditional (test for warnings, line 8)
FAIL: gcc.dg/uninit-13.c (test for excess errors)
FAIL: gcc.dg/tree-ssa/forwprop-26.c (test for excess errors)
UNRESOLVED: gcc.dg/tree-ssa/forwprop-26.c scan-tree-dump-not forwprop1 "& 255"
FAIL: gcc.dg/tree-ssa/sra-12.c scan-tree-dump-times release_ssa "l;" 0
WARNING: program timed out.
FAIL: gcc.dg/vect/pr56933.c execution test
WARNING: program timed out.
FAIL: gcc.dg/vect/pr56933.c -flto execution test
FAIL: gcc.target/arm/neon-for-64bits-2.c scan-assembler-times vand 1
FAIL: gcc.target/arm/neon-vext-execute.c execution test
FAIL: gcc.target/arm/pr42172-1.c scan-assembler-times ldr 1
FAIL: gcc.target/arm/pr42575.c scan-assembler-not mov
=== gcc Summary ===
# of expected passes 86891
# of unexpected failures 12
# of expected failures 245
# of unresolved testcases 2
# of unsupported tests 1708
/scratch/gcc/nightly-2013-05-04-mainline/arm-none-eabi/obj/test-mainline-0-arm-none-eabi/host-i686-pc-linux-gnu/fsf-mainline/bin/arm-none-eabi-gcc version 4.9.0 20130504 (experimental) (GCC)
=== Summary adjusted for local xfails ===
# of unexpected failures 12
# of expected passes 86891
# of expected failures 245
# of unresolved testcases 2
# of unsupported tests 1708
Host is i686-pc-linux-gnu
=== libstdc++ tests ===
Running target arm-sim-fsf
ERROR: tcl error sourcing /scratch/gcc/nightly-2013-05-04-mainline/src/gcc-mainline/libstdc++-v3/testsuite/libstdc++-abi/abi.exp.
ERROR: can't read "baseline_subdir_switch": no such variable
FAIL: 27_io/basic_filebuf/underflow/wchar_t/11603.cc execution test
FAIL: 29_atomics/atomic/cons/49445.cc (test for excess errors)
UNRESOLVED: 29_atomics/atomic/cons/49445.cc compilation failed to produce executable
FAIL: 29_atomics/atomic/cons/user_pod.cc (test for excess errors)
FAIL: 29_atomics/atomic/operators/integral_assignment.cc (test for excess errors)
UNRESOLVED: 29_atomics/atomic/operators/integral_assignment.cc compilation failed to produce executable
FAIL: 29_atomics/atomic/operators/integral_conversion.cc (test for excess errors)
UNRESOLVED: 29_atomics/atomic/operators/integral_conversion.cc compilation failed to produce executable
FAIL: 29_atomics/atomic_flag/clear/1.cc (test for excess errors)
UNRESOLVED: 29_atomics/atomic_flag/clear/1.cc compilation failed to produce executable
FAIL: 29_atomics/atomic_flag/test_and_set/explicit.cc (test for excess errors)
UNRESOLVED: 29_atomics/atomic_flag/test_and_set/explicit.cc compilation failed to produce executable
FAIL: 29_atomics/atomic_flag/test_and_set/implicit.cc (test for excess errors)
UNRESOLVED: 29_atomics/atomic_flag/test_and_set/implicit.cc compilation failed to produce executable
FAIL: 29_atomics/atomic_integral/operators/integral_assignment.cc (test for excess errors)
UNRESOLVED: 29_atomics/atomic_integral/operators/integral_assignment.cc compilation failed to produce executable
FAIL: 29_atomics/atomic_integral/operators/integral_conversion.cc (test for excess errors)
UNRESOLVED: 29_atomics/atomic_integral/operators/integral_conversion.cc compilation failed to produce executable
XPASS: ext/stdio_filebuf/char/10063-2.cc execution test
XPASS: ext/stdio_filebuf/char/10063-3.cc execution test
=== libstdc++ Summary ===
# of expected passes 7662
# of unexpected failures 10
# of unexpected successes 2
# of expected failures 52
# of unresolved testcases 8
# of unsupported tests 649
=== Summary adjusted for local xfails ===
# of errors 2
# of unexpected failures 10
# of expected passes 7662
# of unexpected successes 2
# of expected failures 52
# of unresolved testcases 8
# of unsupported tests 649
Host is i686-pc-linux-gnu
=== g++ tests ===
Running target arm-sim-fsf/-mthumb
FAIL: g++.dg/simulate-thread/atomics-1.C -O0 -g (test for excess errors)
FAIL: g++.dg/simulate-thread/atomics-1.C -O1 -g (test for excess errors)
FAIL: g++.dg/simulate-thread/atomics-1.C -O2 -g -std=c++98 (test for excess errors)
FAIL: g++.dg/simulate-thread/atomics-1.C -O3 -g -std=c++11 (test for excess errors)
FAIL: g++.dg/simulate-thread/atomics-1.C -Os -g (test for excess errors)
FAIL: g++.dg/simulate-thread/atomics-2.C -O0 -g (test for excess errors)
FAIL: g++.dg/simulate-thread/atomics-2.C -O1 -g (test for excess errors)
FAIL: g++.dg/simulate-thread/atomics-2.C -O2 -g -std=c++98 (test for excess errors)
FAIL: g++.dg/simulate-thread/atomics-2.C -O3 -g -std=c++11 (test for excess errors)
FAIL: g++.dg/simulate-thread/atomics-2.C -Os -g (test for excess errors)
=== g++ Summary ===
# of expected passes 48583
# of unexpected failures 10
# of expected failures 287
# of unsupported tests 1088
/scratch/gcc/nightly-2013-05-04-mainline/arm-none-eabi/obj/test-mainline-0-arm-none-eabi/host-i686-pc-linux-gnu/fsf-mainline/bin/arm-none-eabi-g++ version 4.9.0 20130504 (experimental) (GCC)
=== Summary adjusted for local xfails ===
# of unexpected failures 10
# of expected passes 48583
# of expected failures 287
# of unsupported tests 1088
Host is i686-pc-linux-gnu
=== gcc tests ===
Running target arm-sim-fsf/-mthumb
FAIL: gcc.dg/atomic-flag.c (test for excess errors)
UNRESOLVED: gcc.dg/atomic-flag.c compilation failed to produce executable
FAIL: gcc.dg/uninit-13.c unconditional (test for warnings, line 8)
FAIL: gcc.dg/uninit-13.c (test for excess errors)
FAIL: gcc.dg/tree-ssa/forwprop-26.c (test for excess errors)
UNRESOLVED: gcc.dg/tree-ssa/forwprop-26.c scan-tree-dump-not forwprop1 "& 255"
FAIL: gcc.dg/tree-ssa/sra-12.c scan-tree-dump-times release_ssa "l;" 0
FAIL: gcc.target/arm/minmax_minus.c scan-assembler rsbge
FAIL: gcc.target/arm/minmax_minus.c scan-assembler rsblt
FAIL: gcc.target/arm/pr42172-1.c scan-assembler-times ldr 1
FAIL: gcc.target/arm/volatile-bitfields-1.c scan-assembler ldrb[\\\\t ]+[^\\n]*,[\\\\t ]*\\\\[[^\\n]*\\\\]
=== gcc Summary ===
# of expected passes 79792
# of unexpected failures 9
# of expected failures 104
# of unresolved testcases 2
# of unsupported tests 3679
/scratch/gcc/nightly-2013-05-04-mainline/arm-none-eabi/obj/test-mainline-0-arm-none-eabi/host-i686-pc-linux-gnu/fsf-mainline/bin/arm-none-eabi-gcc version 4.9.0 20130504 (experimental) (GCC)
=== Summary adjusted for local xfails ===
# of unexpected failures 9
# of expected passes 79792
# of expected failures 104
# of unresolved testcases 2
# of unsupported tests 3679
Host is i686-pc-linux-gnu
=== libstdc++ tests ===
Running target arm-sim-fsf/-mthumb
ERROR: tcl error sourcing /scratch/gcc/nightly-2013-05-04-mainline/src/gcc-mainline/libstdc++-v3/testsuite/libstdc++-abi/abi.exp.
ERROR: can't read "baseline_subdir_switch": no such variable
FAIL: 27_io/basic_filebuf/underflow/wchar_t/11603.cc execution test
FAIL: 29_atomics/atomic/cons/49445.cc (test for excess errors)
UNRESOLVED: 29_atomics/atomic/cons/49445.cc compilation failed to produce executable
FAIL: 29_atomics/atomic/cons/user_pod.cc (test for excess errors)
FAIL: 29_atomics/atomic/operators/integral_assignment.cc (test for excess errors)
UNRESOLVED: 29_atomics/atomic/operators/integral_assignment.cc compilation failed to produce executable
FAIL: 29_atomics/atomic/operators/integral_conversion.cc (test for excess errors)
UNRESOLVED: 29_atomics/atomic/operators/integral_conversion.cc compilation failed to produce executable
FAIL: 29_atomics/atomic_flag/clear/1.cc (test for excess errors)
UNRESOLVED: 29_atomics/atomic_flag/clear/1.cc compilation failed to produce executable
FAIL: 29_atomics/atomic_flag/test_and_set/explicit.cc (test for excess errors)
UNRESOLVED: 29_atomics/atomic_flag/test_and_set/explicit.cc compilation failed to produce executable
FAIL: 29_atomics/atomic_flag/test_and_set/implicit.cc (test for excess errors)
UNRESOLVED: 29_atomics/atomic_flag/test_and_set/implicit.cc compilation failed to produce executable
FAIL: 29_atomics/atomic_integral/operators/integral_assignment.cc (test for excess errors)
UNRESOLVED: 29_atomics/atomic_integral/operators/integral_assignment.cc compilation failed to produce executable
FAIL: 29_atomics/atomic_integral/operators/integral_conversion.cc (test for excess errors)
UNRESOLVED: 29_atomics/atomic_integral/operators/integral_conversion.cc compilation failed to produce executable
XPASS: ext/stdio_filebuf/char/10063-2.cc execution test
XPASS: ext/stdio_filebuf/char/10063-3.cc execution test
=== libstdc++ Summary ===
# of expected passes 7662
# of unexpected failures 10
# of unexpected successes 2
# of expected failures 52
# of unresolved testcases 8
# of unsupported tests 649
=== Summary adjusted for local xfails ===
# of errors 2
# of unexpected failures 10
# of expected passes 7662
# of unexpected successes 2
# of expected failures 52
# of unresolved testcases 8
# of unsupported tests 649
Compiler version: 4.9.0 20130504 (experimental) (GCC)
Platform: arm-none-eabi
configure flags: --build=i686-pc-linux-gnu --host=i686-pc-linux-gnu --target=arm-none-eabi --enable-threads --disable-libmudflap --disable-libssp --disable-libstdcxx-pch --with-gnu-as --with-gnu-ld --enable-languages=c,c++ --disable-shared --enable-lto --with-newlib --disable-nls --prefix=/opt/codesourcery --with-headers=yes --with-sysroot=/opt/codesourcery/arm-none-eabi --with-build-sysroot=/scratch/gcc/nightly-2013-05-04-mainline/arm-none-eabi/install/arm-none-eabi --with-gmp=/scratch/gcc/nightly-2013-05-04-mainline/arm-none-eabi/obj/pkg-mainline-0-arm-none-eabi/fsf-mainline-0-arm-none-eabi.extras/host-libs-i686-pc-linux-gnu/usr --with-mpfr=/scratch/gcc/nightly-2013-05-04-mainline/arm-none-eabi/obj/pkg-mainline-0-arm-none-eabi/fsf-mainline-0-arm-none-eabi.extras/host-libs-i686-pc-linux-gnu/usr --with-mpc=/scratch/gcc/nightly-2013-05-04-mainline/arm-none-eabi/obj/pkg-mainline-0-arm-none-eabi/fsf-mainline-0-arm-none-eabi.extras/host-libs-i686-pc-linux-gnu/usr --with-host-libs
tdcxx='-static-libgcc -Wl,-Bstatic,-lstdc++,-Bdynamic -lm' --with-isl=/scratch/gcc/nightly-2013-05-04-mainline/arm-none-eabi/obj/pkg-mainline-0-arm-none-eabi/fsf-mainline-0-arm-none-eabi.extras/host-libs-i686-pc-linux-gnu/usr --with-cloog=/scratch/gcc/nightly-2013-05-04-mainline/arm-none-eabi/obj/pkg-mainline-0-arm-none-eabi/fsf-mainline-0-arm-none-eabi.extras/host-libs-i686-pc-linux-gnu/usr --with-libelf=/scratch/gcc/nightly-2013-05-04-mainline/arm-none-eabi/obj/pkg-mainline-0-arm-none-eabi/fsf-mainline-0-arm-none-eabi.extras/host-libs-i686-pc-linux-gnu/usr --disable-libgomp --disable-libitm --enable-poison-system-directories --with-build-time-tools=/scratch/gcc/nightly-2013-05-04-mainline/arm-none-eabi/install/arm-none-eabi/bin --with-build-time-tools=/scratch/gcc/nightly-2013-05-04-mainline/arm-none-eabi/install/arm-none-eabi/bin
More information about the Gcc-testresults
mailing list