Results for 4.8.0 20130316 (prerelease) (GCC) testsuite on powerpc-unknown-rtems4.11
Sebastian Huber
sebastian.huber@embedded-brains.de
Thu Mar 21 13:53:00 GMT 2013
LAST_UPDATED: Obtained from SVN: branches/gcc-4_8-branch revision 196699
Target is powerpc-unknown-rtems4.11
Host is x86_64-unknown-linux-gnu
=== gcc tests ===
Running target rtems-powerpc-psim
FAIL: gcc.c-torture/execute/ieee/inf-1.c execution, -O0
FAIL: gcc.dg/and-1.c scan-assembler-not nand
FAIL: gcc.dg/lto/pr54709 c_lto_pr54709_0.o-c_lto_pr54709_1.o link, -fPIC
-fvisibility=hidden -flto
UNRESOLVED: gcc.dg/lto/pr54709 c_lto_pr54709_0.o-c_lto_pr54709_1.o execute
-fPIC -fvisibility=hidden -flto
FAIL: gcc.dg/torture/vec-cvt-1.c -O0 execution test
FAIL: gcc.dg/torture/vec-cvt-1.c -O1 execution test
FAIL: gcc.dg/torture/vec-cvt-1.c -O2 execution test
FAIL: gcc.dg/torture/vec-cvt-1.c -O3 -fomit-frame-pointer execution test
FAIL: gcc.dg/torture/vec-cvt-1.c -O3 -fomit-frame-pointer -funroll-loops
execution test
FAIL: gcc.dg/torture/vec-cvt-1.c -O3 -fomit-frame-pointer -funroll-all-loops
-finline-functions execution test
FAIL: gcc.dg/torture/vec-cvt-1.c -O3 -g execution test
FAIL: gcc.dg/torture/vec-cvt-1.c -Os execution test
FAIL: gcc.dg/torture/vec-cvt-1.c -O2 -flto -fno-use-linker-plugin
-flto-partition=none execution test
FAIL: gcc.dg/torture/vec-cvt-1.c -O2 -flto -fuse-linker-plugin
-fno-fat-lto-objects execution test
FAIL: gcc.dg/tree-ssa/sra-12.c scan-tree-dump-times release_ssa "l;" 0
FAIL: gcc.dg/tree-ssa/ssa-dom-thread-4.c scan-tree-dump-times dom1 "Threaded" 3
FAIL: gcc.dg/tree-ssa/vrp47.c scan-tree-dump-times vrp1 "[xy][^ ]* !=" 0
FAIL: gcc.dg/tree-ssa/vrp47.c scan-tree-dump-times dom2 "x[^ ]* & y" 1
FAIL: gcc.target/powerpc/405-dlmzb-strlen-1.c scan-assembler dlmzb\\\\.
FAIL: gcc.target/powerpc/440-dlmzb-strlen-1.c scan-assembler dlmzb\\\\.
FAIL: gcc.target/powerpc/ppc-stackalign-1.c execution test
FAIL: gcc.target/powerpc/ppc-vector-memcpy.c scan-assembler lvx
FAIL: gcc.target/powerpc/pr46728-10.c execution test
FAIL: gcc.target/powerpc/pr46728-11.c execution test
FAIL: gcc.target/powerpc/pr46728-14.c execution test
FAIL: gcc.target/powerpc/pr46728-4.c scan-assembler-times cbrt 2
FAIL: gcc.target/powerpc/pr46728-5.c scan-assembler-times cbrt 2
FAIL: gcc.target/powerpc/pr46728-5.c scan-assembler-not bl[\\\\. ]+pow
FAIL: gcc.target/powerpc/pr46728-8.c scan-assembler-times cbrt 5
FAIL: gcc.target/powerpc/pr47862.c scan-assembler-not stfd
FAIL: gcc.target/powerpc/spe-vector-memcpy.c scan-assembler evstdd
FAIL: gcc.target/powerpc/tfmode_off.c (test for excess errors)
UNRESOLVED: gcc.target/powerpc/tfmode_off.c object-size text == 544
=== gcc Summary ===
# of expected passes 82301
# of unexpected failures 31
# of expected failures 218
# of unresolved testcases 2
# of unsupported tests 1652
/scratch/git-rtems-testing/gcc/b-powerpc-gcc/gcc/xgcc version 4.8.0 20130316
(prerelease) (GCC)
Host is x86_64-unknown-linux-gnu
=== g++ tests ===
Running target rtems-powerpc-psim
FAIL: g++.dg/ext/spe1.C -std=gnu++98 (test for excess errors)
FAIL: g++.dg/ext/spe1.C -std=gnu++11 (test for excess errors)
FAIL: g++.dg/other/opaque-1.C -std=gnu++98 execution test
FAIL: g++.dg/other/opaque-1.C -std=gnu++11 execution test
XPASS: g++.old-deja/g++.other/init19.C -std=c++98 execution test
XPASS: g++.old-deja/g++.other/init19.C -std=c++11 execution test
=== g++ Summary ===
# of expected passes 48247
# of unexpected failures 4
# of unexpected successes 2
# of expected failures 284
# of unsupported tests 986
/scratch/git-rtems-testing/gcc/b-powerpc-gcc/gcc/testsuite/g++/../../xg++
version 4.8.0 20130316 (prerelease) (GCC)
Compiler version: 4.8.0 20130316 (prerelease) (GCC)
Platform: powerpc-unknown-rtems4.11
configure flags: --disable-werror --enable-threads=rtems --with-gnu-as
--disable-multilib --enable-lto --enable-newlib-mb --enable-newlib-iconv
--with-gnu-ld --with-newlib --verbose --with-system-zlib --disable-nls
--enable-version-specific-runtime-libs --enable-languages=c,c++
--target=powerpc-rtems4.11
--prefix=/scratch/git-rtems-testing/gcc/install-4.8.0-RC-20130316
--
Sebastian Huber, embedded brains GmbH
Address : Dornierstr. 4, D-82178 Puchheim, Germany
Phone : +49 89 189 47 41-16
Fax : +49 89 189 47 41-09
E-Mail : sebastian.huber@embedded-brains.de
PGP : Public key available on request.
Diese Nachricht ist keine geschäftliche Mitteilung im Sinne des EHUG.
More information about the Gcc-testresults
mailing list