Results for 4.8.0 20130306 (experimental) [trunk revision 196484] (GCC) testsuite on hppa2.0w-hp-hpux11.11
John David Anglin
dave@hiauly3.hia.nrc.ca
Thu Mar 7 19:14:00 GMT 2013
=== acats tests ===
FAIL: c974013
FAIL: c9a011b
=== acats Summary ===
# of expected passes 2318
# of unexpected failures 2
Native configuration is hppa2.0w-hp-hpux11.11
=== g++ tests ===
Running target unix
UNRESOLVED: g++.dg/ext/label13.C -std=gnu++98 compilation failed to produce executable
UNRESOLVED: g++.dg/ext/label13.C -std=gnu++11 compilation failed to produce executable
WARNING: program timed out.
FAIL: c-c++-common/simulate-thread/bitfields-2.c -Os -g thread simulation test
FAIL: g++.dg/tls/thread_local3.C -std=gnu++11 (test for excess errors)
FAIL: g++.dg/tls/thread_local3.C -std=gnu++11 execution test
FAIL: g++.dg/tls/thread_local4.C -std=gnu++11 (test for excess errors)
FAIL: g++.dg/tls/thread_local4.C -std=gnu++11 execution test
FAIL: g++.dg/tls/thread_local5.C -std=gnu++11 (test for excess errors)
FAIL: g++.dg/tls/thread_local5.C -std=gnu++11 execution test
FAIL: g++.dg/tls/thread_local6.C (test for excess errors)
FAIL: g++.dg/tls/thread_local6.C execution test
=== g++ Summary ===
# of expected passes 45403
# of unexpected failures 9
# of expected failures 294
# of unresolved testcases 2
# of unsupported tests 1194
/test/gnu/gcc/objdir/gcc/testsuite/g++/../../xg++ version 4.8.0 20130306 (experimental) [trunk revision 196484] (GCC)
=== gcc tests ===
Running target unix
ERROR: gcc.dg/pr44194-1.c: syntax error in target selector "target { { i?86-*-* x86_64-*-* } && x32 } || lp64 && ! s390*-*-* && ! alpha*-*-* && ! hppa*64*-*-*" for " dg-do 1 compile { target { { { { i?86-*-* x86_64-*-* } && x32 } || lp64 } && { ! s390*-*-* } && { ! alpha*-*-* } && { ! hppa*64*-*-* } } } "
UNRESOLVED: gcc.dg/pr44194-1.c: syntax error in target selector "target { { i?86-*-* x86_64-*-* } && x32 } || lp64 && ! s390*-*-* && ! alpha*-*-* && ! hppa*64*-*-*" for " dg-do 1 compile { target { { { { i?86-*-* x86_64-*-* } && x32 } || lp64 } && { ! s390*-*-* } && { ! alpha*-*-* } && { ! hppa*64*-*-* } } } "
WARNING: program timed out.
FAIL: gcc.dg/tree-ssa/pr55579.c scan-tree-dump esra "Created a debug-only replacement for s"
FAIL: gcc.dg/tree-ssa/vector-4.c scan-tree-dump-times gimple "VEC_PERM_EXPR <a, b, { 0, 4, 1, 5 }>;" 1
=== gcc Summary ===
# of expected passes 64830
# of unexpected failures 2
# of expected failures 117
# of unresolved testcases 1
# of unsupported tests 1525
/test/gnu/gcc/objdir/gcc/xgcc version 4.8.0 20130306 (experimental) [trunk revision 196484] (GCC)
=== gfortran tests ===
Running target unix
XPASS: gfortran.dg/do_1.f90 -O0 execution test
XPASS: gfortran.dg/do_1.f90 -O1 execution test
FAIL: gfortran.dg/pr45636.f90 -O scan-tree-dump-times forwprop2 "memset" 0
=== gfortran Summary ===
# of expected passes 41720
# of unexpected failures 1
# of unexpected successes 2
# of expected failures 48
# of unsupported tests 398
/test/gnu/gcc/objdir/gcc/testsuite/gfortran/../../gfortran version 4.8.0 20130306 (experimental) [trunk revision 196484] (GCC)
=== gnat tests ===
Running target unix
=== gnat Summary ===
# of expected passes 1144
# of expected failures 17
# of unsupported tests 12
/test/gnu/gcc/objdir/gcc/gnatmake version 4.8.0 20130306 (experimental) [trunk revision 196484]
=== obj-c++ tests ===
Running target unix
=== obj-c++ Summary ===
# of expected passes 1408
# of expected failures 2
# of unsupported tests 69
/test/gnu/gcc/objdir/gcc/testsuite/obj-c++/../../xg++ version 4.8.0 20130306 (experimental) [trunk revision 196484] (GCC)
=== objc tests ===
Running target unix
=== objc Summary ===
# of expected passes 2912
# of unsupported tests 67
/test/gnu/gcc/objdir/gcc/xgcc version 4.8.0 20130306 (experimental) [trunk revision 196484] (GCC)
=== boehm-gc tests ===
Running target unix
=== boehm-gc Summary ===
# of expected passes 12
# of unsupported tests 1
=== libatomic tests ===
Running target unix
=== libatomic Summary ===
# of expected passes 4
# of unsupported tests 25
=== libffi tests ===
Running target unix
=== libffi Summary ===
# of expected passes 1819
# of unsupported tests 55
=== libgomp tests ===
Running target unix
=== libgomp Summary ===
# of expected passes 2929
# of unsupported tests 10
=== libjava tests ===
Running target unix
FAIL: LargeFile execution - source compiled test
FAIL: LargeFile -findirect-dispatch execution - source compiled test
FAIL: LargeFile -O3 execution - source compiled test
FAIL: LargeFile -O3 -findirect-dispatch execution - source compiled test
FAIL: sourcelocation output - source compiled test
FAIL: sourcelocation -findirect-dispatch output - source compiled test
FAIL: sourcelocation -O3 output - source compiled test
FAIL: sourcelocation -O3 -findirect-dispatch output - source compiled test
=== libjava Summary ===
# of expected passes 2574
# of unexpected failures 8
# of untested testcases 4
=== libstdc++ tests ===
Running target unix
=== libstdc++ Summary ===
# of expected passes 7628
# of expected failures 45
# of unsupported tests 886
Compiler version: 4.8.0 20130306 (experimental) [trunk revision 196484] (GCC)
Platform: hppa2.0w-hp-hpux11.11
configure flags:Test Run By dave on Wed Mar 6 12:02:49 EST 2013
More information about the Gcc-testresults
mailing list