Results for 4.8.0 20130306 (experimental) [trunk revision 196483] (GCC) testsuite on i386-pc-solaris2.10
Sean McGovern
sean@seanmcgovern.ca
Wed Mar 6 16:32:00 GMT 2013
\$ uname -a
SunOS tsukimi 5.10 Generic_Virtual i86pc i386 i86pc
\$ cat /etc/release
Oracle Solaris 10 8/11 s10x_u10wos_17b X86
Copyright (c) 1983, 2011, Oracle and/or its affiliates. All rights reserved.
Assembled 23 August 2011
\$ /opt/gnu/bin/as --version
GNU assembler (GNU Binutils) 2.22
\$ /usr/ccs/bin/ld -V
ld: Software Generation Utilities - Solaris Link Editors: 5.10-1.1505
\$ /usr/sbin/psrinfo -pv
The physical processor has 8 virtual processors (0-7)
x86 (chipid 0x0 GenuineIntel family 6 model 42 step 7 clock 3510 MHz)
Intel(r) Core(tm) i7-2700K CPU @ 3.50GHz
Bootstrapped with :
\$ i386-pc-solaris2.10-gcc-4.6.3 -v
Using built-in specs.
COLLECT_GCC=i386-pc-solaris2.10-gcc-4.6.3
COLLECT_LTO_WRAPPER=/opt/gnu/libexec/gcc/i386-pc-solaris2.10/4.6.3/lto-wrapper
Target: i386-pc-solaris2.10
Configured with: /SOURCES/gcc-4.6.3/configure --prefix=/opt/gnu --target=i386-pc-solaris2.10 --with-gnu-as --with-as=/opt/gnu/bin/as --with-libiconv-prefix=/opt/gnu --with-gmp=/opt/gnu --with-mpfr=/opt/gnu --with-mpc=/opt/gnu --with-ppl=/opt/gnu --with-cloog=/opt/gnu --enable-cloog-backend=isl --enable-lto --without-included-gettext --with-bugurl=https://bugs.seanmcgovern.ca/ --bindir=/opt/gnu/i386-pc-solaris2.10/gcc-bin/4.6.3 --includedir=/opt/gnu/lib/gcc/i386-pc-solaris2.10/4.6.3/include --datadir=/opt/gnu/share/gcc-data/i386-pc-solaris2.10/4.6.3 --mandir=/opt/gnu/share/gcc-data/i386-pc-solaris2.10/4.6.3/man --infodir=/opt/gnu/share/gcc-data/i386-pc-solaris2.10/4.6.3/info --with-gxx-include-dir=/opt/gnu/lib/gcc/i386-pc-solaris2.10/4.6.3/include/g++-v4 --enable-languages=c,c++
Thread model: posix
gcc version 4.6.3 (GCC)
********
LAST_UPDATED: Wed Mar 6 14:05:38 UTC 2013 (revision 196483)
Native configuration is i386-pc-solaris2.10
=== g++ tests ===
Running target unix/-m32
=== g++ Summary for unix/-m32 ===
# of expected passes 50554
# of expected failures 292
# of unsupported tests 586
Running target unix/-m64
=== g++ Summary for unix/-m64 ===
# of expected passes 51322
# of expected failures 292
# of unsupported tests 829
=== g++ Summary ===
# of expected passes 101876
# of expected failures 584
# of unsupported tests 1415
/BUILD/gcc/obj-196483/gcc/testsuite/g++/../../xg++ version 4.8.0 20130306 (experimental) [trunk revision 196483] (GCC)
=== gcc tests ===
Running target unix/-m32
FAIL: gcc.dg/lto/20090210 c_lto_20090210_0.o-c_lto_20090210_1.o execute -O2 -flto -flto-partition=none
FAIL: gcc.dg/lto/20090210 c_lto_20090210_0.o-c_lto_20090210_1.o execute -O2 -flto -flto-partition=1to1
FAIL: gcc.dg/lto/20090210 c_lto_20090210_0.o-c_lto_20090210_1.o execute -O2 -flto
FAIL: gcc.dg/torture/tls/run-ld.c -O1 execution test
FAIL: gcc.dg/torture/tls/run-ld.c -O2 execution test
FAIL: gcc.dg/torture/tls/run-ld.c -O3 -fomit-frame-pointer execution test
FAIL: gcc.dg/torture/tls/run-ld.c -O3 -g execution test
FAIL: gcc.dg/torture/tls/run-ld.c -Os execution test
FAIL: gcc.dg/torture/tls/run-ld.c -O1 -fpic execution test
FAIL: gcc.dg/torture/tls/run-ld.c -O2 -fpic execution test
FAIL: gcc.dg/torture/tls/run-ld.c -O3 -fomit-frame-pointer -fpic execution test
FAIL: gcc.dg/torture/tls/run-ld.c -O3 -g -fpic execution test
FAIL: gcc.dg/torture/tls/run-ld.c -Os -fpic execution test
FAIL: gcc.dg/torture/tls/run-ld.c -O1 -fPIC execution test
FAIL: gcc.dg/torture/tls/run-ld.c -O2 -fPIC execution test
FAIL: gcc.dg/torture/tls/run-ld.c -O3 -fomit-frame-pointer -fPIC execution test
FAIL: gcc.dg/torture/tls/run-ld.c -O3 -g -fPIC execution test
FAIL: gcc.dg/torture/tls/run-ld.c -Os -fPIC execution test
FAIL: gcc.dg/torture/tls/run-ld.c -O2 -flto -flto-partition=none execution test
FAIL: gcc.dg/torture/tls/run-ld.c -O2 -flto execution test
FAIL: gcc.dg/torture/tls/thr-init-2.c -O2 -fpic execution test
FAIL: gcc.dg/torture/tls/thr-init-2.c -O3 -fomit-frame-pointer -fpic execution test
FAIL: gcc.dg/torture/tls/thr-init-2.c -O3 -g -fpic execution test
FAIL: gcc.dg/torture/tls/thr-init-2.c -Os -fpic execution test
FAIL: gcc.dg/torture/tls/thr-init-2.c -O2 -fPIC execution test
FAIL: gcc.dg/torture/tls/thr-init-2.c -O3 -fomit-frame-pointer -fPIC execution test
FAIL: gcc.dg/torture/tls/thr-init-2.c -O3 -g -fPIC execution test
FAIL: gcc.dg/torture/tls/thr-init-2.c -Os -fPIC execution test
=== gcc Summary for unix/-m32 ===
# of expected passes 90694
# of unexpected failures 28
# of expected failures 255
# of unsupported tests 1133
Running target unix/-m64
=== gcc Summary for unix/-m64 ===
# of expected passes 91137
# of expected failures 257
# of unsupported tests 1431
=== gcc Summary ===
# of expected passes 181831
# of unexpected failures 28
# of expected failures 512
# of unsupported tests 2564
/BUILD/gcc/obj-196483/gcc/xgcc version 4.8.0 20130306 (experimental) [trunk revision 196483] (GCC)
=== libatomic tests ===
Running target unix/-m64
=== libatomic Summary for unix/-m64 ===
# of expected passes 54
Running target unix/-m32
=== libatomic Summary for unix/-m32 ===
# of expected passes 44
# of unsupported tests 5
=== libatomic Summary ===
# of expected passes 98
# of unsupported tests 5
=== libgomp tests ===
Running target unix/-m64
=== libgomp Summary for unix/-m64 ===
# of expected passes 1253
# of unsupported tests 3
Running target unix/-m32
=== libgomp Summary for unix/-m32 ===
# of expected passes 1253
# of unsupported tests 3
=== libgomp Summary ===
# of expected passes 2506
# of unsupported tests 6
=== libitm tests ===
Running target unix/-m64
=== libitm Summary for unix/-m64 ===
# of expected passes 26
# of expected failures 3
# of unsupported tests 1
Running target unix/-m32
=== libitm Summary for unix/-m32 ===
# of expected passes 26
# of expected failures 3
# of unsupported tests 1
=== libitm Summary ===
# of expected passes 52
# of expected failures 6
# of unsupported tests 2
=== libstdc++ tests ===
Running target unix/-m32
=== libstdc++ Summary for unix/-m32 ===
# of expected passes 8288
# of expected failures 45
# of unsupported tests 588
Running target unix/-m64
FAIL: libstdc++-prettyprinters/48362.cc print t2
FAIL: libstdc++-prettyprinters/cxx11.cc print uom
FAIL: libstdc++-prettyprinters/debug.cc print str
FAIL: libstdc++-prettyprinters/simple.cc print str
=== libstdc++ Summary for unix/-m64 ===
# of expected passes 8295
# of unexpected failures 4
# of expected failures 45
# of unsupported tests 587
=== libstdc++ Summary ===
# of expected passes 16583
# of unexpected failures 4
# of expected failures 90
# of unsupported tests 1175
Compiler version: 4.8.0 20130306 (experimental) [trunk revision 196483] (GCC)
Platform: i386-pc-solaris2.10
configure flags: --prefix=/BUILD/gcc/196483 --target=i386-pc-solaris2.10 --with-gnu-as --with-as=/opt/gnu/bin/as --with-libiconv-prefix=/opt/gnu --with-gmp=/opt/gnu --with-mpfr=/opt/gnu --with-mpc=/opt/gnu --with-ppl=/opt/gnu --with-cloog=/opt/gnu --enable-cloog-backend=isl --enable-lto --without-included-gettext --includedir=/BUILD/gcc/196483/lib/gcc/i386-pc-solaris2.10/196483/include --datadir=/BUILD/gcc/196483/share/gcc-data/i386-pc-solaris2.10/196483 --mandir=/BUILD/gcc/196483/share/gcc-data/i386-pc-solaris2.10/196483/man --infodir=/BUILD/gcc/196483/share/gcc-data/i386-pc-solaris2.10/196483/info --with-gxx-include-dir=/BUILD/gcc/196483/lib/gcc/i386-pc-solaris2.10/196483/include/g++-v4 --enable-languages=c,c++ --program-suffix=-trunk
BOOT_CFLAGS=-g -O2
More information about the Gcc-testresults
mailing list