Results for 4.9.0 20130623 (experimental) testsuite on sparc-unknown-linux-gnu

Mikael Pettersson mikpe@it.uu.se
Mon Jun 24 15:01:00 GMT 2013


LAST_UPDATED: Obtained from SVN: trunk revision 200352

		=== acats tests ===
FAIL:	c52103x
FAIL:	c52104x
FAIL:	c52104y

		=== acats Summary ===
# of expected passes		2317
# of unexpected failures	3
Native configuration is sparc-unknown-linux-gnu

		=== g++ tests ===


Running target unix
FAIL: c-c++-common/cilk-plus/AN/gather_scatter.c  -fcilkplus execution test
FAIL: c-c++-common/cilk-plus/AN/gather_scatter.c  -O0 -fcilkplus execution test
FAIL: c-c++-common/cilk-plus/AN/gather_scatter.c  -O1 -fcilkplus execution test
FAIL: c-c++-common/cilk-plus/AN/gather_scatter.c  -O2 -ftree-vectorize -fcilkplus execution test
FAIL: c-c++-common/cilk-plus/AN/gather_scatter.c  -O3 -fcilkplus execution test
FAIL: c-c++-common/cilk-plus/AN/gather_scatter.c  -g -fcilkplus execution test
FAIL: c-c++-common/cilk-plus/AN/gather_scatter.c  -g -O0 -fcilkplus execution test
FAIL: c-c++-common/cilk-plus/AN/gather_scatter.c  -g -O1 -fcilkplus execution test
FAIL: c-c++-common/cilk-plus/AN/gather_scatter.c  -g -O2 -ftree-vectorize -fcilkplus execution test
FAIL: c-c++-common/cilk-plus/AN/gather_scatter.c  -g -O3 -fcilkplus execution test
FAIL: c-c++-common/cilk-plus/AN/gather_scatter.c  -O3 -ftree-vectorize -fcilkplus -g execution test

		=== g++ Summary ===

# of expected passes		50724
# of unexpected failures	11
# of expected failures		292
# of unsupported tests		1024
/mnt/scratch/objdir49/gcc/testsuite/g++/../../xg++  version 4.9.0 20130623 (experimental) (GCC) 

		=== gcc tests ===


Running target unix
FAIL: c-c++-common/cilk-plus/AN/gather_scatter.c  -fcilkplus execution test
FAIL: c-c++-common/cilk-plus/AN/gather_scatter.c  -O0 -fcilkplus execution test
FAIL: c-c++-common/cilk-plus/AN/gather_scatter.c  -O1 -fcilkplus execution test
FAIL: c-c++-common/cilk-plus/AN/gather_scatter.c  -O2 -ftree-vectorize -fcilkplus execution test
FAIL: c-c++-common/cilk-plus/AN/gather_scatter.c  -O3 -fcilkplus execution test
FAIL: c-c++-common/cilk-plus/AN/gather_scatter.c  -g -fcilkplus execution test
FAIL: c-c++-common/cilk-plus/AN/gather_scatter.c  -g -O0 -fcilkplus execution test
FAIL: c-c++-common/cilk-plus/AN/gather_scatter.c  -g -O1 -fcilkplus execution test
FAIL: c-c++-common/cilk-plus/AN/gather_scatter.c  -g -O2 -ftree-vectorize -fcilkplus execution test
FAIL: c-c++-common/cilk-plus/AN/gather_scatter.c  -g -O3 -fcilkplus execution test
FAIL: c-c++-common/cilk-plus/AN/gather_scatter.c  -O3 -ftree-vectorize -fcilkplus -g execution test
FAIL: c-c++-common/cilk-plus/AN/gather_scatter.c  -fcilkplus -std=c99 execution test
FAIL: c-c++-common/cilk-plus/AN/gather_scatter.c  -fcilkplus -O0 -std=c99 execution test
FAIL: c-c++-common/cilk-plus/AN/gather_scatter.c  -fcilkplus -O1 -std=c99 execution test
FAIL: c-c++-common/cilk-plus/AN/gather_scatter.c  -fcilkplus -O2 -ftree-vectorize -std=c99 execution test
FAIL: c-c++-common/cilk-plus/AN/gather_scatter.c  -fcilkplus -O3 -std=c99 execution test
FAIL: c-c++-common/cilk-plus/AN/gather_scatter.c  -fcilkplus -g -std=c99 execution test
FAIL: c-c++-common/cilk-plus/AN/gather_scatter.c  -fcilkplus -g -O0 -std=c99 execution test
FAIL: c-c++-common/cilk-plus/AN/gather_scatter.c  -fcilkplus -g -O1 -std=c99 execution test
FAIL: c-c++-common/cilk-plus/AN/gather_scatter.c  -fcilkplus -g -O2 -ftree-vectorize -std=c99 execution test
FAIL: c-c++-common/cilk-plus/AN/gather_scatter.c  -fcilkplus -g -O3 -std=c99 execution test
FAIL: c-c++-common/cilk-plus/AN/gather_scatter.c  -O3 -ftree-vectorize -std=c99 -g -fcilkplus execution test
FAIL: gcc.dg/pr57518.c scan-rtl-dump-not ira "REG_EQUIV.*mem.*"ip""
FAIL: gcc.dg/torture/pr57584.c  -O0  (test for excess errors)
FAIL: gcc.dg/torture/pr57584.c  -O1  (test for excess errors)
FAIL: gcc.dg/torture/pr57584.c  -O2  (test for excess errors)
FAIL: gcc.dg/torture/pr57584.c  -O3 -fomit-frame-pointer  (test for excess errors)
FAIL: gcc.dg/torture/pr57584.c  -O3 -fomit-frame-pointer -funroll-loops  (test for excess errors)
FAIL: gcc.dg/torture/pr57584.c  -O3 -fomit-frame-pointer -funroll-all-loops -finline-functions  (test for excess errors)
FAIL: gcc.dg/torture/pr57584.c  -O3 -g  (test for excess errors)
FAIL: gcc.dg/torture/pr57584.c  -Os  (test for excess errors)
FAIL: gcc.dg/vect/bb-slp-32.c scan-tree-dump slp "vectorization is not profitable"

		=== gcc Summary ===

# of expected passes		73110
# of unexpected failures	32
# of expected failures		223
# of unsupported tests		1351
/mnt/scratch/objdir49/gcc/xgcc  version 4.9.0 20130623 (experimental) (GCC) 

		=== gfortran tests ===


Running target unix

		=== gfortran Summary ===

# of expected passes		43967
# of expected failures		40
# of unsupported tests		276
/mnt/scratch/objdir49/gcc/testsuite/gfortran/../../gfortran  version 4.9.0 20130623 (experimental) (GCC) 

		=== gnat tests ===


Running target unix
FAIL: gnat.dg/null_pointer_deref1.adb execution test
FAIL: gnat.dg/null_pointer_deref3.adb execution test

		=== gnat Summary ===

# of expected passes		1164
# of unexpected failures	2
# of expected failures		18
# of unsupported tests		11
/mnt/scratch/objdir49/gcc/gnatmake version 4.9.0 20130623 (experimental)

		=== libatomic tests ===


Running target unix

		=== libatomic Summary ===

# of expected passes		34
# of unsupported tests		10
		=== libgomp tests ===


Running target unix

		=== libgomp Summary ===

# of expected passes		2147
# of unsupported tests		1
		=== libitm tests ===


Running target unix

		=== libitm Summary ===

# of expected passes		26
# of expected failures		3
# of unsupported tests		1
		=== libstdc++ tests ===


Running target unix
FAIL: libstdc++-abi/abi_check
FAIL: 22_locale/messages/members/char/1.cc execution test
FAIL: 22_locale/messages/members/char/2.cc execution test
FAIL: 22_locale/messages/members/char/wrapped_env.cc execution test
FAIL: 22_locale/messages/members/char/wrapped_locale.cc execution test
FAIL: 22_locale/messages_byname/named_equivalence.cc execution test

		=== libstdc++ Summary ===

# of expected passes		9171
# of unexpected failures	6
# of expected failures		45
# of unsupported tests		249

Compiler version: 4.9.0 20130623 (experimental) 
Platform: sparc-unknown-linux-gnu
configure flags: --prefix=/mnt/scratch/install49 --with-gmp=/home/mikpe/pkgs/linux-sparc64/gmp-5.1.2 --with-mpfr=/home/mikpe/pkgs/linux-sparc64/mpfr-3.1.2 --with-mpc=/home/mikpe/pkgs/linux-sparc64/mpc-1.0.1 --enable-multilib --disable-plugin --disable-lto --disable-nls --enable-threads=posix --enable-checking=release --disable-libmudflap --enable-languages=c,c++,fortran,ada --build=sparc-unknown-linux --target=sparc-unknown-linux --with-cpu=ultrasparc --enable-targets=all
BOOT_CFLAGS=-g -O2



More information about the Gcc-testresults mailing list