Results for 4.6.4 (Debian 4.6.4-4) testsuite on arm-unknown-linux-gnueabi

Matthias Klose doko@debian.org
Sat Jun 22 17:54:00 GMT 2013


LAST_UPDATED: Obtained from SVN: tags/gcc_4_6_4_release revision 197895

Native configuration is arm-unknown-linux-gnueabi

		=== libgomp tests ===


Running target unix
WARNING: program timed out.
FAIL: libgomp.fortran/strassen.f90  -O  execution test

		=== libgomp Summary ===

# of expected passes		2633
# of unexpected failures	1
# of unsupported tests		1
		=== libmudflap tests ===


Running target unix
FAIL: libmudflap.c/fail40-frag.c output pattern test
FAIL: libmudflap.c/pass51-frag.c execution test
FAIL: libmudflap.c/pass51-frag.c execution test
FAIL: libmudflap.c/fail40-frag.c (-static) output pattern test
FAIL: libmudflap.c/pass51-frag.c (-static) execution test
FAIL: libmudflap.c/pass51-frag.c (-static) execution test
FAIL: libmudflap.c/fail40-frag.c (-O2) output pattern test
FAIL: libmudflap.c/pass51-frag.c (-O2) execution test
FAIL: libmudflap.c/pass51-frag.c (-O2) execution test
FAIL: libmudflap.c/fail40-frag.c (-O3) output pattern test
FAIL: libmudflap.c/pass51-frag.c (-O3) execution test
FAIL: libmudflap.c/pass51-frag.c (-O3) execution test

		=== libmudflap Summary ===

# of expected passes		1894
# of unexpected failures	12
Target: arm-linux-gnueabi
gcc version 4.6.4 (Debian 4.6.4-4) 

		=== g++ tests ===


Running target unix
FAIL: g++.dg/abi/local1.C execution test
XPASS: g++.dg/uninit-pred-3_b.C (test for excess errors)
FAIL: g++.dg/vect/pr36648.cc scan-tree-dump-times vect "vectorized 1 loops" 1
FAIL: g++.dg/vect/pr36648.cc scan-tree-dump-times vect "vectorizing stmts using SLP" 1

		=== g++ Summary ===

# of expected passes		26740
# of unexpected failures	3
# of unexpected successes	1
# of expected failures		168
# of unsupported tests		394
/build/gcc-4.6-lYRACj/gcc-4.6-4.6.4/build/gcc/testsuite/g++/../../g++  version 4.6.4 (Debian 4.6.4-4) 

		=== gcc tests ===


Running target unix
FAIL: gcc.dg/uninit-13.c unconditional (test for warnings, line 8)
FAIL: gcc.dg/uninit-13.c (test for excess errors)
FAIL: gcc.dg/lto/20110201-1 c_lto_20110201-1_0.o-c_lto_20110201-1_0.o link,  -O0 -flto 
UNRESOLVED: gcc.dg/lto/20110201-1 c_lto_20110201-1_0.o-c_lto_20110201-1_0.o execute  -O0 -flto 
XPASS: gcc.dg/tree-ssa/20040204-1.c scan-tree-dump-times optimized "link_error" 0
FAIL: gcc.dg/vect/pr48172.c execution test
XPASS: gcc.dg/vect/vect-16.c scan-tree-dump-times vect "vectorized 1 loops" 1
FAIL: gcc.dg/vect/vect-72.c scan-tree-dump-times vect "Alignment of access forced using peeling" 0
FAIL: gcc.dg/vect/vect-multitypes-11.c scan-tree-dump-times vect "vectorized 1 loops" 1
FAIL: gcc.dg/vect/vect-multitypes-12.c scan-tree-dump-times vect "vectorized 1 loops" 1
FAIL: gcc.dg/vect/vect-reduc-dot-s16b.c scan-tree-dump-times vect "vectorized 1 loops" 0
FAIL: gcc.dg/vect/vect-reduc-pattern-1a.c scan-tree-dump-times vect "vectorized 1 loops" 0
FAIL: gcc.dg/vect/vect-reduc-pattern-1b.c scan-tree-dump-times vect "vectorized 1 loops" 0
FAIL: gcc.dg/vect/vect-reduc-pattern-1c.c scan-tree-dump-times vect "vectorized 1 loops" 0
FAIL: gcc.dg/vect/vect-reduc-pattern-2a.c scan-tree-dump-times vect "vectorized 1 loops" 0
FAIL: gcc.dg/vect/vect-reduc-pattern-2b.c scan-tree-dump-times vect "vectorized 1 loops" 0
XPASS: gcc.dg/vect/slp-reduc-3.c scan-tree-dump-times vect "vectorizing stmts using SLP" 1
FAIL: gcc.dg/vect/bb-slp-10.c scan-tree-dump-times slp "unsupported alignment in basic block." 1
FAIL: gcc.dg/vect/wrapv-vect-reduc-pattern-2c.c scan-tree-dump-times vect "vectorized 1 loops" 0
XPASS: gcc.dg/vect/no-scevccp-outer-16.c scan-tree-dump-times vect "OUTER LOOP VECTORIZED." 1
XPASS: gcc.dg/vect/no-scevccp-outer-17.c scan-tree-dump-times vect "OUTER LOOP VECTORIZED." 1
XPASS: gcc.dg/vect/no-scevccp-outer-19.c scan-tree-dump-times vect "OUTER LOOP VECTORIZED." 1
XPASS: gcc.dg/vect/no-scevccp-outer-21.c scan-tree-dump-times vect "OUTER LOOP VECTORIZED." 1
FAIL: gcc.target/arm/pr42575.c scan-assembler-not mov
FAIL: gcc.target/arm/sync-1.c execution test

		=== gcc Summary ===

# of expected passes		75180
# of unexpected failures	17
# of unexpected successes	7
# of expected failures		200
# of unresolved testcases	1
# of unsupported tests		1002
/build/gcc-4.6-lYRACj/gcc-4.6-4.6.4/build/gcc/xgcc  version 4.6.4 (Debian 4.6.4-4) 

		=== gfortran tests ===


Running target unix
FAIL: gfortran.dg/pr45636.f90  -O  scan-tree-dump-times forwprop2 "memset" 0
FAIL: gfortran.dg/vect/fast-math-pr38968.f90 scan-tree-dump vect "vectorized 1 loops"

		=== gfortran Summary ===

# of expected passes		38153
# of unexpected failures	2
# of expected failures		41
# of unsupported tests		394
/build/gcc-4.6-lYRACj/gcc-4.6-4.6.4/build/gcc/testsuite/gfortran/../../gfortran  version 4.6.4 (Debian 4.6.4-4) 

		=== obj-c++ tests ===


Running target unix

		=== obj-c++ Summary ===

# of expected passes		1388
# of expected failures		2
# of unsupported tests		86
/build/gcc-4.6-lYRACj/gcc-4.6-4.6.4/build/gcc/testsuite/obj-c++/../../g++  version 4.6.4 (Debian 4.6.4-4) 

		=== objc tests ===


Running target unix

		=== objc Summary ===

# of expected passes		2916
# of expected failures		10
# of unsupported tests		74
/build/gcc-4.6-lYRACj/gcc-4.6-4.6.4/build/gcc/xgcc  version 4.6.4 (Debian 4.6.4-4) 


Compiler version: 4.6.4 (Debian 4.6.4-4) 
Platform: arm-unknown-linux-gnueabi
configure flags: -v --with-pkgversion='Debian 4.6.4-4' --with-bugurl=file:///usr/share/doc/gcc-4.6/README.Bugs --enable-languages=c,c++,fortran,objc,obj-c++ --prefix=/usr --program-suffix=-4.6 --enable-shared --enable-linker-build-id --with-system-zlib --libexecdir=/usr/lib --without-included-gettext --enable-threads=posix --with-gxx-include-dir=/usr/include/c++/4.6 --libdir=/usr/lib --enable-nls --with-sysroot=/ --enable-clocale=gnu --enable-libstdcxx-debug --enable-gnu-unique-object --enable-plugin --enable-objc-gc --disable-sjlj-exceptions --with-arch=armv4t --with-float=soft --enable-checking=release --build=arm-linux-gnueabi --host=arm-linux-gnueabi --target=arm-linux-gnueabi
BOOT_CFLAGS=


Build Dependencies:
Desired=Unknown/Install/Remove/Purge/Hold
| Status=Not/Inst/Conf-files/Unpacked/halF-conf/Half-inst/trig-aWait/Trig-pend
|/ Err?=(none)/Reinst-required (Status,Err: uppercase=bad)
||/ Name                               Version               Architecture Description
+++-==================================-=====================-============-===============================================================================
ii  binutils                           2.23.52.20130612-1    armel        GNU assembler, linker and binary utilities
ii  g++-4.8                            4.8.1-2               armel        GNU C++ compiler
ii  libc6:armel                        2.17-5                armel        Embedded GNU C Library: Shared libraries
ii  libcloog-ppl-dev:armel             0.16.1-3              armel        Chunky Loop Generator (development files)
ii  libgmp-dev:armel                   2:5.1.2+dfsg-1        armel        Multiprecision arithmetic library developers tools
ii  libmpc-dev:armel                   1.0.1-1               armel        multiple precision complex floating-point library development package
ii  libmpfr-dev:armel                  3.1.1-1               armel        multiple precision floating-point computation developers tools
ii  libppl0.12-dev:armel               1:1.0-7               armel        Parma Polyhedra Library (development)


gcc-gfdl-build:
  Build a dummy s-tm-texi without access to the texinfo sources

gcc-textdomain:
  Set gettext's domain and textdomain to the versioned package name.

gcc-driver-extra-langs:
  Add options and specs for languages that are not built from a source
  (but built from separate sources).

gcc-hash-style-gnu:
  Link using --hash-style=gnu (alpha, amd64, armel, ia64, i386, powerpc, ppc64, s390, sparc)

libstdc++-pic:
  Build and install libstdc++_pic.a library.

libstdc++-doclink:
  adjust hrefs to point to the local documentation

libstdc++-man-3cxx:
  Install libstdc++ man pages with suffix .3cxx instead of .3

libstdc++-test-installed:
  Add support to run the libstdc++-v3 testsuite using the
  installed shared libraries.

libjava-stacktrace:
  libgcj: Lookup source file name and line number in separated
  debug files found in /usr/lib/debug

libjava-jnipath:
  - Add /usr/lib/jni and /usr/lib/<multiarch>/jni to java.library.path.
  - When running the i386 binaries on amd64, look in
  - /usr/lib32/gcj-x.y and /usr/lib32/jni instead.

libjava-sjlj:
  Don't try to use _Unwind_Backtrace on SJLJ targets.
  See bug #387875, #388505, GCC PR 29206.

libjava-disable-plugin:
  Don't build the gcjwebplugin, even when configured with --enable-plugin

alpha-no-ev4-directive:
  never emit .ev4 directive.

boehm-gc-getnprocs:
  boehm-gc/pthread_support.c (GC_get_nprocs): Use sysconf as fallback.

note-gnu-stack:
  Add .note.GNU-stack sections for gcc's crt files, libffi and boehm-gc
  Taken from FC.

libgomp-omp_h-multilib:
  Fix up omp.h for multilibs.

sparc-force-cpu:
  On sparc default to ultrasparc (v9a) in 32bit mode

pr24619:
  Proposed patch for PR mudflap/24619 (instrumentation of dlopen)

gccgo-version:
  Omit the subminor number from the go libdir

no_fpr_in_libgcc:
  It does not really harm by including them since nobody should use them
  but gas does not wont to assmebly hard float since they are not
  available on this cpu. Upstream did not respond.

pr48226:
  Fix PR target/48226, Allow Iterator::vector vector on powerpc with VSX.

pr47487:
  Fix PR target/47487 powerpc64 ICE building libgo

mudflap-varargs:
  Add mudflap support for varargs

mudflapth-link:
  Link libmudflapth.so with -lpthread

pr45078:
  Proposed patch for PR plugin/45078

pr43804:
  Fix for PR target/43804 backported from SVN

pr47818:
  Fix PR ada/47818: Pragma Assert is rejected with No_Implementation_Pragmas restriction.

pr48830:
  Fix for PR rtl-optimization/{48830,48808,48792}, taken from the trunk.

pr49169:
  * Fix PR tree-optimization/49169, optimisations strip the Thumb/ARM mode bit
  off function pointers (Richard Sandiford).

pr49756:
  Fix PR c++/49756, backport from trunk

pr49940:
  Apply proposed patch for PR ada/49940.

pr49944:
  apply proposed patch for PR ada/49444.

gcc-cloog-dl:
  Link against -ldl instead of -lcloog -lppl. Exit with an error when using
  the Graphite loop transformation infrastructure without having the
  libcloog-ppl[01] package installed. Packages using these optimizations
  should build-depend on libcloog-ppl1 | libcloog-ppl0.

libffi-kfreebsd:
  libffi:  Define FFI_MMAP_EXEC_WRIT on kfreebsd-*.

libffi-m68k:
  Apply #660525 fix to in-tree libffi

gcc-base-version:
  Set base version to 4.6, introduce full version 4.6.x.

pr49696:

libffi-powerpc-sf:

libffi-powerpc-sysv-without-string-ops:

pr49030:
  Fix PR target/49030 (ARM), taken from Linaro

pr50193:
  Fix PR target/50193 (ARM), taken from Linaro.

pr50114:
  Fix PR c++/50114, backport from trunk.

pr50946:
  Fix PR target/50946, taken from the trunk.

gcc-arm-abi-conformance:
  Fix ARM ABI conformance regression.

arm-no-va_list-warn:
  Don't warn anymore that 4.4 has changed the \`va_list' mangling.

pr47955:
  Backport m68k bugfix from gcc-4.7/trunk

m68k-fp-cmp-zero:

m68k-atomic:
  backport atomic builtin backend code for m68k from trunk
  and add t-slibgcc-libgcc to m68k configuration by advice
  of Mikel Pettersson to avoid running into PR40134 again

gcc-gengtype-fix1:
  Backport patch from the 4.7 branch, fixing gengtype memory issue.

gcc-gengtype-fix2:
  Write gengtype output to a temporary file before using it

ppl-version:
  recognize ppl version 1.0

libjava-cff1.7:
  Allow java class file format version 1.7.

gcc-d-lang:
  Add D options and specs for the gcc driver.

libjava-armel-unwind:
  On armel, apply kludge to fix unwinder infinitely looping 'til it runs out
  of memory (http://gcc.gnu.org/ml/java/2008-06/msg00010.html).

libjava-disable-static:
  Disable building the static libjava.

s390-biarch:
  Build a bi-arch compiler on s390-linux-gnu.
  http://gcc.gnu.org/ml/gcc-patches/2009-03/msg01044.html

mips-triarch:
  Build a tri-arch compiler on mips-linux-gnu.
  http://gcc.gnu.org/ml/gcc-patches/2009-03/msg01047.html

arm-dynamic-linker:
  For ARM hard float, set the dynamic linker to
  /lib/ld-linux-armhf.so.3.

arm-multilib-defaults:
  Set MULTILIB_DEFAULTS for ARM multilib builds

gcc-ice-hack:
  Retry the build on an ice, save the calling options and preprocessed
  source when the ice is reproducible.

gcc-ice-apport:
  Report an ICE to apport (if apport is available
  and the environment variable GCC_NOAPPORT is not set)

libjava-fixed-symlinks:
  Remove unneed '..' elements from symlinks in JAVA_HOME

libstdc++-arm-wno-abi:
  Temporary work around:
  On arm-linux-gnueabi run the libstdc++v3 testsuite with -Wno-abi

libstdc++-no-testsuite:
  Don't run the libstdc++ testsuite on hppa and mipsel (timeouts on the buildds)

ada-mips:
  Improve support for mips.

libffi-ro-eh_frame_sect:
  PR libffi/47248, force a read only eh frame section.

gcc-multiarch:
  Add multiarch support to GCC (chunks not yet applied upstream).

libjava-multiarch:
  Install libjava libraries to multiarch location

libjava-nobiarch-check:
  For biarch builds, disable the testsuite for the non-default architecture
  for runtime libraries, which are not built by default (libjava).

config-ml:
  - Disable some biarch libraries for biarch builds.
  - Fix multilib builds on kernels which don't support all multilibs.

gcc-powerpc-nof:
  Don't build nof multlib on powerpc.

gcc-powerpc-undef:
  Undefine LINK_EH_SPEC before redefining it
  http://gcc.gnu.org/ml/gcc-patches/2011-02/msg01082.html

gcc-no-add-needed:
  On linux targets pass --no-add-needed to the linker.

mips-fix-loongson2f-nop:
  On mips, pass -mfix-loongson2f-nop to as, if -mno-fix-loongson2f-nop
  is not passed.

gcc-system-root:
  Remove trailing slash from system root directory

libgomp-kfreebsd-testsuite:
  Disable lock-2.c test on kfreebsd-*

armhf-triplet:
  add support for arm-linux-*eabi* triplets; useful for armhf

Counting all warnings,
there are 0 warnings in stage3 of this bootstrap.

Number of warnings per file:

Number of warning types:



More information about the Gcc-testresults mailing list