Results for 4.9.0 20130620 (experimental) [trunk revision 200244] (Debian 20130620-1) testsuite on i486-pc-linux-gnu

Matthias Klose doko@debian.org
Fri Jun 21 18:13:00 GMT 2013


LAST_UPDATED: Thu Jun 20 13:17:23 UTC 2013 (revision 200244)

Target: i486-linux-gnu
gcc version 4.9.0 20130620 (experimental) [trunk revision 200244] (Debian 20130620-1) 

		=== acats tests ===

		=== acats Summary ===
# of expected passes		2320
# of unexpected failures	0
Native configuration is i486-pc-linux-gnu

		=== g++ tests ===


Running target unix
FAIL: g++.dg/ext/mv12.C -std=gnu++98 execution test
FAIL: g++.dg/ext/mv12.C -std=gnu++11 execution test
FAIL: g++.dg/ext/mv12.C -std=gnu++98 execution test
FAIL: g++.dg/ext/mv12.C -std=gnu++11 execution test
FAIL: g++.dg/ext/mv2.C -std=gnu++98 execution test
FAIL: g++.dg/ext/mv2.C -std=gnu++11 execution test
FAIL: g++.dg/ext/mv2.C -std=gnu++98 execution test
FAIL: g++.dg/ext/mv2.C -std=gnu++11 execution test
FAIL: g++.dg/ext/mv5.C -std=gnu++98 execution test
FAIL: g++.dg/ext/mv5.C -std=gnu++11 execution test
FAIL: g++.dg/ext/mv5.C -std=gnu++98 execution test
FAIL: g++.dg/ext/mv5.C -std=gnu++11 execution test

		=== g++ Summary ===

# of expected passes		53824
# of unexpected failures	6
# of expected failures		294
# of unsupported tests		672
/build/gcc-snapshot-XfJGue/gcc-snapshot-20130620/build/gcc/testsuite/g++/../../xg++  version 4.9.0 20130620 (experimental) [trunk revision 200244] (Debian 20130620-1) 

		=== gcc tests ===


Running target unix
FAIL: gcc.dg/lto/pr56297 c_lto_pr56297_0.o-c_lto_pr56297_1.o link,  -flto -fno-common  (internal compiler error)
UNRESOLVED: gcc.dg/lto/pr56297 c_lto_pr56297_0.o-c_lto_pr56297_1.o execute  -flto -fno-common 
FAIL: gcc.dg/lto/pr56297 c_lto_pr56297_0.o-c_lto_pr56297_1.o link,  -flto -fno-common  (internal compiler error)
UNRESOLVED: gcc.dg/lto/pr56297 c_lto_pr56297_0.o-c_lto_pr56297_1.o execute  -flto -fno-common 
FAIL: gcc.dg/torture/pr57584.c  -O0  (test for excess errors)
FAIL: gcc.dg/torture/pr57584.c  -O1  (test for excess errors)
FAIL: gcc.dg/torture/pr57584.c  -O2  (test for excess errors)
FAIL: gcc.dg/torture/pr57584.c  -O3 -fomit-frame-pointer  (test for excess errors)
FAIL: gcc.dg/torture/pr57584.c  -O3 -fomit-frame-pointer -funroll-loops  (test for excess errors)
FAIL: gcc.dg/torture/pr57584.c  -O3 -fomit-frame-pointer -funroll-all-loops -finline-functions  (test for excess errors)
FAIL: gcc.dg/torture/pr57584.c  -O3 -g  (test for excess errors)
FAIL: gcc.dg/torture/pr57584.c  -Os  (test for excess errors)
FAIL: gcc.dg/torture/pr57584.c  -O2 -flto -fno-use-linker-plugin -flto-partition=none  (test for excess errors)
FAIL: gcc.dg/torture/pr57584.c  -O0  (test for excess errors)
FAIL: gcc.dg/torture/pr57584.c  -O1  (test for excess errors)
FAIL: gcc.dg/torture/pr57584.c  -O2  (test for excess errors)
FAIL: gcc.dg/torture/pr57584.c  -O3 -fomit-frame-pointer  (test for excess errors)
FAIL: gcc.dg/torture/pr57584.c  -O3 -fomit-frame-pointer -funroll-loops  (test for excess errors)
FAIL: gcc.dg/torture/pr57584.c  -O3 -fomit-frame-pointer -funroll-all-loops -finline-functions  (test for excess errors)
FAIL: gcc.dg/torture/pr57584.c  -O3 -g  (test for excess errors)
FAIL: gcc.dg/torture/pr57584.c  -Os  (test for excess errors)
FAIL: gcc.dg/torture/pr57584.c  -O2 -flto -fno-use-linker-plugin -flto-partition=none  (test for excess errors)

		=== gcc Summary ===

# of expected passes		97077
# of unexpected failures	10
# of expected failures		255
# of unresolved testcases	1
# of unsupported tests		1128
/build/gcc-snapshot-XfJGue/gcc-snapshot-20130620/build/gcc/xgcc  version 4.9.0 20130620 (experimental) [trunk revision 200244] (Debian 20130620-1) 

		=== gfortran tests ===


Running target unix
FAIL: gfortran.dg/lto/pr45586 f_lto_pr45586_0.o-f_lto_pr45586_0.o link, -O0 -flto -flto-partition=none -fuse-linker-plugin (internal compiler error)
UNRESOLVED: gfortran.dg/lto/pr45586 f_lto_pr45586_0.o-f_lto_pr45586_0.o execute -O0 -flto -flto-partition=none -fuse-linker-plugin
FAIL: gfortran.dg/lto/pr45586 f_lto_pr45586_0.o-f_lto_pr45586_0.o link, -O0 -flto -flto-partition=1to1 -fno-use-linker-plugin  (internal compiler error)
UNRESOLVED: gfortran.dg/lto/pr45586 f_lto_pr45586_0.o-f_lto_pr45586_0.o execute -O0 -flto -flto-partition=1to1 -fno-use-linker-plugin 
FAIL: gfortran.dg/lto/pr45586 f_lto_pr45586_0.o-f_lto_pr45586_0.o link, -O0 -flto -fuse-linker-plugin -fno-fat-lto-objects  (internal compiler error)
UNRESOLVED: gfortran.dg/lto/pr45586 f_lto_pr45586_0.o-f_lto_pr45586_0.o execute -O0 -flto -fuse-linker-plugin -fno-fat-lto-objects 
FAIL: gfortran.dg/lto/pr45586 f_lto_pr45586_0.o-f_lto_pr45586_0.o link, -O0 -flto -flto-partition=none -fuse-linker-plugin (internal compiler error)
UNRESOLVED: gfortran.dg/lto/pr45586 f_lto_pr45586_0.o-f_lto_pr45586_0.o execute -O0 -flto -flto-partition=none -fuse-linker-plugin
FAIL: gfortran.dg/lto/pr45586 f_lto_pr45586_0.o-f_lto_pr45586_0.o link, -O0 -flto -flto-partition=1to1 -fno-use-linker-plugin  (internal compiler error)
UNRESOLVED: gfortran.dg/lto/pr45586 f_lto_pr45586_0.o-f_lto_pr45586_0.o execute -O0 -flto -flto-partition=1to1 -fno-use-linker-plugin 
FAIL: gfortran.dg/lto/pr45586 f_lto_pr45586_0.o-f_lto_pr45586_0.o link, -O0 -flto -fuse-linker-plugin -fno-fat-lto-objects  (internal compiler error)
UNRESOLVED: gfortran.dg/lto/pr45586 f_lto_pr45586_0.o-f_lto_pr45586_0.o execute -O0 -flto -fuse-linker-plugin -fno-fat-lto-objects 
FAIL: gfortran.dg/lto/pr45586-2 f_lto_pr45586-2_0.o-f_lto_pr45586-2_0.o link, -O0 -flto -flto-partition=none -fuse-linker-plugin (internal compiler error)
UNRESOLVED: gfortran.dg/lto/pr45586-2 f_lto_pr45586-2_0.o-f_lto_pr45586-2_0.o execute -O0 -flto -flto-partition=none -fuse-linker-plugin
FAIL: gfortran.dg/lto/pr45586-2 f_lto_pr45586-2_0.o-f_lto_pr45586-2_0.o link, -O0 -flto -flto-partition=1to1 -fno-use-linker-plugin  (internal compiler error)
UNRESOLVED: gfortran.dg/lto/pr45586-2 f_lto_pr45586-2_0.o-f_lto_pr45586-2_0.o execute -O0 -flto -flto-partition=1to1 -fno-use-linker-plugin 
FAIL: gfortran.dg/lto/pr45586-2 f_lto_pr45586-2_0.o-f_lto_pr45586-2_0.o link, -O0 -flto -fuse-linker-plugin -fno-fat-lto-objects  (internal compiler error)
UNRESOLVED: gfortran.dg/lto/pr45586-2 f_lto_pr45586-2_0.o-f_lto_pr45586-2_0.o execute -O0 -flto -fuse-linker-plugin -fno-fat-lto-objects 
FAIL: gfortran.dg/lto/pr45586-2 f_lto_pr45586-2_0.o-f_lto_pr45586-2_0.o link, -O0 -flto -flto-partition=none -fuse-linker-plugin (internal compiler error)
UNRESOLVED: gfortran.dg/lto/pr45586-2 f_lto_pr45586-2_0.o-f_lto_pr45586-2_0.o execute -O0 -flto -flto-partition=none -fuse-linker-plugin
FAIL: gfortran.dg/lto/pr45586-2 f_lto_pr45586-2_0.o-f_lto_pr45586-2_0.o link, -O0 -flto -flto-partition=1to1 -fno-use-linker-plugin  (internal compiler error)
UNRESOLVED: gfortran.dg/lto/pr45586-2 f_lto_pr45586-2_0.o-f_lto_pr45586-2_0.o execute -O0 -flto -flto-partition=1to1 -fno-use-linker-plugin 
FAIL: gfortran.dg/lto/pr45586-2 f_lto_pr45586-2_0.o-f_lto_pr45586-2_0.o link, -O0 -flto -fuse-linker-plugin -fno-fat-lto-objects  (internal compiler error)
UNRESOLVED: gfortran.dg/lto/pr45586-2 f_lto_pr45586-2_0.o-f_lto_pr45586-2_0.o execute -O0 -flto -fuse-linker-plugin -fno-fat-lto-objects 

		=== gfortran Summary ===

# of expected passes		44367
# of unexpected failures	6
# of expected failures		52
# of unresolved testcases	6
# of unsupported tests		229
/build/gcc-snapshot-XfJGue/gcc-snapshot-20130620/build/gcc/testsuite/gfortran/../../gfortran  version 4.9.0 20130620 (experimental) [trunk revision 200244] (Debian 20130620-1) 

		=== gnat tests ===


Running target unix

		=== gnat Summary for unix ===

# of expected passes		1181
# of expected failures		18
# of unsupported tests		3

Running target unix

		=== gnat Summary for unix ===

# of expected passes		1181
# of expected failures		18
# of unsupported tests		3

		=== gnat Summary ===

# of expected passes		2362
# of expected failures		36
# of unsupported tests		6
/build/gcc-snapshot-XfJGue/gcc-snapshot-20130620/build/gcc/gnatmake version 4.9.0 20130620 (experimental) [trunk revision 200244]

		=== go tests ===


Running target unix

		=== go Summary ===

# of expected passes		5087
# of expected failures		1
# of untested testcases		3
/build/gcc-snapshot-XfJGue/gcc-snapshot-20130620/build/gcc/testsuite/go/../../gccgo  version 4.9.0 20130620 (experimental) [trunk revision 200244] (Debian 20130620-1) 

		=== obj-c++ tests ===


Running target unix

		=== obj-c++ Summary for unix ===

# of expected passes		1449
# of expected failures		2
# of unsupported tests		86

Running target unix

		=== obj-c++ Summary for unix ===

# of expected passes		1449
# of expected failures		2
# of unsupported tests		86

		=== obj-c++ Summary ===

# of expected passes		2898
# of expected failures		4
# of unsupported tests		172
/build/gcc-snapshot-XfJGue/gcc-snapshot-20130620/build/gcc/testsuite/obj-c++/../../xg++  version 4.9.0 20130620 (experimental) [trunk revision 200244] (Debian 20130620-1) 

		=== objc tests ===


Running target unix

		=== objc Summary ===

# of expected passes		2988
# of expected failures		6
# of unsupported tests		74
/build/gcc-snapshot-XfJGue/gcc-snapshot-20130620/build/gcc/xgcc  version 4.9.0 20130620 (experimental) [trunk revision 200244] (Debian 20130620-1) 

Host   is x86_64-pc-linux-gnu

		=== libgo tests ===


Running target unix
		=== boehm-gc tests ===


Running target unix

		=== boehm-gc Summary for unix ===

# of expected passes		12
# of unsupported tests		1

Running target unix

		=== boehm-gc Summary for unix ===

# of expected passes		12
# of unsupported tests		1

		=== boehm-gc Summary ===

# of expected passes		24
# of unsupported tests		2
		=== libatomic tests ===


Running target unix

		=== libatomic Summary for unix ===

# of expected passes		44
# of unsupported tests		5

Running target unix

		=== libatomic Summary for unix ===

# of expected passes		44
# of unsupported tests		5

		=== libatomic Summary ===

# of expected passes		88
# of unsupported tests		10
		=== libffi tests ===


Running target unix

		=== libffi Summary for unix ===

# of expected passes		1819
# of unsupported tests		55

Running target unix

		=== libffi Summary for unix ===

# of expected passes		1819
# of unsupported tests		55

		=== libffi Summary ===

# of expected passes		3638
# of unsupported tests		110
		=== libgo tests ===


Running target unix

		=== libgo Summary for unix ===

# of expected passes		131

Running target unix/-m64

		=== libgo Summary for unix/-m64 ===


Running target unix/-mx32

		=== libgo Summary for unix/-mx32 ===


		=== libgo Summary ===

/build/gcc-snapshot-XfJGue/gcc-snapshot-20130620/build/./gcc/gccgo version 4.9.0 20130620 (experimental) [trunk revision 200244] (Debian 20130620-1)

		=== libgomp tests ===


Running target unix
WARNING: program timed out.
FAIL: libgomp.graphite/force-parallel-6.c execution test

		=== libgomp Summary for unix ===

# of expected passes		3051
# of unexpected failures	1

Running target unix
WARNING: program timed out.
FAIL: libgomp.graphite/force-parallel-6.c execution test

		=== libgomp Summary for unix ===

# of expected passes		3051
# of unexpected failures	1

		=== libgomp Summary ===

# of expected passes		6102
# of unexpected failures	2
		=== libitm tests ===


Running target unix

		=== libitm Summary for unix ===

# of expected passes		26
# of expected failures		3
# of unsupported tests		1

Running target unix

		=== libitm Summary for unix ===

# of expected passes		26
# of expected failures		3
# of unsupported tests		1

		=== libitm Summary ===

# of expected passes		52
# of expected failures		6
# of unsupported tests		2
		=== libjava tests ===


Running target unix
FAIL: sourcelocation output - source compiled test
FAIL: sourcelocation -findirect-dispatch output - source compiled test
FAIL: sourcelocation -O3 output - source compiled test
FAIL: sourcelocation -O3 -findirect-dispatch output - source compiled test

		=== libjava Summary for unix ===

# of expected passes		2582
# of unexpected failures	4

Running target unix
FAIL: sourcelocation output - source compiled test
FAIL: sourcelocation -findirect-dispatch output - source compiled test
FAIL: sourcelocation -O3 output - source compiled test
FAIL: sourcelocation -O3 -findirect-dispatch output - source compiled test

		=== libjava Summary for unix ===

# of expected passes		2582
# of unexpected failures	4

		=== libjava Summary ===

# of expected passes		5164
# of unexpected failures	8
		=== libmudflap tests ===


Running target unix
FAIL: libmudflap.c++/pass41-frag.cxx (-static) execution test
FAIL: libmudflap.c++/pass41-frag.cxx ( -O) execution test
FAIL: libmudflap.c++/pass41-frag.cxx (-O2) execution test
FAIL: libmudflap.c++/pass41-frag.cxx (-O3) execution test

		=== libmudflap Summary for unix ===

# of expected passes		1902
# of unexpected failures	4

Running target unix
FAIL: libmudflap.c++/pass41-frag.cxx (-static) execution test
FAIL: libmudflap.c++/pass41-frag.cxx ( -O) execution test
FAIL: libmudflap.c++/pass41-frag.cxx (-O2) execution test
FAIL: libmudflap.c++/pass41-frag.cxx (-O3) execution test

		=== libmudflap Summary for unix ===

# of expected passes		1902
# of unexpected failures	4

		=== libmudflap Summary ===

# of expected passes		3804
# of unexpected failures	8
		=== libstdc++ tests ===


Running target unix
FAIL: 22_locale/time_get/get_date/wchar_t/4.cc execution test
FAIL: 22_locale/time_get/get_date/wchar_t/4.cc execution test

		=== libstdc++ Summary ===

# of expected passes		9423
# of unexpected failures	1
# of expected failures		45
# of unsupported tests		213
Host   is x86_64-pc-linux-gnux32

		=== libgo tests ===


Running target unix

Compiler version: 4.9.0 20130620 (experimental) [trunk revision 200244] (Debian 20130620-1) 
Platform: i486-pc-linux-gnu
configure flags: -v --with-pkgversion='Debian 20130620-1' --with-bugurl=file:///usr/share/doc/gcc-snapshot/README.Bugs --enable-languages=c,ada,c++,java,go,fortran,objc,obj-c++ --prefix=/usr/lib/gcc-snapshot --enable-shared --enable-linker-build-id --disable-nls --with-sysroot=/ --enable-clocale=gnu --enable-libstdcxx-debug --enable-libstdcxx-time=yes --enable-gnu-unique-object --enable-plugin --with-system-zlib --disable-browser-plugin --enable-java-awt=gtk --enable-gtk-cairo --with-java-home=/usr/lib/jvm/java-1.5.0-gcj-4.9-snap-i386/jre --enable-java-home --with-jvm-root-dir=/usr/lib/jvm/java-1.5.0-gcj-4.9-snap-i386 --with-jvm-jar-dir=/usr/lib/jvm-exports/java-1.5.0-gcj-4.9-snap-i386 --with-arch-directory=i386 --with-ecj-jar=/usr/share/java/eclipse-ecj.jar --enable-objc-gc --enable-targets=all --enable-multiarch --with-arch-32=i586 --with-multilib-list=m32,m64,mx32 --with-tune=generic --disable-werror --enable-checking=yes --build=i486-linux-gnu --host=i486-linux-gnu --target=i486-linux-gnu
BOOT_CFLAGS=


Build Dependencies:
Desired=Unknown/Install/Remove/Purge/Hold
| Status=Not/Inst/Conf-files/Unpacked/halF-conf/Half-inst/trig-aWait/Trig-pend
|/ Err?=(none)/Reinst-required (Status,Err: uppercase=bad)
||/ Name                                    Version               Architecture Description
+++-=======================================-=====================-============-===============================================================================
ii  binutils                                2.23.52.20130620-1    i386         GNU assembler, linker and binary utilities
ii  g++-4.7                                 4.7.3-4               i386         GNU C++ compiler
ii  g++-4.8                                 4.8.1-3               i386         GNU C++ compiler
ii  g++-4.8-multilib                        4.8.1-3               i386         GNU C++ compiler (multilib files)
ii  g++-multilib                            4:4.8.1-1             i386         GNU C++ compiler (multilib files)
ii  libc6:i386                              2.17-6                i386         Embedded GNU C Library: Shared libraries
ii  libcloog-isl-dev:i386                   0.18.0-2              i386         Chunky Loop Generator (development files)
ii  libgmp-dev:i386                         2:5.1.2+dfsg-1        i386         Multiprecision arithmetic library developers tools
ii  libisl-dev:i386                         0.11.2-1              i386         manipulating sets and relations of integer points bounded by linear constraints
ii  libmpc-dev:i386                         1.0.1-1               i386         multiple precision complex floating-point library development package
ii  libmpfr-dev:i386                        3.1.1-1               i386         multiple precision floating-point computation developers tools


gcc-sysroot:
  Allow building --with-sysroot=/

ada-kfreebsd:
  Fix gnat build failure on kfreebsd.

arm-multilib-soft:
  ARM hard/soft float multilib support

arm-multilib-defaults:
  Set MULTILIB_DEFAULTS for ARM multilib builds

gcc-ice-hack:
  Retry the build on an ice, save the calling options and preprocessed
  source when the ice is reproducible.

gcc-ice-apport:
  Report an ICE to apport (if apport is available
  and the environment variable GCC_NOAPPORT is not set)

libjava-fixed-symlinks:
  Remove unneed '..' elements from symlinks in JAVA_HOME

libstdc++-arm-wno-abi:
  Temporary work around:
  On arm-linux-gnueabi run the libstdc++v3 testsuite with -Wno-abi

ada-mips:
  Improve support for mips.

libffi-ro-eh_frame_sect:
  PR libffi/47248, force a read only eh frame section.

gcc-multiarch:
  - Remaining multiarch patches, not yet submitted upstream.
  - Add MULTIARCH_DIRNAME definitions for multilib configurations,
  which are used for the non-multilib builds.

libjava-nobiarch-check:
  For biarch builds, disable the testsuite for the non-default architecture
  for runtime libraries, which are not built by default (libjava).

config-ml:
  - Disable some biarch libraries for biarch builds.
  - Fix multilib builds on kernels which don't support all multilibs.

gcc-multilib-multiarch:
  Don't auto-detect multilib osdirnames.

mips-fix-loongson2f-nop:
  On mips, pass -mfix-loongson2f-nop to as, if -mno-fix-loongson2f-nop
  is not passed.

libgomp-kfreebsd-testsuite:
  Disable lock-2.c test on kfreebsd-*

Counting all warnings,
there are 0 warnings in stage3 of this bootstrap.

Number of warnings per file:

Number of warning types:



More information about the Gcc-testresults mailing list