Results for 4.6.4 (Debian 4.6.4-4) testsuite on s390-ibm-linux-gnu

Matthias Klose doko@debian.org
Fri Jun 21 17:55:00 GMT 2013


LAST_UPDATED: Obtained from SVN: tags/gcc_4_6_4_release revision 197895

Target: s390-linux-gnu
gcc version 4.6.4 (Debian 4.6.4-4) 
Native configuration is s390-ibm-linux-gnu

		=== g++ tests ===


Running target unix
FAIL: g++.dg/debug/dwarf2/icf.C scan-assembler \\\\.section.*.debug_dcall
FAIL: g++.dg/debug/dwarf2/icf.C scan-assembler New caller
FAIL: g++.dg/debug/dwarf2/icf.C scan-assembler Caller DIE offset
FAIL: g++.dg/debug/dwarf2/icf.C scan-assembler Callee DIE offset
XPASS: g++.dg/uninit-pred-3_b.C (test for excess errors)

		=== g++ Summary for unix ===

# of expected passes		27032
# of unexpected failures	4
# of unexpected successes	1
# of expected failures		168
# of unsupported tests		420

Running target unix/-fstack-protector
FAIL: g++.dg/debug/dwarf2/icf.C scan-assembler \\\\.section.*.debug_dcall
FAIL: g++.dg/debug/dwarf2/icf.C scan-assembler New caller
FAIL: g++.dg/debug/dwarf2/icf.C scan-assembler Caller DIE offset
FAIL: g++.dg/debug/dwarf2/icf.C scan-assembler Callee DIE offset
XPASS: g++.dg/uninit-pred-3_b.C (test for excess errors)

		=== g++ Summary for unix/-fstack-protector ===

# of expected passes		27032
# of unexpected failures	4
# of unexpected successes	1
# of expected failures		168
# of unsupported tests		420

Running target unix/-m64
XPASS: g++.dg/uninit-pred-3_b.C (test for excess errors)
WARNING: program timed out.

		=== g++ Summary for unix/-m64 ===

# of expected passes		27606
# of unexpected successes	1
# of expected failures		168
# of unsupported tests		399

		=== g++ Summary ===

# of expected passes		81670
# of unexpected failures	8
# of unexpected successes	3
# of expected failures		504
# of unsupported tests		1239
/home/doko/gcc/4.6/gcc-4.6-4.6.4/build/gcc/testsuite/g++/../../g++  version 4.6.4 (Debian 4.6.4-4) 

		=== gcc tests ===


Running target unix
FAIL: gcc.dg/c99-stdint-1.c (test for excess errors)
FAIL: gcc.dg/uninit-13.c unconditional (test for warnings, line 8)
FAIL: gcc.dg/uninit-13.c (test for excess errors)
FAIL: gcc.dg/uninit-pred-7_a.c bogus warning (test for bogus messages, line 26)
FAIL: gcc.dg/uninit-pred-8_a.c bogus warning (test for bogus messages, line 26)
XPASS: gcc.dg/guality/example.c  -O0  execution test
XPASS: gcc.dg/guality/example.c  -O1  execution test
XPASS: gcc.dg/guality/example.c  -O2  execution test
XPASS: gcc.dg/guality/example.c  -Os  execution test
XPASS: gcc.dg/guality/guality.c  -O0  execution test
XPASS: gcc.dg/guality/inline-params.c  -O2  execution test
XPASS: gcc.dg/guality/inline-params.c  -O3 -fomit-frame-pointer  execution test
XPASS: gcc.dg/guality/inline-params.c  -O3 -g  execution test
XPASS: gcc.dg/guality/inline-params.c  -Os  execution test
XPASS: gcc.dg/guality/inline-params.c  -O2 -flto -flto-partition=none  execution test
XPASS: gcc.dg/guality/inline-params.c  -O2 -flto  execution test
FAIL: gcc.dg/guality/pr36728-1.c  -O1  line 12 arg4 == 4
FAIL: gcc.dg/guality/pr36728-1.c  -O1  line 14 arg4 == 4
FAIL: gcc.dg/guality/pr36728-1.c  -O2  line 12 arg4 == 4
FAIL: gcc.dg/guality/pr36728-1.c  -O2  line 14 arg4 == 4
FAIL: gcc.dg/guality/pr36728-1.c  -O3 -fomit-frame-pointer  line 12 arg4 == 4
FAIL: gcc.dg/guality/pr36728-1.c  -O3 -fomit-frame-pointer  line 14 arg4 == 4
FAIL: gcc.dg/guality/pr36728-1.c  -O3 -g  line 12 arg4 == 4
FAIL: gcc.dg/guality/pr36728-1.c  -O3 -g  line 14 arg4 == 4
FAIL: gcc.dg/guality/pr36728-1.c  -Os  line 12 arg4 == 4
FAIL: gcc.dg/guality/pr36728-1.c  -Os  line 14 arg4 == 4
FAIL: gcc.dg/guality/pr36728-1.c  -O2 -flto -flto-partition=none  line 12 arg4 == 4
FAIL: gcc.dg/guality/pr36728-1.c  -O2 -flto -flto-partition=none  line 14 arg4 == 4
FAIL: gcc.dg/guality/pr36728-1.c  -O2 -flto  line 12 arg4 == 4
FAIL: gcc.dg/guality/pr36728-1.c  -O2 -flto  line 14 arg4 == 4
FAIL: gcc.dg/guality/pr36728-2.c  -O1  line 12 arg4 == 4
FAIL: gcc.dg/guality/pr36728-2.c  -O1  line 14 arg4 == 4
FAIL: gcc.dg/guality/pr36728-2.c  -O2  line 12 arg4 == 4
FAIL: gcc.dg/guality/pr36728-2.c  -O2  line 14 arg4 == 4
FAIL: gcc.dg/guality/pr36728-2.c  -O3 -fomit-frame-pointer  line 12 arg4 == 4
FAIL: gcc.dg/guality/pr36728-2.c  -O3 -fomit-frame-pointer  line 14 arg4 == 4
FAIL: gcc.dg/guality/pr36728-2.c  -O3 -g  line 12 arg4 == 4
FAIL: gcc.dg/guality/pr36728-2.c  -O3 -g  line 14 arg4 == 4
FAIL: gcc.dg/guality/pr36728-2.c  -Os  line 12 arg4 == 4
FAIL: gcc.dg/guality/pr36728-2.c  -Os  line 14 arg4 == 4
FAIL: gcc.dg/guality/pr36728-2.c  -O2 -flto -flto-partition=none  line 12 arg4 == 4
FAIL: gcc.dg/guality/pr36728-2.c  -O2 -flto -flto-partition=none  line 14 arg4 == 4
FAIL: gcc.dg/guality/pr36728-2.c  -O2 -flto  line 12 arg4 == 4
FAIL: gcc.dg/guality/pr36728-2.c  -O2 -flto  line 14 arg4 == 4
XPASS: gcc.dg/guality/pr41353-1.c  -O0  line 28 j == 28 + 37
XPASS: gcc.dg/guality/pr41353-1.c  -O1  line 28 j == 28 + 37
XPASS: gcc.dg/guality/pr41353-1.c  -O2  line 28 j == 28 + 37
XPASS: gcc.dg/guality/pr41353-1.c  -O3 -fomit-frame-pointer  line 28 j == 28 + 37
XPASS: gcc.dg/guality/pr41353-1.c  -O3 -g  line 28 j == 28 + 37
XPASS: gcc.dg/guality/pr41353-1.c  -Os  line 28 j == 28 + 37
XPASS: gcc.dg/guality/pr41353-1.c  -O2 -flto -flto-partition=none  line 28 j == 28 + 37
XPASS: gcc.dg/guality/pr41353-1.c  -O2 -flto  line 28 j == 28 + 37
XPASS: gcc.dg/guality/pr41447-1.c  -O0  execution test
XPASS: gcc.dg/guality/pr41447-1.c  -O1  execution test
XPASS: gcc.dg/guality/pr41447-1.c  -O2  execution test
XPASS: gcc.dg/guality/pr41447-1.c  -O3 -fomit-frame-pointer  execution test
XPASS: gcc.dg/guality/pr41447-1.c  -O3 -g  execution test
XPASS: gcc.dg/guality/pr41447-1.c  -Os  execution test
XPASS: gcc.dg/guality/pr41447-1.c  -O2 -flto -flto-partition=none  execution test
XPASS: gcc.dg/guality/pr41447-1.c  -O2 -flto  execution test
XPASS: gcc.dg/guality/pr41616-1.c  -O0  execution test
XPASS: gcc.dg/guality/pr41616-1.c  -O1  execution test
XPASS: gcc.dg/guality/pr41616-1.c  -O2  execution test
XPASS: gcc.dg/guality/pr41616-1.c  -O3 -fomit-frame-pointer  execution test
XPASS: gcc.dg/guality/pr41616-1.c  -O3 -g  execution test
XPASS: gcc.dg/guality/pr41616-1.c  -Os  execution test
FAIL: gcc.dg/guality/sra-1.c  -O1  line 43 a.i == 4
FAIL: gcc.dg/guality/sra-1.c  -O1  line 43 a.j == 14
FAIL: gcc.dg/guality/sra-1.c  -O2  line 43 a.i == 4
FAIL: gcc.dg/guality/sra-1.c  -O2  line 43 a.j == 14
FAIL: gcc.dg/guality/sra-1.c  -O3 -fomit-frame-pointer  line 43 a.i == 4
FAIL: gcc.dg/guality/sra-1.c  -O3 -fomit-frame-pointer  line 43 a.j == 14
FAIL: gcc.dg/guality/sra-1.c  -O3 -g  line 43 a.i == 4
FAIL: gcc.dg/guality/sra-1.c  -O3 -g  line 43 a.j == 14
FAIL: gcc.dg/guality/sra-1.c  -Os  line 43 a.i == 4
FAIL: gcc.dg/guality/sra-1.c  -Os  line 43 a.j == 14
FAIL: gcc.dg/guality/sra-1.c  -O2 -flto -flto-partition=none  line 43 a.i == 4
FAIL: gcc.dg/guality/sra-1.c  -O2 -flto -flto-partition=none  line 43 a.j == 14
FAIL: gcc.dg/guality/sra-1.c  -O2 -flto  line 43 a.i == 4
FAIL: gcc.dg/guality/sra-1.c  -O2 -flto  line 43 a.j == 14
FAIL: gcc.dg/guality/vla-1.c  -O0  line 17 sizeof (a) == 6
FAIL: gcc.dg/guality/vla-1.c  -O0  line 24 sizeof (a) == 17 * sizeof (short)
FAIL: gcc.dg/guality/vla-1.c  -O1  line 24 sizeof (a) == 17 * sizeof (short)
FAIL: gcc.dg/guality/vla-1.c  -O2  line 24 sizeof (a) == 17 * sizeof (short)
FAIL: gcc.dg/guality/vla-1.c  -O3 -fomit-frame-pointer  line 24 sizeof (a) == 17 * sizeof (short)
FAIL: gcc.dg/guality/vla-1.c  -O3 -g  line 24 sizeof (a) == 17 * sizeof (short)
FAIL: gcc.dg/guality/vla-1.c  -Os  line 24 sizeof (a) == 17 * sizeof (short)
FAIL: gcc.dg/guality/vla-1.c  -O2 -flto -flto-partition=none  line 17 sizeof (a) == 6
FAIL: gcc.dg/guality/vla-1.c  -O2 -flto -flto-partition=none  line 24 sizeof (a) == 17 * sizeof (short)
FAIL: gcc.dg/guality/vla-1.c  -O2 -flto  line 17 sizeof (a) == 6
FAIL: gcc.dg/guality/vla-1.c  -O2 -flto  line 24 sizeof (a) == 17 * sizeof (short)
FAIL: gcc.dg/guality/vla-2.c  -O0  line 16 sizeof (a) == 5 * sizeof (int)
FAIL: gcc.dg/guality/vla-2.c  -O0  line 25 sizeof (a) == 6 * sizeof (int)
FAIL: gcc.dg/guality/vla-2.c  -O1  line 16 sizeof (a) == 5 * sizeof (int)
FAIL: gcc.dg/guality/vla-2.c  -O1  line 25 sizeof (a) == 6 * sizeof (int)
FAIL: gcc.dg/guality/vla-2.c  -O2  line 16 sizeof (a) == 5 * sizeof (int)
FAIL: gcc.dg/guality/vla-2.c  -O2  line 25 sizeof (a) == 6 * sizeof (int)
FAIL: gcc.dg/guality/vla-2.c  -O3 -fomit-frame-pointer  line 16 sizeof (a) == 5 * sizeof (int)
FAIL: gcc.dg/guality/vla-2.c  -O3 -fomit-frame-pointer  line 25 sizeof (a) == 6 * sizeof (int)
FAIL: gcc.dg/guality/vla-2.c  -O3 -g  line 16 sizeof (a) == 5 * sizeof (int)
FAIL: gcc.dg/guality/vla-2.c  -O3 -g  line 25 sizeof (a) == 6 * sizeof (int)
FAIL: gcc.dg/guality/vla-2.c  -Os  line 16 sizeof (a) == 5 * sizeof (int)
FAIL: gcc.dg/guality/vla-2.c  -Os  line 25 sizeof (a) == 6 * sizeof (int)
FAIL: gcc.dg/guality/vla-2.c  -O2 -flto -flto-partition=none  line 16 sizeof (a) == 5 * sizeof (int)
FAIL: gcc.dg/guality/vla-2.c  -O2 -flto -flto-partition=none  line 25 sizeof (a) == 6 * sizeof (int)
FAIL: gcc.dg/guality/vla-2.c  -O2 -flto  line 16 sizeof (a) == 5 * sizeof (int)
FAIL: gcc.dg/guality/vla-2.c  -O2 -flto  line 25 sizeof (a) == 6 * sizeof (int)
XPASS: gcc.dg/tree-ssa/20040204-1.c scan-tree-dump-times optimized "link_error" 0

		=== gcc Summary for unix ===

# of expected passes		71732
# of unexpected failures	74
# of unexpected successes	34
# of expected failures		145
# of unsupported tests		1052

Running target unix/-fstack-protector
FAIL: gcc.dg/c99-stdint-1.c (test for excess errors)
FAIL: gcc.dg/uninit-13.c unconditional (test for warnings, line 8)
FAIL: gcc.dg/uninit-13.c (test for excess errors)
FAIL: gcc.dg/uninit-pred-7_a.c bogus warning (test for bogus messages, line 26)
FAIL: gcc.dg/uninit-pred-8_a.c bogus warning (test for bogus messages, line 26)
XPASS: gcc.dg/guality/example.c  -O0  execution test
XPASS: gcc.dg/guality/example.c  -O1  execution test
XPASS: gcc.dg/guality/example.c  -O2  execution test
XPASS: gcc.dg/guality/example.c  -Os  execution test
XPASS: gcc.dg/guality/guality.c  -O0  execution test
XPASS: gcc.dg/guality/inline-params.c  -O2  execution test
XPASS: gcc.dg/guality/inline-params.c  -O3 -fomit-frame-pointer  execution test
XPASS: gcc.dg/guality/inline-params.c  -O3 -g  execution test
XPASS: gcc.dg/guality/inline-params.c  -Os  execution test
XPASS: gcc.dg/guality/inline-params.c  -O2 -flto -flto-partition=none  execution test
XPASS: gcc.dg/guality/inline-params.c  -O2 -flto  execution test
FAIL: gcc.dg/guality/pr36728-1.c  -O2  line 12 arg3 == 3
FAIL: gcc.dg/guality/pr36728-1.c  -O2  line 14 arg3 == 3
FAIL: gcc.dg/guality/pr36728-1.c  -O3 -fomit-frame-pointer  line 12 arg3 == 3
FAIL: gcc.dg/guality/pr36728-1.c  -O3 -fomit-frame-pointer  line 14 arg3 == 3
FAIL: gcc.dg/guality/pr36728-1.c  -O3 -g  line 12 arg3 == 3
FAIL: gcc.dg/guality/pr36728-1.c  -O3 -g  line 14 arg3 == 3
FAIL: gcc.dg/guality/pr36728-1.c  -Os  line 12 arg3 == 3
FAIL: gcc.dg/guality/pr36728-1.c  -Os  line 14 arg3 == 3
FAIL: gcc.dg/guality/pr36728-1.c  -O2 -flto -flto-partition=none  line 12 arg3 == 3
FAIL: gcc.dg/guality/pr36728-1.c  -O2 -flto -flto-partition=none  line 14 arg3 == 3
FAIL: gcc.dg/guality/pr36728-1.c  -O2 -flto  line 12 arg3 == 3
FAIL: gcc.dg/guality/pr36728-1.c  -O2 -flto  line 14 arg3 == 3
XPASS: gcc.dg/guality/pr41353-1.c  -O0  line 28 j == 28 + 37
XPASS: gcc.dg/guality/pr41353-1.c  -O1  line 28 j == 28 + 37
XPASS: gcc.dg/guality/pr41353-1.c  -O2  line 28 j == 28 + 37
XPASS: gcc.dg/guality/pr41353-1.c  -O3 -fomit-frame-pointer  line 28 j == 28 + 37
XPASS: gcc.dg/guality/pr41353-1.c  -O3 -g  line 28 j == 28 + 37
XPASS: gcc.dg/guality/pr41353-1.c  -Os  line 28 j == 28 + 37
XPASS: gcc.dg/guality/pr41353-1.c  -O2 -flto -flto-partition=none  line 28 j == 28 + 37
XPASS: gcc.dg/guality/pr41353-1.c  -O2 -flto  line 28 j == 28 + 37
XPASS: gcc.dg/guality/pr41447-1.c  -O0  execution test
XPASS: gcc.dg/guality/pr41447-1.c  -O1  execution test
XPASS: gcc.dg/guality/pr41447-1.c  -O2  execution test
XPASS: gcc.dg/guality/pr41447-1.c  -O3 -fomit-frame-pointer  execution test
XPASS: gcc.dg/guality/pr41447-1.c  -O3 -g  execution test
XPASS: gcc.dg/guality/pr41447-1.c  -Os  execution test
XPASS: gcc.dg/guality/pr41447-1.c  -O2 -flto -flto-partition=none  execution test
XPASS: gcc.dg/guality/pr41447-1.c  -O2 -flto  execution test
XPASS: gcc.dg/guality/pr41616-1.c  -O0  execution test
XPASS: gcc.dg/guality/pr41616-1.c  -O1  execution test
XPASS: gcc.dg/guality/pr41616-1.c  -O2  execution test
XPASS: gcc.dg/guality/pr41616-1.c  -O3 -fomit-frame-pointer  execution test
XPASS: gcc.dg/guality/pr41616-1.c  -O3 -g  execution test
XPASS: gcc.dg/guality/pr41616-1.c  -Os  execution test
FAIL: gcc.dg/guality/sra-1.c  -O1  line 43 a.i == 4
FAIL: gcc.dg/guality/sra-1.c  -O1  line 43 a.j == 14
FAIL: gcc.dg/guality/sra-1.c  -O2  line 43 a.i == 4
FAIL: gcc.dg/guality/sra-1.c  -O2  line 43 a.j == 14
FAIL: gcc.dg/guality/sra-1.c  -O3 -fomit-frame-pointer  line 43 a.i == 4
FAIL: gcc.dg/guality/sra-1.c  -O3 -fomit-frame-pointer  line 43 a.j == 14
FAIL: gcc.dg/guality/sra-1.c  -O3 -g  line 43 a.i == 4
FAIL: gcc.dg/guality/sra-1.c  -O3 -g  line 43 a.j == 14
FAIL: gcc.dg/guality/sra-1.c  -Os  line 43 a.i == 4
FAIL: gcc.dg/guality/sra-1.c  -Os  line 43 a.j == 14
FAIL: gcc.dg/guality/sra-1.c  -O2 -flto -flto-partition=none  line 43 a.i == 4
FAIL: gcc.dg/guality/sra-1.c  -O2 -flto -flto-partition=none  line 43 a.j == 14
FAIL: gcc.dg/guality/sra-1.c  -O2 -flto  line 43 a.i == 4
FAIL: gcc.dg/guality/sra-1.c  -O2 -flto  line 43 a.j == 14
FAIL: gcc.dg/guality/vla-1.c  -O0  line 17 sizeof (a) == 6
FAIL: gcc.dg/guality/vla-1.c  -O0  line 24 sizeof (a) == 17 * sizeof (short)
FAIL: gcc.dg/guality/vla-1.c  -O1  line 24 sizeof (a) == 17 * sizeof (short)
FAIL: gcc.dg/guality/vla-1.c  -O2  line 24 sizeof (a) == 17 * sizeof (short)
FAIL: gcc.dg/guality/vla-1.c  -O3 -fomit-frame-pointer  line 24 sizeof (a) == 17 * sizeof (short)
FAIL: gcc.dg/guality/vla-1.c  -O3 -g  line 24 sizeof (a) == 17 * sizeof (short)
FAIL: gcc.dg/guality/vla-1.c  -Os  line 24 sizeof (a) == 17 * sizeof (short)
FAIL: gcc.dg/guality/vla-1.c  -O2 -flto -flto-partition=none  line 17 sizeof (a) == 6
FAIL: gcc.dg/guality/vla-1.c  -O2 -flto -flto-partition=none  line 24 sizeof (a) == 17 * sizeof (short)
FAIL: gcc.dg/guality/vla-1.c  -O2 -flto  line 17 sizeof (a) == 6
FAIL: gcc.dg/guality/vla-1.c  -O2 -flto  line 24 sizeof (a) == 17 * sizeof (short)
FAIL: gcc.dg/guality/vla-2.c  -O0  line 16 sizeof (a) == 5 * sizeof (int)
FAIL: gcc.dg/guality/vla-2.c  -O0  line 25 sizeof (a) == 6 * sizeof (int)
FAIL: gcc.dg/guality/vla-2.c  -O1  line 16 sizeof (a) == 5 * sizeof (int)
FAIL: gcc.dg/guality/vla-2.c  -O1  line 25 sizeof (a) == 6 * sizeof (int)
FAIL: gcc.dg/guality/vla-2.c  -O2  line 16 sizeof (a) == 5 * sizeof (int)
FAIL: gcc.dg/guality/vla-2.c  -O2  line 25 sizeof (a) == 6 * sizeof (int)
FAIL: gcc.dg/guality/vla-2.c  -O3 -fomit-frame-pointer  line 16 sizeof (a) == 5 * sizeof (int)
FAIL: gcc.dg/guality/vla-2.c  -O3 -fomit-frame-pointer  line 25 sizeof (a) == 6 * sizeof (int)
FAIL: gcc.dg/guality/vla-2.c  -O3 -g  line 16 sizeof (a) == 5 * sizeof (int)
FAIL: gcc.dg/guality/vla-2.c  -O3 -g  line 25 sizeof (a) == 6 * sizeof (int)
FAIL: gcc.dg/guality/vla-2.c  -Os  line 16 sizeof (a) == 5 * sizeof (int)
FAIL: gcc.dg/guality/vla-2.c  -Os  line 25 sizeof (a) == 6 * sizeof (int)
FAIL: gcc.dg/guality/vla-2.c  -O2 -flto -flto-partition=none  line 16 sizeof (a) == 5 * sizeof (int)
FAIL: gcc.dg/guality/vla-2.c  -O2 -flto -flto-partition=none  line 25 sizeof (a) == 6 * sizeof (int)
FAIL: gcc.dg/guality/vla-2.c  -O2 -flto  line 16 sizeof (a) == 5 * sizeof (int)
FAIL: gcc.dg/guality/vla-2.c  -O2 -flto  line 25 sizeof (a) == 6 * sizeof (int)
XPASS: gcc.dg/tree-ssa/20040204-1.c scan-tree-dump-times optimized "link_error" 0

		=== gcc Summary for unix/-fstack-protector ===

# of expected passes		71748
# of unexpected failures	58
# of unexpected successes	34
# of expected failures		145
# of unsupported tests		1052

Running target unix/-m64
FAIL: gcc.dg/dfp/pr41049.c execution test
FAIL: gcc.dg/uninit-13.c unconditional (test for warnings, line 8)
FAIL: gcc.dg/uninit-13.c (test for excess errors)
FAIL: gcc.dg/uninit-pred-7_a.c bogus warning (test for bogus messages, line 26)
FAIL: gcc.dg/uninit-pred-8_a.c bogus warning (test for bogus messages, line 26)
WARNING: program timed out.
XPASS: gcc.dg/tree-ssa/20040204-1.c scan-tree-dump-times optimized "link_error" 0
FAIL: gcc.target/s390/20020926-1.c (test for excess errors)
UNRESOLVED: gcc.target/s390/20020926-1.c scan-assembler -4096
UNRESOLVED: gcc.target/s390/20020926-1.c scan-assembler-not ahi

		=== gcc Summary for unix/-m64 ===

# of expected passes		71427
# of unexpected failures	6
# of unexpected successes	1
# of expected failures		131
# of unresolved testcases	2
# of unsupported tests		963

		=== gcc Summary ===

# of expected passes		214907
# of unexpected failures	138
# of unexpected successes	69
# of expected failures		421
# of unresolved testcases	2
# of unsupported tests		3067
/home/doko/gcc/4.6/gcc-4.6-4.6.4/build/gcc/xgcc  version 4.6.4 (Debian 4.6.4-4) 

		=== gfortran tests ===


Running target unix
FAIL: gfortran.dg/bessel_6.f90  -O0  execution test
FAIL: gfortran.dg/bessel_6.f90  -O1  execution test
FAIL: gfortran.dg/bessel_6.f90  -O2  execution test
FAIL: gfortran.dg/bessel_6.f90  -O3 -fomit-frame-pointer  execution test
FAIL: gfortran.dg/bessel_6.f90  -O3 -fomit-frame-pointer -funroll-loops  execution test
FAIL: gfortran.dg/bessel_6.f90  -O3 -fomit-frame-pointer -funroll-all-loops -finline-functions  execution test
FAIL: gfortran.dg/bessel_6.f90  -O3 -g  execution test
FAIL: gfortran.dg/bessel_6.f90  -Os  execution test

		=== gfortran Summary for unix ===

# of expected passes		38411
# of unexpected failures	8
# of expected failures		41
# of unsupported tests		234

Running target unix/-fstack-protector
FAIL: gfortran.dg/bessel_6.f90  -O0  execution test
FAIL: gfortran.dg/bessel_6.f90  -O1  execution test
FAIL: gfortran.dg/bessel_6.f90  -O2  execution test
FAIL: gfortran.dg/bessel_6.f90  -O3 -fomit-frame-pointer  execution test
FAIL: gfortran.dg/bessel_6.f90  -O3 -fomit-frame-pointer -funroll-loops  execution test
FAIL: gfortran.dg/bessel_6.f90  -O3 -fomit-frame-pointer -funroll-all-loops -finline-functions  execution test
FAIL: gfortran.dg/bessel_6.f90  -O3 -g  execution test
FAIL: gfortran.dg/bessel_6.f90  -Os  execution test

		=== gfortran Summary for unix/-fstack-protector ===

# of expected passes		38411
# of unexpected failures	8
# of expected failures		41
# of unsupported tests		234

Running target unix/-m64
FAIL: gfortran.dg/bessel_6.f90  -O0  execution test
FAIL: gfortran.dg/bessel_6.f90  -O1  execution test
FAIL: gfortran.dg/bessel_6.f90  -O2  execution test
FAIL: gfortran.dg/bessel_6.f90  -O3 -fomit-frame-pointer  execution test
FAIL: gfortran.dg/bessel_6.f90  -O3 -fomit-frame-pointer -funroll-loops  execution test
FAIL: gfortran.dg/bessel_6.f90  -O3 -fomit-frame-pointer -funroll-all-loops -finline-functions  execution test
FAIL: gfortran.dg/bessel_6.f90  -O3 -g  execution test
FAIL: gfortran.dg/bessel_6.f90  -Os  execution test

		=== gfortran Summary for unix/-m64 ===

# of expected passes		38729
# of unexpected failures	8
# of expected failures		41
# of unsupported tests		82

		=== gfortran Summary ===

# of expected passes		115551
# of unexpected failures	24
# of expected failures		123
# of unsupported tests		550
/home/doko/gcc/4.6/gcc-4.6-4.6.4/build/gcc/testsuite/gfortran/../../gfortran  version 4.6.4 (Debian 4.6.4-4) 

		=== obj-c++ tests ===


Running target unix

		=== obj-c++ Summary for unix ===

# of expected passes		1388
# of expected failures		2
# of unsupported tests		86

Running target unix/-fstack-protector

		=== obj-c++ Summary for unix/-fstack-protector ===

# of expected passes		1388
# of expected failures		2
# of unsupported tests		86

Running target unix/-m64

		=== obj-c++ Summary for unix/-m64 ===

# of expected passes		1380
# of expected failures		10
# of unsupported tests		86

		=== obj-c++ Summary ===

# of expected passes		4156
# of expected failures		14
# of unsupported tests		258
/home/doko/gcc/4.6/gcc-4.6-4.6.4/build/gcc/testsuite/obj-c++/../../g++  version 4.6.4 (Debian 4.6.4-4) 

		=== objc tests ===


Running target unix

		=== objc Summary for unix ===

# of expected passes		2916
# of expected failures		10
# of unsupported tests		74

Running target unix/-fstack-protector

		=== objc Summary for unix/-fstack-protector ===

# of expected passes		2916
# of expected failures		10
# of unsupported tests		74

Running target unix/-m64

		=== objc Summary for unix/-m64 ===

# of expected passes		2916
# of expected failures		10
# of unsupported tests		74

		=== objc Summary ===

# of expected passes		8748
# of expected failures		30
# of unsupported tests		222
/home/doko/gcc/4.6/gcc-4.6-4.6.4/build/gcc/xgcc  version 4.6.4 (Debian 4.6.4-4) 

		=== libgomp tests ===


Running target unix

		=== libgomp Summary for unix ===

# of expected passes		2634
# of unsupported tests		1

Running target unix/-fstack-protector

		=== libgomp Summary for unix/-fstack-protector ===

# of expected passes		2634
# of unsupported tests		1

Running target unix/-m64

		=== libgomp Summary for unix/-m64 ===

# of expected passes		2634
# of unsupported tests		1

		=== libgomp Summary ===

# of expected passes		7902
# of unsupported tests		3
		=== libmudflap tests ===


Running target unix
FAIL: libmudflap.c/fail40-frag.c output pattern test
FAIL: libmudflap.c/pass51-frag.c execution test
FAIL: libmudflap.c/pass51-frag.c execution test
FAIL: libmudflap.c/fail40-frag.c (-static) output pattern test
FAIL: libmudflap.c/pass51-frag.c (-static) execution test
FAIL: libmudflap.c/pass51-frag.c (-static) execution test
FAIL: libmudflap.c/fail40-frag.c (-O2) output pattern test
FAIL: libmudflap.c/pass51-frag.c (-O2) execution test
FAIL: libmudflap.c/pass51-frag.c (-O2) execution test
FAIL: libmudflap.c/fail40-frag.c (-O3) output pattern test
FAIL: libmudflap.c/pass51-frag.c (-O3) execution test
FAIL: libmudflap.c/pass51-frag.c (-O3) execution test

		=== libmudflap Summary for unix ===

# of expected passes		1894
# of unexpected failures	12

Running target unix/-fstack-protector
FAIL: libmudflap.c/fail40-frag.c output pattern test
FAIL: libmudflap.c/pass51-frag.c execution test
FAIL: libmudflap.c/pass51-frag.c execution test
FAIL: libmudflap.c/fail40-frag.c (-static) output pattern test
FAIL: libmudflap.c/pass51-frag.c (-static) execution test
FAIL: libmudflap.c/pass51-frag.c (-static) execution test
FAIL: libmudflap.c/fail40-frag.c (-O2) output pattern test
FAIL: libmudflap.c/pass51-frag.c (-O2) execution test
FAIL: libmudflap.c/pass51-frag.c (-O2) execution test
FAIL: libmudflap.c/fail40-frag.c (-O3) output pattern test
FAIL: libmudflap.c/pass51-frag.c (-O3) execution test
FAIL: libmudflap.c/pass51-frag.c (-O3) execution test

		=== libmudflap Summary for unix/-fstack-protector ===

# of expected passes		1894
# of unexpected failures	12

Running target unix/-m64
FAIL: libmudflap.c/fail40-frag.c output pattern test
FAIL: libmudflap.c/pass51-frag.c execution test
FAIL: libmudflap.c/pass51-frag.c execution test
FAIL: libmudflap.c/fail40-frag.c (-static) output pattern test
FAIL: libmudflap.c/pass51-frag.c (-static) execution test
FAIL: libmudflap.c/pass51-frag.c (-static) execution test
FAIL: libmudflap.c/fail40-frag.c (-O2) output pattern test
FAIL: libmudflap.c/pass51-frag.c (-O2) execution test
FAIL: libmudflap.c/pass51-frag.c (-O2) execution test
FAIL: libmudflap.c/fail40-frag.c (-O3) output pattern test
FAIL: libmudflap.c/pass51-frag.c (-O3) execution test
FAIL: libmudflap.c/pass51-frag.c (-O3) execution test

		=== libmudflap Summary for unix/-m64 ===

# of expected passes		1894
# of unexpected failures	12

		=== libmudflap Summary ===

# of expected passes		5682
# of unexpected failures	36
		=== libstdc++ tests ===


Running target unix
FAIL: 22_locale/time_get/get_date/wchar_t/4.cc execution test
FAIL: 22_locale/time_get/get_weekday/char/38081-1.cc execution test
FAIL: 22_locale/time_get/get_weekday/char/38081-2.cc execution test

		=== libstdc++ Summary for unix ===

# of expected passes		8333
# of unexpected failures	3
# of expected failures		84
# of unsupported tests		111

Running target unix/-fstack-protector
FAIL: 22_locale/time_get/get_date/wchar_t/4.cc execution test
FAIL: 22_locale/time_get/get_weekday/char/38081-1.cc execution test
FAIL: 22_locale/time_get/get_weekday/char/38081-2.cc execution test

		=== libstdc++ Summary for unix/-fstack-protector ===

# of expected passes		8333
# of unexpected failures	3
# of expected failures		84
# of unsupported tests		111

Running target unix/-m64
FAIL: libstdc++-abi/abi_check
FAIL: 22_locale/time_get/get_date/wchar_t/4.cc execution test
FAIL: 22_locale/time_get/get_weekday/char/38081-1.cc execution test
FAIL: 22_locale/time_get/get_weekday/char/38081-2.cc execution test
FAIL: decimal/comparison.cc execution test

		=== libstdc++ Summary for unix/-m64 ===

# of expected passes		8331
# of unexpected failures	5
# of expected failures		84
# of unsupported tests		111

		=== libstdc++ Summary ===

# of expected passes		24997
# of unexpected failures	11
# of expected failures		252
# of unsupported tests		333

Compiler version: 4.6.4 (Debian 4.6.4-4) 
Platform: s390-ibm-linux-gnu
configure flags: -v --with-pkgversion='Debian 4.6.4-4' --with-bugurl=file:///usr/share/doc/gcc-4.6/README.Bugs --enable-languages=c,c++,fortran,objc,obj-c++ --prefix=/usr --program-suffix=-4.6 --enable-shared --enable-linker-build-id --with-system-zlib --libexecdir=/usr/lib --without-included-gettext --enable-threads=posix --with-gxx-include-dir=/usr/include/c++/4.6 --libdir=/usr/lib --enable-nls --with-sysroot=/ --enable-clocale=gnu --enable-libstdcxx-debug --enable-gnu-unique-object --enable-plugin --enable-objc-gc --with-long-double-128 --enable-targets=all --enable-checking=release --build=s390-linux-gnu --host=s390-linux-gnu --target=s390-linux-gnu
BOOT_CFLAGS=


Build Dependencies:
Desired=Unknown/Install/Remove/Purge/Hold
| Status=Not/Inst/Conf-files/Unpacked/halF-conf/Half-inst/trig-aWait/Trig-pend
|/ Err?=(none)/Reinst-required (Status,Err: uppercase=bad)
||/ Name                              Version                      Architecture Description
+++-=================================-============================-============-=========================================================================
ii  binutils                          2.23.52.20130612-1           s390         GNU assembler, linker and binary utilities
ii  g++-4.6                           4.6.4-2                      s390         GNU C++ compiler
ii  g++-4.6-multilib                  4.6.4-2                      s390         GNU C++ compiler (multilib files)
ii  g++-multilib                      4:4.6.4-1                    s390         GNU C++ compiler (multilib files)
ii  libc6:s390                        2.17-6                       s390         Embedded GNU C Library: Shared libraries
ii  libcloog-ppl-dev:s390             0.16.1-3                     s390         Chunky Loop Generator (development files)
ii  libgmp-dev:s390                   2:5.1.2+dfsg-1               s390         Multiprecision arithmetic library developers tools
ii  libmpc-dev:s390                   1.0.1-1                      s390         multiple precision complex floating-point library development package
ii  libmpfr-dev:s390                  3.1.1-1                      s390         multiple precision floating-point computation developers tools
ii  libppl0.12-dev:s390               1:1.0-7                      s390         Parma Polyhedra Library (development)


gcc-gfdl-build:
  Build a dummy s-tm-texi without access to the texinfo sources

gcc-textdomain:
  Set gettext's domain and textdomain to the versioned package name.

gcc-driver-extra-langs:
  Add options and specs for languages that are not built from a source
  (but built from separate sources).

gcc-hash-style-gnu:
  Link using --hash-style=gnu (alpha, amd64, armel, ia64, i386, powerpc, ppc64, s390, sparc)

libstdc++-pic:
  Build and install libstdc++_pic.a library.

libstdc++-doclink:
  adjust hrefs to point to the local documentation

libstdc++-man-3cxx:
  Install libstdc++ man pages with suffix .3cxx instead of .3

libstdc++-test-installed:
  Add support to run the libstdc++-v3 testsuite using the
  installed shared libraries.

libjava-stacktrace:
  libgcj: Lookup source file name and line number in separated
  debug files found in /usr/lib/debug

libjava-jnipath:
  - Add /usr/lib/jni and /usr/lib/<multiarch>/jni to java.library.path.
  - When running the i386 binaries on amd64, look in
  - /usr/lib32/gcj-x.y and /usr/lib32/jni instead.

libjava-sjlj:
  Don't try to use _Unwind_Backtrace on SJLJ targets.
  See bug #387875, #388505, GCC PR 29206.

libjava-disable-plugin:
  Don't build the gcjwebplugin, even when configured with --enable-plugin

alpha-no-ev4-directive:
  never emit .ev4 directive.

boehm-gc-getnprocs:
  boehm-gc/pthread_support.c (GC_get_nprocs): Use sysconf as fallback.

note-gnu-stack:
  Add .note.GNU-stack sections for gcc's crt files, libffi and boehm-gc
  Taken from FC.

libgomp-omp_h-multilib:
  Fix up omp.h for multilibs.

sparc-force-cpu:
  On sparc default to ultrasparc (v9a) in 32bit mode

pr24619:
  Proposed patch for PR mudflap/24619 (instrumentation of dlopen)

gccgo-version:
  Omit the subminor number from the go libdir

no_fpr_in_libgcc:
  It does not really harm by including them since nobody should use them
  but gas does not wont to assmebly hard float since they are not
  available on this cpu. Upstream did not respond.

pr48226:
  Fix PR target/48226, Allow Iterator::vector vector on powerpc with VSX.

pr47487:
  Fix PR target/47487 powerpc64 ICE building libgo

mudflap-varargs:
  Add mudflap support for varargs

mudflapth-link:
  Link libmudflapth.so with -lpthread

pr45078:
  Proposed patch for PR plugin/45078

pr43804:
  Fix for PR target/43804 backported from SVN

pr47818:
  Fix PR ada/47818: Pragma Assert is rejected with No_Implementation_Pragmas restriction.

pr48830:
  Fix for PR rtl-optimization/{48830,48808,48792}, taken from the trunk.

pr49169:
  * Fix PR tree-optimization/49169, optimisations strip the Thumb/ARM mode bit
  off function pointers (Richard Sandiford).

pr49756:
  Fix PR c++/49756, backport from trunk

pr49940:
  Apply proposed patch for PR ada/49940.

pr49944:
  apply proposed patch for PR ada/49444.

gcc-cloog-dl:
  Link against -ldl instead of -lcloog -lppl. Exit with an error when using
  the Graphite loop transformation infrastructure without having the
  libcloog-ppl[01] package installed. Packages using these optimizations
  should build-depend on libcloog-ppl1 | libcloog-ppl0.

libffi-kfreebsd:
  libffi:  Define FFI_MMAP_EXEC_WRIT on kfreebsd-*.

libffi-m68k:
  Apply #660525 fix to in-tree libffi

gcc-base-version:
  Set base version to 4.6, introduce full version 4.6.x.

pr49696:

libffi-powerpc-sf:

libffi-powerpc-sysv-without-string-ops:

pr49030:
  Fix PR target/49030 (ARM), taken from Linaro

pr50193:
  Fix PR target/50193 (ARM), taken from Linaro.

pr50114:
  Fix PR c++/50114, backport from trunk.

pr50946:
  Fix PR target/50946, taken from the trunk.

gcc-arm-abi-conformance:
  Fix ARM ABI conformance regression.

arm-no-va_list-warn:
  Don't warn anymore that 4.4 has changed the \`va_list' mangling.

pr47955:
  Backport m68k bugfix from gcc-4.7/trunk

m68k-fp-cmp-zero:

m68k-atomic:
  backport atomic builtin backend code for m68k from trunk
  and add t-slibgcc-libgcc to m68k configuration by advice
  of Mikel Pettersson to avoid running into PR40134 again

gcc-gengtype-fix1:
  Backport patch from the 4.7 branch, fixing gengtype memory issue.

gcc-gengtype-fix2:
  Write gengtype output to a temporary file before using it

ppl-version:
  recognize ppl version 1.0

libjava-cff1.7:
  Allow java class file format version 1.7.

gcc-d-lang:
  Add D options and specs for the gcc driver.

libjava-disable-static:
  Disable building the static libjava.

s390-biarch:
  Build a bi-arch compiler on s390-linux-gnu.
  http://gcc.gnu.org/ml/gcc-patches/2009-03/msg01044.html

mips-triarch:
  Build a tri-arch compiler on mips-linux-gnu.
  http://gcc.gnu.org/ml/gcc-patches/2009-03/msg01047.html

arm-dynamic-linker:
  For ARM hard float, set the dynamic linker to
  /lib/ld-linux-armhf.so.3.

arm-multilib-soft:
  ARM hard/soft float multilib support

arm-multilib-defaults:
  Set MULTILIB_DEFAULTS for ARM multilib builds

gcc-ice-hack:
  Retry the build on an ice, save the calling options and preprocessed
  source when the ice is reproducible.

gcc-ice-apport:
  Report an ICE to apport (if apport is available
  and the environment variable GCC_NOAPPORT is not set)

libjava-fixed-symlinks:
  Remove unneed '..' elements from symlinks in JAVA_HOME

libstdc++-arm-wno-abi:
  Temporary work around:
  On arm-linux-gnueabi run the libstdc++v3 testsuite with -Wno-abi

ada-mips:
  Improve support for mips.

libffi-ro-eh_frame_sect:
  PR libffi/47248, force a read only eh frame section.

gcc-multiarch:
  Add multiarch support to GCC (chunks not yet applied upstream).

libjava-multiarch:
  Install libjava libraries to multiarch location

libjava-nobiarch-check:
  For biarch builds, disable the testsuite for the non-default architecture
  for runtime libraries, which are not built by default (libjava).

config-ml:
  - Disable some biarch libraries for biarch builds.
  - Fix multilib builds on kernels which don't support all multilibs.

gcc-powerpc-nof:
  Don't build nof multlib on powerpc.

gcc-powerpc-undef:
  Undefine LINK_EH_SPEC before redefining it
  http://gcc.gnu.org/ml/gcc-patches/2011-02/msg01082.html

gcc-no-add-needed:
  On linux targets pass --no-add-needed to the linker.

mips-fix-loongson2f-nop:
  On mips, pass -mfix-loongson2f-nop to as, if -mno-fix-loongson2f-nop
  is not passed.

gcc-system-root:
  Remove trailing slash from system root directory

libgomp-kfreebsd-testsuite:
  Disable lock-2.c test on kfreebsd-*

armhf-triplet:
  add support for arm-linux-*eabi* triplets; useful for armhf

Counting all warnings,
there are 0 warnings in stage3 of this bootstrap.

Number of warnings per file:

Number of warning types:



More information about the Gcc-testresults mailing list