Results for 4.6.4 (Debian 4.6.4-3) testsuite on mips-unknown-linux-gnu

Matthias Klose doko@debian.org
Thu Jun 20 18:10:00 GMT 2013


LAST_UPDATED: Obtained from SVN: tags/gcc_4_6_4_release revision 197895

Target: mips-linux-gnu
gcc version 4.6.4 (Debian 4.6.4-3) 
Native configuration is mips-unknown-linux-gnu

		=== g++ tests ===


Running target unix
FAIL: g++.dg/debug/dwarf2/lineno-simple1.C scan-assembler main:[^\\\\t]*(\\\\t.(fnstart|frame|mask|file)[^\\\\t]*)*\\\\t[^:]+:12\\\\n
FAIL: g++.dg/debug/dwarf2/pr46527.C scan-assembler _ZN6StructIdE13defined_laterEv:[^\\\\t]*(\\\\t.(fnstart|frame|mask|file)[^\\\\t]*)*\\\\t[^:]+:12\\\\n
XPASS: g++.dg/uninit-pred-3_b.C (test for excess errors)

		=== g++ Summary for unix ===

# of expected passes		26728
# of unexpected failures	2
# of unexpected successes	1
# of expected failures		168
# of unsupported tests		411

Running target unix/-fstack-protector
FAIL: g++.dg/debug/dwarf2/lineno-simple1.C scan-assembler main:[^\\\\t]*(\\\\t.(fnstart|frame|mask|file)[^\\\\t]*)*\\\\t[^:]+:12\\\\n
FAIL: g++.dg/debug/dwarf2/pr46527.C scan-assembler _ZN6StructIdE13defined_laterEv:[^\\\\t]*(\\\\t.(fnstart|frame|mask|file)[^\\\\t]*)*\\\\t[^:]+:12\\\\n
XPASS: g++.dg/uninit-pred-3_b.C (test for excess errors)

		=== g++ Summary for unix/-fstack-protector ===

# of expected passes		26728
# of unexpected failures	2
# of unexpected successes	1
# of expected failures		168
# of unsupported tests		411

Running target unix/-mabi=64
FAIL: g++.dg/debug/dwarf2/icf.C scan-assembler \\\\.section.*.debug_dcall
FAIL: g++.dg/debug/dwarf2/icf.C scan-assembler New caller
FAIL: g++.dg/debug/dwarf2/icf.C scan-assembler Caller DIE offset
FAIL: g++.dg/debug/dwarf2/icf.C scan-assembler Callee DIE offset
FAIL: g++.dg/debug/dwarf2/lineno-simple1.C scan-assembler main:[^\\\\t]*(\\\\t.(fnstart|frame|mask|file)[^\\\\t]*)*\\\\t[^:]+:12\\\\n
FAIL: g++.dg/debug/dwarf2/pr46527.C scan-assembler _ZN6StructIdE13defined_laterEv:[^\\\\t]*(\\\\t.(fnstart|frame|mask|file)[^\\\\t]*)*\\\\t[^:]+:12\\\\n
XPASS: g++.dg/uninit-pred-3_b.C (test for excess errors)

		=== g++ Summary for unix/-mabi=64 ===

# of expected passes		27340
# of unexpected failures	6
# of unexpected successes	1
# of expected failures		168
# of unsupported tests		408

Running target unix/-mabi=n32
FAIL: g++.dg/debug/dwarf2/lineno-simple1.C scan-assembler main:[^\\\\t]*(\\\\t.(fnstart|frame|mask|file)[^\\\\t]*)*\\\\t[^:]+:12\\\\n
FAIL: g++.dg/debug/dwarf2/pr46527.C scan-assembler _ZN6StructIdE13defined_laterEv:[^\\\\t]*(\\\\t.(fnstart|frame|mask|file)[^\\\\t]*)*\\\\t[^:]+:12\\\\n
XPASS: g++.dg/uninit-pred-3_b.C (test for excess errors)

		=== g++ Summary for unix/-mabi=n32 ===

# of expected passes		27383
# of unexpected failures	2
# of unexpected successes	1
# of expected failures		168
# of unsupported tests		407

		=== g++ Summary ===

# of expected passes		108179
# of unexpected failures	12
# of unexpected successes	4
# of expected failures		672
# of unsupported tests		1637
/build/gcc-4.6-OCa2Wv/gcc-4.6-4.6.4/build/gcc/testsuite/g++/../../g++  version 4.6.4 (Debian 4.6.4-3) 

		=== gcc tests ===


Running target unix
FAIL: gcc.dg/pr48774.c (test for excess errors)
FAIL: gcc.dg/uninit-pred-7_a.c bogus warning (test for bogus messages, line 26)
FAIL: gcc.dg/uninit-pred-8_a.c bogus warning (test for bogus messages, line 26)
FAIL: gcc.target/mips/dspr2-MULT.c scan-assembler ac2
FAIL: gcc.target/mips/dspr2-MULTU.c scan-assembler ac2

		=== gcc Summary for unix ===

# of expected passes		71938
# of unexpected failures	5
# of expected failures		130
# of unsupported tests		920

Running target unix/-fstack-protector
FAIL: gcc.dg/pr48774.c (test for excess errors)
FAIL: gcc.dg/stack-usage-1.c scan-file foo\\t(256|264)\\tstatic
FAIL: gcc.dg/uninit-pred-7_a.c bogus warning (test for bogus messages, line 26)
FAIL: gcc.dg/uninit-pred-8_a.c bogus warning (test for bogus messages, line 26)
FAIL: gcc.target/mips/dspr2-MULT.c scan-assembler ac2
FAIL: gcc.target/mips/dspr2-MULTU.c scan-assembler ac2

		=== gcc Summary for unix/-fstack-protector ===

# of expected passes		71937
# of unexpected failures	6
# of expected failures		130
# of unsupported tests		920

Running target unix/-mabi=64
FAIL: gcc.dg/uninit-pred-7_a.c bogus warning (test for bogus messages, line 26)
FAIL: gcc.dg/uninit-pred-8_a.c bogus warning (test for bogus messages, line 26)
FAIL: gcc.target/mips/dspr2-MULT.c scan-assembler ac2
FAIL: gcc.target/mips/dspr2-MULTU.c scan-assembler ac2
FAIL: gcc.target/mips/mult-1.c scan-assembler \\tdins\\t
FAIL: gcc.target/mips/octeon-bbit-2.c scan-assembler \\tbnel\\t
FAIL: gcc.target/mips/octeon-bbit-2.c scan-assembler-not \\tbne\\t

		=== gcc Summary for unix/-mabi=64 ===

# of expected passes		72558
# of unexpected failures	7
# of expected failures		131
# of unsupported tests		920

Running target unix/-mabi=n32
FAIL: gcc.dg/uninit-pred-7_a.c bogus warning (test for bogus messages, line 26)
FAIL: gcc.dg/uninit-pred-8_a.c bogus warning (test for bogus messages, line 26)
FAIL: gcc.target/mips/dspr2-MULT.c scan-assembler ac2
FAIL: gcc.target/mips/dspr2-MULTU.c scan-assembler ac2

		=== gcc Summary for unix/-mabi=n32 ===

# of expected passes		72579
# of unexpected failures	4
# of expected failures		130
# of unsupported tests		919

		=== gcc Summary ===

# of expected passes		289012
# of unexpected failures	22
# of expected failures		521
# of unsupported tests		3679
/build/gcc-4.6-OCa2Wv/gcc-4.6-4.6.4/build/gcc/xgcc  version 4.6.4 (Debian 4.6.4-3) 

		=== gfortran tests ===


Running target unix
FAIL: gfortran.dg/pr45636.f90  -O  scan-tree-dump-times forwprop2 "memset" 0

		=== gfortran Summary for unix ===

# of expected passes		38112
# of unexpected failures	1
# of expected failures		41
# of unsupported tests		388

Running target unix/-fstack-protector
FAIL: gfortran.dg/pr45636.f90  -O  scan-tree-dump-times forwprop2 "memset" 0

		=== gfortran Summary for unix/-fstack-protector ===

# of expected passes		38112
# of unexpected failures	1
# of expected failures		41
# of unsupported tests		388

Running target unix/-mabi=64
FAIL: gfortran.dg/pr45636.f90  -O  scan-tree-dump-times forwprop2 "memset" 0

		=== gfortran Summary for unix/-mabi=64 ===

# of expected passes		38736
# of unexpected failures	1
# of expected failures		41
# of unsupported tests		82

Running target unix/-mabi=n32
FAIL: gfortran.dg/pr45636.f90  -O  scan-tree-dump-times forwprop2 "memset" 0

		=== gfortran Summary for unix/-mabi=n32 ===

# of expected passes		38736
# of unexpected failures	1
# of expected failures		41
# of unsupported tests		82

		=== gfortran Summary ===

# of expected passes		153696
# of unexpected failures	4
# of expected failures		164
# of unsupported tests		940
/build/gcc-4.6-OCa2Wv/gcc-4.6-4.6.4/build/gcc/testsuite/gfortran/../../gfortran  version 4.6.4 (Debian 4.6.4-3) 

		=== obj-c++ tests ===


Running target unix

		=== obj-c++ Summary for unix ===

# of expected passes		1388
# of expected failures		2
# of unsupported tests		86

Running target unix/-fstack-protector

		=== obj-c++ Summary for unix/-fstack-protector ===

# of expected passes		1388
# of expected failures		2
# of unsupported tests		86

Running target unix/-mabi=64

		=== obj-c++ Summary for unix/-mabi=64 ===

# of expected passes		1380
# of expected failures		10
# of unsupported tests		86

Running target unix/-mabi=n32

		=== obj-c++ Summary for unix/-mabi=n32 ===

# of expected passes		1388
# of expected failures		2
# of unsupported tests		86

		=== obj-c++ Summary ===

# of expected passes		5544
# of expected failures		16
# of unsupported tests		344
/build/gcc-4.6-OCa2Wv/gcc-4.6-4.6.4/build/gcc/testsuite/obj-c++/../../g++  version 4.6.4 (Debian 4.6.4-3) 

		=== objc tests ===


Running target unix

		=== objc Summary for unix ===

# of expected passes		2916
# of expected failures		10
# of unsupported tests		74

Running target unix/-fstack-protector

		=== objc Summary for unix/-fstack-protector ===

# of expected passes		2916
# of expected failures		10
# of unsupported tests		74

Running target unix/-mabi=64

		=== objc Summary for unix/-mabi=64 ===

# of expected passes		2916
# of expected failures		10
# of unsupported tests		74

Running target unix/-mabi=n32

		=== objc Summary for unix/-mabi=n32 ===

# of expected passes		2916
# of expected failures		10
# of unsupported tests		74

		=== objc Summary ===

# of expected passes		11664
# of expected failures		40
# of unsupported tests		296
/build/gcc-4.6-OCa2Wv/gcc-4.6-4.6.4/build/gcc/xgcc  version 4.6.4 (Debian 4.6.4-3) 

		=== libgomp tests ===


Running target unix
WARNING: program timed out.
FAIL: libgomp.fortran/strassen.f90  -O  execution test

		=== libgomp Summary for unix ===

# of expected passes		2633
# of unexpected failures	1
# of unsupported tests		1

Running target unix/-fstack-protector
WARNING: program timed out.
FAIL: libgomp.fortran/strassen.f90  -O  execution test

		=== libgomp Summary for unix/-fstack-protector ===

# of expected passes		2633
# of unexpected failures	1
# of unsupported tests		1

Running target unix/-mabi=64
FAIL: libgomp.c/appendix-a/a.15.1.c execution test
FAIL: libgomp.c/appendix-a/a.16.1.c execution test
FAIL: libgomp.c/appendix-a/a.18.1.c execution test
FAIL: libgomp.c/appendix-a/a.19.1.c execution test
FAIL: libgomp.c/appendix-a/a.2.1.c execution test
FAIL: libgomp.c/appendix-a/a.21.1.c execution test
FAIL: libgomp.c/appendix-a/a.26.1.c execution test
FAIL: libgomp.c/appendix-a/a.29.1.c execution test
FAIL: libgomp.c/appendix-a/a.36.1.c execution test
FAIL: libgomp.c/appendix-a/a.39.1.c execution test
FAIL: libgomp.c/appendix-a/a.4.1.c execution test
FAIL: libgomp.c/atomic-3.c execution test
FAIL: libgomp.c/atomic-4.c execution test
FAIL: libgomp.c/atomic-5.c execution test
FAIL: libgomp.c/autopar-1.c execution test
FAIL: libgomp.c/barrier-1.c execution test
FAIL: libgomp.c/collapse-1.c execution test
FAIL: libgomp.c/collapse-2.c execution test
FAIL: libgomp.c/collapse-3.c execution test
FAIL: libgomp.c/copyin-1.c execution test
FAIL: libgomp.c/copyin-2.c execution test
FAIL: libgomp.c/copyin-3.c execution test
FAIL: libgomp.c/critical-1.c execution test
FAIL: libgomp.c/critical-2.c execution test
FAIL: libgomp.c/debug-1.c execution test
WARNING: program timed out.
FAIL: libgomp.c/icv-2.c execution test
FAIL: libgomp.c/lib-1.c execution test
WARNING: program timed out.
FAIL: libgomp.c/lock-3.c execution test
FAIL: libgomp.c/loop-1.c execution test
FAIL: libgomp.c/loop-10.c execution test
FAIL: libgomp.c/loop-11.c execution test
FAIL: libgomp.c/loop-12.c execution test
FAIL: libgomp.c/loop-2.c execution test
FAIL: libgomp.c/loop-4.c execution test
FAIL: libgomp.c/loop-5.c execution test
FAIL: libgomp.c/loop-6.c execution test
FAIL: libgomp.c/loop-8.c execution test
FAIL: libgomp.c/loop-9.c execution test
FAIL: libgomp.c/nested-1.c execution test
FAIL: libgomp.c/nested-2.c execution test
FAIL: libgomp.c/nested-3.c execution test
FAIL: libgomp.c/nestedfn-1.c execution test
FAIL: libgomp.c/nestedfn-3.c execution test
FAIL: libgomp.c/nestedfn-4.c execution test
FAIL: libgomp.c/nestedfn-5.c execution test
FAIL: libgomp.c/nestedfn-6.c execution test
FAIL: libgomp.c/nqueens-1.c execution test
FAIL: libgomp.c/omp-loop01.c execution test
FAIL: libgomp.c/omp-loop02.c execution test
FAIL: libgomp.c/omp-loop03.c execution test
FAIL: libgomp.c/omp-nested-1.c execution test
FAIL: libgomp.c/omp-parallel-for.c execution test
FAIL: libgomp.c/omp-parallel-if.c execution test
FAIL: libgomp.c/omp-single-1.c execution test
FAIL: libgomp.c/omp-single-2.c execution test
FAIL: libgomp.c/omp-single-3.c execution test
FAIL: libgomp.c/omp_hello.c execution test
FAIL: libgomp.c/omp_matvec.c execution test
FAIL: libgomp.c/omp_orphan.c execution test
FAIL: libgomp.c/omp_reduction.c execution test
FAIL: libgomp.c/omp_workshare1.c execution test
FAIL: libgomp.c/omp_workshare2.c execution test
FAIL: libgomp.c/omp_workshare4.c execution test
FAIL: libgomp.c/ordered-1.c execution test
FAIL: libgomp.c/ordered-2.c execution test
FAIL: libgomp.c/ordered-3.c execution test
FAIL: libgomp.c/parallel-1.c execution test
FAIL: libgomp.c/pr24455.c execution test
FAIL: libgomp.c/pr26943-1.c execution test
FAIL: libgomp.c/pr26943-2.c execution test
FAIL: libgomp.c/pr26943-3.c execution test
FAIL: libgomp.c/pr26943-4.c execution test
FAIL: libgomp.c/pr29947-1.c execution test
FAIL: libgomp.c/pr29947-2.c execution test
FAIL: libgomp.c/pr30494.c execution test
FAIL: libgomp.c/pr32362-1.c execution test
FAIL: libgomp.c/pr32362-2.c execution test
FAIL: libgomp.c/pr32362-3.c execution test
FAIL: libgomp.c/pr32468.c execution test
FAIL: libgomp.c/pr33880.c execution test
FAIL: libgomp.c/pr34513.c execution test
FAIL: libgomp.c/pr35130.c execution test
FAIL: libgomp.c/pr35196.c execution test
FAIL: libgomp.c/pr35549.c execution test
FAIL: libgomp.c/pr35625.c execution test
FAIL: libgomp.c/pr36802-1.c execution test
FAIL: libgomp.c/pr36802-2.c execution test
FAIL: libgomp.c/pr36802-3.c execution test
FAIL: libgomp.c/pr38650.c execution test
FAIL: libgomp.c/pr39591-1.c execution test
FAIL: libgomp.c/pr39591-2.c execution test
FAIL: libgomp.c/pr39591-3.c execution test
FAIL: libgomp.c/pr42029.c execution test
FAIL: libgomp.c/pr42942.c execution test
FAIL: libgomp.c/pr43893.c execution test
FAIL: libgomp.c/pr49897-1.c execution test
FAIL: libgomp.c/pr49897-2.c execution test
FAIL: libgomp.c/pr49898-1.c execution test
FAIL: libgomp.c/pr49898-2.c execution test
FAIL: libgomp.c/pr52547.c execution test
FAIL: libgomp.c/reduction-1.c execution test
FAIL: libgomp.c/reduction-2.c execution test
FAIL: libgomp.c/reduction-3.c execution test
FAIL: libgomp.c/reduction-4.c execution test
FAIL: libgomp.c/reduction-5.c execution test
FAIL: libgomp.c/sections-1.c execution test
FAIL: libgomp.c/shared-1.c execution test
FAIL: libgomp.c/shared-2.c execution test
FAIL: libgomp.c/shared-3.c execution test
FAIL: libgomp.c/single-1.c execution test
FAIL: libgomp.c/sort-1.c execution test
FAIL: libgomp.c/task-1.c execution test
FAIL: libgomp.c/task-2.c execution test
FAIL: libgomp.c/task-3.c execution test
FAIL: libgomp.c/task-4.c execution test
FAIL: libgomp.c/vla-1.c execution test
FAIL: libgomp.c++/collapse-1.C  -O0  execution test
FAIL: libgomp.c++/collapse-1.C  -O1  execution test
FAIL: libgomp.c++/collapse-1.C  -O2  execution test
FAIL: libgomp.c++/collapse-1.C  -O3 -fomit-frame-pointer  execution test
FAIL: libgomp.c++/collapse-1.C  -O3 -fomit-frame-pointer -funroll-loops  execution test
FAIL: libgomp.c++/collapse-1.C  -O3 -fomit-frame-pointer -funroll-all-loops -finline-functions  execution test
FAIL: libgomp.c++/collapse-1.C  -O3 -g  execution test
FAIL: libgomp.c++/collapse-1.C  -Os  execution test
FAIL: libgomp.c++/collapse-2.C  -O0  execution test
FAIL: libgomp.c++/collapse-2.C  -O1  execution test
FAIL: libgomp.c++/collapse-2.C  -O2  execution test
FAIL: libgomp.c++/collapse-2.C  -O3 -fomit-frame-pointer  execution test
FAIL: libgomp.c++/collapse-2.C  -O3 -fomit-frame-pointer -funroll-loops  execution test
FAIL: libgomp.c++/collapse-2.C  -O3 -fomit-frame-pointer -funroll-all-loops -finline-functions  execution test
FAIL: libgomp.c++/collapse-2.C  -O3 -g  execution test
FAIL: libgomp.c++/collapse-2.C  -Os  execution test
FAIL: libgomp.c++/copyin-1.C  -O0  execution test
FAIL: libgomp.c++/copyin-1.C  -O1  execution test
FAIL: libgomp.c++/copyin-1.C  -O2  execution test
FAIL: libgomp.c++/copyin-1.C  -O3 -fomit-frame-pointer  execution test
FAIL: libgomp.c++/copyin-1.C  -O3 -fomit-frame-pointer -funroll-loops  execution test
FAIL: libgomp.c++/copyin-1.C  -O3 -fomit-frame-pointer -funroll-all-loops -finline-functions  execution test
FAIL: libgomp.c++/copyin-1.C  -O3 -g  execution test
FAIL: libgomp.c++/copyin-1.C  -Os  execution test
FAIL: libgomp.c++/copyin-2.C  -O0  execution test
FAIL: libgomp.c++/copyin-2.C  -O1  execution test
FAIL: libgomp.c++/copyin-2.C  -O2  execution test
FAIL: libgomp.c++/copyin-2.C  -O3 -fomit-frame-pointer  execution test
FAIL: libgomp.c++/copyin-2.C  -O3 -fomit-frame-pointer -funroll-loops  execution test
FAIL: libgomp.c++/copyin-2.C  -O3 -fomit-frame-pointer -funroll-all-loops -finline-functions  execution test
FAIL: libgomp.c++/copyin-2.C  -O3 -g  execution test
FAIL: libgomp.c++/copyin-2.C  -Os  execution test
FAIL: libgomp.c++/ctor-1.C  -O0  execution test
FAIL: libgomp.c++/ctor-1.C  -O1  execution test
FAIL: libgomp.c++/ctor-1.C  -O2  execution test
FAIL: libgomp.c++/ctor-1.C  -O3 -fomit-frame-pointer  execution test
FAIL: libgomp.c++/ctor-1.C  -O3 -fomit-frame-pointer -funroll-loops  execution test
FAIL: libgomp.c++/ctor-1.C  -O3 -fomit-frame-pointer -funroll-all-loops -finline-functions  execution test
FAIL: libgomp.c++/ctor-1.C  -O3 -g  execution test
FAIL: libgomp.c++/ctor-1.C  -Os  execution test
FAIL: libgomp.c++/ctor-10.C  -O0  execution test
FAIL: libgomp.c++/ctor-10.C  -O1  execution test
FAIL: libgomp.c++/ctor-10.C  -O2  execution test
FAIL: libgomp.c++/ctor-10.C  -O3 -fomit-frame-pointer  execution test
FAIL: libgomp.c++/ctor-10.C  -O3 -fomit-frame-pointer -funroll-loops  execution test
FAIL: libgomp.c++/ctor-10.C  -O3 -fomit-frame-pointer -funroll-all-loops -finline-functions  execution test
FAIL: libgomp.c++/ctor-10.C  -O3 -g  execution test
FAIL: libgomp.c++/ctor-10.C  -Os  execution test
FAIL: libgomp.c++/ctor-11.C  -O0  execution test
FAIL: libgomp.c++/ctor-11.C  -O1  execution test
FAIL: libgomp.c++/ctor-11.C  -O2  execution test
FAIL: libgomp.c++/ctor-11.C  -O3 -fomit-frame-pointer  execution test
FAIL: libgomp.c++/ctor-11.C  -O3 -fomit-frame-pointer -funroll-loops  execution test
FAIL: libgomp.c++/ctor-11.C  -O3 -fomit-frame-pointer -funroll-all-loops -finline-functions  execution test
FAIL: libgomp.c++/ctor-11.C  -O3 -g  execution test
FAIL: libgomp.c++/ctor-11.C  -Os  execution test
FAIL: libgomp.c++/ctor-12.C  -O0  execution test
FAIL: libgomp.c++/ctor-12.C  -O1  execution test
FAIL: libgomp.c++/ctor-12.C  -O2  execution test
FAIL: libgomp.c++/ctor-12.C  -O3 -fomit-frame-pointer  execution test
FAIL: libgomp.c++/ctor-12.C  -O3 -fomit-frame-pointer -funroll-loops  execution test
FAIL: libgomp.c++/ctor-12.C  -O3 -fomit-frame-pointer -funroll-all-loops -finline-functions  execution test
FAIL: libgomp.c++/ctor-12.C  -O3 -g  execution test
FAIL: libgomp.c++/ctor-12.C  -Os  execution test
FAIL: libgomp.c++/ctor-2.C  -O0  execution test
FAIL: libgomp.c++/ctor-2.C  -O1  execution test
FAIL: libgomp.c++/ctor-2.C  -O2  execution test
FAIL: libgomp.c++/ctor-2.C  -O3 -fomit-frame-pointer  execution test
FAIL: libgomp.c++/ctor-2.C  -O3 -fomit-frame-pointer -funroll-loops  execution test
FAIL: libgomp.c++/ctor-2.C  -O3 -fomit-frame-pointer -funroll-all-loops -finline-functions  execution test
FAIL: libgomp.c++/ctor-2.C  -O3 -g  execution test
FAIL: libgomp.c++/ctor-2.C  -Os  execution test
FAIL: libgomp.c++/ctor-3.C  -O0  execution test
FAIL: libgomp.c++/ctor-3.C  -O1  execution test
FAIL: libgomp.c++/ctor-3.C  -O2  execution test
FAIL: libgomp.c++/ctor-3.C  -O3 -fomit-frame-pointer  execution test
FAIL: libgomp.c++/ctor-3.C  -O3 -fomit-frame-pointer -funroll-loops  execution test
FAIL: libgomp.c++/ctor-3.C  -O3 -fomit-frame-pointer -funroll-all-loops -finline-functions  execution test
FAIL: libgomp.c++/ctor-3.C  -O3 -g  execution test
FAIL: libgomp.c++/ctor-3.C  -Os  execution test
FAIL: libgomp.c++/ctor-4.C  -O0  execution test
FAIL: libgomp.c++/ctor-4.C  -O1  execution test
FAIL: libgomp.c++/ctor-4.C  -O2  execution test
FAIL: libgomp.c++/ctor-4.C  -O3 -fomit-frame-pointer  execution test
FAIL: libgomp.c++/ctor-4.C  -O3 -fomit-frame-pointer -funroll-loops  execution test
FAIL: libgomp.c++/ctor-4.C  -O3 -fomit-frame-pointer -funroll-all-loops -finline-functions  execution test
FAIL: libgomp.c++/ctor-4.C  -O3 -g  execution test
FAIL: libgomp.c++/ctor-4.C  -Os  execution test
FAIL: libgomp.c++/ctor-5.C  -O0  execution test
FAIL: libgomp.c++/ctor-5.C  -O1  execution test
FAIL: libgomp.c++/ctor-5.C  -O2  execution test
FAIL: libgomp.c++/ctor-5.C  -O3 -fomit-frame-pointer  execution test
FAIL: libgomp.c++/ctor-5.C  -O3 -fomit-frame-pointer -funroll-loops  execution test
FAIL: libgomp.c++/ctor-5.C  -O3 -fomit-frame-pointer -funroll-all-loops -finline-functions  execution test
FAIL: libgomp.c++/ctor-5.C  -O3 -g  execution test
FAIL: libgomp.c++/ctor-5.C  -Os  execution test
FAIL: libgomp.c++/ctor-6.C  -O0  execution test
FAIL: libgomp.c++/ctor-6.C  -O1  execution test
FAIL: libgomp.c++/ctor-6.C  -O2  execution test
FAIL: libgomp.c++/ctor-6.C  -O3 -fomit-frame-pointer  execution test
FAIL: libgomp.c++/ctor-6.C  -O3 -fomit-frame-pointer -funroll-loops  execution test
FAIL: libgomp.c++/ctor-6.C  -O3 -fomit-frame-pointer -funroll-all-loops -finline-functions  execution test
FAIL: libgomp.c++/ctor-6.C  -O3 -g  execution test
FAIL: libgomp.c++/ctor-6.C  -Os  execution test
FAIL: libgomp.c++/ctor-7.C  -O0  execution test
FAIL: libgomp.c++/ctor-7.C  -O1  execution test
FAIL: libgomp.c++/ctor-7.C  -O2  execution test
FAIL: libgomp.c++/ctor-7.C  -O3 -fomit-frame-pointer  execution test
FAIL: libgomp.c++/ctor-7.C  -O3 -fomit-frame-pointer -funroll-loops  execution test
FAIL: libgomp.c++/ctor-7.C  -O3 -fomit-frame-pointer -funroll-all-loops -finline-functions  execution test
FAIL: libgomp.c++/ctor-7.C  -O3 -g  execution test
FAIL: libgomp.c++/ctor-7.C  -Os  execution test
FAIL: libgomp.c++/ctor-8.C  -O0  execution test
FAIL: libgomp.c++/ctor-8.C  -O1  execution test
FAIL: libgomp.c++/ctor-8.C  -O2  execution test
FAIL: libgomp.c++/ctor-8.C  -O3 -fomit-frame-pointer  execution test
FAIL: libgomp.c++/ctor-8.C  -O3 -fomit-frame-pointer -funroll-loops  execution test
FAIL: libgomp.c++/ctor-8.C  -O3 -fomit-frame-pointer -funroll-all-loops -finline-functions  execution test
FAIL: libgomp.c++/ctor-8.C  -O3 -g  execution test
FAIL: libgomp.c++/ctor-8.C  -Os  execution test
FAIL: libgomp.c++/ctor-9.C  -O0  execution test
FAIL: libgomp.c++/ctor-9.C  -O1  execution test
FAIL: libgomp.c++/ctor-9.C  -O2  execution test
FAIL: libgomp.c++/ctor-9.C  -O3 -fomit-frame-pointer  execution test
FAIL: libgomp.c++/ctor-9.C  -O3 -fomit-frame-pointer -funroll-loops  execution test
FAIL: libgomp.c++/ctor-9.C  -O3 -fomit-frame-pointer -funroll-all-loops -finline-functions  execution test
FAIL: libgomp.c++/ctor-9.C  -O3 -g  execution test
FAIL: libgomp.c++/ctor-9.C  -Os  execution test
FAIL: libgomp.c++/for-1.C  -O0  execution test
FAIL: libgomp.c++/for-1.C  -O1  execution test
FAIL: libgomp.c++/for-1.C  -O2  execution test
FAIL: libgomp.c++/for-1.C  -O3 -fomit-frame-pointer  execution test
FAIL: libgomp.c++/for-1.C  -O3 -fomit-frame-pointer -funroll-loops  execution test
FAIL: libgomp.c++/for-1.C  -O3 -fomit-frame-pointer -funroll-all-loops -finline-functions  execution test
FAIL: libgomp.c++/for-1.C  -O3 -g  execution test
FAIL: libgomp.c++/for-1.C  -Os  execution test
FAIL: libgomp.c++/for-2.C  -O0  execution test
FAIL: libgomp.c++/for-2.C  -O1  execution test
FAIL: libgomp.c++/for-2.C  -O2  execution test
FAIL: libgomp.c++/for-2.C  -O3 -fomit-frame-pointer  execution test
FAIL: libgomp.c++/for-2.C  -O3 -fomit-frame-pointer -funroll-loops  execution test
FAIL: libgomp.c++/for-2.C  -O3 -fomit-frame-pointer -funroll-all-loops -finline-functions  execution test
FAIL: libgomp.c++/for-2.C  -O3 -g  execution test
FAIL: libgomp.c++/for-2.C  -Os  execution test
FAIL: libgomp.c++/for-3.C  -O0  execution test
FAIL: libgomp.c++/for-3.C  -O1  execution test
FAIL: libgomp.c++/for-3.C  -O2  execution test
FAIL: libgomp.c++/for-3.C  -O3 -fomit-frame-pointer  execution test
FAIL: libgomp.c++/for-3.C  -O3 -fomit-frame-pointer -funroll-loops  execution test
FAIL: libgomp.c++/for-3.C  -O3 -fomit-frame-pointer -funroll-all-loops -finline-functions  execution test
FAIL: libgomp.c++/for-3.C  -O3 -g  execution test
FAIL: libgomp.c++/for-3.C  -Os  execution test
FAIL: libgomp.c++/for-4.C  -O0  execution test
FAIL: libgomp.c++/for-4.C  -O1  execution test
FAIL: libgomp.c++/for-4.C  -O2  execution test
FAIL: libgomp.c++/for-4.C  -O3 -fomit-frame-pointer  execution test
FAIL: libgomp.c++/for-4.C  -O3 -fomit-frame-pointer -funroll-loops  execution test
FAIL: libgomp.c++/for-4.C  -O3 -fomit-frame-pointer -funroll-all-loops -finline-functions  execution test
FAIL: libgomp.c++/for-4.C  -O3 -g  execution test
FAIL: libgomp.c++/for-4.C  -Os  execution test
FAIL: libgomp.c++/for-5.C  -O0  execution test
FAIL: libgomp.c++/for-5.C  -O1  execution test
FAIL: libgomp.c++/for-5.C  -O2  execution test
FAIL: libgomp.c++/for-5.C  -O3 -fomit-frame-pointer  execution test
FAIL: libgomp.c++/for-5.C  -O3 -fomit-frame-pointer -funroll-loops  execution test
FAIL: libgomp.c++/for-5.C  -O3 -fomit-frame-pointer -funroll-all-loops -finline-functions  execution test
FAIL: libgomp.c++/for-5.C  -O3 -g  execution test
FAIL: libgomp.c++/for-5.C  -Os  execution test
FAIL: libgomp.c++/for-6.C  -O0  execution test
FAIL: libgomp.c++/for-6.C  -O1  execution test
FAIL: libgomp.c++/for-6.C  -O2  execution test
FAIL: libgomp.c++/for-6.C  -O3 -fomit-frame-pointer  execution test
FAIL: libgomp.c++/for-6.C  -O3 -fomit-frame-pointer -funroll-loops  execution test
FAIL: libgomp.c++/for-6.C  -O3 -fomit-frame-pointer -funroll-all-loops -finline-functions  execution test
FAIL: libgomp.c++/for-6.C  -O3 -g  execution test
FAIL: libgomp.c++/for-6.C  -Os  execution test
FAIL: libgomp.c++/for-7.C  -O0  execution test
FAIL: libgomp.c++/for-7.C  -O1  execution test
FAIL: libgomp.c++/for-7.C  -O2  execution test
FAIL: libgomp.c++/for-7.C  -O3 -fomit-frame-pointer  execution test
FAIL: libgomp.c++/for-7.C  -O3 -fomit-frame-pointer -funroll-loops  execution test
FAIL: libgomp.c++/for-7.C  -O3 -fomit-frame-pointer -funroll-all-loops -finline-functions  execution test
FAIL: libgomp.c++/for-7.C  -O3 -g  execution test
FAIL: libgomp.c++/for-7.C  -Os  execution test
FAIL: libgomp.c++/for-8.C  -O0  execution test
FAIL: libgomp.c++/for-8.C  -O1  execution test
FAIL: libgomp.c++/for-8.C  -O2  execution test
FAIL: libgomp.c++/for-8.C  -O3 -fomit-frame-pointer  execution test
FAIL: libgomp.c++/for-8.C  -O3 -fomit-frame-pointer -funroll-loops  execution test
FAIL: libgomp.c++/for-8.C  -O3 -fomit-frame-pointer -funroll-all-loops -finline-functions  execution test
FAIL: libgomp.c++/for-8.C  -O3 -g  execution test
FAIL: libgomp.c++/for-8.C  -Os  execution test
FAIL: libgomp.c++/loop-1.C  -O  execution test
FAIL: libgomp.c++/loop-11.C  -O  execution test
FAIL: libgomp.c++/loop-12.C  -O0  execution test
FAIL: libgomp.c++/loop-12.C  -O1  execution test
FAIL: libgomp.c++/loop-12.C  -O2  execution test
FAIL: libgomp.c++/loop-12.C  -O3 -fomit-frame-pointer  execution test
FAIL: libgomp.c++/loop-12.C  -O3 -fomit-frame-pointer -funroll-loops  execution test
FAIL: libgomp.c++/loop-12.C  -O3 -fomit-frame-pointer -funroll-all-loops -finline-functions  execution test
FAIL: libgomp.c++/loop-12.C  -O3 -g  execution test
FAIL: libgomp.c++/loop-12.C  -Os  execution test
FAIL: libgomp.c++/loop-2.C  -O  execution test
FAIL: libgomp.c++/loop-3.C  -O  execution test
FAIL: libgomp.c++/loop-4.C  -O  execution test
FAIL: libgomp.c++/loop-8.C  -O  execution test
FAIL: libgomp.c++/loop-9.C  -O0  execution test
FAIL: libgomp.c++/loop-9.C  -O1  execution test
FAIL: libgomp.c++/loop-9.C  -O2  execution test
FAIL: libgomp.c++/loop-9.C  -O3 -fomit-frame-pointer  execution test
FAIL: libgomp.c++/loop-9.C  -O3 -fomit-frame-pointer -funroll-loops  execution test
FAIL: libgomp.c++/loop-9.C  -O3 -fomit-frame-pointer -funroll-all-loops -finline-functions  execution test
FAIL: libgomp.c++/loop-9.C  -O3 -g  execution test
FAIL: libgomp.c++/loop-9.C  -Os  execution test
FAIL: libgomp.c++/master-1.C  -O0  execution test
FAIL: libgomp.c++/master-1.C  -O1  execution test
FAIL: libgomp.c++/master-1.C  -O2  execution test
FAIL: libgomp.c++/master-1.C  -O3 -fomit-frame-pointer  execution test
FAIL: libgomp.c++/master-1.C  -O3 -fomit-frame-pointer -funroll-loops  execution test
FAIL: libgomp.c++/master-1.C  -O3 -fomit-frame-pointer -funroll-all-loops -finline-functions  execution test
FAIL: libgomp.c++/master-1.C  -O3 -g  execution test
FAIL: libgomp.c++/master-1.C  -Os  execution test
FAIL: libgomp.c++/nested-1.C  -O0  execution test
FAIL: libgomp.c++/nested-1.C  -O1  execution test
FAIL: libgomp.c++/nested-1.C  -O2  execution test
FAIL: libgomp.c++/nested-1.C  -O3 -fomit-frame-pointer  execution test
FAIL: libgomp.c++/nested-1.C  -O3 -fomit-frame-pointer -funroll-loops  execution test
FAIL: libgomp.c++/nested-1.C  -O3 -fomit-frame-pointer -funroll-all-loops -finline-functions  execution test
FAIL: libgomp.c++/nested-1.C  -O3 -g  execution test
FAIL: libgomp.c++/nested-1.C  -Os  execution test
FAIL: libgomp.c++/parallel-1.C  -O  execution test
FAIL: libgomp.c++/pr24455.C  -O0  execution test
FAIL: libgomp.c++/pr24455.C  -O1  execution test
FAIL: libgomp.c++/pr24455.C  -O2  execution test
FAIL: libgomp.c++/pr24455.C  -O3 -fomit-frame-pointer  execution test
FAIL: libgomp.c++/pr24455.C  -O3 -fomit-frame-pointer -funroll-loops  execution test
FAIL: libgomp.c++/pr24455.C  -O3 -fomit-frame-pointer -funroll-all-loops -finline-functions  execution test
FAIL: libgomp.c++/pr24455.C  -O3 -g  execution test
FAIL: libgomp.c++/pr24455.C  -Os  execution test
FAIL: libgomp.c++/pr26691.C  -O  execution test
FAIL: libgomp.c++/pr26943.C  -O0  execution test
FAIL: libgomp.c++/pr26943.C  -O1  execution test
FAIL: libgomp.c++/pr26943.C  -O2  execution test
FAIL: libgomp.c++/pr26943.C  -O3 -fomit-frame-pointer  execution test
FAIL: libgomp.c++/pr26943.C  -O3 -fomit-frame-pointer -funroll-loops  execution test
FAIL: libgomp.c++/pr26943.C  -O3 -fomit-frame-pointer -funroll-all-loops -finline-functions  execution test
FAIL: libgomp.c++/pr26943.C  -O3 -g  execution test
FAIL: libgomp.c++/pr26943.C  -Os  execution test
FAIL: libgomp.c++/pr27337.C  -O0  execution test
FAIL: libgomp.c++/pr27337.C  -O1  execution test
FAIL: libgomp.c++/pr27337.C  -O2  execution test
FAIL: libgomp.c++/pr27337.C  -O3 -fomit-frame-pointer  execution test
FAIL: libgomp.c++/pr27337.C  -O3 -fomit-frame-pointer -funroll-loops  execution test
FAIL: libgomp.c++/pr27337.C  -O3 -fomit-frame-pointer -funroll-all-loops -finline-functions  execution test
FAIL: libgomp.c++/pr27337.C  -O3 -g  execution test
FAIL: libgomp.c++/pr27337.C  -Os  execution test
FAIL: libgomp.c++/pr30703.C  -O0  execution test
FAIL: libgomp.c++/pr30703.C  -O1  execution test
FAIL: libgomp.c++/pr30703.C  -O2  execution test
FAIL: libgomp.c++/pr30703.C  -O3 -fomit-frame-pointer  execution test
FAIL: libgomp.c++/pr30703.C  -O3 -fomit-frame-pointer -funroll-loops  execution test
FAIL: libgomp.c++/pr30703.C  -O3 -fomit-frame-pointer -funroll-all-loops -finline-functions  execution test
FAIL: libgomp.c++/pr30703.C  -O3 -g  execution test
FAIL: libgomp.c++/pr30703.C  -Os  execution test
FAIL: libgomp.c++/pr34513.C  -O0  execution test
FAIL: libgomp.c++/pr34513.C  -O1  execution test
FAIL: libgomp.c++/pr34513.C  -O2  execution test
FAIL: libgomp.c++/pr34513.C  -O3 -fomit-frame-pointer  execution test
FAIL: libgomp.c++/pr34513.C  -O3 -fomit-frame-pointer -funroll-loops  execution test
FAIL: libgomp.c++/pr34513.C  -O3 -fomit-frame-pointer -funroll-all-loops -finline-functions  execution test
FAIL: libgomp.c++/pr34513.C  -O3 -g  execution test
FAIL: libgomp.c++/pr34513.C  -Os  execution test
FAIL: libgomp.c++/pr35185.C  -O0  execution test
FAIL: libgomp.c++/pr35185.C  -O1  execution test
FAIL: libgomp.c++/pr35185.C  -O2  execution test
FAIL: libgomp.c++/pr35185.C  -O3 -fomit-frame-pointer  execution test
FAIL: libgomp.c++/pr35185.C  -O3 -fomit-frame-pointer -funroll-loops  execution test
FAIL: libgomp.c++/pr35185.C  -O3 -fomit-frame-pointer -funroll-all-loops -finline-functions  execution test
FAIL: libgomp.c++/pr35185.C  -O3 -g  execution test
FAIL: libgomp.c++/pr35185.C  -Os  execution test
FAIL: libgomp.c++/pr38650.C  -O0  execution test
FAIL: libgomp.c++/pr38650.C  -O1  execution test
FAIL: libgomp.c++/pr38650.C  -O2  execution test
FAIL: libgomp.c++/pr38650.C  -O3 -fomit-frame-pointer  execution test
FAIL: libgomp.c++/pr38650.C  -O3 -fomit-frame-pointer -funroll-loops  execution test
FAIL: libgomp.c++/pr38650.C  -O3 -fomit-frame-pointer -funroll-all-loops -finline-functions  execution test
FAIL: libgomp.c++/pr38650.C  -O3 -g  execution test
FAIL: libgomp.c++/pr38650.C  -Os  execution test
FAIL: libgomp.c++/pr39573.C  -O0  execution test
FAIL: libgomp.c++/pr39573.C  -O1  execution test
FAIL: libgomp.c++/pr39573.C  -O2  execution test
FAIL: libgomp.c++/pr39573.C  -O3 -fomit-frame-pointer  execution test
FAIL: libgomp.c++/pr39573.C  -O3 -fomit-frame-pointer -funroll-loops  execution test
FAIL: libgomp.c++/pr39573.C  -O3 -fomit-frame-pointer -funroll-all-loops -finline-functions  execution test
FAIL: libgomp.c++/pr39573.C  -O3 -g  execution test
FAIL: libgomp.c++/pr39573.C  -Os  execution test
FAIL: libgomp.c++/pr43893.C  -O0  execution test
FAIL: libgomp.c++/pr43893.C  -O1  execution test
FAIL: libgomp.c++/pr43893.C  -O2  execution test
FAIL: libgomp.c++/pr43893.C  -O3 -fomit-frame-pointer  execution test
FAIL: libgomp.c++/pr43893.C  -O3 -fomit-frame-pointer -funroll-loops  execution test
FAIL: libgomp.c++/pr43893.C  -O3 -fomit-frame-pointer -funroll-all-loops -finline-functions  execution test
FAIL: libgomp.c++/pr43893.C  -O3 -g  execution test
FAIL: libgomp.c++/pr43893.C  -Os  execution test
FAIL: libgomp.c++/pr48869.C  -O0  execution test
FAIL: libgomp.c++/pr48869.C  -O1  execution test
FAIL: libgomp.c++/pr48869.C  -O2  execution test
FAIL: libgomp.c++/pr48869.C  -O3 -fomit-frame-pointer  execution test
FAIL: libgomp.c++/pr48869.C  -O3 -fomit-frame-pointer -funroll-loops  execution test
FAIL: libgomp.c++/pr48869.C  -O3 -fomit-frame-pointer -funroll-all-loops -finline-functions  execution test
FAIL: libgomp.c++/pr48869.C  -O3 -g  execution test
FAIL: libgomp.c++/pr48869.C  -Os  execution test
FAIL: libgomp.c++/pr49043.C  -O0  execution test
FAIL: libgomp.c++/pr49043.C  -O1  execution test
FAIL: libgomp.c++/pr49043.C  -O2  execution test
FAIL: libgomp.c++/pr49043.C  -O3 -fomit-frame-pointer  execution test
FAIL: libgomp.c++/pr49043.C  -O3 -fomit-frame-pointer -funroll-loops  execution test
FAIL: libgomp.c++/pr49043.C  -O3 -fomit-frame-pointer -funroll-all-loops -finline-functions  execution test
FAIL: libgomp.c++/pr49043.C  -O3 -g  execution test
FAIL: libgomp.c++/pr49043.C  -Os  execution test
FAIL: libgomp.c++/reduction-1.C  -O  execution test
FAIL: libgomp.c++/reduction-2.C  -O  execution test
FAIL: libgomp.c++/reduction-3.C  -O  execution test
FAIL: libgomp.c++/sections-1.C  -O  execution test
FAIL: libgomp.c++/shared-1.C  -O  execution test
FAIL: libgomp.c++/shared-2.C  -O  execution test
FAIL: libgomp.c++/single-1.C  -O  execution test
FAIL: libgomp.c++/single-2.C  -O  execution test
FAIL: libgomp.c++/single-3.C  -O  execution test
FAIL: libgomp.c++/task-1.C  -O  execution test
FAIL: libgomp.c++/task-2.C  -O0  execution test
FAIL: libgomp.c++/task-2.C  -O1  execution test
FAIL: libgomp.c++/task-2.C  -O2  execution test
FAIL: libgomp.c++/task-2.C  -O3 -fomit-frame-pointer  execution test
FAIL: libgomp.c++/task-2.C  -O3 -fomit-frame-pointer -funroll-loops  execution test
FAIL: libgomp.c++/task-2.C  -O3 -fomit-frame-pointer -funroll-all-loops -finline-functions  execution test
FAIL: libgomp.c++/task-2.C  -O3 -g  execution test
FAIL: libgomp.c++/task-2.C  -Os  execution test
FAIL: libgomp.c++/task-3.C  -O0  execution test
FAIL: libgomp.c++/task-3.C  -O1  execution test
FAIL: libgomp.c++/task-3.C  -O2  execution test
FAIL: libgomp.c++/task-3.C  -O3 -fomit-frame-pointer  execution test
FAIL: libgomp.c++/task-3.C  -O3 -fomit-frame-pointer -funroll-loops  execution test
FAIL: libgomp.c++/task-3.C  -O3 -fomit-frame-pointer -funroll-all-loops -finline-functions  execution test
FAIL: libgomp.c++/task-3.C  -O3 -g  execution test
FAIL: libgomp.c++/task-3.C  -Os  execution test
FAIL: libgomp.c++/task-4.C  -O  execution test
FAIL: libgomp.c++/task-5.C  -O0  execution test
FAIL: libgomp.c++/task-5.C  -O1  execution test
FAIL: libgomp.c++/task-5.C  -O2  execution test
FAIL: libgomp.c++/task-5.C  -O3 -fomit-frame-pointer  execution test
FAIL: libgomp.c++/task-5.C  -O3 -fomit-frame-pointer -funroll-loops  execution test
FAIL: libgomp.c++/task-5.C  -O3 -fomit-frame-pointer -funroll-all-loops -finline-functions  execution test
FAIL: libgomp.c++/task-5.C  -O3 -g  execution test
FAIL: libgomp.c++/task-5.C  -Os  execution test
FAIL: libgomp.c++/task-6.C  -O  execution test
FAIL: libgomp.fortran/allocatable1.f90  -O0  execution test
FAIL: libgomp.fortran/allocatable1.f90  -O1  execution test
FAIL: libgomp.fortran/allocatable1.f90  -O2  execution test
FAIL: libgomp.fortran/allocatable1.f90  -O3 -fomit-frame-pointer  execution test
FAIL: libgomp.fortran/allocatable1.f90  -O3 -fomit-frame-pointer -funroll-loops  execution test
FAIL: libgomp.fortran/allocatable1.f90  -O3 -fomit-frame-pointer -funroll-all-loops -finline-functions  execution test
FAIL: libgomp.fortran/allocatable1.f90  -O3 -g  execution test
FAIL: libgomp.fortran/allocatable1.f90  -Os  execution test
FAIL: libgomp.fortran/allocatable2.f90  -O0  execution test
FAIL: libgomp.fortran/allocatable2.f90  -O1  execution test
FAIL: libgomp.fortran/allocatable2.f90  -O2  execution test
FAIL: libgomp.fortran/allocatable2.f90  -O3 -fomit-frame-pointer  execution test
FAIL: libgomp.fortran/allocatable2.f90  -O3 -fomit-frame-pointer -funroll-loops  execution test
FAIL: libgomp.fortran/allocatable2.f90  -O3 -fomit-frame-pointer -funroll-all-loops -finline-functions  execution test
FAIL: libgomp.fortran/allocatable2.f90  -O3 -g  execution test
FAIL: libgomp.fortran/allocatable2.f90  -Os  execution test
FAIL: libgomp.fortran/allocatable3.f90  -O0  execution test
FAIL: libgomp.fortran/allocatable3.f90  -O1  execution test
FAIL: libgomp.fortran/allocatable3.f90  -O2  execution test
FAIL: libgomp.fortran/allocatable3.f90  -O3 -fomit-frame-pointer  execution test
FAIL: libgomp.fortran/allocatable3.f90  -O3 -fomit-frame-pointer -funroll-loops  execution test
FAIL: libgomp.fortran/allocatable3.f90  -O3 -fomit-frame-pointer -funroll-all-loops -finline-functions  execution test
FAIL: libgomp.fortran/allocatable3.f90  -O3 -g  execution test
FAIL: libgomp.fortran/allocatable3.f90  -Os  execution test
FAIL: libgomp.fortran/allocatable5.f90  -O0  execution test
FAIL: libgomp.fortran/allocatable5.f90  -O1  execution test
FAIL: libgomp.fortran/allocatable5.f90  -O2  execution test
FAIL: libgomp.fortran/allocatable5.f90  -O3 -fomit-frame-pointer  execution test
FAIL: libgomp.fortran/allocatable5.f90  -O3 -fomit-frame-pointer -funroll-loops  execution test
FAIL: libgomp.fortran/allocatable5.f90  -O3 -fomit-frame-pointer -funroll-all-loops -finline-functions  execution test
FAIL: libgomp.fortran/allocatable5.f90  -O3 -g  execution test
FAIL: libgomp.fortran/allocatable5.f90  -Os  execution test
FAIL: libgomp.fortran/allocatable6.f90  -O0  execution test
FAIL: libgomp.fortran/allocatable6.f90  -O1  execution test
FAIL: libgomp.fortran/allocatable6.f90  -O2  execution test
FAIL: libgomp.fortran/allocatable6.f90  -O3 -fomit-frame-pointer  execution test
FAIL: libgomp.fortran/allocatable6.f90  -O3 -fomit-frame-pointer -funroll-loops  execution test
FAIL: libgomp.fortran/allocatable6.f90  -O3 -fomit-frame-pointer -funroll-all-loops -finline-functions  execution test
FAIL: libgomp.fortran/allocatable6.f90  -O3 -g  execution test
FAIL: libgomp.fortran/allocatable6.f90  -Os  execution test
FAIL: libgomp.fortran/appendix-a/a.16.1.f90  -O0  execution test
FAIL: libgomp.fortran/appendix-a/a.16.1.f90  -O1  execution test
FAIL: libgomp.fortran/appendix-a/a.16.1.f90  -O2  execution test
FAIL: libgomp.fortran/appendix-a/a.16.1.f90  -O3 -fomit-frame-pointer  execution test
FAIL: libgomp.fortran/appendix-a/a.16.1.f90  -O3 -fomit-frame-pointer -funroll-loops  execution test
FAIL: libgomp.fortran/appendix-a/a.16.1.f90  -O3 -fomit-frame-pointer -funroll-all-loops -finline-functions  execution test
FAIL: libgomp.fortran/appendix-a/a.16.1.f90  -O3 -g  execution test
FAIL: libgomp.fortran/appendix-a/a.16.1.f90  -Os  execution test
FAIL: libgomp.fortran/appendix-a/a.18.1.f90  -O0  execution test
FAIL: libgomp.fortran/appendix-a/a.18.1.f90  -O1  execution test
FAIL: libgomp.fortran/appendix-a/a.18.1.f90  -O2  execution test
FAIL: libgomp.fortran/appendix-a/a.18.1.f90  -O3 -fomit-frame-pointer  execution test
FAIL: libgomp.fortran/appendix-a/a.18.1.f90  -O3 -fomit-frame-pointer -funroll-loops  execution test
FAIL: libgomp.fortran/appendix-a/a.18.1.f90  -O3 -fomit-frame-pointer -funroll-all-loops -finline-functions  execution test
FAIL: libgomp.fortran/appendix-a/a.18.1.f90  -O3 -g  execution test
FAIL: libgomp.fortran/appendix-a/a.18.1.f90  -Os  execution test
FAIL: libgomp.fortran/appendix-a/a.19.1.f90  -O0  execution test
FAIL: libgomp.fortran/appendix-a/a.19.1.f90  -O1  execution test
FAIL: libgomp.fortran/appendix-a/a.19.1.f90  -O2  execution test
FAIL: libgomp.fortran/appendix-a/a.19.1.f90  -O3 -fomit-frame-pointer  execution test
FAIL: libgomp.fortran/appendix-a/a.19.1.f90  -O3 -fomit-frame-pointer -funroll-loops  execution test
FAIL: libgomp.fortran/appendix-a/a.19.1.f90  -O3 -fomit-frame-pointer -funroll-all-loops -finline-functions  execution test
FAIL: libgomp.fortran/appendix-a/a.19.1.f90  -O3 -g  execution test
FAIL: libgomp.fortran/appendix-a/a.19.1.f90  -Os  execution test
FAIL: libgomp.fortran/appendix-a/a.2.1.f90  -O0  execution test
FAIL: libgomp.fortran/appendix-a/a.2.1.f90  -O1  execution test
FAIL: libgomp.fortran/appendix-a/a.2.1.f90  -O2  execution test
FAIL: libgomp.fortran/appendix-a/a.2.1.f90  -O3 -fomit-frame-pointer  execution test
FAIL: libgomp.fortran/appendix-a/a.2.1.f90  -O3 -fomit-frame-pointer -funroll-loops  execution test
FAIL: libgomp.fortran/appendix-a/a.2.1.f90  -O3 -fomit-frame-pointer -funroll-all-loops -finline-functions  execution test
FAIL: libgomp.fortran/appendix-a/a.2.1.f90  -O3 -g  execution test
FAIL: libgomp.fortran/appendix-a/a.2.1.f90  -Os  execution test
FAIL: libgomp.fortran/appendix-a/a.22.7.f90  -O0  execution test
FAIL: libgomp.fortran/appendix-a/a.22.7.f90  -O1  execution test
FAIL: libgomp.fortran/appendix-a/a.22.7.f90  -O2  execution test
FAIL: libgomp.fortran/appendix-a/a.22.7.f90  -O3 -fomit-frame-pointer  execution test
FAIL: libgomp.fortran/appendix-a/a.22.7.f90  -O3 -fomit-frame-pointer -funroll-loops  execution test
FAIL: libgomp.fortran/appendix-a/a.22.7.f90  -O3 -fomit-frame-pointer -funroll-all-loops -finline-functions  execution test
FAIL: libgomp.fortran/appendix-a/a.22.7.f90  -O3 -g  execution test
FAIL: libgomp.fortran/appendix-a/a.22.7.f90  -Os  execution test
FAIL: libgomp.fortran/appendix-a/a.22.8.f90  -O0  execution test
FAIL: libgomp.fortran/appendix-a/a.22.8.f90  -O1  execution test
FAIL: libgomp.fortran/appendix-a/a.22.8.f90  -O2  execution test
FAIL: libgomp.fortran/appendix-a/a.22.8.f90  -O3 -fomit-frame-pointer  execution test
FAIL: libgomp.fortran/appendix-a/a.22.8.f90  -O3 -fomit-frame-pointer -funroll-loops  execution test
FAIL: libgomp.fortran/appendix-a/a.22.8.f90  -O3 -fomit-frame-pointer -funroll-all-loops -finline-functions  execution test
FAIL: libgomp.fortran/appendix-a/a.22.8.f90  -O3 -g  execution test
FAIL: libgomp.fortran/appendix-a/a.22.8.f90  -Os  execution test
FAIL: libgomp.fortran/appendix-a/a.26.1.f90  -O0  execution test
FAIL: libgomp.fortran/appendix-a/a.26.1.f90  -O1  execution test
FAIL: libgomp.fortran/appendix-a/a.26.1.f90  -O2  execution test
FAIL: libgomp.fortran/appendix-a/a.26.1.f90  -O3 -fomit-frame-pointer  execution test
FAIL: libgomp.fortran/appendix-a/a.26.1.f90  -O3 -fomit-frame-pointer -funroll-loops  execution test
FAIL: libgomp.fortran/appendix-a/a.26.1.f90  -O3 -fomit-frame-pointer -funroll-all-loops -finline-functions  execution test
FAIL: libgomp.fortran/appendix-a/a.26.1.f90  -O3 -g  execution test
FAIL: libgomp.fortran/appendix-a/a.26.1.f90  -Os  execution test
FAIL: libgomp.fortran/appendix-a/a.28.1.f90  -O0  execution test
FAIL: libgomp.fortran/appendix-a/a.28.1.f90  -O1  execution test
FAIL: libgomp.fortran/appendix-a/a.28.1.f90  -O2  execution test
FAIL: libgomp.fortran/appendix-a/a.28.1.f90  -O3 -fomit-frame-pointer  execution test
FAIL: libgomp.fortran/appendix-a/a.28.1.f90  -O3 -fomit-frame-pointer -funroll-loops  execution test
FAIL: libgomp.fortran/appendix-a/a.28.1.f90  -O3 -fomit-frame-pointer -funroll-all-loops -finline-functions  execution test
FAIL: libgomp.fortran/appendix-a/a.28.1.f90  -O3 -g  execution test
FAIL: libgomp.fortran/appendix-a/a.28.1.f90  -Os  execution test
FAIL: libgomp.fortran/appendix-a/a.28.2.f90  -O0  execution test
FAIL: libgomp.fortran/appendix-a/a.28.2.f90  -O1  execution test
FAIL: libgomp.fortran/appendix-a/a.28.2.f90  -O2  execution test
FAIL: libgomp.fortran/appendix-a/a.28.2.f90  -O3 -fomit-frame-pointer  execution test
FAIL: libgomp.fortran/appendix-a/a.28.2.f90  -O3 -fomit-frame-pointer -funroll-loops  execution test
FAIL: libgomp.fortran/appendix-a/a.28.2.f90  -O3 -fomit-frame-pointer -funroll-all-loops -finline-functions  execution test
FAIL: libgomp.fortran/appendix-a/a.28.2.f90  -O3 -g  execution test
FAIL: libgomp.fortran/appendix-a/a.28.2.f90  -Os  execution test
FAIL: libgomp.fortran/appendix-a/a.28.3.f90  -O0  execution test
FAIL: libgomp.fortran/appendix-a/a.28.3.f90  -O1  execution test
FAIL: libgomp.fortran/appendix-a/a.28.3.f90  -O2  execution test
FAIL: libgomp.fortran/appendix-a/a.28.3.f90  -O3 -fomit-frame-pointer  execution test
FAIL: libgomp.fortran/appendix-a/a.28.3.f90  -O3 -fomit-frame-pointer -funroll-loops  execution test
FAIL: libgomp.fortran/appendix-a/a.28.3.f90  -O3 -fomit-frame-pointer -funroll-all-loops -finline-functions  execution test
FAIL: libgomp.fortran/appendix-a/a.28.3.f90  -O3 -g  execution test
FAIL: libgomp.fortran/appendix-a/a.28.3.f90  -Os  execution test
FAIL: libgomp.fortran/appendix-a/a.28.4.f90  -O0  execution test
FAIL: libgomp.fortran/appendix-a/a.28.4.f90  -O1  execution test
FAIL: libgomp.fortran/appendix-a/a.28.4.f90  -O2  execution test
FAIL: libgomp.fortran/appendix-a/a.28.4.f90  -O3 -fomit-frame-pointer  execution test
FAIL: libgomp.fortran/appendix-a/a.28.4.f90  -O3 -fomit-frame-pointer -funroll-loops  execution test
FAIL: libgomp.fortran/appendix-a/a.28.4.f90  -O3 -fomit-frame-pointer -funroll-all-loops -finline-functions  execution test
FAIL: libgomp.fortran/appendix-a/a.28.4.f90  -O3 -g  execution test
FAIL: libgomp.fortran/appendix-a/a.28.4.f90  -Os  execution test
FAIL: libgomp.fortran/appendix-a/a.31.4.f90  -O0  execution test
FAIL: libgomp.fortran/appendix-a/a.31.4.f90  -O1  execution test
FAIL: libgomp.fortran/appendix-a/a.31.4.f90  -O2  execution test
FAIL: libgomp.fortran/appendix-a/a.31.4.f90  -O3 -fomit-frame-pointer  execution test
FAIL: libgomp.fortran/appendix-a/a.31.4.f90  -O3 -fomit-frame-pointer -funroll-loops  execution test
FAIL: libgomp.fortran/appendix-a/a.31.4.f90  -O3 -fomit-frame-pointer -funroll-all-loops -finline-functions  execution test
FAIL: libgomp.fortran/appendix-a/a.31.4.f90  -O3 -g  execution test
FAIL: libgomp.fortran/appendix-a/a.31.4.f90  -Os  execution test
FAIL: libgomp.fortran/appendix-a/a.31.5.f90  -O0  execution test
FAIL: libgomp.fortran/appendix-a/a.31.5.f90  -O1  execution test
FAIL: libgomp.fortran/appendix-a/a.31.5.f90  -O2  execution test
FAIL: libgomp.fortran/appendix-a/a.31.5.f90  -O3 -fomit-frame-pointer  execution test
FAIL: libgomp.fortran/appendix-a/a.31.5.f90  -O3 -fomit-frame-pointer -funroll-loops  execution test
FAIL: libgomp.fortran/appendix-a/a.31.5.f90  -O3 -fomit-frame-pointer -funroll-all-loops -finline-functions  execution test
FAIL: libgomp.fortran/appendix-a/a.31.5.f90  -O3 -g  execution test
FAIL: libgomp.fortran/appendix-a/a.31.5.f90  -Os  execution test
FAIL: libgomp.fortran/appendix-a/a.39.1.f90  -O0  execution test
FAIL: libgomp.fortran/appendix-a/a.39.1.f90  -O1  execution test
FAIL: libgomp.fortran/appendix-a/a.39.1.f90  -O2  execution test
FAIL: libgomp.fortran/appendix-a/a.39.1.f90  -O3 -fomit-frame-pointer  execution test
FAIL: libgomp.fortran/appendix-a/a.39.1.f90  -O3 -fomit-frame-pointer -funroll-loops  execution test
FAIL: libgomp.fortran/appendix-a/a.39.1.f90  -O3 -fomit-frame-pointer -funroll-all-loops -finline-functions  execution test
FAIL: libgomp.fortran/appendix-a/a.39.1.f90  -O3 -g  execution test
FAIL: libgomp.fortran/appendix-a/a.39.1.f90  -Os  execution test
FAIL: libgomp.fortran/appendix-a/a.4.1.f90  -O0  execution test
FAIL: libgomp.fortran/appendix-a/a.4.1.f90  -O1  execution test
FAIL: libgomp.fortran/appendix-a/a.4.1.f90  -O2  execution test
FAIL: libgomp.fortran/appendix-a/a.4.1.f90  -O3 -fomit-frame-pointer  execution test
FAIL: libgomp.fortran/appendix-a/a.4.1.f90  -O3 -fomit-frame-pointer -funroll-loops  execution test
FAIL: libgomp.fortran/appendix-a/a.4.1.f90  -O3 -fomit-frame-pointer -funroll-all-loops -finline-functions  execution test
FAIL: libgomp.fortran/appendix-a/a.4.1.f90  -O3 -g  execution test
FAIL: libgomp.fortran/appendix-a/a.4.1.f90  -Os  execution test
FAIL: libgomp.fortran/appendix-a/a.5.1.f90  -O0  execution test
FAIL: libgomp.fortran/appendix-a/a10.1.f90  -O0  execution test
FAIL: libgomp.fortran/appendix-a/a10.1.f90  -O1  execution test
FAIL: libgomp.fortran/appendix-a/a10.1.f90  -O2  execution test
FAIL: libgomp.fortran/appendix-a/a10.1.f90  -O3 -fomit-frame-pointer  execution test
FAIL: libgomp.fortran/appendix-a/a10.1.f90  -O3 -fomit-frame-pointer -funroll-loops  execution test
FAIL: libgomp.fortran/appendix-a/a10.1.f90  -O3 -fomit-frame-pointer -funroll-all-loops -finline-functions  execution test
FAIL: libgomp.fortran/appendix-a/a10.1.f90  -O3 -g  execution test
FAIL: libgomp.fortran/appendix-a/a10.1.f90  -Os  execution test
FAIL: libgomp.fortran/character1.f90  -O0  execution test
FAIL: libgomp.fortran/character1.f90  -O1  execution test
FAIL: libgomp.fortran/character1.f90  -O2  execution test
FAIL: libgomp.fortran/character1.f90  -O3 -fomit-frame-pointer  execution test
FAIL: libgomp.fortran/character1.f90  -O3 -fomit-frame-pointer -funroll-loops  execution test
FAIL: libgomp.fortran/character1.f90  -O3 -fomit-frame-pointer -funroll-all-loops -finline-functions  execution test
FAIL: libgomp.fortran/character1.f90  -O3 -g  execution test
FAIL: libgomp.fortran/character1.f90  -Os  execution test
FAIL: libgomp.fortran/character2.f90  -O0  execution test
FAIL: libgomp.fortran/character2.f90  -O1  execution test
FAIL: libgomp.fortran/character2.f90  -O2  execution test
FAIL: libgomp.fortran/character2.f90  -O3 -fomit-frame-pointer  execution test
FAIL: libgomp.fortran/character2.f90  -O3 -fomit-frame-pointer -funroll-loops  execution test
FAIL: libgomp.fortran/character2.f90  -O3 -fomit-frame-pointer -funroll-all-loops -finline-functions  execution test
FAIL: libgomp.fortran/character2.f90  -O3 -g  execution test
FAIL: libgomp.fortran/character2.f90  -Os  execution test
FAIL: libgomp.fortran/collapse1.f90  -O0  execution test
FAIL: libgomp.fortran/collapse1.f90  -O1  execution test
FAIL: libgomp.fortran/collapse1.f90  -O2  execution test
FAIL: libgomp.fortran/collapse1.f90  -O3 -fomit-frame-pointer  execution test
FAIL: libgomp.fortran/collapse1.f90  -O3 -fomit-frame-pointer -funroll-loops  execution test
FAIL: libgomp.fortran/collapse1.f90  -O3 -fomit-frame-pointer -funroll-all-loops -finline-functions  execution test
FAIL: libgomp.fortran/collapse1.f90  -O3 -g  execution test
FAIL: libgomp.fortran/collapse1.f90  -Os  execution test
FAIL: libgomp.fortran/collapse2.f90  -O0  execution test
FAIL: libgomp.fortran/collapse2.f90  -O1  execution test
FAIL: libgomp.fortran/collapse2.f90  -O2  execution test
FAIL: libgomp.fortran/collapse2.f90  -O3 -fomit-frame-pointer  execution test
FAIL: libgomp.fortran/collapse2.f90  -O3 -fomit-frame-pointer -funroll-loops  execution test
FAIL: libgomp.fortran/collapse2.f90  -O3 -fomit-frame-pointer -funroll-all-loops -finline-functions  execution test
FAIL: libgomp.fortran/collapse2.f90  -O3 -g  execution test
FAIL: libgomp.fortran/collapse2.f90  -Os  execution test
FAIL: libgomp.fortran/collapse3.f90  -O0  execution test
FAIL: libgomp.fortran/collapse3.f90  -O1  execution test
FAIL: libgomp.fortran/collapse3.f90  -O2  execution test
FAIL: libgomp.fortran/collapse3.f90  -O3 -fomit-frame-pointer  execution test
FAIL: libgomp.fortran/collapse3.f90  -O3 -fomit-frame-pointer -funroll-loops  execution test
FAIL: libgomp.fortran/collapse3.f90  -O3 -fomit-frame-pointer -funroll-all-loops -finline-functions  execution test
FAIL: libgomp.fortran/collapse3.f90  -O3 -g  execution test
FAIL: libgomp.fortran/collapse3.f90  -Os  execution test
FAIL: libgomp.fortran/collapse4.f90  -O0  execution test
FAIL: libgomp.fortran/collapse4.f90  -O1  execution test
FAIL: libgomp.fortran/collapse4.f90  -O2  execution test
FAIL: libgomp.fortran/collapse4.f90  -O3 -fomit-frame-pointer  execution test
FAIL: libgomp.fortran/collapse4.f90  -O3 -fomit-frame-pointer -funroll-loops  execution test
FAIL: libgomp.fortran/collapse4.f90  -O3 -fomit-frame-pointer -funroll-all-loops -finline-functions  execution test
FAIL: libgomp.fortran/collapse4.f90  -O3 -g  execution test
FAIL: libgomp.fortran/collapse4.f90  -Os  execution test
FAIL: libgomp.fortran/crayptr1.f90  -O0  execution test
FAIL: libgomp.fortran/crayptr1.f90  -O1  execution test
FAIL: libgomp.fortran/crayptr1.f90  -O2  execution test
FAIL: libgomp.fortran/crayptr1.f90  -O3 -fomit-frame-pointer  execution test
FAIL: libgomp.fortran/crayptr1.f90  -O3 -fomit-frame-pointer -funroll-loops  execution test
FAIL: libgomp.fortran/crayptr1.f90  -O3 -fomit-frame-pointer -funroll-all-loops -finline-functions  execution test
FAIL: libgomp.fortran/crayptr1.f90  -O3 -g  execution test
FAIL: libgomp.fortran/crayptr1.f90  -Os  execution test
FAIL: libgomp.fortran/crayptr2.f90  -O0  execution test
FAIL: libgomp.fortran/crayptr2.f90  -O1  execution test
FAIL: libgomp.fortran/crayptr2.f90  -O2  execution test
FAIL: libgomp.fortran/crayptr2.f90  -O3 -fomit-frame-pointer  execution test
FAIL: libgomp.fortran/crayptr2.f90  -O3 -fomit-frame-pointer -funroll-loops  execution test
FAIL: libgomp.fortran/crayptr2.f90  -O3 -fomit-frame-pointer -funroll-all-loops -finline-functions  execution test
FAIL: libgomp.fortran/crayptr2.f90  -O3 -g  execution test
FAIL: libgomp.fortran/crayptr2.f90  -Os  execution test
FAIL: libgomp.fortran/do1.f90  -O0  execution test
FAIL: libgomp.fortran/do1.f90  -O1  execution test
FAIL: libgomp.fortran/do1.f90  -O2  execution test
FAIL: libgomp.fortran/do1.f90  -O3 -fomit-frame-pointer  execution test
FAIL: libgomp.fortran/do1.f90  -O3 -fomit-frame-pointer -funroll-loops  execution test
FAIL: libgomp.fortran/do1.f90  -O3 -fomit-frame-pointer -funroll-all-loops -finline-functions  execution test
FAIL: libgomp.fortran/do1.f90  -O3 -g  execution test
FAIL: libgomp.fortran/do1.f90  -Os  execution test
FAIL: libgomp.fortran/do2.f90  -O0  execution test
FAIL: libgomp.fortran/do2.f90  -O1  execution test
FAIL: libgomp.fortran/do2.f90  -O2  execution test
FAIL: libgomp.fortran/do2.f90  -O3 -fomit-frame-pointer  execution test
FAIL: libgomp.fortran/do2.f90  -O3 -fomit-frame-pointer -funroll-loops  execution test
FAIL: libgomp.fortran/do2.f90  -O3 -fomit-frame-pointer -funroll-all-loops -finline-functions  execution test
FAIL: libgomp.fortran/do2.f90  -O3 -g  execution test
FAIL: libgomp.fortran/do2.f90  -Os  execution test
FAIL: libgomp.fortran/jacobi.f  -O0  execution test
FAIL: libgomp.fortran/jacobi.f  -O1  execution test
FAIL: libgomp.fortran/jacobi.f  -O2  execution test
FAIL: libgomp.fortran/jacobi.f  -O3 -fomit-frame-pointer  execution test
FAIL: libgomp.fortran/jacobi.f  -O3 -fomit-frame-pointer -funroll-loops  execution test
FAIL: libgomp.fortran/jacobi.f  -O3 -fomit-frame-pointer -funroll-all-loops -finline-functions  execution test
FAIL: libgomp.fortran/jacobi.f  -O3 -g  execution test
FAIL: libgomp.fortran/jacobi.f  -Os  execution test
FAIL: libgomp.fortran/lastprivate1.f90  -O  execution test
FAIL: libgomp.fortran/lastprivate2.f90  -O  execution test
FAIL: libgomp.fortran/lib1.f90  -O0  execution test
FAIL: libgomp.fortran/lib1.f90  -O1  execution test
FAIL: libgomp.fortran/lib1.f90  -O2  execution test
FAIL: libgomp.fortran/lib1.f90  -O3 -fomit-frame-pointer  execution test
FAIL: libgomp.fortran/lib1.f90  -O3 -fomit-frame-pointer -funroll-loops  execution test
FAIL: libgomp.fortran/lib1.f90  -O3 -fomit-frame-pointer -funroll-all-loops -finline-functions  execution test
FAIL: libgomp.fortran/lib1.f90  -O3 -g  execution test
FAIL: libgomp.fortran/lib1.f90  -Os  execution test
FAIL: libgomp.fortran/lib2.f  -O0  execution test
FAIL: libgomp.fortran/lib2.f  -O1  execution test
FAIL: libgomp.fortran/lib2.f  -O2  execution test
FAIL: libgomp.fortran/lib2.f  -O3 -fomit-frame-pointer  execution test
FAIL: libgomp.fortran/lib2.f  -O3 -fomit-frame-pointer -funroll-loops  execution test
FAIL: libgomp.fortran/lib2.f  -O3 -fomit-frame-pointer -funroll-all-loops -finline-functions  execution test
FAIL: libgomp.fortran/lib2.f  -O3 -g  execution test
FAIL: libgomp.fortran/lib2.f  -Os  execution test
FAIL: libgomp.fortran/lib3.f  -O0  execution test
FAIL: libgomp.fortran/lib3.f  -O1  execution test
FAIL: libgomp.fortran/lib3.f  -O2  execution test
FAIL: libgomp.fortran/lib3.f  -O3 -fomit-frame-pointer  execution test
FAIL: libgomp.fortran/lib3.f  -O3 -fomit-frame-pointer -funroll-loops  execution test
FAIL: libgomp.fortran/lib3.f  -O3 -fomit-frame-pointer -funroll-all-loops -finline-functions  execution test
FAIL: libgomp.fortran/lib3.f  -O3 -g  execution test
FAIL: libgomp.fortran/lib3.f  -Os  execution test
FAIL: libgomp.fortran/nested1.f90  -O0  execution test
FAIL: libgomp.fortran/nested1.f90  -O1  execution test
FAIL: libgomp.fortran/nested1.f90  -O2  execution test
FAIL: libgomp.fortran/nested1.f90  -O3 -fomit-frame-pointer  execution test
FAIL: libgomp.fortran/nested1.f90  -O3 -fomit-frame-pointer -funroll-loops  execution test
FAIL: libgomp.fortran/nested1.f90  -O3 -fomit-frame-pointer -funroll-all-loops -finline-functions  execution test
FAIL: libgomp.fortran/nested1.f90  -O3 -g  execution test
FAIL: libgomp.fortran/nested1.f90  -Os  execution test
FAIL: libgomp.fortran/nestedfn1.f90  -O0  execution test
FAIL: libgomp.fortran/nestedfn1.f90  -O1  execution test
FAIL: libgomp.fortran/nestedfn1.f90  -O2  execution test
FAIL: libgomp.fortran/nestedfn1.f90  -O3 -fomit-frame-pointer  execution test
FAIL: libgomp.fortran/nestedfn1.f90  -O3 -fomit-frame-pointer -funroll-loops  execution test
FAIL: libgomp.fortran/nestedfn1.f90  -O3 -fomit-frame-pointer -funroll-all-loops -finline-functions  execution test
FAIL: libgomp.fortran/nestedfn1.f90  -O3 -g  execution test
FAIL: libgomp.fortran/nestedfn1.f90  -Os  execution test
FAIL: libgomp.fortran/nestedfn2.f90  -O0  execution test
FAIL: libgomp.fortran/nestedfn2.f90  -O1  execution test
FAIL: libgomp.fortran/nestedfn2.f90  -O2  execution test
FAIL: libgomp.fortran/nestedfn2.f90  -O3 -fomit-frame-pointer  execution test
FAIL: libgomp.fortran/nestedfn2.f90  -O3 -fomit-frame-pointer -funroll-loops  execution test
FAIL: libgomp.fortran/nestedfn2.f90  -O3 -fomit-frame-pointer -funroll-all-loops -finline-functions  execution test
FAIL: libgomp.fortran/nestedfn2.f90  -O3 -g  execution test
FAIL: libgomp.fortran/nestedfn2.f90  -Os  execution test
FAIL: libgomp.fortran/nestedfn3.f90  -O0  execution test
FAIL: libgomp.fortran/nestedfn3.f90  -O1  execution test
FAIL: libgomp.fortran/nestedfn3.f90  -O2  execution test
FAIL: libgomp.fortran/nestedfn3.f90  -O3 -fomit-frame-pointer  execution test
FAIL: libgomp.fortran/nestedfn3.f90  -O3 -fomit-frame-pointer -funroll-loops  execution test
FAIL: libgomp.fortran/nestedfn3.f90  -O3 -fomit-frame-pointer -funroll-all-loops -finline-functions  execution test
FAIL: libgomp.fortran/nestedfn3.f90  -O3 -g  execution test
FAIL: libgomp.fortran/nestedfn3.f90  -Os  execution test
FAIL: libgomp.fortran/nestedfn4.f90  -O  execution test
FAIL: libgomp.fortran/omp_hello.f  -O  execution test
FAIL: libgomp.fortran/omp_orphan.f  -O  execution test
FAIL: libgomp.fortran/omp_parse1.f90  -O0  execution test
FAIL: libgomp.fortran/omp_parse1.f90  -O1  execution test
FAIL: libgomp.fortran/omp_parse1.f90  -O2  execution test
FAIL: libgomp.fortran/omp_parse1.f90  -O3 -fomit-frame-pointer  execution test
FAIL: libgomp.fortran/omp_parse1.f90  -O3 -fomit-frame-pointer -funroll-loops  execution test
FAIL: libgomp.fortran/omp_parse1.f90  -O3 -fomit-frame-pointer -funroll-all-loops -finline-functions  execution test
FAIL: libgomp.fortran/omp_parse1.f90  -O3 -g  execution test
FAIL: libgomp.fortran/omp_parse1.f90  -Os  execution test
FAIL: libgomp.fortran/omp_parse2.f90  -O0  execution test
FAIL: libgomp.fortran/omp_parse2.f90  -O1  execution test
FAIL: libgomp.fortran/omp_parse2.f90  -O2  execution test
FAIL: libgomp.fortran/omp_parse2.f90  -O3 -fomit-frame-pointer  execution test
FAIL: libgomp.fortran/omp_parse2.f90  -O3 -fomit-frame-pointer -funroll-loops  execution test
FAIL: libgomp.fortran/omp_parse2.f90  -O3 -fomit-frame-pointer -funroll-all-loops -finline-functions  execution test
FAIL: libgomp.fortran/omp_parse2.f90  -O3 -g  execution test
FAIL: libgomp.fortran/omp_parse2.f90  -Os  execution test
FAIL: libgomp.fortran/omp_parse3.f90  -O0  execution test
FAIL: libgomp.fortran/omp_parse3.f90  -O1  execution test
FAIL: libgomp.fortran/omp_parse3.f90  -O2  execution test
FAIL: libgomp.fortran/omp_parse3.f90  -O3 -fomit-frame-pointer  execution test
FAIL: libgomp.fortran/omp_parse3.f90  -O3 -fomit-frame-pointer -funroll-loops  execution test
FAIL: libgomp.fortran/omp_parse3.f90  -O3 -fomit-frame-pointer -funroll-all-loops -finline-functions  execution test
FAIL: libgomp.fortran/omp_parse3.f90  -O3 -g  execution test
FAIL: libgomp.fortran/omp_parse3.f90  -Os  execution test
FAIL: libgomp.fortran/omp_parse4.f90  -O0  execution test
FAIL: libgomp.fortran/omp_parse4.f90  -O1  execution test
FAIL: libgomp.fortran/omp_parse4.f90  -O2  execution test
FAIL: libgomp.fortran/omp_parse4.f90  -O3 -fomit-frame-pointer  execution test
FAIL: libgomp.fortran/omp_parse4.f90  -O3 -fomit-frame-pointer -funroll-loops  execution test
FAIL: libgomp.fortran/omp_parse4.f90  -O3 -fomit-frame-pointer -funroll-all-loops -finline-functions  execution test
FAIL: libgomp.fortran/omp_parse4.f90  -O3 -g  execution test
FAIL: libgomp.fortran/omp_parse4.f90  -Os  execution test
FAIL: libgomp.fortran/omp_reduction.f  -O  execution test
FAIL: libgomp.fortran/omp_workshare1.f  -O  execution test
FAIL: libgomp.fortran/omp_workshare2.f  -O  execution test
FAIL: libgomp.fortran/pr25162.f  -O0  execution test
FAIL: libgomp.fortran/pr25162.f  -O1  execution test
FAIL: libgomp.fortran/pr25162.f  -O2  execution test
FAIL: libgomp.fortran/pr25162.f  -O3 -fomit-frame-pointer  execution test
FAIL: libgomp.fortran/pr25162.f  -O3 -fomit-frame-pointer -funroll-loops  execution test
FAIL: libgomp.fortran/pr25162.f  -O3 -fomit-frame-pointer -funroll-all-loops -finline-functions  execution test
FAIL: libgomp.fortran/pr25162.f  -O3 -g  execution test
FAIL: libgomp.fortran/pr25162.f  -Os  execution test
FAIL: libgomp.fortran/pr25219.f90  -O  execution test
FAIL: libgomp.fortran/pr27395-1.f90  -O0  execution test
FAIL: libgomp.fortran/pr27395-1.f90  -O1  execution test
FAIL: libgomp.fortran/pr27395-1.f90  -O2  execution test
FAIL: libgomp.fortran/pr27395-1.f90  -O3 -fomit-frame-pointer  execution test
FAIL: libgomp.fortran/pr27395-1.f90  -O3 -fomit-frame-pointer -funroll-loops  execution test
FAIL: libgomp.fortran/pr27395-1.f90  -O3 -fomit-frame-pointer -funroll-all-loops -finline-functions  execution test
FAIL: libgomp.fortran/pr27395-1.f90  -O3 -g  execution test
FAIL: libgomp.fortran/pr27395-1.f90  -Os  execution test
FAIL: libgomp.fortran/pr27395-2.f90  -O0  execution test
FAIL: libgomp.fortran/pr27395-2.f90  -O1  execution test
FAIL: libgomp.fortran/pr27395-2.f90  -O2  execution test
FAIL: libgomp.fortran/pr27395-2.f90  -O3 -fomit-frame-pointer  execution test
FAIL: libgomp.fortran/pr27395-2.f90  -O3 -fomit-frame-pointer -funroll-loops  execution test
FAIL: libgomp.fortran/pr27395-2.f90  -O3 -fomit-frame-pointer -funroll-all-loops -finline-functions  execution test
FAIL: libgomp.fortran/pr27395-2.f90  -O3 -g  execution test
FAIL: libgomp.fortran/pr27395-2.f90  -Os  execution test
FAIL: libgomp.fortran/pr27416-1.f90  -O0  execution test
FAIL: libgomp.fortran/pr27416-1.f90  -O1  execution test
FAIL: libgomp.fortran/pr27416-1.f90  -O2  execution test
FAIL: libgomp.fortran/pr27416-1.f90  -O3 -fomit-frame-pointer  execution test
FAIL: libgomp.fortran/pr27416-1.f90  -O3 -fomit-frame-pointer -funroll-loops  execution test
FAIL: libgomp.fortran/pr27416-1.f90  -O3 -fomit-frame-pointer -funroll-all-loops -finline-functions  execution test
FAIL: libgomp.fortran/pr27416-1.f90  -O3 -g  execution test
FAIL: libgomp.fortran/pr27416-1.f90  -Os  execution test
FAIL: libgomp.fortran/pr27916-1.f90  -O0  execution test
FAIL: libgomp.fortran/pr27916-1.f90  -O1  execution test
FAIL: libgomp.fortran/pr27916-1.f90  -O2  execution test
FAIL: libgomp.fortran/pr27916-1.f90  -O3 -fomit-frame-pointer  execution test
FAIL: libgomp.fortran/pr27916-1.f90  -O3 -fomit-frame-pointer -funroll-loops  execution test
FAIL: libgomp.fortran/pr27916-1.f90  -O3 -fomit-frame-pointer -funroll-all-loops -finline-functions  execution test
FAIL: libgomp.fortran/pr27916-1.f90  -O3 -g  execution test
FAIL: libgomp.fortran/pr27916-1.f90  -Os  execution test
FAIL: libgomp.fortran/pr27916-2.f90  -O0  execution test
FAIL: libgomp.fortran/pr27916-2.f90  -O1  execution test
FAIL: libgomp.fortran/pr27916-2.f90  -O2  execution test
FAIL: libgomp.fortran/pr27916-2.f90  -O3 -fomit-frame-pointer  execution test
FAIL: libgomp.fortran/pr27916-2.f90  -O3 -fomit-frame-pointer -funroll-loops  execution test
FAIL: libgomp.fortran/pr27916-2.f90  -O3 -fomit-frame-pointer -funroll-all-loops -finline-functions  execution test
FAIL: libgomp.fortran/pr27916-2.f90  -O3 -g  execution test
FAIL: libgomp.fortran/pr27916-2.f90  -Os  execution test
FAIL: libgomp.fortran/pr28390.f  -O  execution test
FAIL: libgomp.fortran/pr29629.f90  -O0  execution test
FAIL: libgomp.fortran/pr29629.f90  -O1  execution test
FAIL: libgomp.fortran/pr29629.f90  -O2  execution test
FAIL: libgomp.fortran/pr29629.f90  -O3 -fomit-frame-pointer  execution test
FAIL: libgomp.fortran/pr29629.f90  -O3 -fomit-frame-pointer -funroll-loops  execution test
FAIL: libgomp.fortran/pr29629.f90  -O3 -fomit-frame-pointer -funroll-all-loops -finline-functions  execution test
FAIL: libgomp.fortran/pr29629.f90  -O3 -g  execution test
FAIL: libgomp.fortran/pr29629.f90  -Os  execution test
FAIL: libgomp.fortran/pr32550.f90  -O0  execution test
FAIL: libgomp.fortran/pr32550.f90  -O1  execution test
FAIL: libgomp.fortran/pr32550.f90  -O2  execution test
FAIL: libgomp.fortran/pr32550.f90  -O3 -fomit-frame-pointer  execution test
FAIL: libgomp.fortran/pr32550.f90  -O3 -fomit-frame-pointer -funroll-loops  execution test
FAIL: libgomp.fortran/pr32550.f90  -O3 -fomit-frame-pointer -funroll-all-loops -finline-functions  execution test
FAIL: libgomp.fortran/pr32550.f90  -O3 -g  execution test
FAIL: libgomp.fortran/pr32550.f90  -Os  execution test
FAIL: libgomp.fortran/pr33880.f90  -O0  execution test
FAIL: libgomp.fortran/pr33880.f90  -O1  execution test
FAIL: libgomp.fortran/pr33880.f90  -O2  execution test
FAIL: libgomp.fortran/pr33880.f90  -O3 -fomit-frame-pointer  execution test
FAIL: libgomp.fortran/pr33880.f90  -O3 -fomit-frame-pointer -funroll-loops  execution test
FAIL: libgomp.fortran/pr33880.f90  -O3 -fomit-frame-pointer -funroll-all-loops -finline-functions  execution test
FAIL: libgomp.fortran/pr33880.f90  -O3 -g  execution test
FAIL: libgomp.fortran/pr33880.f90  -Os  execution test
FAIL: libgomp.fortran/pr34020.f90  -O0  execution test
FAIL: libgomp.fortran/pr34020.f90  -O1  execution test
FAIL: libgomp.fortran/pr34020.f90  -O2  execution test
FAIL: libgomp.fortran/pr34020.f90  -O3 -fomit-frame-pointer  execution test
FAIL: libgomp.fortran/pr34020.f90  -O3 -fomit-frame-pointer -funroll-loops  execution test
FAIL: libgomp.fortran/pr34020.f90  -O3 -fomit-frame-pointer -funroll-all-loops -finline-functions  execution test
FAIL: libgomp.fortran/pr34020.f90  -O3 -g  execution test
FAIL: libgomp.fortran/pr34020.f90  -Os  execution test
FAIL: libgomp.fortran/pr35130.f90  -O  execution test
FAIL: libgomp.fortran/pr42162.f90  -O0  execution test
FAIL: libgomp.fortran/pr42162.f90  -O1  execution test
FAIL: libgomp.fortran/pr42162.f90  -O2  execution test
FAIL: libgomp.fortran/pr42162.f90  -O3 -fomit-frame-pointer  execution test
FAIL: libgomp.fortran/pr42162.f90  -O3 -fomit-frame-pointer -funroll-loops  execution test
FAIL: libgomp.fortran/pr42162.f90  -O3 -fomit-frame-pointer -funroll-all-loops -finline-functions  execution test
FAIL: libgomp.fortran/pr42162.f90  -O3 -g  execution test
FAIL: libgomp.fortran/pr42162.f90  -Os  execution test
FAIL: libgomp.fortran/pr46753.f90  -O0  execution test
FAIL: libgomp.fortran/pr46753.f90  -O1  execution test
FAIL: libgomp.fortran/pr46753.f90  -O2  execution test
FAIL: libgomp.fortran/pr46753.f90  -O3 -fomit-frame-pointer  execution test
FAIL: libgomp.fortran/pr46753.f90  -O3 -fomit-frame-pointer -funroll-loops  execution test
FAIL: libgomp.fortran/pr46753.f90  -O3 -fomit-frame-pointer -funroll-all-loops -finline-functions  execution test
FAIL: libgomp.fortran/pr46753.f90  -O3 -g  execution test
FAIL: libgomp.fortran/pr46753.f90  -Os  execution test
FAIL: libgomp.fortran/pr48894.f90  -O0  execution test
FAIL: libgomp.fortran/pr48894.f90  -O1  execution test
FAIL: libgomp.fortran/pr48894.f90  -O2  execution test
FAIL: libgomp.fortran/pr48894.f90  -O3 -fomit-frame-pointer  execution test
FAIL: libgomp.fortran/pr48894.f90  -O3 -fomit-frame-pointer -funroll-loops  execution test
FAIL: libgomp.fortran/pr48894.f90  -O3 -fomit-frame-pointer -funroll-all-loops -finline-functions  execution test
FAIL: libgomp.fortran/pr48894.f90  -O3 -g  execution test
FAIL: libgomp.fortran/pr48894.f90  -Os  execution test
FAIL: libgomp.fortran/pr49792-1.f90  -O0  execution test
FAIL: libgomp.fortran/pr49792-1.f90  -O1  execution test
FAIL: libgomp.fortran/pr49792-1.f90  -O2  execution test
FAIL: libgomp.fortran/pr49792-1.f90  -O3 -fomit-frame-pointer  execution test
FAIL: libgomp.fortran/pr49792-1.f90  -O3 -fomit-frame-pointer -funroll-loops  execution test
FAIL: libgomp.fortran/pr49792-1.f90  -O3 -fomit-frame-pointer -funroll-all-loops -finline-functions  execution test
FAIL: libgomp.fortran/pr49792-1.f90  -O3 -g  execution test
FAIL: libgomp.fortran/pr49792-1.f90  -Os  execution test
FAIL: libgomp.fortran/pr49792-2.f90  -O0  execution test
FAIL: libgomp.fortran/pr49792-2.f90  -O1  execution test
FAIL: libgomp.fortran/pr49792-2.f90  -O2  execution test
FAIL: libgomp.fortran/pr49792-2.f90  -O3 -fomit-frame-pointer  execution test
FAIL: libgomp.fortran/pr49792-2.f90  -O3 -fomit-frame-pointer -funroll-loops  execution test
FAIL: libgomp.fortran/pr49792-2.f90  -O3 -fomit-frame-pointer -funroll-all-loops -finline-functions  execution test
FAIL: libgomp.fortran/pr49792-2.f90  -O3 -g  execution test
FAIL: libgomp.fortran/pr49792-2.f90  -Os  execution test
FAIL: libgomp.fortran/recursion1.f90  -O0  execution test
FAIL: libgomp.fortran/recursion1.f90  -O1  execution test
FAIL: libgomp.fortran/recursion1.f90  -O2  execution test
FAIL: libgomp.fortran/recursion1.f90  -O3 -fomit-frame-pointer  execution test
FAIL: libgomp.fortran/recursion1.f90  -O3 -fomit-frame-pointer -funroll-loops  execution test
FAIL: libgomp.fortran/recursion1.f90  -O3 -fomit-frame-pointer -funroll-all-loops -finline-functions  execution test
FAIL: libgomp.fortran/recursion1.f90  -O3 -g  execution test
FAIL: libgomp.fortran/recursion1.f90  -Os  execution test
FAIL: libgomp.fortran/reduction1.f90  -O0  execution test
FAIL: libgomp.fortran/reduction1.f90  -O1  execution test
FAIL: libgomp.fortran/reduction1.f90  -O2  execution test
FAIL: libgomp.fortran/reduction1.f90  -O3 -fomit-frame-pointer  execution test
FAIL: libgomp.fortran/reduction1.f90  -O3 -fomit-frame-pointer -funroll-loops  execution test
FAIL: libgomp.fortran/reduction1.f90  -O3 -fomit-frame-pointer -funroll-all-loops -finline-functions  execution test
FAIL: libgomp.fortran/reduction1.f90  -O3 -g  execution test
FAIL: libgomp.fortran/reduction1.f90  -Os  execution test
FAIL: libgomp.fortran/reduction2.f90  -O0  execution test
FAIL: libgomp.fortran/reduction2.f90  -O1  execution test
FAIL: libgomp.fortran/reduction2.f90  -O2  execution test
FAIL: libgomp.fortran/reduction2.f90  -O3 -fomit-frame-pointer  execution test
FAIL: libgomp.fortran/reduction2.f90  -O3 -fomit-frame-pointer -funroll-loops  execution test
FAIL: libgomp.fortran/reduction2.f90  -O3 -fomit-frame-pointer -funroll-all-loops -finline-functions  execution test
FAIL: libgomp.fortran/reduction2.f90  -O3 -g  execution test
FAIL: libgomp.fortran/reduction2.f90  -Os  execution test
FAIL: libgomp.fortran/reduction3.f90  -O0  execution test
FAIL: libgomp.fortran/reduction3.f90  -O1  execution test
FAIL: libgomp.fortran/reduction3.f90  -O2  execution test
FAIL: libgomp.fortran/reduction3.f90  -O3 -fomit-frame-pointer  execution test
FAIL: libgomp.fortran/reduction3.f90  -O3 -fomit-frame-pointer -funroll-loops  execution test
FAIL: libgomp.fortran/reduction3.f90  -O3 -fomit-frame-pointer -funroll-all-loops -finline-functions  execution test
FAIL: libgomp.fortran/reduction3.f90  -O3 -g  execution test
FAIL: libgomp.fortran/reduction3.f90  -Os  execution test
FAIL: libgomp.fortran/reduction4.f90  -O0  execution test
FAIL: libgomp.fortran/reduction4.f90  -O1  execution test
FAIL: libgomp.fortran/reduction4.f90  -O2  execution test
FAIL: libgomp.fortran/reduction4.f90  -O3 -fomit-frame-pointer  execution test
FAIL: libgomp.fortran/reduction4.f90  -O3 -fomit-frame-pointer -funroll-loops  execution test
FAIL: libgomp.fortran/reduction4.f90  -O3 -fomit-frame-pointer -funroll-all-loops -finline-functions  execution test
FAIL: libgomp.fortran/reduction4.f90  -O3 -g  execution test
FAIL: libgomp.fortran/reduction4.f90  -Os  execution test
FAIL: libgomp.fortran/reduction5.f90  -O0  execution test
FAIL: libgomp.fortran/reduction5.f90  -O1  execution test
FAIL: libgomp.fortran/reduction5.f90  -O2  execution test
FAIL: libgomp.fortran/reduction5.f90  -O3 -fomit-frame-pointer  execution test
FAIL: libgomp.fortran/reduction5.f90  -O3 -fomit-frame-pointer -funroll-loops  execution test
FAIL: libgomp.fortran/reduction5.f90  -O3 -fomit-frame-pointer -funroll-all-loops -finline-functions  execution test
FAIL: libgomp.fortran/reduction5.f90  -O3 -g  execution test
FAIL: libgomp.fortran/reduction5.f90  -Os  execution test
FAIL: libgomp.fortran/reduction6.f90  -O0  execution test
FAIL: libgomp.fortran/reduction6.f90  -O1  execution test
FAIL: libgomp.fortran/reduction6.f90  -O2  execution test
FAIL: libgomp.fortran/reduction6.f90  -O3 -fomit-frame-pointer  execution test
FAIL: libgomp.fortran/reduction6.f90  -O3 -fomit-frame-pointer -funroll-loops  execution test
FAIL: libgomp.fortran/reduction6.f90  -O3 -fomit-frame-pointer -funroll-all-loops -finline-functions  execution test
FAIL: libgomp.fortran/reduction6.f90  -O3 -g  execution test
FAIL: libgomp.fortran/reduction6.f90  -Os  execution test
FAIL: libgomp.fortran/reference1.f90  -O0  execution test
FAIL: libgomp.fortran/reference1.f90  -O1  execution test
FAIL: libgomp.fortran/reference1.f90  -O2  execution test
FAIL: libgomp.fortran/reference1.f90  -O3 -fomit-frame-pointer  execution test
FAIL: libgomp.fortran/reference1.f90  -O3 -fomit-frame-pointer -funroll-loops  execution test
FAIL: libgomp.fortran/reference1.f90  -O3 -fomit-frame-pointer -funroll-all-loops -finline-functions  execution test
FAIL: libgomp.fortran/reference1.f90  -O3 -g  execution test
FAIL: libgomp.fortran/reference1.f90  -Os  execution test
FAIL: libgomp.fortran/reference2.f90  -O0  execution test
FAIL: libgomp.fortran/reference2.f90  -O1  execution test
FAIL: libgomp.fortran/reference2.f90  -O2  execution test
FAIL: libgomp.fortran/reference2.f90  -O3 -fomit-frame-pointer  execution test
FAIL: libgomp.fortran/reference2.f90  -O3 -fomit-frame-pointer -funroll-loops  execution test
FAIL: libgomp.fortran/reference2.f90  -O3 -fomit-frame-pointer -funroll-all-loops -finline-functions  execution test
FAIL: libgomp.fortran/reference2.f90  -O3 -g  execution test
FAIL: libgomp.fortran/reference2.f90  -Os  execution test
FAIL: libgomp.fortran/retval1.f90  -O0  execution test
FAIL: libgomp.fortran/retval1.f90  -O1  execution test
FAIL: libgomp.fortran/retval1.f90  -O2  execution test
FAIL: libgomp.fortran/retval1.f90  -O3 -fomit-frame-pointer  execution test
FAIL: libgomp.fortran/retval1.f90  -O3 -fomit-frame-pointer -funroll-loops  execution test
FAIL: libgomp.fortran/retval1.f90  -O3 -fomit-frame-pointer -funroll-all-loops -finline-functions  execution test
FAIL: libgomp.fortran/retval1.f90  -O3 -g  execution test
FAIL: libgomp.fortran/retval1.f90  -Os  execution test
FAIL: libgomp.fortran/retval2.f90  -O0  execution test
FAIL: libgomp.fortran/retval2.f90  -O1  execution test
FAIL: libgomp.fortran/retval2.f90  -O2  execution test
FAIL: libgomp.fortran/retval2.f90  -O3 -fomit-frame-pointer  execution test
FAIL: libgomp.fortran/retval2.f90  -O3 -fomit-frame-pointer -funroll-loops  execution test
FAIL: libgomp.fortran/retval2.f90  -O3 -fomit-frame-pointer -funroll-all-loops -finline-functions  execution test
FAIL: libgomp.fortran/retval2.f90  -O3 -g  execution test
FAIL: libgomp.fortran/retval2.f90  -Os  execution test
FAIL: libgomp.fortran/sharing1.f90  -O0  execution test
FAIL: libgomp.fortran/sharing1.f90  -O1  execution test
FAIL: libgomp.fortran/sharing1.f90  -O2  execution test
FAIL: libgomp.fortran/sharing1.f90  -O3 -fomit-frame-pointer  execution test
FAIL: libgomp.fortran/sharing1.f90  -O3 -fomit-frame-pointer -funroll-loops  execution test
FAIL: libgomp.fortran/sharing1.f90  -O3 -fomit-frame-pointer -funroll-all-loops -finline-functions  execution test
FAIL: libgomp.fortran/sharing1.f90  -O3 -g  execution test
FAIL: libgomp.fortran/sharing1.f90  -Os  execution test
FAIL: libgomp.fortran/sharing2.f90  -O0  execution test
FAIL: libgomp.fortran/sharing2.f90  -O1  execution test
FAIL: libgomp.fortran/sharing2.f90  -O2  execution test
FAIL: libgomp.fortran/sharing2.f90  -O3 -fomit-frame-pointer  execution test
FAIL: libgomp.fortran/sharing2.f90  -O3 -fomit-frame-pointer -funroll-loops  execution test
FAIL: libgomp.fortran/sharing2.f90  -O3 -fomit-frame-pointer -funroll-all-loops -finline-functions  execution test
FAIL: libgomp.fortran/sharing2.f90  -O3 -g  execution test
FAIL: libgomp.fortran/sharing2.f90  -Os  execution test
FAIL: libgomp.fortran/stack.f90  -O0  execution test
FAIL: libgomp.fortran/stack.f90  -O1  execution test
FAIL: libgomp.fortran/stack.f90  -O2  execution test
FAIL: libgomp.fortran/stack.f90  -O3 -fomit-frame-pointer  execution test
FAIL: libgomp.fortran/stack.f90  -O3 -fomit-frame-pointer -funroll-loops  execution test
FAIL: libgomp.fortran/stack.f90  -O3 -fomit-frame-pointer -funroll-all-loops -finline-functions  execution test
FAIL: libgomp.fortran/stack.f90  -O3 -g  execution test
FAIL: libgomp.fortran/stack.f90  -Os  execution test
WARNING: program timed out.
FAIL: libgomp.fortran/strassen.f90  -O  execution test
FAIL: libgomp.fortran/task1.f90  -O0  execution test
FAIL: libgomp.fortran/task1.f90  -O1  execution test
FAIL: libgomp.fortran/task1.f90  -O2  execution test
FAIL: libgomp.fortran/task1.f90  -O3 -fomit-frame-pointer  execution test
FAIL: libgomp.fortran/task1.f90  -O3 -fomit-frame-pointer -funroll-loops  execution test
FAIL: libgomp.fortran/task1.f90  -O3 -fomit-frame-pointer -funroll-all-loops -finline-functions  execution test
FAIL: libgomp.fortran/task1.f90  -O3 -g  execution test
FAIL: libgomp.fortran/task1.f90  -Os  execution test
FAIL: libgomp.fortran/task2.f90  -O  execution test
FAIL: libgomp.fortran/task3.f90  -O0  execution test
FAIL: libgomp.fortran/task3.f90  -O1  execution test
FAIL: libgomp.fortran/task3.f90  -O2  execution test
FAIL: libgomp.fortran/task3.f90  -O3 -fomit-frame-pointer  execution test
FAIL: libgomp.fortran/task3.f90  -O3 -fomit-frame-pointer -funroll-loops  execution test
FAIL: libgomp.fortran/task3.f90  -O3 -fomit-frame-pointer -funroll-all-loops -finline-functions  execution test
FAIL: libgomp.fortran/task3.f90  -O3 -g  execution test
FAIL: libgomp.fortran/task3.f90  -Os  execution test
FAIL: libgomp.fortran/threadprivate1.f90  -O0  execution test
FAIL: libgomp.fortran/threadprivate1.f90  -O1  execution test
FAIL: libgomp.fortran/threadprivate1.f90  -O2  execution test
FAIL: libgomp.fortran/threadprivate1.f90  -O3 -fomit-frame-pointer  execution test
FAIL: libgomp.fortran/threadprivate1.f90  -O3 -fomit-frame-pointer -funroll-loops  execution test
FAIL: libgomp.fortran/threadprivate1.f90  -O3 -fomit-frame-pointer -funroll-all-loops -finline-functions  execution test
FAIL: libgomp.fortran/threadprivate1.f90  -O3 -g  execution test
FAIL: libgomp.fortran/threadprivate1.f90  -Os  execution test
FAIL: libgomp.fortran/threadprivate2.f90  -O0  execution test
FAIL: libgomp.fortran/threadprivate2.f90  -O1  execution test
FAIL: libgomp.fortran/threadprivate2.f90  -O2  execution test
FAIL: libgomp.fortran/threadprivate2.f90  -O3 -fomit-frame-pointer  execution test
FAIL: libgomp.fortran/threadprivate2.f90  -O3 -fomit-frame-pointer -funroll-loops  execution test
FAIL: libgomp.fortran/threadprivate2.f90  -O3 -fomit-frame-pointer -funroll-all-loops -finline-functions  execution test
FAIL: libgomp.fortran/threadprivate2.f90  -O3 -g  execution test
FAIL: libgomp.fortran/threadprivate2.f90  -Os  execution test
FAIL: libgomp.fortran/threadprivate3.f90  -O0  execution test
FAIL: libgomp.fortran/threadprivate3.f90  -O1  execution test
FAIL: libgomp.fortran/threadprivate3.f90  -O2  execution test
FAIL: libgomp.fortran/threadprivate3.f90  -O3 -fomit-frame-pointer  execution test
FAIL: libgomp.fortran/threadprivate3.f90  -O3 -fomit-frame-pointer -funroll-loops  execution test
FAIL: libgomp.fortran/threadprivate3.f90  -O3 -fomit-frame-pointer -funroll-all-loops -finline-functions  execution test
FAIL: libgomp.fortran/threadprivate3.f90  -O3 -g  execution test
FAIL: libgomp.fortran/threadprivate3.f90  -Os  execution test
FAIL: libgomp.fortran/vla1.f90  -O0  execution test
FAIL: libgomp.fortran/vla1.f90  -O1  execution test
FAIL: libgomp.fortran/vla1.f90  -O2  execution test
FAIL: libgomp.fortran/vla1.f90  -O3 -fomit-frame-pointer  execution test
FAIL: libgomp.fortran/vla1.f90  -O3 -fomit-frame-pointer -funroll-loops  execution test
FAIL: libgomp.fortran/vla1.f90  -O3 -fomit-frame-pointer -funroll-all-loops -finline-functions  execution test
FAIL: libgomp.fortran/vla1.f90  -O3 -g  execution test
FAIL: libgomp.fortran/vla1.f90  -Os  execution test
FAIL: libgomp.fortran/vla2.f90  -O0  execution test
FAIL: libgomp.fortran/vla2.f90  -O1  execution test
FAIL: libgomp.fortran/vla2.f90  -O2  execution test
FAIL: libgomp.fortran/vla2.f90  -O3 -fomit-frame-pointer  execution test
FAIL: libgomp.fortran/vla2.f90  -O3 -fomit-frame-pointer -funroll-loops  execution test
FAIL: libgomp.fortran/vla2.f90  -O3 -fomit-frame-pointer -funroll-all-loops -finline-functions  execution test
FAIL: libgomp.fortran/vla2.f90  -O3 -g  execution test
FAIL: libgomp.fortran/vla2.f90  -Os  execution test
FAIL: libgomp.fortran/vla3.f90  -O0  execution test
FAIL: libgomp.fortran/vla3.f90  -O1  execution test
FAIL: libgomp.fortran/vla3.f90  -O2  execution test
FAIL: libgomp.fortran/vla3.f90  -O3 -fomit-frame-pointer  execution test
FAIL: libgomp.fortran/vla3.f90  -O3 -fomit-frame-pointer -funroll-loops  execution test
FAIL: libgomp.fortran/vla3.f90  -O3 -fomit-frame-pointer -funroll-all-loops -finline-functions  execution test
FAIL: libgomp.fortran/vla3.f90  -O3 -g  execution test
FAIL: libgomp.fortran/vla3.f90  -Os  execution test
FAIL: libgomp.fortran/vla4.f90  -O0  execution test
FAIL: libgomp.fortran/vla4.f90  -O1  execution test
FAIL: libgomp.fortran/vla4.f90  -O2  execution test
FAIL: libgomp.fortran/vla4.f90  -O3 -fomit-frame-pointer  execution test
FAIL: libgomp.fortran/vla4.f90  -O3 -fomit-frame-pointer -funroll-loops  execution test
FAIL: libgomp.fortran/vla4.f90  -O3 -fomit-frame-pointer -funroll-all-loops -finline-functions  execution test
FAIL: libgomp.fortran/vla4.f90  -O3 -g  execution test
FAIL: libgomp.fortran/vla4.f90  -Os  execution test
FAIL: libgomp.fortran/vla5.f90  -O0  execution test
FAIL: libgomp.fortran/vla5.f90  -O1  execution test
FAIL: libgomp.fortran/vla5.f90  -O2  execution test
FAIL: libgomp.fortran/vla5.f90  -O3 -fomit-frame-pointer  execution test
FAIL: libgomp.fortran/vla5.f90  -O3 -fomit-frame-pointer -funroll-loops  execution test
FAIL: libgomp.fortran/vla5.f90  -O3 -fomit-frame-pointer -funroll-all-loops -finline-functions  execution test
FAIL: libgomp.fortran/vla5.f90  -O3 -g  execution test
FAIL: libgomp.fortran/vla5.f90  -Os  execution test
FAIL: libgomp.fortran/vla6.f90  -O0  execution test
FAIL: libgomp.fortran/vla6.f90  -O1  execution test
FAIL: libgomp.fortran/vla6.f90  -O2  execution test
FAIL: libgomp.fortran/vla6.f90  -O3 -fomit-frame-pointer  execution test
FAIL: libgomp.fortran/vla6.f90  -O3 -fomit-frame-pointer -funroll-loops  execution test
FAIL: libgomp.fortran/vla6.f90  -O3 -fomit-frame-pointer -funroll-all-loops -finline-functions  execution test
FAIL: libgomp.fortran/vla6.f90  -O3 -g  execution test
FAIL: libgomp.fortran/vla6.f90  -Os  execution test
FAIL: libgomp.fortran/vla7.f90  -O0  execution test
FAIL: libgomp.fortran/vla7.f90  -O1  execution test
FAIL: libgomp.fortran/vla7.f90  -O2  execution test
FAIL: libgomp.fortran/vla7.f90  -O3 -fomit-frame-pointer  execution test
FAIL: libgomp.fortran/vla7.f90  -O3 -fomit-frame-pointer -funroll-loops  execution test
FAIL: libgomp.fortran/vla7.f90  -O3 -fomit-frame-pointer -funroll-all-loops -finline-functions  execution test
FAIL: libgomp.fortran/vla7.f90  -O3 -g  execution test
FAIL: libgomp.fortran/vla7.f90  -Os  execution test
FAIL: libgomp.fortran/vla8.f90  -O0  execution test
FAIL: libgomp.fortran/vla8.f90  -O1  execution test
FAIL: libgomp.fortran/vla8.f90  -O2  execution test
FAIL: libgomp.fortran/vla8.f90  -O3 -fomit-frame-pointer  execution test
FAIL: libgomp.fortran/vla8.f90  -O3 -fomit-frame-pointer -funroll-loops  execution test
FAIL: libgomp.fortran/vla8.f90  -O3 -fomit-frame-pointer -funroll-all-loops -finline-functions  execution test
FAIL: libgomp.fortran/vla8.f90  -O3 -g  execution test
FAIL: libgomp.fortran/vla8.f90  -Os  execution test
FAIL: libgomp.fortran/workshare1.f90  -O  execution test
FAIL: libgomp.fortran/workshare2.f90  -O  execution test

		=== libgomp Summary for unix/-mabi=64 ===

# of expected passes		1466
# of unexpected failures	1168
# of unsupported tests		1

Running target unix/-mabi=n32
WARNING: program timed out.
FAIL: libgomp.fortran/strassen.f90  -O  execution test

		=== libgomp Summary for unix/-mabi=n32 ===

# of expected passes		2633
# of unexpected failures	1
# of unsupported tests		1

		=== libgomp Summary ===

# of expected passes		9365
# of unexpected failures	1171
# of unsupported tests		4
		=== libmudflap tests ===


Running target unix
FAIL: libmudflap.c/fail40-frag.c output pattern test
FAIL: libmudflap.c/pass51-frag.c execution test
FAIL: libmudflap.c/pass51-frag.c execution test
FAIL: libmudflap.c/fail40-frag.c (-static) output pattern test
FAIL: libmudflap.c/pass51-frag.c (-static) execution test
FAIL: libmudflap.c/pass51-frag.c (-static) execution test
FAIL: libmudflap.c/fail40-frag.c (-O2) output pattern test
FAIL: libmudflap.c/pass51-frag.c (-O2) execution test
FAIL: libmudflap.c/pass51-frag.c (-O2) execution test
FAIL: libmudflap.c/fail40-frag.c (-O3) output pattern test
FAIL: libmudflap.c/pass51-frag.c (-O3) execution test
FAIL: libmudflap.c/pass51-frag.c (-O3) execution test

		=== libmudflap Summary for unix ===

# of expected passes		1894
# of unexpected failures	12

Running target unix/-fstack-protector
FAIL: libmudflap.c/fail40-frag.c output pattern test
FAIL: libmudflap.c/pass51-frag.c execution test
FAIL: libmudflap.c/pass51-frag.c execution test
FAIL: libmudflap.c/fail40-frag.c (-static) output pattern test
FAIL: libmudflap.c/pass51-frag.c (-static) execution test
FAIL: libmudflap.c/pass51-frag.c (-static) execution test
FAIL: libmudflap.c/fail40-frag.c (-O2) output pattern test
FAIL: libmudflap.c/pass51-frag.c (-O2) execution test
FAIL: libmudflap.c/pass51-frag.c (-O2) execution test
FAIL: libmudflap.c/fail40-frag.c (-O3) output pattern test
FAIL: libmudflap.c/pass51-frag.c (-O3) execution test
FAIL: libmudflap.c/pass51-frag.c (-O3) execution test

		=== libmudflap Summary for unix/-fstack-protector ===

# of expected passes		1894
# of unexpected failures	12

Running target unix/-mabi=64
FAIL: libmudflap.c/fail40-frag.c output pattern test
FAIL: libmudflap.c/pass51-frag.c execution test
FAIL: libmudflap.c/pass51-frag.c execution test
FAIL: libmudflap.c/fail40-frag.c (-static) output pattern test
FAIL: libmudflap.c/pass51-frag.c (-static) execution test
FAIL: libmudflap.c/pass51-frag.c (-static) execution test
FAIL: libmudflap.c/fail40-frag.c (-O2) output pattern test
FAIL: libmudflap.c/pass51-frag.c (-O2) execution test
FAIL: libmudflap.c/pass51-frag.c (-O2) execution test
FAIL: libmudflap.c/fail40-frag.c (-O3) output pattern test
FAIL: libmudflap.c/pass51-frag.c (-O3) execution test
FAIL: libmudflap.c/pass51-frag.c (-O3) execution test
FAIL: libmudflap.cth/pass37-frag.c execution test
FAIL: libmudflap.cth/pass37-frag.c output pattern test
FAIL: libmudflap.cth/pass37-frag.c (rerun 1) execution test
FAIL: libmudflap.cth/pass37-frag.c (rerun 1) output pattern test
FAIL: libmudflap.cth/pass37-frag.c (rerun 2) execution test
FAIL: libmudflap.cth/pass37-frag.c (rerun 2) output pattern test
FAIL: libmudflap.cth/pass37-frag.c (rerun 3) execution test
FAIL: libmudflap.cth/pass37-frag.c (rerun 3) output pattern test
FAIL: libmudflap.cth/pass37-frag.c (rerun 4) execution test
FAIL: libmudflap.cth/pass37-frag.c (rerun 4) output pattern test
FAIL: libmudflap.cth/pass37-frag.c (rerun 5) execution test
FAIL: libmudflap.cth/pass37-frag.c (rerun 5) output pattern test
FAIL: libmudflap.cth/pass37-frag.c (rerun 6) execution test
FAIL: libmudflap.cth/pass37-frag.c (rerun 6) output pattern test
FAIL: libmudflap.cth/pass37-frag.c (rerun 7) execution test
FAIL: libmudflap.cth/pass37-frag.c (rerun 7) output pattern test
FAIL: libmudflap.cth/pass37-frag.c (rerun 8) execution test
FAIL: libmudflap.cth/pass37-frag.c (rerun 8) output pattern test
FAIL: libmudflap.cth/pass37-frag.c (rerun 9) execution test
FAIL: libmudflap.cth/pass37-frag.c (rerun 9) output pattern test
FAIL: libmudflap.cth/pass37-frag.c (rerun 10) execution test
FAIL: libmudflap.cth/pass37-frag.c (rerun 10) output pattern test
FAIL: libmudflap.cth/pass37-frag.c (rerun 11) execution test
FAIL: libmudflap.cth/pass37-frag.c (rerun 11) output pattern test
FAIL: libmudflap.cth/pass37-frag.c (rerun 12) execution test
FAIL: libmudflap.cth/pass37-frag.c (rerun 12) output pattern test
FAIL: libmudflap.cth/pass37-frag.c (rerun 13) execution test
FAIL: libmudflap.cth/pass37-frag.c (rerun 13) output pattern test
FAIL: libmudflap.cth/pass37-frag.c (rerun 14) execution test
FAIL: libmudflap.cth/pass37-frag.c (rerun 14) output pattern test
FAIL: libmudflap.cth/pass37-frag.c (rerun 15) execution test
FAIL: libmudflap.cth/pass37-frag.c (rerun 15) output pattern test
FAIL: libmudflap.cth/pass37-frag.c (rerun 16) execution test
FAIL: libmudflap.cth/pass37-frag.c (rerun 16) output pattern test
FAIL: libmudflap.cth/pass37-frag.c (rerun 17) execution test
FAIL: libmudflap.cth/pass37-frag.c (rerun 17) output pattern test
FAIL: libmudflap.cth/pass37-frag.c (rerun 18) execution test
FAIL: libmudflap.cth/pass37-frag.c (rerun 18) output pattern test
FAIL: libmudflap.cth/pass37-frag.c (rerun 19) execution test
FAIL: libmudflap.cth/pass37-frag.c (rerun 19) output pattern test
FAIL: libmudflap.cth/pass39-frag.c execution test
FAIL: libmudflap.cth/pass39-frag.c output pattern test
FAIL: libmudflap.cth/pass39-frag.c (rerun 1) execution test
FAIL: libmudflap.cth/pass39-frag.c (rerun 1) output pattern test
FAIL: libmudflap.cth/pass39-frag.c (rerun 2) execution test
FAIL: libmudflap.cth/pass39-frag.c (rerun 2) output pattern test
FAIL: libmudflap.cth/pass39-frag.c (rerun 3) execution test
FAIL: libmudflap.cth/pass39-frag.c (rerun 3) output pattern test
FAIL: libmudflap.cth/pass39-frag.c (rerun 4) execution test
FAIL: libmudflap.cth/pass39-frag.c (rerun 4) output pattern test
FAIL: libmudflap.cth/pass39-frag.c (rerun 5) execution test
FAIL: libmudflap.cth/pass39-frag.c (rerun 5) output pattern test
FAIL: libmudflap.cth/pass39-frag.c (rerun 6) execution test
FAIL: libmudflap.cth/pass39-frag.c (rerun 6) output pattern test
FAIL: libmudflap.cth/pass39-frag.c (rerun 7) execution test
FAIL: libmudflap.cth/pass39-frag.c (rerun 7) output pattern test
FAIL: libmudflap.cth/pass39-frag.c (rerun 8) execution test
FAIL: libmudflap.cth/pass39-frag.c (rerun 8) output pattern test
FAIL: libmudflap.cth/pass39-frag.c (rerun 9) execution test
FAIL: libmudflap.cth/pass39-frag.c (rerun 9) output pattern test
FAIL: libmudflap.cth/pass39-frag.c (rerun 10) execution test
FAIL: libmudflap.cth/pass39-frag.c (rerun 10) output pattern test
FAIL: libmudflap.cth/pass39-frag.c (rerun 11) execution test
FAIL: libmudflap.cth/pass39-frag.c (rerun 11) output pattern test
FAIL: libmudflap.cth/pass39-frag.c (rerun 12) execution test
FAIL: libmudflap.cth/pass39-frag.c (rerun 12) output pattern test
FAIL: libmudflap.cth/pass39-frag.c (rerun 13) execution test
FAIL: libmudflap.cth/pass39-frag.c (rerun 13) output pattern test
FAIL: libmudflap.cth/pass39-frag.c (rerun 14) execution test
FAIL: libmudflap.cth/pass39-frag.c (rerun 14) output pattern test
FAIL: libmudflap.cth/pass39-frag.c (rerun 15) execution test
FAIL: libmudflap.cth/pass39-frag.c (rerun 15) output pattern test
FAIL: libmudflap.cth/pass39-frag.c (rerun 16) execution test
FAIL: libmudflap.cth/pass39-frag.c (rerun 16) output pattern test
FAIL: libmudflap.cth/pass39-frag.c (rerun 17) execution test
FAIL: libmudflap.cth/pass39-frag.c (rerun 17) output pattern test
FAIL: libmudflap.cth/pass39-frag.c (rerun 18) execution test
FAIL: libmudflap.cth/pass39-frag.c (rerun 18) output pattern test
FAIL: libmudflap.cth/pass39-frag.c (rerun 19) execution test
FAIL: libmudflap.cth/pass39-frag.c (rerun 19) output pattern test
FAIL: libmudflap.cth/pass40-frag.c output pattern test
FAIL: libmudflap.cth/pass59-frag.c execution test
FAIL: libmudflap.cth/pass59-frag.c output pattern test
FAIL: libmudflap.cth/pass37-frag.c (-static -DSTATIC) execution test
FAIL: libmudflap.cth/pass37-frag.c (-static -DSTATIC) output pattern test
FAIL: libmudflap.cth/pass37-frag.c (-static -DSTATIC) (rerun 1) execution test
FAIL: libmudflap.cth/pass37-frag.c (-static -DSTATIC) (rerun 1) output pattern test
FAIL: libmudflap.cth/pass37-frag.c (-static -DSTATIC) (rerun 2) execution test
FAIL: libmudflap.cth/pass37-frag.c (-static -DSTATIC) (rerun 2) output pattern test
FAIL: libmudflap.cth/pass37-frag.c (-static -DSTATIC) (rerun 3) execution test
FAIL: libmudflap.cth/pass37-frag.c (-static -DSTATIC) (rerun 3) output pattern test
FAIL: libmudflap.cth/pass37-frag.c (-static -DSTATIC) (rerun 4) execution test
FAIL: libmudflap.cth/pass37-frag.c (-static -DSTATIC) (rerun 4) output pattern test
FAIL: libmudflap.cth/pass37-frag.c (-static -DSTATIC) (rerun 5) execution test
FAIL: libmudflap.cth/pass37-frag.c (-static -DSTATIC) (rerun 5) output pattern test
FAIL: libmudflap.cth/pass37-frag.c (-static -DSTATIC) (rerun 6) execution test
FAIL: libmudflap.cth/pass37-frag.c (-static -DSTATIC) (rerun 6) output pattern test
FAIL: libmudflap.cth/pass37-frag.c (-static -DSTATIC) (rerun 7) execution test
FAIL: libmudflap.cth/pass37-frag.c (-static -DSTATIC) (rerun 7) output pattern test
FAIL: libmudflap.cth/pass37-frag.c (-static -DSTATIC) (rerun 8) execution test
FAIL: libmudflap.cth/pass37-frag.c (-static -DSTATIC) (rerun 8) output pattern test
FAIL: libmudflap.cth/pass37-frag.c (-static -DSTATIC) (rerun 9) execution test
FAIL: libmudflap.cth/pass37-frag.c (-static -DSTATIC) (rerun 9) output pattern test
FAIL: libmudflap.cth/pass37-frag.c (-static -DSTATIC) (rerun 10) execution test
FAIL: libmudflap.cth/pass37-frag.c (-static -DSTATIC) (rerun 10) output pattern test
FAIL: libmudflap.cth/pass37-frag.c (-static -DSTATIC) (rerun 11) execution test
FAIL: libmudflap.cth/pass37-frag.c (-static -DSTATIC) (rerun 11) output pattern test
FAIL: libmudflap.cth/pass37-frag.c (-static -DSTATIC) (rerun 12) execution test
FAIL: libmudflap.cth/pass37-frag.c (-static -DSTATIC) (rerun 12) output pattern test
FAIL: libmudflap.cth/pass37-frag.c (-static -DSTATIC) (rerun 13) execution test
FAIL: libmudflap.cth/pass37-frag.c (-static -DSTATIC) (rerun 13) output pattern test
FAIL: libmudflap.cth/pass37-frag.c (-static -DSTATIC) (rerun 14) execution test
FAIL: libmudflap.cth/pass37-frag.c (-static -DSTATIC) (rerun 14) output pattern test
FAIL: libmudflap.cth/pass37-frag.c (-static -DSTATIC) (rerun 15) execution test
FAIL: libmudflap.cth/pass37-frag.c (-static -DSTATIC) (rerun 15) output pattern test
FAIL: libmudflap.cth/pass37-frag.c (-static -DSTATIC) (rerun 16) execution test
FAIL: libmudflap.cth/pass37-frag.c (-static -DSTATIC) (rerun 16) output pattern test
FAIL: libmudflap.cth/pass37-frag.c (-static -DSTATIC) (rerun 17) execution test
FAIL: libmudflap.cth/pass37-frag.c (-static -DSTATIC) (rerun 17) output pattern test
FAIL: libmudflap.cth/pass37-frag.c (-static -DSTATIC) (rerun 18) execution test
FAIL: libmudflap.cth/pass37-frag.c (-static -DSTATIC) (rerun 18) output pattern test
FAIL: libmudflap.cth/pass37-frag.c (-static -DSTATIC) (rerun 19) execution test
FAIL: libmudflap.cth/pass37-frag.c (-static -DSTATIC) (rerun 19) output pattern test
FAIL: libmudflap.cth/pass39-frag.c (-static -DSTATIC) execution test
FAIL: libmudflap.cth/pass39-frag.c (-static -DSTATIC) output pattern test
FAIL: libmudflap.cth/pass39-frag.c (-static -DSTATIC) (rerun 1) execution test
FAIL: libmudflap.cth/pass39-frag.c (-static -DSTATIC) (rerun 1) output pattern test
FAIL: libmudflap.cth/pass39-frag.c (-static -DSTATIC) (rerun 2) execution test
FAIL: libmudflap.cth/pass39-frag.c (-static -DSTATIC) (rerun 2) output pattern test
FAIL: libmudflap.cth/pass39-frag.c (-static -DSTATIC) (rerun 3) execution test
FAIL: libmudflap.cth/pass39-frag.c (-static -DSTATIC) (rerun 3) output pattern test
FAIL: libmudflap.cth/pass39-frag.c (-static -DSTATIC) (rerun 4) execution test
FAIL: libmudflap.cth/pass39-frag.c (-static -DSTATIC) (rerun 4) output pattern test
FAIL: libmudflap.cth/pass39-frag.c (-static -DSTATIC) (rerun 5) execution test
FAIL: libmudflap.cth/pass39-frag.c (-static -DSTATIC) (rerun 5) output pattern test
FAIL: libmudflap.cth/pass39-frag.c (-static -DSTATIC) (rerun 6) execution test
FAIL: libmudflap.cth/pass39-frag.c (-static -DSTATIC) (rerun 6) output pattern test
FAIL: libmudflap.cth/pass39-frag.c (-static -DSTATIC) (rerun 7) execution test
FAIL: libmudflap.cth/pass39-frag.c (-static -DSTATIC) (rerun 7) output pattern test
FAIL: libmudflap.cth/pass39-frag.c (-static -DSTATIC) (rerun 8) execution test
FAIL: libmudflap.cth/pass39-frag.c (-static -DSTATIC) (rerun 8) output pattern test
FAIL: libmudflap.cth/pass39-frag.c (-static -DSTATIC) (rerun 9) execution test
FAIL: libmudflap.cth/pass39-frag.c (-static -DSTATIC) (rerun 9) output pattern test
FAIL: libmudflap.cth/pass39-frag.c (-static -DSTATIC) (rerun 10) execution test
FAIL: libmudflap.cth/pass39-frag.c (-static -DSTATIC) (rerun 10) output pattern test
FAIL: libmudflap.cth/pass39-frag.c (-static -DSTATIC) (rerun 11) execution test
FAIL: libmudflap.cth/pass39-frag.c (-static -DSTATIC) (rerun 11) output pattern test
FAIL: libmudflap.cth/pass39-frag.c (-static -DSTATIC) (rerun 12) execution test
FAIL: libmudflap.cth/pass39-frag.c (-static -DSTATIC) (rerun 12) output pattern test
FAIL: libmudflap.cth/pass39-frag.c (-static -DSTATIC) (rerun 13) execution test
FAIL: libmudflap.cth/pass39-frag.c (-static -DSTATIC) (rerun 13) output pattern test
FAIL: libmudflap.cth/pass39-frag.c (-static -DSTATIC) (rerun 14) execution test
FAIL: libmudflap.cth/pass39-frag.c (-static -DSTATIC) (rerun 14) output pattern test
FAIL: libmudflap.cth/pass39-frag.c (-static -DSTATIC) (rerun 15) execution test
FAIL: libmudflap.cth/pass39-frag.c (-static -DSTATIC) (rerun 15) output pattern test
FAIL: libmudflap.cth/pass39-frag.c (-static -DSTATIC) (rerun 16) execution test
FAIL: libmudflap.cth/pass39-frag.c (-static -DSTATIC) (rerun 16) output pattern test
FAIL: libmudflap.cth/pass39-frag.c (-static -DSTATIC) (rerun 17) execution test
FAIL: libmudflap.cth/pass39-frag.c (-static -DSTATIC) (rerun 17) output pattern test
FAIL: libmudflap.cth/pass39-frag.c (-static -DSTATIC) (rerun 18) execution test
FAIL: libmudflap.cth/pass39-frag.c (-static -DSTATIC) (rerun 18) output pattern test
FAIL: libmudflap.cth/pass39-frag.c (-static -DSTATIC) (rerun 19) execution test
FAIL: libmudflap.cth/pass39-frag.c (-static -DSTATIC) (rerun 19) output pattern test
FAIL: libmudflap.cth/pass40-frag.c (-static -DSTATIC) output pattern test
FAIL: libmudflap.cth/pass59-frag.c (-static -DSTATIC) execution test
FAIL: libmudflap.cth/pass59-frag.c (-static -DSTATIC) output pattern test
FAIL: libmudflap.cth/pass37-frag.c (-O2) execution test
FAIL: libmudflap.cth/pass37-frag.c (-O2) output pattern test
FAIL: libmudflap.cth/pass37-frag.c (-O2) (rerun 1) execution test
FAIL: libmudflap.cth/pass37-frag.c (-O2) (rerun 1) output pattern test
FAIL: libmudflap.cth/pass37-frag.c (-O2) (rerun 2) execution test
FAIL: libmudflap.cth/pass37-frag.c (-O2) (rerun 2) output pattern test
FAIL: libmudflap.cth/pass37-frag.c (-O2) (rerun 3) execution test
FAIL: libmudflap.cth/pass37-frag.c (-O2) (rerun 3) output pattern test
FAIL: libmudflap.cth/pass37-frag.c (-O2) (rerun 4) execution test
FAIL: libmudflap.cth/pass37-frag.c (-O2) (rerun 4) output pattern test
FAIL: libmudflap.cth/pass37-frag.c (-O2) (rerun 5) execution test
FAIL: libmudflap.cth/pass37-frag.c (-O2) (rerun 5) output pattern test
FAIL: libmudflap.cth/pass37-frag.c (-O2) (rerun 6) execution test
FAIL: libmudflap.cth/pass37-frag.c (-O2) (rerun 6) output pattern test
FAIL: libmudflap.cth/pass37-frag.c (-O2) (rerun 7) execution test
FAIL: libmudflap.cth/pass37-frag.c (-O2) (rerun 7) output pattern test
FAIL: libmudflap.cth/pass37-frag.c (-O2) (rerun 8) execution test
FAIL: libmudflap.cth/pass37-frag.c (-O2) (rerun 8) output pattern test
FAIL: libmudflap.cth/pass37-frag.c (-O2) (rerun 9) execution test
FAIL: libmudflap.cth/pass37-frag.c (-O2) (rerun 9) output pattern test
FAIL: libmudflap.cth/pass37-frag.c (-O2) (rerun 10) execution test
FAIL: libmudflap.cth/pass37-frag.c (-O2) (rerun 10) output pattern test
FAIL: libmudflap.cth/pass37-frag.c (-O2) (rerun 11) execution test
FAIL: libmudflap.cth/pass37-frag.c (-O2) (rerun 11) output pattern test
FAIL: libmudflap.cth/pass37-frag.c (-O2) (rerun 12) execution test
FAIL: libmudflap.cth/pass37-frag.c (-O2) (rerun 12) output pattern test
FAIL: libmudflap.cth/pass37-frag.c (-O2) (rerun 13) execution test
FAIL: libmudflap.cth/pass37-frag.c (-O2) (rerun 13) output pattern test
FAIL: libmudflap.cth/pass37-frag.c (-O2) (rerun 14) execution test
FAIL: libmudflap.cth/pass37-frag.c (-O2) (rerun 14) output pattern test
FAIL: libmudflap.cth/pass37-frag.c (-O2) (rerun 15) execution test
FAIL: libmudflap.cth/pass37-frag.c (-O2) (rerun 15) output pattern test
FAIL: libmudflap.cth/pass37-frag.c (-O2) (rerun 16) execution test
FAIL: libmudflap.cth/pass37-frag.c (-O2) (rerun 16) output pattern test
FAIL: libmudflap.cth/pass37-frag.c (-O2) (rerun 17) execution test
FAIL: libmudflap.cth/pass37-frag.c (-O2) (rerun 17) output pattern test
FAIL: libmudflap.cth/pass37-frag.c (-O2) (rerun 18) execution test
FAIL: libmudflap.cth/pass37-frag.c (-O2) (rerun 18) output pattern test
FAIL: libmudflap.cth/pass37-frag.c (-O2) (rerun 19) execution test
FAIL: libmudflap.cth/pass37-frag.c (-O2) (rerun 19) output pattern test
FAIL: libmudflap.cth/pass39-frag.c (-O2) execution test
FAIL: libmudflap.cth/pass39-frag.c (-O2) output pattern test
FAIL: libmudflap.cth/pass39-frag.c (-O2) (rerun 1) execution test
FAIL: libmudflap.cth/pass39-frag.c (-O2) (rerun 1) output pattern test
FAIL: libmudflap.cth/pass39-frag.c (-O2) (rerun 2) execution test
FAIL: libmudflap.cth/pass39-frag.c (-O2) (rerun 2) output pattern test
FAIL: libmudflap.cth/pass39-frag.c (-O2) (rerun 3) execution test
FAIL: libmudflap.cth/pass39-frag.c (-O2) (rerun 3) output pattern test
FAIL: libmudflap.cth/pass39-frag.c (-O2) (rerun 4) execution test
FAIL: libmudflap.cth/pass39-frag.c (-O2) (rerun 4) output pattern test
FAIL: libmudflap.cth/pass39-frag.c (-O2) (rerun 5) execution test
FAIL: libmudflap.cth/pass39-frag.c (-O2) (rerun 5) output pattern test
FAIL: libmudflap.cth/pass39-frag.c (-O2) (rerun 6) execution test
FAIL: libmudflap.cth/pass39-frag.c (-O2) (rerun 6) output pattern test
FAIL: libmudflap.cth/pass39-frag.c (-O2) (rerun 7) execution test
FAIL: libmudflap.cth/pass39-frag.c (-O2) (rerun 7) output pattern test
FAIL: libmudflap.cth/pass39-frag.c (-O2) (rerun 8) execution test
FAIL: libmudflap.cth/pass39-frag.c (-O2) (rerun 8) output pattern test
FAIL: libmudflap.cth/pass39-frag.c (-O2) (rerun 9) execution test
FAIL: libmudflap.cth/pass39-frag.c (-O2) (rerun 9) output pattern test
FAIL: libmudflap.cth/pass39-frag.c (-O2) (rerun 10) execution test
FAIL: libmudflap.cth/pass39-frag.c (-O2) (rerun 10) output pattern test
FAIL: libmudflap.cth/pass39-frag.c (-O2) (rerun 11) execution test
FAIL: libmudflap.cth/pass39-frag.c (-O2) (rerun 11) output pattern test
FAIL: libmudflap.cth/pass39-frag.c (-O2) (rerun 12) execution test
FAIL: libmudflap.cth/pass39-frag.c (-O2) (rerun 12) output pattern test
FAIL: libmudflap.cth/pass39-frag.c (-O2) (rerun 13) execution test
FAIL: libmudflap.cth/pass39-frag.c (-O2) (rerun 13) output pattern test
FAIL: libmudflap.cth/pass39-frag.c (-O2) (rerun 14) execution test
FAIL: libmudflap.cth/pass39-frag.c (-O2) (rerun 14) output pattern test
FAIL: libmudflap.cth/pass39-frag.c (-O2) (rerun 15) execution test
FAIL: libmudflap.cth/pass39-frag.c (-O2) (rerun 15) output pattern test
FAIL: libmudflap.cth/pass39-frag.c (-O2) (rerun 16) execution test
FAIL: libmudflap.cth/pass39-frag.c (-O2) (rerun 16) output pattern test
FAIL: libmudflap.cth/pass39-frag.c (-O2) (rerun 17) execution test
FAIL: libmudflap.cth/pass39-frag.c (-O2) (rerun 17) output pattern test
FAIL: libmudflap.cth/pass39-frag.c (-O2) (rerun 18) execution test
FAIL: libmudflap.cth/pass39-frag.c (-O2) (rerun 18) output pattern test
FAIL: libmudflap.cth/pass39-frag.c (-O2) (rerun 19) execution test
FAIL: libmudflap.cth/pass39-frag.c (-O2) (rerun 19) output pattern test
FAIL: libmudflap.cth/pass40-frag.c (-O2) output pattern test
FAIL: libmudflap.cth/pass59-frag.c (-O2) execution test
FAIL: libmudflap.cth/pass59-frag.c (-O2) output pattern test
FAIL: libmudflap.cth/pass37-frag.c (-O3) execution test
FAIL: libmudflap.cth/pass37-frag.c (-O3) output pattern test
FAIL: libmudflap.cth/pass37-frag.c (-O3) (rerun 1) execution test
FAIL: libmudflap.cth/pass37-frag.c (-O3) (rerun 1) output pattern test
FAIL: libmudflap.cth/pass37-frag.c (-O3) (rerun 2) execution test
FAIL: libmudflap.cth/pass37-frag.c (-O3) (rerun 2) output pattern test
FAIL: libmudflap.cth/pass37-frag.c (-O3) (rerun 3) execution test
FAIL: libmudflap.cth/pass37-frag.c (-O3) (rerun 3) output pattern test
FAIL: libmudflap.cth/pass37-frag.c (-O3) (rerun 4) execution test
FAIL: libmudflap.cth/pass37-frag.c (-O3) (rerun 4) output pattern test
FAIL: libmudflap.cth/pass37-frag.c (-O3) (rerun 5) execution test
FAIL: libmudflap.cth/pass37-frag.c (-O3) (rerun 5) output pattern test
FAIL: libmudflap.cth/pass37-frag.c (-O3) (rerun 6) execution test
FAIL: libmudflap.cth/pass37-frag.c (-O3) (rerun 6) output pattern test
FAIL: libmudflap.cth/pass37-frag.c (-O3) (rerun 7) execution test
FAIL: libmudflap.cth/pass37-frag.c (-O3) (rerun 7) output pattern test
FAIL: libmudflap.cth/pass37-frag.c (-O3) (rerun 8) execution test
FAIL: libmudflap.cth/pass37-frag.c (-O3) (rerun 8) output pattern test
FAIL: libmudflap.cth/pass37-frag.c (-O3) (rerun 9) execution test
FAIL: libmudflap.cth/pass37-frag.c (-O3) (rerun 9) output pattern test
FAIL: libmudflap.cth/pass37-frag.c (-O3) (rerun 10) execution test
FAIL: libmudflap.cth/pass37-frag.c (-O3) (rerun 10) output pattern test
FAIL: libmudflap.cth/pass37-frag.c (-O3) (rerun 11) execution test
FAIL: libmudflap.cth/pass37-frag.c (-O3) (rerun 11) output pattern test
FAIL: libmudflap.cth/pass37-frag.c (-O3) (rerun 12) execution test
FAIL: libmudflap.cth/pass37-frag.c (-O3) (rerun 12) output pattern test
FAIL: libmudflap.cth/pass37-frag.c (-O3) (rerun 13) execution test
FAIL: libmudflap.cth/pass37-frag.c (-O3) (rerun 13) output pattern test
FAIL: libmudflap.cth/pass37-frag.c (-O3) (rerun 14) execution test
FAIL: libmudflap.cth/pass37-frag.c (-O3) (rerun 14) output pattern test
FAIL: libmudflap.cth/pass37-frag.c (-O3) (rerun 15) execution test
FAIL: libmudflap.cth/pass37-frag.c (-O3) (rerun 15) output pattern test
FAIL: libmudflap.cth/pass37-frag.c (-O3) (rerun 16) execution test
FAIL: libmudflap.cth/pass37-frag.c (-O3) (rerun 16) output pattern test
FAIL: libmudflap.cth/pass37-frag.c (-O3) (rerun 17) execution test
FAIL: libmudflap.cth/pass37-frag.c (-O3) (rerun 17) output pattern test
FAIL: libmudflap.cth/pass37-frag.c (-O3) (rerun 18) execution test
FAIL: libmudflap.cth/pass37-frag.c (-O3) (rerun 18) output pattern test
FAIL: libmudflap.cth/pass37-frag.c (-O3) (rerun 19) execution test
FAIL: libmudflap.cth/pass37-frag.c (-O3) (rerun 19) output pattern test
FAIL: libmudflap.cth/pass39-frag.c (-O3) execution test
FAIL: libmudflap.cth/pass39-frag.c (-O3) output pattern test
FAIL: libmudflap.cth/pass39-frag.c (-O3) (rerun 1) execution test
FAIL: libmudflap.cth/pass39-frag.c (-O3) (rerun 1) output pattern test
FAIL: libmudflap.cth/pass39-frag.c (-O3) (rerun 2) execution test
FAIL: libmudflap.cth/pass39-frag.c (-O3) (rerun 2) output pattern test
FAIL: libmudflap.cth/pass39-frag.c (-O3) (rerun 3) execution test
FAIL: libmudflap.cth/pass39-frag.c (-O3) (rerun 3) output pattern test
FAIL: libmudflap.cth/pass39-frag.c (-O3) (rerun 4) execution test
FAIL: libmudflap.cth/pass39-frag.c (-O3) (rerun 4) output pattern test
FAIL: libmudflap.cth/pass39-frag.c (-O3) (rerun 5) execution test
FAIL: libmudflap.cth/pass39-frag.c (-O3) (rerun 5) output pattern test
FAIL: libmudflap.cth/pass39-frag.c (-O3) (rerun 6) execution test
FAIL: libmudflap.cth/pass39-frag.c (-O3) (rerun 6) output pattern test
FAIL: libmudflap.cth/pass39-frag.c (-O3) (rerun 7) execution test
FAIL: libmudflap.cth/pass39-frag.c (-O3) (rerun 7) output pattern test
FAIL: libmudflap.cth/pass39-frag.c (-O3) (rerun 8) execution test
FAIL: libmudflap.cth/pass39-frag.c (-O3) (rerun 8) output pattern test
FAIL: libmudflap.cth/pass39-frag.c (-O3) (rerun 9) execution test
FAIL: libmudflap.cth/pass39-frag.c (-O3) (rerun 9) output pattern test
FAIL: libmudflap.cth/pass39-frag.c (-O3) (rerun 10) execution test
FAIL: libmudflap.cth/pass39-frag.c (-O3) (rerun 10) output pattern test
FAIL: libmudflap.cth/pass39-frag.c (-O3) (rerun 11) execution test
FAIL: libmudflap.cth/pass39-frag.c (-O3) (rerun 11) output pattern test
FAIL: libmudflap.cth/pass39-frag.c (-O3) (rerun 12) execution test
FAIL: libmudflap.cth/pass39-frag.c (-O3) (rerun 12) output pattern test
FAIL: libmudflap.cth/pass39-frag.c (-O3) (rerun 13) execution test
FAIL: libmudflap.cth/pass39-frag.c (-O3) (rerun 13) output pattern test
FAIL: libmudflap.cth/pass39-frag.c (-O3) (rerun 14) execution test
FAIL: libmudflap.cth/pass39-frag.c (-O3) (rerun 14) output pattern test
FAIL: libmudflap.cth/pass39-frag.c (-O3) (rerun 15) execution test
FAIL: libmudflap.cth/pass39-frag.c (-O3) (rerun 15) output pattern test
FAIL: libmudflap.cth/pass39-frag.c (-O3) (rerun 16) execution test
FAIL: libmudflap.cth/pass39-frag.c (-O3) (rerun 16) output pattern test
FAIL: libmudflap.cth/pass39-frag.c (-O3) (rerun 17) execution test
FAIL: libmudflap.cth/pass39-frag.c (-O3) (rerun 17) output pattern test
FAIL: libmudflap.cth/pass39-frag.c (-O3) (rerun 18) execution test
FAIL: libmudflap.cth/pass39-frag.c (-O3) (rerun 18) output pattern test
FAIL: libmudflap.cth/pass39-frag.c (-O3) (rerun 19) execution test
FAIL: libmudflap.cth/pass39-frag.c (-O3) (rerun 19) output pattern test
FAIL: libmudflap.cth/pass40-frag.c (-O3) output pattern test
FAIL: libmudflap.cth/pass59-frag.c (-O3) execution test
FAIL: libmudflap.cth/pass59-frag.c (-O3) output pattern test

		=== libmudflap Summary for unix/-mabi=64 ===

# of expected passes		1562
# of unexpected failures	344

Running target unix/-mabi=n32
FAIL: libmudflap.c/fail40-frag.c output pattern test
FAIL: libmudflap.c/pass51-frag.c execution test
FAIL: libmudflap.c/pass51-frag.c execution test
FAIL: libmudflap.c/fail40-frag.c (-static) output pattern test
FAIL: libmudflap.c/pass51-frag.c (-static) execution test
FAIL: libmudflap.c/pass51-frag.c (-static) execution test
FAIL: libmudflap.c/fail40-frag.c (-O2) output pattern test
FAIL: libmudflap.c/pass51-frag.c (-O2) execution test
FAIL: libmudflap.c/pass51-frag.c (-O2) execution test
FAIL: libmudflap.c/fail40-frag.c (-O3) output pattern test
FAIL: libmudflap.c/pass51-frag.c (-O3) execution test
FAIL: libmudflap.c/pass51-frag.c (-O3) execution test

		=== libmudflap Summary for unix/-mabi=n32 ===

# of expected passes		1894
# of unexpected failures	12

		=== libmudflap Summary ===

# of expected passes		7244
# of unexpected failures	380

Compiler version: 4.6.4 (Debian 4.6.4-3) 
Platform: mips-unknown-linux-gnu
configure flags: -v --with-pkgversion='Debian 4.6.4-3' --with-bugurl=file:///usr/share/doc/gcc-4.6/README.Bugs --enable-languages=c,c++,fortran,objc,obj-c++ --prefix=/usr --program-suffix=-4.6 --enable-shared --enable-linker-build-id --with-system-zlib --libexecdir=/usr/lib --without-included-gettext --enable-threads=posix --with-gxx-include-dir=/usr/include/c++/4.6 --libdir=/usr/lib --enable-nls --with-sysroot=/ --enable-clocale=gnu --enable-libstdcxx-debug --enable-gnu-unique-object --enable-plugin --with-mips-plt --with-arch-32=mips2 --with-tune-32=mips32 --enable-targets=all --with-arch-64=mips3 --with-tune-64=mips64 --enable-checking=release --build=mips-linux-gnu --host=mips-linux-gnu --target=mips-linux-gnu
BOOT_CFLAGS=


Build Dependencies:
Desired=Unknown/Install/Remove/Purge/Hold
| Status=Not/Inst/Conf-files/Unpacked/halF-conf/Half-inst/trig-aWait/Trig-pend
|/ Err?=(none)/Reinst-required (Status,Err: uppercase=bad)
||/ Name                               Version               Architecture Description
+++-==================================-=====================-============-========================================================================
ii  binutils                           2.23.52.20130612-1    mips         GNU assembler, linker and binary utilities
ii  g++-4.6                            4.6.4-2               mips         GNU C++ compiler
ii  g++-4.6-multilib                   4.6.4-2               mips         GNU C++ compiler (multilib files)
ii  g++-multilib                       4:4.6.4-1             mips         GNU C++ compiler (multilib files)
ii  libc6:mips                         2.17-6                mips         Embedded GNU C Library: Shared libraries
ii  libcloog-ppl-dev:mips              0.16.1-3              mips         Chunky Loop Generator (development files)
ii  libgmp-dev:mips                    2:5.1.2+dfsg-1        mips         Multiprecision arithmetic library developers tools
ii  libmpc-dev:mips                    1.0.1-1               mips         multiple precision complex floating-point library development package
ii  libmpfr-dev:mips                   3.1.1-1               mips         multiple precision floating-point computation developers tools
ii  libppl0.12-dev:mips                1:1.0-7               mips         Parma Polyhedra Library (development)


gcc-gfdl-build:
  Build a dummy s-tm-texi without access to the texinfo sources

gcc-textdomain:
  Set gettext's domain and textdomain to the versioned package name.

gcc-driver-extra-langs:
  Add options and specs for languages that are not built from a source
  (but built from separate sources).

gcc-hash-style-gnu:
  Link using --hash-style=gnu (alpha, amd64, armel, ia64, i386, powerpc, ppc64, s390, sparc)

libstdc++-pic:
  Build and install libstdc++_pic.a library.

libstdc++-doclink:
  adjust hrefs to point to the local documentation

libstdc++-man-3cxx:
  Install libstdc++ man pages with suffix .3cxx instead of .3

libstdc++-test-installed:
  Add support to run the libstdc++-v3 testsuite using the
  installed shared libraries.

libjava-stacktrace:
  libgcj: Lookup source file name and line number in separated
  debug files found in /usr/lib/debug

libjava-jnipath:
  - Add /usr/lib/jni and /usr/lib/<multiarch>/jni to java.library.path.
  - When running the i386 binaries on amd64, look in
  - /usr/lib32/gcj-x.y and /usr/lib32/jni instead.

libjava-sjlj:
  Don't try to use _Unwind_Backtrace on SJLJ targets.
  See bug #387875, #388505, GCC PR 29206.

libjava-disable-plugin:
  Don't build the gcjwebplugin, even when configured with --enable-plugin

alpha-no-ev4-directive:
  never emit .ev4 directive.

boehm-gc-getnprocs:
  boehm-gc/pthread_support.c (GC_get_nprocs): Use sysconf as fallback.

note-gnu-stack:
  Add .note.GNU-stack sections for gcc's crt files, libffi and boehm-gc
  Taken from FC.

libgomp-omp_h-multilib:
  Fix up omp.h for multilibs.

sparc-force-cpu:
  On sparc default to ultrasparc (v9a) in 32bit mode

pr24619:
  Proposed patch for PR mudflap/24619 (instrumentation of dlopen)

gccgo-version:
  Omit the subminor number from the go libdir

no_fpr_in_libgcc:
  It does not really harm by including them since nobody should use them
  but gas does not wont to assmebly hard float since they are not
  available on this cpu. Upstream did not respond.

pr48226:
  Fix PR target/48226, Allow Iterator::vector vector on powerpc with VSX.

pr47487:
  Fix PR target/47487 powerpc64 ICE building libgo

mudflap-varargs:
  Add mudflap support for varargs

mudflapth-link:
  Link libmudflapth.so with -lpthread

pr45078:
  Proposed patch for PR plugin/45078

pr43804:
  Fix for PR target/43804 backported from SVN

pr47818:
  Fix PR ada/47818: Pragma Assert is rejected with No_Implementation_Pragmas restriction.

pr48830:
  Fix for PR rtl-optimization/{48830,48808,48792}, taken from the trunk.

pr49169:
  * Fix PR tree-optimization/49169, optimisations strip the Thumb/ARM mode bit
  off function pointers (Richard Sandiford).

pr49756:
  Fix PR c++/49756, backport from trunk

pr49940:
  Apply proposed patch for PR ada/49940.

pr49944:
  apply proposed patch for PR ada/49444.

gcc-cloog-dl:
  Link against -ldl instead of -lcloog -lppl. Exit with an error when using
  the Graphite loop transformation infrastructure without having the
  libcloog-ppl[01] package installed. Packages using these optimizations
  should build-depend on libcloog-ppl1 | libcloog-ppl0.

libffi-kfreebsd:
  libffi:  Define FFI_MMAP_EXEC_WRIT on kfreebsd-*.

libffi-m68k:
  Apply #660525 fix to in-tree libffi

gcc-base-version:
  Set base version to 4.6, introduce full version 4.6.x.

pr49696:

libffi-powerpc-sf:

libffi-powerpc-sysv-without-string-ops:

pr49030:
  Fix PR target/49030 (ARM), taken from Linaro

pr50193:
  Fix PR target/50193 (ARM), taken from Linaro.

pr50114:
  Fix PR c++/50114, backport from trunk.

pr50946:
  Fix PR target/50946, taken from the trunk.

gcc-arm-abi-conformance:
  Fix ARM ABI conformance regression.

arm-no-va_list-warn:
  Don't warn anymore that 4.4 has changed the \`va_list' mangling.

pr47955:
  Backport m68k bugfix from gcc-4.7/trunk

m68k-fp-cmp-zero:

m68k-atomic:
  backport atomic builtin backend code for m68k from trunk
  and add t-slibgcc-libgcc to m68k configuration by advice
  of Mikel Pettersson to avoid running into PR40134 again

gcc-gengtype-fix1:
  Backport patch from the 4.7 branch, fixing gengtype memory issue.

gcc-gengtype-fix2:
  Write gengtype output to a temporary file before using it

ppl-version:
  recognize ppl version 1.0

libjava-cff1.7:
  Allow java class file format version 1.7.

gcc-d-lang:
  Add D options and specs for the gcc driver.

libjava-disable-static:
  Disable building the static libjava.

s390-biarch:
  Build a bi-arch compiler on s390-linux-gnu.
  http://gcc.gnu.org/ml/gcc-patches/2009-03/msg01044.html

mips-triarch:
  Build a tri-arch compiler on mips-linux-gnu.
  http://gcc.gnu.org/ml/gcc-patches/2009-03/msg01047.html

arm-dynamic-linker:
  For ARM hard float, set the dynamic linker to
  /lib/ld-linux-armhf.so.3.

arm-multilib-soft:
  ARM hard/soft float multilib support

arm-multilib-defaults:
  Set MULTILIB_DEFAULTS for ARM multilib builds

gcc-ice-hack:
  Retry the build on an ice, save the calling options and preprocessed
  source when the ice is reproducible.

gcc-ice-apport:
  Report an ICE to apport (if apport is available
  and the environment variable GCC_NOAPPORT is not set)

libjava-fixed-symlinks:
  Remove unneed '..' elements from symlinks in JAVA_HOME

libstdc++-arm-wno-abi:
  Temporary work around:
  On arm-linux-gnueabi run the libstdc++v3 testsuite with -Wno-abi

libstdc++-no-testsuite:
  Don't run the libstdc++ testsuite on hppa and mipsel (timeouts on the buildds)

ada-mips:
  Improve support for mips.

libffi-ro-eh_frame_sect:
  PR libffi/47248, force a read only eh frame section.

gcc-multiarch:
  Add multiarch support to GCC (chunks not yet applied upstream).

libjava-multiarch:
  Install libjava libraries to multiarch location

libjava-nobiarch-check:
  For biarch builds, disable the testsuite for the non-default architecture
  for runtime libraries, which are not built by default (libjava).

config-ml:
  - Disable some biarch libraries for biarch builds.
  - Fix multilib builds on kernels which don't support all multilibs.

gcc-powerpc-nof:
  Don't build nof multlib on powerpc.

gcc-powerpc-undef:
  Undefine LINK_EH_SPEC before redefining it
  http://gcc.gnu.org/ml/gcc-patches/2011-02/msg01082.html

gcc-no-add-needed:
  On linux targets pass --no-add-needed to the linker.

mips-fix-loongson2f-nop:
  On mips, pass -mfix-loongson2f-nop to as, if -mno-fix-loongson2f-nop
  is not passed.

gcc-system-root:
  Remove trailing slash from system root directory

libgomp-kfreebsd-testsuite:
  Disable lock-2.c test on kfreebsd-*

armhf-triplet:
  add support for arm-linux-*eabi* triplets; useful for armhf

Counting all warnings,
there are 0 warnings in stage3 of this bootstrap.

Number of warnings per file:

Number of warning types:



More information about the Gcc-testresults mailing list