Results for 4.9.0 20130604 (experimental) [trunk revision 199675] (GCC) testsuite on hppa2.0w-hp-hpux11.00

John David Anglin dave@hiauly2.hia.nrc.ca
Sat Jun 15 23:23:00 GMT 2013


		=== acats tests ===

		=== acats Summary ===
# of expected passes		2320
# of unexpected failures	0
Native configuration is hppa2.0w-hp-hpux11.00

		=== g++ tests ===


Running target unix
FAIL: g++.dg/cpp0x/udlit-string-literal.C (test for excess errors)
UNRESOLVED: g++.dg/ext/label13.C -std=gnu++98 compilation failed to produce executable
UNRESOLVED: g++.dg/ext/label13.C -std=gnu++11 compilation failed to produce executable
WARNING: program timed out.
FAIL: c-c++-common/simulate-thread/bitfields-2.c  -Os -g  thread simulation test

		=== g++ Summary ===

# of expected passes		46052
# of unexpected failures	2
# of expected failures		298
# of unresolved testcases	2
# of unsupported tests		1293
/home/gnu/gcc/objdir/gcc/testsuite/g++/../../xg++  version 4.9.0 20130604 (experimental) [trunk revision 199675] (GCC) 

		=== gcc tests ===


Running target unix
WARNING: program timed out.
FAIL: gcc.dg/c99-intconst-1.c (test for excess errors)
WARNING: program timed out.
FAIL: gcc.dg/pr48141.c (test for excess errors)
WARNING: program timed out.

		=== gcc Summary ===

# of expected passes		68584
# of unexpected failures	2
# of expected failures		115
# of unsupported tests		1555
/home/gnu/gcc/objdir/gcc/xgcc  version 4.9.0 20130604 (experimental) [trunk revision 199675] (GCC) 

		=== gfortran tests ===


Running target unix
WARNING: program timed out.
FAIL: gfortran.dg/minlocval_3.f90  -O3 -fomit-frame-pointer  (test for excess errors)
UNRESOLVED: gfortran.dg/minlocval_3.f90  -O3 -fomit-frame-pointer  compilation failed to produce executable
WARNING: program timed out.
FAIL: gfortran.dg/minlocval_3.f90  -O3 -fomit-frame-pointer -funroll-loops  (test for excess errors)
UNRESOLVED: gfortran.dg/minlocval_3.f90  -O3 -fomit-frame-pointer -funroll-loops  compilation failed to produce executable
WARNING: program timed out.
FAIL: gfortran.dg/minlocval_3.f90  -O3 -fomit-frame-pointer -funroll-all-loops -finline-functions  (test for excess errors)
UNRESOLVED: gfortran.dg/minlocval_3.f90  -O3 -fomit-frame-pointer -funroll-all-loops -finline-functions  compilation failed to produce executable
WARNING: program timed out.
FAIL: gfortran.dg/minlocval_3.f90  -O3 -g  (test for excess errors)
UNRESOLVED: gfortran.dg/minlocval_3.f90  -O3 -g  compilation failed to produce executable
FAIL: gfortran.dg/pr45636.f90  -O   scan-tree-dump-times forwprop2 "memset" 0
FAIL: gfortran.dg/size_kind_2.f90  -O   scan-tree-dump original "var2 = 4294967300;"

		=== gfortran Summary ===

# of expected passes		42809
# of unexpected failures	6
# of expected failures		38
# of unresolved testcases	4
# of unsupported tests		398
/home/gnu/gcc/objdir/gcc/testsuite/gfortran/../../gfortran  version 4.9.0 20130604 (experimental) [trunk revision 199675] (GCC) 

		=== gnat tests ===


Running target unix

		=== gnat Summary ===

# of expected passes		1162
# of expected failures		18
# of unsupported tests		13
/home/gnu/gcc/objdir/gcc/gnatmake version 4.9.0 20130604 (experimental) [trunk revision 199675]

		=== obj-c++ tests ===


Running target unix

		=== obj-c++ Summary ===

# of expected passes		1408
# of expected failures		2
# of unsupported tests		69
/home/gnu/gcc/objdir/gcc/testsuite/obj-c++/../../xg++  version 4.9.0 20130604 (experimental) [trunk revision 199675] (GCC) 

		=== objc tests ===


Running target unix

		=== objc Summary ===

# of expected passes		2912
# of unsupported tests		67
/home/gnu/gcc/objdir/gcc/xgcc  version 4.9.0 20130604 (experimental) [trunk revision 199675] (GCC) 

		=== libatomic tests ===


Running target unix

		=== libatomic Summary ===

# of expected passes		4
# of unsupported tests		25
		=== libgomp tests ===


Running target unix

		=== libgomp Summary ===

# of expected passes		2983
# of unsupported tests		10
		=== libstdc++ tests ===


Running target unix
FAIL: 21_strings/basic_string/literals/types.cc (test for excess errors)
FAIL: 21_strings/basic_string/literals/values.cc (test for excess errors)
UNRESOLVED: 21_strings/basic_string/literals/values.cc compilation failed to produce executable
WARNING: program timed out.
FAIL: 23_containers/vector/bool/modifiers/insert/31370.cc execution test

		=== libstdc++ Summary ===

# of expected passes		6773
# of unexpected failures	3
# of expected failures		44
# of unresolved testcases	1
# of unsupported tests		723

Compiler version: 4.9.0 20130604 (experimental) [trunk revision 199675] (GCC) 
Platform: hppa2.0w-hp-hpux11.00
configure flags:Test Run By dave on Fri Jun  7 03:16:25 EDT 2013



More information about the Gcc-testresults mailing list