Results for 4.8.2 20130614 (prerelease) (GCC) testsuite on arm-none-eabi

CodeSourcery Automatic Testing System gcc@codesourcery.com
Sat Jun 15 07:11:00 GMT 2013


LAST_UPDATED: Fri Jun 14 19:56:30 UTC 2013 (/branches/gcc-4_8-branch revision 200083)

Target is arm-none-eabi
Host   is i686-pc-linux-gnu

		=== g++ tests ===


Running target arm-sim-fsf
FAIL: g++.dg/simulate-thread/atomics-1.C  -O0 -g  (test for excess errors)
FAIL: g++.dg/simulate-thread/atomics-1.C  -O1 -g  (test for excess errors)
FAIL: g++.dg/simulate-thread/atomics-1.C  -O2 -g -std=c++98  (test for excess errors)
FAIL: g++.dg/simulate-thread/atomics-1.C  -O3 -g -std=c++11  (test for excess errors)
FAIL: g++.dg/simulate-thread/atomics-1.C  -Os -g  (test for excess errors)
FAIL: g++.dg/simulate-thread/atomics-2.C  -O0 -g  (test for excess errors)
FAIL: g++.dg/simulate-thread/atomics-2.C  -O1 -g  (test for excess errors)
FAIL: g++.dg/simulate-thread/atomics-2.C  -O2 -g -std=c++98  (test for excess errors)
FAIL: g++.dg/simulate-thread/atomics-2.C  -O3 -g -std=c++11  (test for excess errors)
FAIL: g++.dg/simulate-thread/atomics-2.C  -Os -g  (test for excess errors)

		=== g++ Summary ===

# of expected passes		48463
# of unexpected failures	10
# of expected failures		283
# of unsupported tests		1064
/scratch/gcc/nightly-2013-06-14-4.8/arm-none-eabi/obj/test-4.8-0-arm-none-eabi/host-i686-pc-linux-gnu/fsf-4.8/bin/arm-none-eabi-g++  version 4.8.2 20130614 (prerelease) (GCC) 


		=== Summary adjusted for local xfails ===

# of unexpected failures        10
# of expected passes            48463
# of expected failures          283
# of unsupported tests          1064
Host   is i686-pc-linux-gnu

		=== gcc tests ===


Running target arm-sim-fsf
FAIL: gcc.dg/atomic-flag.c (test for excess errors)
UNRESOLVED: gcc.dg/atomic-flag.c compilation failed to produce executable
FAIL: gcc.dg/uninit-13.c unconditional (test for warnings, line 8)
FAIL: gcc.dg/uninit-13.c (test for excess errors)
FAIL: gcc.dg/tree-ssa/sra-12.c scan-tree-dump-times release_ssa "l;" 0
FAIL: gcc.target/arm/neon-vext-execute.c execution test
FAIL: gcc.target/arm/pr42172-1.c scan-assembler-times ldr 1
FAIL: gcc.target/arm/pr42575.c scan-assembler-not mov

		=== gcc Summary ===

# of expected passes		86794
# of unexpected failures	7
# of expected failures		252
# of unresolved testcases	1
# of unsupported tests		1690
/scratch/gcc/nightly-2013-06-14-4.8/arm-none-eabi/obj/test-4.8-0-arm-none-eabi/host-i686-pc-linux-gnu/fsf-4.8/bin/arm-none-eabi-gcc  version 4.8.2 20130614 (prerelease) (GCC) 


		=== Summary adjusted for local xfails ===

# of unexpected failures        7
# of expected passes            86794
# of expected failures          252
# of unresolved testcases       1
# of unsupported tests          1690
Host   is i686-pc-linux-gnu

		=== libstdc++ tests ===


Running target arm-sim-fsf
ERROR: tcl error sourcing /scratch/gcc/nightly-2013-06-14-4.8/src/gcc-4.8/libstdc++-v3/testsuite/libstdc++-abi/abi.exp.
ERROR: can't read "baseline_subdir_switch": no such variable
FAIL: 27_io/basic_filebuf/underflow/wchar_t/11603.cc execution test
FAIL: 29_atomics/atomic/cons/49445.cc (test for excess errors)
UNRESOLVED: 29_atomics/atomic/cons/49445.cc compilation failed to produce executable
FAIL: 29_atomics/atomic/cons/user_pod.cc (test for excess errors)
FAIL: 29_atomics/atomic/operators/integral_assignment.cc (test for excess errors)
UNRESOLVED: 29_atomics/atomic/operators/integral_assignment.cc compilation failed to produce executable
FAIL: 29_atomics/atomic/operators/integral_conversion.cc (test for excess errors)
UNRESOLVED: 29_atomics/atomic/operators/integral_conversion.cc compilation failed to produce executable
FAIL: 29_atomics/atomic_flag/clear/1.cc (test for excess errors)
UNRESOLVED: 29_atomics/atomic_flag/clear/1.cc compilation failed to produce executable
FAIL: 29_atomics/atomic_flag/test_and_set/explicit.cc (test for excess errors)
UNRESOLVED: 29_atomics/atomic_flag/test_and_set/explicit.cc compilation failed to produce executable
FAIL: 29_atomics/atomic_flag/test_and_set/implicit.cc (test for excess errors)
UNRESOLVED: 29_atomics/atomic_flag/test_and_set/implicit.cc compilation failed to produce executable
FAIL: 29_atomics/atomic_integral/operators/integral_assignment.cc (test for excess errors)
UNRESOLVED: 29_atomics/atomic_integral/operators/integral_assignment.cc compilation failed to produce executable
FAIL: 29_atomics/atomic_integral/operators/integral_conversion.cc (test for excess errors)
UNRESOLVED: 29_atomics/atomic_integral/operators/integral_conversion.cc compilation failed to produce executable
XPASS: ext/stdio_filebuf/char/10063-2.cc execution test
XPASS: ext/stdio_filebuf/char/10063-3.cc execution test

		=== libstdc++ Summary ===

# of expected passes		7605
# of unexpected failures	10
# of unexpected successes	2
# of expected failures		52
# of unresolved testcases	8
# of unsupported tests		653

		=== Summary adjusted for local xfails ===

# of errors                     2
# of unexpected failures        10
# of expected passes            7605
# of unexpected successes       2
# of expected failures          52
# of unresolved testcases       8
# of unsupported tests          653
Host   is i686-pc-linux-gnu

		=== g++ tests ===


Running target arm-sim-fsf/-mthumb
FAIL: g++.dg/simulate-thread/atomics-1.C  -O0 -g  (test for excess errors)
FAIL: g++.dg/simulate-thread/atomics-1.C  -O1 -g  (test for excess errors)
FAIL: g++.dg/simulate-thread/atomics-1.C  -O2 -g -std=c++98  (test for excess errors)
FAIL: g++.dg/simulate-thread/atomics-1.C  -O3 -g -std=c++11  (test for excess errors)
FAIL: g++.dg/simulate-thread/atomics-1.C  -Os -g  (test for excess errors)
FAIL: g++.dg/simulate-thread/atomics-2.C  -O0 -g  (test for excess errors)
FAIL: g++.dg/simulate-thread/atomics-2.C  -O1 -g  (test for excess errors)
FAIL: g++.dg/simulate-thread/atomics-2.C  -O2 -g -std=c++98  (test for excess errors)
FAIL: g++.dg/simulate-thread/atomics-2.C  -O3 -g -std=c++11  (test for excess errors)
FAIL: g++.dg/simulate-thread/atomics-2.C  -Os -g  (test for excess errors)

		=== g++ Summary ===

# of expected passes		48323
# of unexpected failures	10
# of expected failures		283
# of unsupported tests		1080
/scratch/gcc/nightly-2013-06-14-4.8/arm-none-eabi/obj/test-4.8-0-arm-none-eabi/host-i686-pc-linux-gnu/fsf-4.8/bin/arm-none-eabi-g++  version 4.8.2 20130614 (prerelease) (GCC) 


		=== Summary adjusted for local xfails ===

# of unexpected failures        10
# of expected passes            48323
# of expected failures          283
# of unsupported tests          1080
Host   is i686-pc-linux-gnu

		=== gcc tests ===


Running target arm-sim-fsf/-mthumb
FAIL: gcc.dg/atomic-flag.c (test for excess errors)
UNRESOLVED: gcc.dg/atomic-flag.c compilation failed to produce executable
FAIL: gcc.dg/uninit-13.c unconditional (test for warnings, line 8)
FAIL: gcc.dg/uninit-13.c (test for excess errors)
FAIL: gcc.dg/tree-ssa/sra-12.c scan-tree-dump-times release_ssa "l;" 0
FAIL: gcc.target/arm/pr42172-1.c scan-assembler-times ldr 1
FAIL: gcc.target/arm/pr43137.c scan-assembler-not mov\\tr1, r[1-9]
FAIL: gcc.target/arm/volatile-bitfields-1.c scan-assembler ldrb[\\\\t ]+[^\\n]*,[\\\\t ]*\\\\[[^\\n]*\\\\]

		=== gcc Summary ===

# of expected passes		79773
# of unexpected failures	7
# of expected failures		110
# of unresolved testcases	1
# of unsupported tests		3640
/scratch/gcc/nightly-2013-06-14-4.8/arm-none-eabi/obj/test-4.8-0-arm-none-eabi/host-i686-pc-linux-gnu/fsf-4.8/bin/arm-none-eabi-gcc  version 4.8.2 20130614 (prerelease) (GCC) 


		=== Summary adjusted for local xfails ===

# of unexpected failures        7
# of expected passes            79773
# of expected failures          110
# of unresolved testcases       1
# of unsupported tests          3640
Host   is i686-pc-linux-gnu

		=== libstdc++ tests ===


Running target arm-sim-fsf/-mthumb
ERROR: tcl error sourcing /scratch/gcc/nightly-2013-06-14-4.8/src/gcc-4.8/libstdc++-v3/testsuite/libstdc++-abi/abi.exp.
ERROR: can't read "baseline_subdir_switch": no such variable
FAIL: 27_io/basic_filebuf/underflow/wchar_t/11603.cc execution test
FAIL: 29_atomics/atomic/cons/49445.cc (test for excess errors)
UNRESOLVED: 29_atomics/atomic/cons/49445.cc compilation failed to produce executable
FAIL: 29_atomics/atomic/cons/user_pod.cc (test for excess errors)
FAIL: 29_atomics/atomic/operators/integral_assignment.cc (test for excess errors)
UNRESOLVED: 29_atomics/atomic/operators/integral_assignment.cc compilation failed to produce executable
FAIL: 29_atomics/atomic/operators/integral_conversion.cc (test for excess errors)
UNRESOLVED: 29_atomics/atomic/operators/integral_conversion.cc compilation failed to produce executable
FAIL: 29_atomics/atomic_flag/clear/1.cc (test for excess errors)
UNRESOLVED: 29_atomics/atomic_flag/clear/1.cc compilation failed to produce executable
FAIL: 29_atomics/atomic_flag/test_and_set/explicit.cc (test for excess errors)
UNRESOLVED: 29_atomics/atomic_flag/test_and_set/explicit.cc compilation failed to produce executable
FAIL: 29_atomics/atomic_flag/test_and_set/implicit.cc (test for excess errors)
UNRESOLVED: 29_atomics/atomic_flag/test_and_set/implicit.cc compilation failed to produce executable
FAIL: 29_atomics/atomic_integral/operators/integral_assignment.cc (test for excess errors)
UNRESOLVED: 29_atomics/atomic_integral/operators/integral_assignment.cc compilation failed to produce executable
FAIL: 29_atomics/atomic_integral/operators/integral_conversion.cc (test for excess errors)
UNRESOLVED: 29_atomics/atomic_integral/operators/integral_conversion.cc compilation failed to produce executable
XPASS: ext/stdio_filebuf/char/10063-2.cc execution test
XPASS: ext/stdio_filebuf/char/10063-3.cc execution test

		=== libstdc++ Summary ===

# of expected passes		7605
# of unexpected failures	10
# of unexpected successes	2
# of expected failures		52
# of unresolved testcases	8
# of unsupported tests		653

		=== Summary adjusted for local xfails ===

# of errors                     2
# of unexpected failures        10
# of expected passes            7605
# of unexpected successes       2
# of expected failures          52
# of unresolved testcases       8
# of unsupported tests          653

Compiler version: 4.8.2 20130614 (prerelease) (GCC) 
Platform: arm-none-eabi
configure flags: --build=i686-pc-linux-gnu --host=i686-pc-linux-gnu --target=arm-none-eabi --enable-threads --disable-libmudflap --disable-libssp --disable-libstdcxx-pch --with-gnu-as --with-gnu-ld --enable-languages=c,c++ --disable-shared --enable-lto --with-newlib --disable-nls --prefix=/scratch/gcc/nightly-2013-06-14-4.8/arm-none-eabi/install --with-headers=yes --with-sysroot=/scratch/gcc/nightly-2013-06-14-4.8/arm-none-eabi/install/arm-none-eabi --with-gmp=/scratch/gcc/nightly-2013-06-14-4.8/arm-none-eabi/obj/pkg-4.8-0-arm-none-eabi/fsf-4.8-0-arm-none-eabi.extras/host-libs-i686-pc-linux-gnu/usr --with-mpfr=/scratch/gcc/nightly-2013-06-14-4.8/arm-none-eabi/obj/pkg-4.8-0-arm-none-eabi/fsf-4.8-0-arm-none-eabi.extras/host-libs-i686-pc-linux-gnu/usr --with-mpc=/scratch/gcc/nightly-2013-06-14-4.8/arm-none-eabi/obj/pkg-4.8-0-arm-none-eabi/fsf-4.8-0-arm-none-eabi.extras/host-libs-i686-pc-linux-gnu/usr --with-host-libstdcxx='-static-libgcc -Wl,-Bstatic,-lstdc++,-Bdynamic -lm' --wi
 th-isl=/scratch/gcc/nightly-2013-06-14-4.8/arm-none-eabi/obj/pkg-4.8-0-arm-none-eabi/fsf-4.8-0-arm-none-eabi.extras/host-libs-i686-pc-linux-gnu/usr --with-cloog=/scratch/gcc/nightly-2013-06-14-4.8/arm-none-eabi/obj/pkg-4.8-0-arm-none-eabi/fsf-4.8-0-arm-none-eabi.extras/host-libs-i686-pc-linux-gnu/usr --with-libelf=/scratch/gcc/nightly-2013-06-14-4.8/arm-none-eabi/obj/pkg-4.8-0-arm-none-eabi/fsf-4.8-0-arm-none-eabi.extras/host-libs-i686-pc-linux-gnu/usr --disable-libgomp --disable-libitm --enable-poison-system-directories --with-build-time-tools=/scratch/gcc/nightly-2013-06-14-4.8/arm-none-eabi/install/arm-none-eabi/bin --with-build-time-tools=/scratch/gcc/nightly-2013-06-14-4.8/arm-none-eabi/install/arm-none-eabi/bin SED=sed



More information about the Gcc-testresults mailing list