Results for 4.9.0 20130609 (experimental) (GCC) testsuite on arm-none-linux-gnueabi

CodeSourcery Automatic Testing System gcc@codesourcery.com
Mon Jun 10 22:13:00 GMT 2013


LAST_UPDATED: Sun Jun  9 07:14:09 UTC 2013 (/trunk revision 199866)

Target is arm-none-linux-gnueabi
Host   is i686-pc-linux-gnu

		=== g++ tests ===


Running target qemu-default
WARNING: program timed out.
ERROR: Could not run {cd /scratch/gcc/nightly-2013-06-09-mainline/arm-none-linux-gnueabi/obj/test-mainline-0-arm-none-linux-gnueabi/host-i686-pc-linux-gnu/default/g++.d} 146 256:
UNRESOLVED: g++.dg/bprob/g++-bprob-1.C execution,    -g  -fprofile-arcs
FAIL: g++.dg/ext/visibility/anon6.C -std=c++98  scan-assembler 1BIiE1cE
FAIL: g++.dg/ext/visibility/anon6.C -std=c++11  scan-assembler 1BIiE1cE

		=== g++ Summary ===

# of expected passes		50595
# of unexpected failures	2
# of expected failures		293
# of unresolved testcases	1
# of unsupported tests		974
/scratch/gcc/nightly-2013-06-09-mainline/arm-none-linux-gnueabi/obj/test-mainline-0-arm-none-linux-gnueabi/host-i686-pc-linux-gnu/fsf-mainline/bin/arm-none-linux-gnueabi-g++  version 4.9.0 20130609 (experimental) (GCC) 


		=== Summary adjusted for local xfails ===

# of errors                     1
# of unexpected failures        2
# of expected passes            50595
# of expected failures          293
# of unresolved testcases       1
# of unsupported tests          974
Host   is i686-pc-linux-gnu

		=== gcc tests ===


Running target qemu-default
FAIL: gcc.dg/uninit-13.c unconditional (test for warnings, line 8)
FAIL: gcc.dg/uninit-13.c (test for excess errors)
FAIL: gcc.dg/tree-ssa/sra-12.c scan-tree-dump-times release_ssa "l;" 0
FAIL: gcc.dg/vect/pr56787.c scan-tree-dump vect "vectorized 1 loops"
FAIL: gcc.dg/vect/pr56933.c execution test
FAIL: gcc.dg/vect/pr56787.c -flto  scan-tree-dump vect "vectorized 1 loops"
FAIL: gcc.dg/vect/pr56933.c -flto execution test
FAIL: gcc.target/arm/neon-for-64bits-2.c scan-assembler-times vand 1
FAIL: gcc.target/arm/neon-for-64bits-2.c scan-assembler-times vorr 1
FAIL: gcc.target/arm/neon-for-64bits-2.c scan-assembler-times veor 1
FAIL: gcc.target/arm/neon-vext-execute.c execution test
FAIL: gcc.target/arm/pr42172-1.c scan-assembler-times ldr 1
FAIL: gcc.target/arm/pr42575.c scan-assembler-not mov

		=== gcc Summary ===

# of expected passes		92450
# of unexpected failures	13
# of expected failures		251
# of unsupported tests		1417
/scratch/gcc/nightly-2013-06-09-mainline/arm-none-linux-gnueabi/obj/test-mainline-0-arm-none-linux-gnueabi/host-i686-pc-linux-gnu/fsf-mainline/bin/arm-none-linux-gnueabi-gcc  version 4.9.0 20130609 (experimental) (GCC) 


		=== Summary adjusted for local xfails ===

# of unexpected failures        13
# of expected passes            92450
# of expected failures          251
# of unsupported tests          1417
Host   is i686-pc-linux-gnu

		=== gfortran tests ===


Running target qemu-default
FAIL: gfortran.dg/finalize_10.f90  -O   scan-tree-dump-times original "__builtin_memcpy \\\\(\\\\(void .\\\\) y->_data, \\\\(void .\\\\) y->_vptr->_def_init, \\\\(unsigned long\\\\) y->_vptr->_size\\\\);" 1
FAIL: gfortran.dg/select_type_4.f90  -O2  execution test
FAIL: gfortran.dg/select_type_4.f90  -O3 -fomit-frame-pointer  execution test
FAIL: gfortran.dg/select_type_4.f90  -O3 -fomit-frame-pointer -funroll-loops  execution test
FAIL: gfortran.dg/select_type_4.f90  -O3 -fomit-frame-pointer -funroll-all-loops -finline-functions  execution test
FAIL: gfortran.dg/select_type_4.f90  -O3 -g  execution test
FAIL: gfortran.dg/zero_sized_1.f90  -O0  execution test
FAIL: gfortran.dg/lto/pr45586-2 f_lto_pr45586-2_0.o-f_lto_pr45586-2_0.o link, -O0 -flto -flto-partition=none -fuse-linker-plugin (internal compiler error)
UNRESOLVED: gfortran.dg/lto/pr45586-2 f_lto_pr45586-2_0.o-f_lto_pr45586-2_0.o execute -O0 -flto -flto-partition=none -fuse-linker-plugin
FAIL: gfortran.dg/lto/pr45586-2 f_lto_pr45586-2_0.o-f_lto_pr45586-2_0.o link, -O0 -flto -flto-partition=1to1 -fno-use-linker-plugin  (internal compiler error)
UNRESOLVED: gfortran.dg/lto/pr45586-2 f_lto_pr45586-2_0.o-f_lto_pr45586-2_0.o execute -O0 -flto -flto-partition=1to1 -fno-use-linker-plugin 
FAIL: gfortran.dg/lto/pr45586-2 f_lto_pr45586-2_0.o-f_lto_pr45586-2_0.o link, -O0 -flto -fuse-linker-plugin -fno-fat-lto-objects  (internal compiler error)
UNRESOLVED: gfortran.dg/lto/pr45586-2 f_lto_pr45586-2_0.o-f_lto_pr45586-2_0.o execute -O0 -flto -fuse-linker-plugin -fno-fat-lto-objects 
FAIL: gfortran.dg/lto/pr45586 f_lto_pr45586_0.o-f_lto_pr45586_0.o link, -O0 -flto -flto-partition=none -fuse-linker-plugin (internal compiler error)
UNRESOLVED: gfortran.dg/lto/pr45586 f_lto_pr45586_0.o-f_lto_pr45586_0.o execute -O0 -flto -flto-partition=none -fuse-linker-plugin
FAIL: gfortran.dg/lto/pr45586 f_lto_pr45586_0.o-f_lto_pr45586_0.o link, -O0 -flto -flto-partition=1to1 -fno-use-linker-plugin  (internal compiler error)
UNRESOLVED: gfortran.dg/lto/pr45586 f_lto_pr45586_0.o-f_lto_pr45586_0.o execute -O0 -flto -flto-partition=1to1 -fno-use-linker-plugin 
FAIL: gfortran.dg/lto/pr45586 f_lto_pr45586_0.o-f_lto_pr45586_0.o link, -O0 -flto -fuse-linker-plugin -fno-fat-lto-objects  (internal compiler error)
UNRESOLVED: gfortran.dg/lto/pr45586 f_lto_pr45586_0.o-f_lto_pr45586_0.o execute -O0 -flto -fuse-linker-plugin -fno-fat-lto-objects 
FAIL: gfortran.dg/vect/pr32380.f  -O   scan-tree-dump-times vect "vectorized 6 loops" 1

		=== gfortran Summary ===

# of expected passes		43319
# of unexpected failures	14
# of expected failures		53
# of unresolved testcases	6
# of unsupported tests		413
/scratch/gcc/nightly-2013-06-09-mainline/arm-none-linux-gnueabi/obj/test-mainline-0-arm-none-linux-gnueabi/host-i686-pc-linux-gnu/fsf-mainline/bin/arm-none-linux-gnueabi-gfortran  version 4.9.0 20130609 (experimental) (GCC) 


		=== Summary adjusted for local xfails ===

# of unexpected failures        14
# of expected passes            43319
# of expected failures          53
# of unresolved testcases       6
# of unsupported tests          413
Host   is i686-pc-linux-gnu

		=== libstdc++ tests ===


Running target qemu-default
ERROR: tcl error sourcing /scratch/gcc/nightly-2013-06-09-mainline/src/gcc-mainline/libstdc++-v3/testsuite/libstdc++-abi/abi.exp.
ERROR: can't read "baseline_subdir_switch": no such variable
FAIL: 20_util/exchange/1.cc (test for excess errors)
UNRESOLVED: 20_util/exchange/1.cc compilation failed to produce executable
FAIL: 21_strings/basic_string/inserters_extractors/wchar_t/28277.cc execution test
FAIL: 27_io/basic_ostream/inserters_character/wchar_t/28277-3.cc execution test
FAIL: 27_io/basic_ostream/inserters_character/wchar_t/28277-4.cc execution test
FAIL: 29_atomics/atomic/operators/integral_assignment.cc execution test
FAIL: 29_atomics/atomic/operators/integral_conversion.cc execution test
FAIL: 29_atomics/atomic_integral/operators/integral_assignment.cc execution test
FAIL: 29_atomics/atomic_integral/operators/integral_conversion.cc execution test
FAIL: ext/vstring/inserters_extractors/wchar_t/28277.cc execution test

		=== libstdc++ Summary ===

# of expected passes		8897
# of unexpected failures	9
# of expected failures		45
# of unresolved testcases	1
# of unsupported tests		337

		=== Summary adjusted for local xfails ===

# of errors                     2
# of unexpected failures        9
# of expected passes            8897
# of expected failures          45
# of unresolved testcases       1
# of unsupported tests          337
Host   is i686-pc-linux-gnu

		=== g++ tests ===


Running target qemu-default-thumb/-mthumb
FAIL: g++.dg/ext/visibility/anon6.C -std=c++98  scan-assembler 1BIiE1cE
FAIL: g++.dg/ext/visibility/anon6.C -std=c++11  scan-assembler 1BIiE1cE
WARNING: program timed out.
WARNING: no shell prompt printed
FAIL: g++.dg/torture/covariant-1.C  -O2 -flto -fno-use-linker-plugin -flto-partition=none  execution test
FAIL: g++.dg/torture/covariant-1.C  -O2 -flto -fuse-linker-plugin -fno-fat-lto-objects  execution test
FAIL: g++.dg/torture/pr45699.C  -O2 -flto -fuse-linker-plugin -fno-fat-lto-objects  execution test

		=== g++ Summary ===

# of expected passes		50453
# of unexpected failures	5
# of expected failures		293
# of unsupported tests		988
/scratch/gcc/nightly-2013-06-09-mainline/arm-none-linux-gnueabi/obj/test-mainline-0-arm-none-linux-gnueabi/host-i686-pc-linux-gnu/fsf-mainline/bin/arm-none-linux-gnueabi-g++  version 4.9.0 20130609 (experimental) (GCC) 


		=== Summary adjusted for local xfails ===

# of unexpected failures        5
# of expected passes            50453
# of expected failures          293
# of unsupported tests          988
Host   is i686-pc-linux-gnu

		=== gcc tests ===


Running target qemu-default-thumb/-mthumb
FAIL: gcc.dg/uninit-13.c unconditional (test for warnings, line 8)
FAIL: gcc.dg/uninit-13.c (test for excess errors)
FAIL: gcc.dg/torture/tls/tls-reload-1.c  -O1  -pie -fpie  execution test
FAIL: gcc.dg/torture/tls/tls-reload-1.c  -O2  -pie -fpie  execution test
FAIL: gcc.dg/torture/tls/tls-reload-1.c  -O3 -fomit-frame-pointer  -pie -fpie  execution test
FAIL: gcc.dg/torture/tls/tls-reload-1.c  -O3 -g  -pie -fpie  execution test
FAIL: gcc.dg/torture/tls/tls-reload-1.c  -Os  -pie -fpie  execution test
FAIL: gcc.dg/torture/tls/tls-reload-1.c  -O1  -pie -fPIE  execution test
FAIL: gcc.dg/torture/tls/tls-reload-1.c  -O2  -pie -fPIE  execution test
FAIL: gcc.dg/torture/tls/tls-reload-1.c  -O3 -fomit-frame-pointer  -pie -fPIE  execution test
FAIL: gcc.dg/torture/tls/tls-reload-1.c  -O3 -g  -pie -fPIE  execution test
FAIL: gcc.dg/torture/tls/tls-reload-1.c  -Os  -pie -fPIE  execution test
FAIL: gcc.dg/tree-ssa/sra-12.c scan-tree-dump-times release_ssa "l;" 0
FAIL: gcc.target/arm/iordi3-opt.c scan-assembler-not mov[\\\\t ]+.+,[\\\\t ]*.+
FAIL: gcc.target/arm/minmax_minus.c scan-assembler rsbge
FAIL: gcc.target/arm/minmax_minus.c scan-assembler rsblt
FAIL: gcc.target/arm/pr19599.c scan-assembler bx
FAIL: gcc.target/arm/pr42172-1.c scan-assembler-times ldr 1
FAIL: gcc.target/arm/volatile-bitfields-1.c scan-assembler ldrb[\\\\t ]+[^\\n]*,[\\\\t ]*\\\\[[^\\n]*\\\\]
FAIL: gcc.target/arm/xordi3-opt.c scan-assembler-not mov[\\\\t ]+.+,[\\\\t ]*.+

		=== gcc Summary ===

# of expected passes		85331
# of unexpected failures	20
# of expected failures		110
# of unsupported tests		3390
/scratch/gcc/nightly-2013-06-09-mainline/arm-none-linux-gnueabi/obj/test-mainline-0-arm-none-linux-gnueabi/host-i686-pc-linux-gnu/fsf-mainline/bin/arm-none-linux-gnueabi-gcc  version 4.9.0 20130609 (experimental) (GCC) 


		=== Summary adjusted for local xfails ===

# of unexpected failures        20
# of expected passes            85331
# of expected failures          110
# of unsupported tests          3390
Host   is i686-pc-linux-gnu

		=== gfortran tests ===


Running target qemu-default-thumb/-mthumb
FAIL: gfortran.dg/finalize_10.f90  -O   scan-tree-dump-times original "__builtin_memcpy \\\\(\\\\(void .\\\\) y->_data, \\\\(void .\\\\) y->_vptr->_def_init, \\\\(unsigned long\\\\) y->_vptr->_size\\\\);" 1
FAIL: gfortran.dg/lto/pr45586-2 f_lto_pr45586-2_0.o-f_lto_pr45586-2_0.o link, -O0 -flto -flto-partition=none -fuse-linker-plugin (internal compiler error)
UNRESOLVED: gfortran.dg/lto/pr45586-2 f_lto_pr45586-2_0.o-f_lto_pr45586-2_0.o execute -O0 -flto -flto-partition=none -fuse-linker-plugin
FAIL: gfortran.dg/lto/pr45586-2 f_lto_pr45586-2_0.o-f_lto_pr45586-2_0.o link, -O0 -flto -flto-partition=1to1 -fno-use-linker-plugin  (internal compiler error)
UNRESOLVED: gfortran.dg/lto/pr45586-2 f_lto_pr45586-2_0.o-f_lto_pr45586-2_0.o execute -O0 -flto -flto-partition=1to1 -fno-use-linker-plugin 
FAIL: gfortran.dg/lto/pr45586-2 f_lto_pr45586-2_0.o-f_lto_pr45586-2_0.o link, -O0 -flto -fuse-linker-plugin -fno-fat-lto-objects  (internal compiler error)
UNRESOLVED: gfortran.dg/lto/pr45586-2 f_lto_pr45586-2_0.o-f_lto_pr45586-2_0.o execute -O0 -flto -fuse-linker-plugin -fno-fat-lto-objects 
FAIL: gfortran.dg/lto/pr45586 f_lto_pr45586_0.o-f_lto_pr45586_0.o link, -O0 -flto -flto-partition=none -fuse-linker-plugin (internal compiler error)
UNRESOLVED: gfortran.dg/lto/pr45586 f_lto_pr45586_0.o-f_lto_pr45586_0.o execute -O0 -flto -flto-partition=none -fuse-linker-plugin
FAIL: gfortran.dg/lto/pr45586 f_lto_pr45586_0.o-f_lto_pr45586_0.o link, -O0 -flto -flto-partition=1to1 -fno-use-linker-plugin  (internal compiler error)
UNRESOLVED: gfortran.dg/lto/pr45586 f_lto_pr45586_0.o-f_lto_pr45586_0.o execute -O0 -flto -flto-partition=1to1 -fno-use-linker-plugin 
FAIL: gfortran.dg/lto/pr45586 f_lto_pr45586_0.o-f_lto_pr45586_0.o link, -O0 -flto -fuse-linker-plugin -fno-fat-lto-objects  (internal compiler error)
UNRESOLVED: gfortran.dg/lto/pr45586 f_lto_pr45586_0.o-f_lto_pr45586_0.o execute -O0 -flto -fuse-linker-plugin -fno-fat-lto-objects 

		=== gfortran Summary ===

# of expected passes		43276
# of unexpected failures	7
# of expected failures		52
# of unresolved testcases	6
# of unsupported tests		401
/scratch/gcc/nightly-2013-06-09-mainline/arm-none-linux-gnueabi/obj/test-mainline-0-arm-none-linux-gnueabi/host-i686-pc-linux-gnu/fsf-mainline/bin/arm-none-linux-gnueabi-gfortran  version 4.9.0 20130609 (experimental) (GCC) 


		=== Summary adjusted for local xfails ===

# of unexpected failures        7
# of expected passes            43276
# of expected failures          52
# of unresolved testcases       6
# of unsupported tests          401
Host   is i686-pc-linux-gnu

		=== libstdc++ tests ===


Running target qemu-default-thumb/-mthumb
ERROR: tcl error sourcing /scratch/gcc/nightly-2013-06-09-mainline/src/gcc-mainline/libstdc++-v3/testsuite/libstdc++-abi/abi.exp.
ERROR: can't read "baseline_subdir_switch": no such variable
FAIL: 20_util/exchange/1.cc (test for excess errors)
UNRESOLVED: 20_util/exchange/1.cc compilation failed to produce executable
FAIL: 21_strings/basic_string/inserters_extractors/wchar_t/28277.cc execution test
FAIL: 27_io/basic_ostream/inserters_character/wchar_t/28277-3.cc execution test
FAIL: 27_io/basic_ostream/inserters_character/wchar_t/28277-4.cc execution test
FAIL: 29_atomics/atomic/operators/integral_assignment.cc execution test
FAIL: 29_atomics/atomic/operators/integral_conversion.cc execution test
FAIL: 29_atomics/atomic_integral/operators/integral_assignment.cc execution test
FAIL: 29_atomics/atomic_integral/operators/integral_conversion.cc execution test
FAIL: ext/vstring/inserters_extractors/wchar_t/28277.cc execution test

		=== libstdc++ Summary ===

# of expected passes		8897
# of unexpected failures	9
# of expected failures		45
# of unresolved testcases	1
# of unsupported tests		337

		=== Summary adjusted for local xfails ===

# of errors                     2
# of unexpected failures        9
# of expected passes            8897
# of expected failures          45
# of unresolved testcases       1
# of unsupported tests          337

Compiler version: 4.9.0 20130609 (experimental) (GCC) 
Platform: arm-none-linux-gnueabi
configure flags: --build=i686-pc-linux-gnu --host=i686-pc-linux-gnu --target=arm-none-linux-gnueabi --enable-threads --disable-libmudflap --disable-libssp --disable-libstdcxx-pch --with-gnu-as --with-gnu-ld --enable-languages=c,c++,fortran --enable-shared --enable-lto --enable-symvers=gnu --enable-__cxa_atexit --disable-nls --prefix=/scratch/gcc/nightly-2013-06-09-mainline/arm-none-linux-gnueabi/install --with-sysroot=/scratch/gcc/nightly-2013-06-09-mainline/arm-none-linux-gnueabi/install/arm-none-linux-gnueabi/libc --with-gmp=/scratch/gcc/nightly-2013-06-09-mainline/arm-none-linux-gnueabi/obj/pkg-mainline-0-arm-none-linux-gnueabi/fsf-mainline-0-arm-none-linux-gnueabi.extras/host-libs-i686-pc-linux-gnu/usr --with-mpfr=/scratch/gcc/nightly-2013-06-09-mainline/arm-none-linux-gnueabi/obj/pkg-mainline-0-arm-none-linux-gnueabi/fsf-mainline-0-arm-none-linux-gnueabi.extras/host-libs-i686-pc-linux-gnu/usr --with-mpc=/scratch/gcc/nightly-2013-06-09-mainline/arm-none-linux-gnueabi/obj/
 pkg-mainline-0-arm-none-linux-gnueabi/fsf-mainline-0-arm-none-linux-gnueabi.extras/host-libs-i686-pc-linux-gnu/usr --with-host-libstdcxx='-static-libgcc -Wl,-Bstatic,-lstdc++,-Bdynamic -lm' --with-isl=/scratch/gcc/nightly-2013-06-09-mainline/arm-none-linux-gnueabi/obj/pkg-mainline-0-arm-none-linux-gnueabi/fsf-mainline-0-arm-none-linux-gnueabi.extras/host-libs-i686-pc-linux-gnu/usr --with-cloog=/scratch/gcc/nightly-2013-06-09-mainline/arm-none-linux-gnueabi/obj/pkg-mainline-0-arm-none-linux-gnueabi/fsf-mainline-0-arm-none-linux-gnueabi.extras/host-libs-i686-pc-linux-gnu/usr --with-libelf=/scratch/gcc/nightly-2013-06-09-mainline/arm-none-linux-gnueabi/obj/pkg-mainline-0-arm-none-linux-gnueabi/fsf-mainline-0-arm-none-linux-gnueabi.extras/host-libs-i686-pc-linux-gnu/usr --disable-libgomp --disable-libitm --enable-poison-system-directories --with-build-time-tools=/scratch/gcc/nightly-2013-06-09-mainline/arm-none-linux-gnueabi/install/arm-none-linux-gnueabi/bin --with-build-time-t
 ools=/scratch/gcc/nightly-2013-06-09-mainline/arm-none-linux-gnueabi/install/arm-none-linux-gnueabi/bin SED=sed



More information about the Gcc-testresults mailing list