Results for 4.9.0 20130604 (experimental) [trunk revision 199675] (GCC) testsuite on hppa2.0w-hp-hpux11.11

John David Anglin dave@hiauly3.hia.nrc.ca
Sun Jun 9 00:37:00 GMT 2013


		=== acats tests ===
FAIL:	c974013

		=== acats Summary ===
# of expected passes		2319
# of unexpected failures	1
Native configuration is hppa2.0w-hp-hpux11.11

		=== g++ tests ===


Running target unix
UNRESOLVED: g++.dg/ext/label13.C -std=gnu++98 compilation failed to produce executable
UNRESOLVED: g++.dg/ext/label13.C -std=gnu++11 compilation failed to produce executable
WARNING: program timed out.
FAIL: c-c++-common/simulate-thread/bitfields-2.c  -Os -g  thread simulation test

		=== g++ Summary ===

# of expected passes		46056
# of unexpected failures	1
# of expected failures		298
# of unresolved testcases	2
# of unsupported tests		1290
/test/gnu/gcc/objdir/gcc/testsuite/g++/../../xg++  version 4.9.0 20130604 (experimental) [trunk revision 199675] (GCC) 

		=== gcc tests ===


Running target unix
WARNING: program timed out.

		=== gcc Summary ===

# of expected passes		68581
# of expected failures		115
# of unsupported tests		1552
/test/gnu/gcc/objdir/gcc/xgcc  version 4.9.0 20130604 (experimental) [trunk revision 199675] (GCC) 

		=== gfortran tests ===


Running target unix
FAIL: gfortran.dg/pr45636.f90  -O   scan-tree-dump-times forwprop2 "memset" 0
FAIL: gfortran.dg/size_kind_2.f90  -O   scan-tree-dump original "var2 = 4294967300;"

		=== gfortran Summary ===

# of expected passes		42817
# of unexpected failures	2
# of expected failures		38
# of unsupported tests		398
/test/gnu/gcc/objdir/gcc/testsuite/gfortran/../../gfortran  version 4.9.0 20130604 (experimental) [trunk revision 199675] (GCC) 

		=== gnat tests ===


Running target unix

		=== gnat Summary ===

# of expected passes		1162
# of expected failures		18
# of unsupported tests		13
/test/gnu/gcc/objdir/gcc/gnatmake version 4.9.0 20130604 (experimental) [trunk revision 199675]

		=== obj-c++ tests ===


Running target unix

		=== obj-c++ Summary ===

# of expected passes		1408
# of expected failures		2
# of unsupported tests		69
/test/gnu/gcc/objdir/gcc/testsuite/obj-c++/../../xg++  version 4.9.0 20130604 (experimental) [trunk revision 199675] (GCC) 

		=== objc tests ===


Running target unix

		=== objc Summary ===

# of expected passes		2912
# of unsupported tests		67
/test/gnu/gcc/objdir/gcc/xgcc  version 4.9.0 20130604 (experimental) [trunk revision 199675] (GCC) 

		=== boehm-gc tests ===


Running target unix

		=== boehm-gc Summary ===

# of expected passes		12
# of unsupported tests		1
		=== libatomic tests ===


Running target unix

		=== libatomic Summary ===

# of expected passes		4
# of unsupported tests		25
		=== libffi tests ===


Running target unix

		=== libffi Summary ===

# of expected passes		1819
# of unsupported tests		55
		=== libgomp tests ===


Running target unix

		=== libgomp Summary ===

# of expected passes		2983
# of unsupported tests		10
		=== libjava tests ===


Running target unix
FAIL: LargeFile execution - source compiled test
FAIL: LargeFile -findirect-dispatch execution - source compiled test
FAIL: LargeFile -O3 execution - source compiled test
FAIL: LargeFile -O3 -findirect-dispatch execution - source compiled test
FAIL: sourcelocation output - source compiled test
FAIL: sourcelocation -findirect-dispatch output - source compiled test
FAIL: sourcelocation -O3 output - source compiled test
FAIL: sourcelocation -O3 -findirect-dispatch output - source compiled test

		=== libjava Summary ===

# of expected passes		2574
# of unexpected failures	8
# of untested testcases		4
		=== libstdc++ tests ===


Running target unix

		=== libstdc++ Summary ===

# of expected passes		7742
# of expected failures		45
# of unsupported tests		887

Compiler version: 4.9.0 20130604 (experimental) [trunk revision 199675] (GCC) 
Platform: hppa2.0w-hp-hpux11.11
configure flags:Test Run By dave on Wed Jun  5 03:57:07 EDT 2013



More information about the Gcc-testresults mailing list