Results for 4.8.1 (Debian 4.8.1-2) testsuite on s390-ibm-linux-gnu

Matthias Klose doko@debian.org
Sat Jun 8 18:21:00 GMT 2013


LAST_UPDATED: Tue Jun  4 11:37:55 UTC 2013 (revision 199643)

Target: s390-linux-gnu
gcc version 4.8.1 (Debian 4.8.1-2) 
Native configuration is s390-ibm-linux-gnu

		=== g++ tests ===


Running target unix
FAIL: g++.dg/ext/attr-ifunc-1.C -std=gnu++98 execution test
FAIL: g++.dg/ext/attr-ifunc-1.C -std=gnu++11 execution test
FAIL: g++.dg/ext/attr-ifunc-2.C -std=gnu++98 execution test
FAIL: g++.dg/ext/attr-ifunc-2.C -std=gnu++11 execution test
FAIL: g++.dg/ext/attr-ifunc-3.C -std=gnu++98 execution test
FAIL: g++.dg/ext/attr-ifunc-3.C -std=gnu++11 execution test
FAIL: g++.dg/ext/attr-ifunc-4.C -std=gnu++98 execution test
FAIL: g++.dg/ext/attr-ifunc-4.C -std=gnu++11 execution test

		=== g++ Summary for unix ===

# of expected passes		50847
# of unexpected failures	8
# of expected failures		290
# of unsupported tests		939

Running target unix/-fstack-protector
FAIL: g++.dg/ext/attr-ifunc-1.C -std=gnu++98 execution test
FAIL: g++.dg/ext/attr-ifunc-1.C -std=gnu++11 execution test
FAIL: g++.dg/ext/attr-ifunc-2.C -std=gnu++98 execution test
FAIL: g++.dg/ext/attr-ifunc-2.C -std=gnu++11 execution test
FAIL: g++.dg/ext/attr-ifunc-3.C -std=gnu++98 execution test
FAIL: g++.dg/ext/attr-ifunc-3.C -std=gnu++11 execution test
FAIL: g++.dg/ext/attr-ifunc-4.C -std=gnu++98 execution test
FAIL: g++.dg/ext/attr-ifunc-4.C -std=gnu++11 execution test

		=== g++ Summary for unix/-fstack-protector ===

# of expected passes		50847
# of unexpected failures	8
# of expected failures		290
# of unsupported tests		939

Running target unix/-m64
FAIL: g++.dg/ext/attr-ifunc-1.C -std=gnu++98 execution test
FAIL: g++.dg/ext/attr-ifunc-1.C -std=gnu++11 execution test
FAIL: g++.dg/ext/attr-ifunc-2.C -std=gnu++98 execution test
FAIL: g++.dg/ext/attr-ifunc-2.C -std=gnu++11 execution test
FAIL: g++.dg/ext/attr-ifunc-3.C -std=gnu++98 execution test
FAIL: g++.dg/ext/attr-ifunc-3.C -std=gnu++11 execution test
FAIL: g++.dg/ext/attr-ifunc-4.C -std=gnu++98 execution test
FAIL: g++.dg/ext/attr-ifunc-4.C -std=gnu++11 execution test
FAIL: g++.dg/init/const9.C -std=c++98  scan-assembler-not rodata
FAIL: g++.dg/init/const9.C -std=c++11  scan-assembler-not rodata
WARNING: program timed out.

		=== g++ Summary for unix/-m64 ===

# of expected passes		51978
# of unexpected failures	10
# of expected failures		290
# of unsupported tests		952

		=== g++ Summary ===

# of expected passes		153672
# of unexpected failures	26
# of expected failures		870
# of unsupported tests		2830
/home/doko/gcc/4.8/gcc-4.8-4.8.1/build/gcc/testsuite/g++/../../xg++  version 4.8.1 (Debian 4.8.1-2) 

		=== gcc tests ===


Running target unix
FAIL: gcc.dg/attr-ifunc-1.c execution test
FAIL: gcc.dg/attr-ifunc-3.c execution test
FAIL: gcc.dg/attr-ifunc-4.c execution test
FAIL: gcc.dg/attr-ifunc-5.c execution test
FAIL: gcc.dg/c99-stdint-1.c (test for excess errors)
FAIL: gcc.dg/hoist-register-pressure-1.c scan-rtl-dump hoist "PRE/HOIST: end of bb .* copying expression"
FAIL: gcc.dg/hoist-register-pressure-2.c scan-rtl-dump hoist "PRE/HOIST: end of bb .* copying expression"
FAIL: gcc.dg/hoist-register-pressure-3.c scan-rtl-dump hoist "PRE/HOIST: end of bb .* copying expression"
FAIL: gcc.dg/uninit-13.c unconditional (test for warnings, line 8)
FAIL: gcc.dg/uninit-13.c (test for excess errors)
XPASS: gcc.dg/guality/example.c  -O0  execution test
XPASS: gcc.dg/guality/example.c  -O1  execution test
XPASS: gcc.dg/guality/example.c  -O2  execution test
XPASS: gcc.dg/guality/example.c  -Os  execution test
XPASS: gcc.dg/guality/example.c  -O2 -flto -fno-use-linker-plugin -flto-partition=none  execution test
XPASS: gcc.dg/guality/guality.c  -O0  execution test
XPASS: gcc.dg/guality/guality.c  -O1  execution test
XPASS: gcc.dg/guality/guality.c  -O2  execution test
XPASS: gcc.dg/guality/guality.c  -O3 -fomit-frame-pointer  execution test
XPASS: gcc.dg/guality/guality.c  -O3 -g  execution test
XPASS: gcc.dg/guality/guality.c  -Os  execution test
XPASS: gcc.dg/guality/guality.c  -O2 -flto -fno-use-linker-plugin -flto-partition=none  execution test
XPASS: gcc.dg/guality/inline-params.c  -O2  execution test
XPASS: gcc.dg/guality/inline-params.c  -O3 -fomit-frame-pointer  execution test
XPASS: gcc.dg/guality/inline-params.c  -O3 -g  execution test
XPASS: gcc.dg/guality/inline-params.c  -Os  execution test
XPASS: gcc.dg/guality/inline-params.c  -O2 -flto -fno-use-linker-plugin -flto-partition=none  execution test
FAIL: gcc.dg/guality/pr36728-1.c  -O2  line 18 y == 2
FAIL: gcc.dg/guality/pr36728-1.c  -O3 -fomit-frame-pointer  line 18 y == 2
FAIL: gcc.dg/guality/pr36728-1.c  -O3 -g  line 18 y == 2
FAIL: gcc.dg/guality/pr36728-1.c  -O2 -flto -fno-use-linker-plugin -flto-partition=none  line 18 y == 2
FAIL: gcc.dg/guality/pr36728-1.c  -O2 -flto -fuse-linker-plugin -fno-fat-lto-objects  line 18 arg3 == 3
FAIL: gcc.dg/guality/pr36728-1.c  -O2 -flto -fuse-linker-plugin -fno-fat-lto-objects  line 18 y == 2
FAIL: gcc.dg/guality/pr36728-2.c  -O2  line 18 *x == (char) 25
FAIL: gcc.dg/guality/pr36728-2.c  -O3 -fomit-frame-pointer  line 18 *x == (char) 25
FAIL: gcc.dg/guality/pr36728-2.c  -O3 -g  line 18 *x == (char) 25
FAIL: gcc.dg/guality/pr36728-2.c  -Os  line 18 *x == (char) 25
FAIL: gcc.dg/guality/pr36728-2.c  -O2 -flto -fno-use-linker-plugin -flto-partition=none  line 18 *x == (char) 25
FAIL: gcc.dg/guality/pr36728-3.c  -O2 -flto -fuse-linker-plugin -fno-fat-lto-objects  line 14 arg4 == 4
FAIL: gcc.dg/guality/pr36728-3.c  -O2 -flto -fuse-linker-plugin -fno-fat-lto-objects  line 16 arg4 == 4
XPASS: gcc.dg/guality/pr41353-1.c  -O0  line 28 j == 28 + 37
XPASS: gcc.dg/guality/pr41447-1.c  -O0  execution test
XPASS: gcc.dg/guality/pr41616-1.c  -O0  execution test
XPASS: gcc.dg/guality/pr41616-1.c  -O1  execution test
XPASS: gcc.dg/guality/pr41616-1.c  -O2  execution test
XPASS: gcc.dg/guality/pr41616-1.c  -O3 -fomit-frame-pointer  execution test
XPASS: gcc.dg/guality/pr41616-1.c  -O3 -g  execution test
XPASS: gcc.dg/guality/pr41616-1.c  -Os  execution test
XPASS: gcc.dg/guality/pr41616-1.c  -O2 -flto -fno-use-linker-plugin -flto-partition=none  execution test
FAIL: gcc.dg/guality/pr54200.c  -O1  line 20 z == 3
FAIL: gcc.dg/guality/pr54200.c  -O2  line 20 z == 3
FAIL: gcc.dg/guality/pr54200.c  -O3 -fomit-frame-pointer  line 20 z == 3
FAIL: gcc.dg/guality/pr54200.c  -O3 -g  line 20 z == 3
FAIL: gcc.dg/guality/pr54200.c  -Os  line 20 z == 3
FAIL: gcc.dg/guality/pr54200.c  -O2 -flto -fno-use-linker-plugin -flto-partition=none  line 20 z == 3
FAIL: gcc.dg/guality/pr54200.c  -O2 -flto -fuse-linker-plugin -fno-fat-lto-objects  line 20 z == 3
FAIL: gcc.dg/guality/pr54519-1.c  -O2 -flto -fno-use-linker-plugin -flto-partition=none  line 20 y == 25
FAIL: gcc.dg/guality/pr54519-1.c  -O2 -flto -fno-use-linker-plugin -flto-partition=none  line 20 z == 6
FAIL: gcc.dg/guality/pr54519-1.c  -O2 -flto -fno-use-linker-plugin -flto-partition=none  line 23 y == 117
FAIL: gcc.dg/guality/pr54519-1.c  -O2 -flto -fno-use-linker-plugin -flto-partition=none  line 23 z == 8
FAIL: gcc.dg/guality/pr54519-1.c  -O2 -flto -fuse-linker-plugin -fno-fat-lto-objects  line 20 y == 25
FAIL: gcc.dg/guality/pr54519-1.c  -O2 -flto -fuse-linker-plugin -fno-fat-lto-objects  line 20 z == 6
FAIL: gcc.dg/guality/pr54519-2.c  -O2 -flto -fno-use-linker-plugin -flto-partition=none  line 17 y == 25
FAIL: gcc.dg/guality/pr54519-2.c  -O2 -flto -fuse-linker-plugin -fno-fat-lto-objects  line 17 y == 25
FAIL: gcc.dg/guality/pr54519-5.c  -O2 -flto -fno-use-linker-plugin -flto-partition=none  line 17 y == 25
FAIL: gcc.dg/guality/pr54519-5.c  -O2 -flto -fuse-linker-plugin -fno-fat-lto-objects  line 17 y == 25
FAIL: gcc.dg/guality/pr54796.c  -O2 -flto -fuse-linker-plugin -fno-fat-lto-objects  line 17 a == 5
FAIL: gcc.dg/guality/pr54796.c  -O2 -flto -fuse-linker-plugin -fno-fat-lto-objects  line 17 b == 6
FAIL: gcc.dg/guality/pr54796.c  -O2 -flto -fuse-linker-plugin -fno-fat-lto-objects  line 17 c == 5
FAIL: gcc.dg/guality/pr54970.c  -O1  line 15 a[0] == 1
FAIL: gcc.dg/guality/pr54970.c  -O1  line 20 a[0] == 1
FAIL: gcc.dg/guality/pr54970.c  -O1  line 25 a[0] == 1
FAIL: gcc.dg/guality/pr54970.c  -O1  line 31 *p == 6
FAIL: gcc.dg/guality/pr54970.c  -O1  line 31 *q == 5
FAIL: gcc.dg/guality/pr54970.c  -O1  line 36 *p == 26
FAIL: gcc.dg/guality/pr54970.c  -O1  line 36 *q == 5
FAIL: gcc.dg/guality/pr54970.c  -O1  line 45 *p == 26
FAIL: gcc.dg/guality/pr54970.c  -O1  line 45 p[-1] == 25
FAIL: gcc.dg/guality/pr54970.c  -O1  line 45 p[-2] == 4
FAIL: gcc.dg/guality/pr54970.c  -O1  line 45 q[-1] == 4
FAIL: gcc.dg/guality/pr54970.c  -O1  line 45 q[1] == 26
FAIL: gcc.dg/guality/pr54970.c  -O1  line 45 *q == 25
FAIL: gcc.dg/guality/pr54970.c  -O2  line 15 a[0] == 1
FAIL: gcc.dg/guality/pr54970.c  -O2  line 20 a[0] == 1
FAIL: gcc.dg/guality/pr54970.c  -O2  line 25 a[0] == 1
FAIL: gcc.dg/guality/pr54970.c  -O2  line 31 *p == 6
FAIL: gcc.dg/guality/pr54970.c  -O2  line 31 *q == 5
FAIL: gcc.dg/guality/pr54970.c  -O2  line 36 *p == 26
FAIL: gcc.dg/guality/pr54970.c  -O2  line 36 *q == 5
FAIL: gcc.dg/guality/pr54970.c  -O2  line 45 *p == 26
FAIL: gcc.dg/guality/pr54970.c  -O2  line 45 p[-1] == 25
FAIL: gcc.dg/guality/pr54970.c  -O2  line 45 p[-2] == 4
FAIL: gcc.dg/guality/pr54970.c  -O2  line 45 q[-1] == 4
FAIL: gcc.dg/guality/pr54970.c  -O2  line 45 q[1] == 26
FAIL: gcc.dg/guality/pr54970.c  -O2  line 45 *q == 25
FAIL: gcc.dg/guality/pr54970.c  -O3 -fomit-frame-pointer  line 15 a[0] == 1
FAIL: gcc.dg/guality/pr54970.c  -O3 -fomit-frame-pointer  line 20 a[0] == 1
FAIL: gcc.dg/guality/pr54970.c  -O3 -fomit-frame-pointer  line 25 a[0] == 1
FAIL: gcc.dg/guality/pr54970.c  -O3 -fomit-frame-pointer  line 31 *p == 6
FAIL: gcc.dg/guality/pr54970.c  -O3 -fomit-frame-pointer  line 31 *q == 5
FAIL: gcc.dg/guality/pr54970.c  -O3 -fomit-frame-pointer  line 36 *p == 26
FAIL: gcc.dg/guality/pr54970.c  -O3 -fomit-frame-pointer  line 36 *q == 5
FAIL: gcc.dg/guality/pr54970.c  -O3 -fomit-frame-pointer  line 45 *p == 26
FAIL: gcc.dg/guality/pr54970.c  -O3 -fomit-frame-pointer  line 45 p[-1] == 25
FAIL: gcc.dg/guality/pr54970.c  -O3 -fomit-frame-pointer  line 45 p[-2] == 4
FAIL: gcc.dg/guality/pr54970.c  -O3 -fomit-frame-pointer  line 45 q[-1] == 4
FAIL: gcc.dg/guality/pr54970.c  -O3 -fomit-frame-pointer  line 45 q[1] == 26
FAIL: gcc.dg/guality/pr54970.c  -O3 -fomit-frame-pointer  line 45 *q == 25
FAIL: gcc.dg/guality/pr54970.c  -O3 -g  line 15 a[0] == 1
FAIL: gcc.dg/guality/pr54970.c  -O3 -g  line 20 a[0] == 1
FAIL: gcc.dg/guality/pr54970.c  -O3 -g  line 25 a[0] == 1
FAIL: gcc.dg/guality/pr54970.c  -O3 -g  line 31 *p == 6
FAIL: gcc.dg/guality/pr54970.c  -O3 -g  line 31 *q == 5
FAIL: gcc.dg/guality/pr54970.c  -O3 -g  line 36 *p == 26
FAIL: gcc.dg/guality/pr54970.c  -O3 -g  line 36 *q == 5
FAIL: gcc.dg/guality/pr54970.c  -O3 -g  line 45 *p == 26
FAIL: gcc.dg/guality/pr54970.c  -O3 -g  line 45 p[-1] == 25
FAIL: gcc.dg/guality/pr54970.c  -O3 -g  line 45 p[-2] == 4
FAIL: gcc.dg/guality/pr54970.c  -O3 -g  line 45 q[-1] == 4
FAIL: gcc.dg/guality/pr54970.c  -O3 -g  line 45 q[1] == 26
FAIL: gcc.dg/guality/pr54970.c  -O3 -g  line 45 *q == 25
FAIL: gcc.dg/guality/pr54970.c  -Os  line 15 a[0] == 1
FAIL: gcc.dg/guality/pr54970.c  -Os  line 20 a[0] == 1
FAIL: gcc.dg/guality/pr54970.c  -Os  line 25 a[0] == 1
FAIL: gcc.dg/guality/pr54970.c  -Os  line 31 *p == 6
FAIL: gcc.dg/guality/pr54970.c  -Os  line 31 *q == 5
FAIL: gcc.dg/guality/pr54970.c  -Os  line 36 *p == 26
FAIL: gcc.dg/guality/pr54970.c  -Os  line 36 *q == 5
FAIL: gcc.dg/guality/pr54970.c  -Os  line 45 *p == 26
FAIL: gcc.dg/guality/pr54970.c  -Os  line 45 p[-1] == 25
FAIL: gcc.dg/guality/pr54970.c  -Os  line 45 p[-2] == 4
FAIL: gcc.dg/guality/pr54970.c  -Os  line 45 q[-1] == 4
FAIL: gcc.dg/guality/pr54970.c  -Os  line 45 q[1] == 26
FAIL: gcc.dg/guality/pr54970.c  -Os  line 45 *q == 25
FAIL: gcc.dg/guality/pr54970.c  -O2 -flto -fno-use-linker-plugin -flto-partition=none  line 15 a[0] == 1
FAIL: gcc.dg/guality/pr54970.c  -O2 -flto -fno-use-linker-plugin -flto-partition=none  line 20 a[0] == 1
FAIL: gcc.dg/guality/pr54970.c  -O2 -flto -fno-use-linker-plugin -flto-partition=none  line 25 a[0] == 1
FAIL: gcc.dg/guality/pr54970.c  -O2 -flto -fno-use-linker-plugin -flto-partition=none  line 31 *p == 6
FAIL: gcc.dg/guality/pr54970.c  -O2 -flto -fno-use-linker-plugin -flto-partition=none  line 31 *q == 5
FAIL: gcc.dg/guality/pr54970.c  -O2 -flto -fno-use-linker-plugin -flto-partition=none  line 36 *p == 26
FAIL: gcc.dg/guality/pr54970.c  -O2 -flto -fno-use-linker-plugin -flto-partition=none  line 36 *q == 5
FAIL: gcc.dg/guality/pr54970.c  -O2 -flto -fno-use-linker-plugin -flto-partition=none  line 45 *p == 26
FAIL: gcc.dg/guality/pr54970.c  -O2 -flto -fno-use-linker-plugin -flto-partition=none  line 45 p[-1] == 25
FAIL: gcc.dg/guality/pr54970.c  -O2 -flto -fno-use-linker-plugin -flto-partition=none  line 45 p[-2] == 4
FAIL: gcc.dg/guality/pr54970.c  -O2 -flto -fno-use-linker-plugin -flto-partition=none  line 45 q[-1] == 4
FAIL: gcc.dg/guality/pr54970.c  -O2 -flto -fno-use-linker-plugin -flto-partition=none  line 45 q[1] == 26
FAIL: gcc.dg/guality/pr54970.c  -O2 -flto -fno-use-linker-plugin -flto-partition=none  line 45 *q == 25
FAIL: gcc.dg/guality/pr54970.c  -O2 -flto -fuse-linker-plugin -fno-fat-lto-objects  line 15 a[0] == 1
FAIL: gcc.dg/guality/pr54970.c  -O2 -flto -fuse-linker-plugin -fno-fat-lto-objects  line 20 a[0] == 1
FAIL: gcc.dg/guality/pr54970.c  -O2 -flto -fuse-linker-plugin -fno-fat-lto-objects  line 25 a[0] == 1
FAIL: gcc.dg/guality/pr54970.c  -O2 -flto -fuse-linker-plugin -fno-fat-lto-objects  line 31 *p == 6
FAIL: gcc.dg/guality/pr54970.c  -O2 -flto -fuse-linker-plugin -fno-fat-lto-objects  line 31 *q == 5
FAIL: gcc.dg/guality/pr54970.c  -O2 -flto -fuse-linker-plugin -fno-fat-lto-objects  line 36 *p == 26
FAIL: gcc.dg/guality/pr54970.c  -O2 -flto -fuse-linker-plugin -fno-fat-lto-objects  line 36 *q == 5
FAIL: gcc.dg/guality/pr54970.c  -O2 -flto -fuse-linker-plugin -fno-fat-lto-objects  line 45 *p == 26
FAIL: gcc.dg/guality/pr54970.c  -O2 -flto -fuse-linker-plugin -fno-fat-lto-objects  line 45 p[-1] == 25
FAIL: gcc.dg/guality/pr54970.c  -O2 -flto -fuse-linker-plugin -fno-fat-lto-objects  line 45 p[-2] == 4
FAIL: gcc.dg/guality/pr54970.c  -O2 -flto -fuse-linker-plugin -fno-fat-lto-objects  line 45 q[-1] == 4
FAIL: gcc.dg/guality/pr54970.c  -O2 -flto -fuse-linker-plugin -fno-fat-lto-objects  line 45 q[1] == 26
FAIL: gcc.dg/guality/pr54970.c  -O2 -flto -fuse-linker-plugin -fno-fat-lto-objects  line 45 *q == 25
FAIL: gcc.dg/guality/sra-1.c  -O1  line 43 a.i == 4
FAIL: gcc.dg/guality/sra-1.c  -O1  line 43 a.j == 14
FAIL: gcc.dg/guality/sra-1.c  -O2  line 43 a.i == 4
FAIL: gcc.dg/guality/sra-1.c  -O2  line 43 a.j == 14
FAIL: gcc.dg/guality/sra-1.c  -O3 -fomit-frame-pointer  line 43 a.i == 4
FAIL: gcc.dg/guality/sra-1.c  -O3 -fomit-frame-pointer  line 43 a.j == 14
FAIL: gcc.dg/guality/sra-1.c  -O3 -g  line 43 a.i == 4
FAIL: gcc.dg/guality/sra-1.c  -O3 -g  line 43 a.j == 14
FAIL: gcc.dg/guality/sra-1.c  -Os  line 43 a.i == 4
FAIL: gcc.dg/guality/sra-1.c  -Os  line 43 a.j == 14
FAIL: gcc.dg/guality/sra-1.c  -O2 -flto -fno-use-linker-plugin -flto-partition=none  line 43 a.i == 4
FAIL: gcc.dg/guality/sra-1.c  -O2 -flto -fno-use-linker-plugin -flto-partition=none  line 43 a.j == 14
FAIL: gcc.dg/guality/sra-1.c  -O2 -flto -fuse-linker-plugin -fno-fat-lto-objects  line 43 a.i == 4
FAIL: gcc.dg/guality/sra-1.c  -O2 -flto -fuse-linker-plugin -fno-fat-lto-objects  line 43 a.j == 14
FAIL: gcc.dg/guality/vla-1.c  -O0  line 17 sizeof (a) == 6
FAIL: gcc.dg/guality/vla-1.c  -O0  line 24 sizeof (a) == 17 * sizeof (short)
FAIL: gcc.dg/guality/vla-1.c  -O1  line 17 sizeof (a) == 6
FAIL: gcc.dg/guality/vla-1.c  -O1  line 24 sizeof (a) == 17 * sizeof (short)
FAIL: gcc.dg/guality/vla-1.c  -O2  line 17 sizeof (a) == 6
FAIL: gcc.dg/guality/vla-1.c  -O2  line 24 sizeof (a) == 17 * sizeof (short)
FAIL: gcc.dg/guality/vla-1.c  -O3 -fomit-frame-pointer  line 17 sizeof (a) == 6
FAIL: gcc.dg/guality/vla-1.c  -O3 -fomit-frame-pointer  line 24 sizeof (a) == 17 * sizeof (short)
FAIL: gcc.dg/guality/vla-1.c  -O3 -g  line 17 sizeof (a) == 6
FAIL: gcc.dg/guality/vla-1.c  -O3 -g  line 24 sizeof (a) == 17 * sizeof (short)
FAIL: gcc.dg/guality/vla-1.c  -Os  line 17 sizeof (a) == 6
FAIL: gcc.dg/guality/vla-1.c  -Os  line 24 sizeof (a) == 17 * sizeof (short)
FAIL: gcc.dg/guality/vla-1.c  -O2 -flto -fno-use-linker-plugin -flto-partition=none  line 17 sizeof (a) == 6
FAIL: gcc.dg/guality/vla-1.c  -O2 -flto -fno-use-linker-plugin -flto-partition=none  line 24 sizeof (a) == 17 * sizeof (short)
FAIL: gcc.dg/guality/vla-1.c  -O2 -flto -fuse-linker-plugin -fno-fat-lto-objects  line 17 sizeof (a) == 6
FAIL: gcc.dg/guality/vla-1.c  -O2 -flto -fuse-linker-plugin -fno-fat-lto-objects  line 24 sizeof (a) == 17 * sizeof (short)
FAIL: gcc.dg/guality/vla-2.c  -O0  line 16 sizeof (a) == 5 * sizeof (int)
FAIL: gcc.dg/guality/vla-2.c  -O0  line 25 sizeof (a) == 6 * sizeof (int)
FAIL: gcc.dg/guality/vla-2.c  -O1  line 16 sizeof (a) == 5 * sizeof (int)
FAIL: gcc.dg/guality/vla-2.c  -O1  line 25 sizeof (a) == 6 * sizeof (int)
FAIL: gcc.dg/guality/vla-2.c  -O2  line 16 sizeof (a) == 5 * sizeof (int)
FAIL: gcc.dg/guality/vla-2.c  -O2  line 25 sizeof (a) == 6 * sizeof (int)
FAIL: gcc.dg/guality/vla-2.c  -O3 -fomit-frame-pointer  line 16 sizeof (a) == 5 * sizeof (int)
FAIL: gcc.dg/guality/vla-2.c  -O3 -fomit-frame-pointer  line 25 sizeof (a) == 6 * sizeof (int)
FAIL: gcc.dg/guality/vla-2.c  -O3 -g  line 16 sizeof (a) == 5 * sizeof (int)
FAIL: gcc.dg/guality/vla-2.c  -O3 -g  line 25 sizeof (a) == 6 * sizeof (int)
FAIL: gcc.dg/guality/vla-2.c  -Os  line 16 sizeof (a) == 5 * sizeof (int)
FAIL: gcc.dg/guality/vla-2.c  -Os  line 25 sizeof (a) == 6 * sizeof (int)
FAIL: gcc.dg/guality/vla-2.c  -O2 -flto -fno-use-linker-plugin -flto-partition=none  line 16 sizeof (a) == 5 * sizeof (int)
FAIL: gcc.dg/guality/vla-2.c  -O2 -flto -fno-use-linker-plugin -flto-partition=none  line 25 sizeof (a) == 6 * sizeof (int)
FAIL: gcc.dg/guality/vla-2.c  -O2 -flto -fuse-linker-plugin -fno-fat-lto-objects  line 16 sizeof (a) == 5 * sizeof (int)
FAIL: gcc.dg/torture/tls/run-gd.c  -O0  (test for excess errors)
FAIL: gcc.dg/torture/tls/run-gd.c  -O0  execution test
FAIL: gcc.dg/torture/tls/run-gd.c  -O1  (test for excess errors)
FAIL: gcc.dg/torture/tls/run-gd.c  -O2  (test for excess errors)
FAIL: gcc.dg/torture/tls/run-gd.c  -O3 -fomit-frame-pointer  (test for excess errors)
FAIL: gcc.dg/torture/tls/run-gd.c  -O3 -g  (test for excess errors)
FAIL: gcc.dg/torture/tls/run-gd.c  -Os  (test for excess errors)
FAIL: gcc.dg/torture/tls/run-gd.c  -O2 -flto -fno-use-linker-plugin -flto-partition=none  (test for excess errors)
FAIL: gcc.dg/torture/tls/run-ld.c  -O0  (test for excess errors)
FAIL: gcc.dg/torture/tls/run-ld.c  -O0  execution test
FAIL: gcc.dg/torture/tls/run-ld.c  -O1  (test for excess errors)
FAIL: gcc.dg/torture/tls/run-ld.c  -O1  execution test
FAIL: gcc.dg/torture/tls/run-ld.c  -O2  (test for excess errors)
FAIL: gcc.dg/torture/tls/run-ld.c  -O2  execution test
FAIL: gcc.dg/torture/tls/run-ld.c  -O3 -fomit-frame-pointer  (test for excess errors)
FAIL: gcc.dg/torture/tls/run-ld.c  -O3 -fomit-frame-pointer  execution test
FAIL: gcc.dg/torture/tls/run-ld.c  -O3 -g  (test for excess errors)
FAIL: gcc.dg/torture/tls/run-ld.c  -O3 -g  execution test
FAIL: gcc.dg/torture/tls/run-ld.c  -Os  (test for excess errors)
FAIL: gcc.dg/torture/tls/run-ld.c  -Os  execution test
FAIL: gcc.dg/torture/tls/run-ld.c  -O2 -flto -fno-use-linker-plugin -flto-partition=none  (test for excess errors)
FAIL: gcc.dg/torture/tls/run-ld.c  -O2 -flto -fno-use-linker-plugin -flto-partition=none  execution test
XPASS: gcc.dg/tree-ssa/20040204-1.c scan-tree-dump-times optimized "link_error" 0

		=== gcc Summary for unix ===

# of expected passes		83367
# of unexpected failures	201
# of unexpected successes	27
# of expected failures		138
# of unsupported tests		1451

Running target unix/-fstack-protector
FAIL: gcc.dg/attr-ifunc-1.c execution test
FAIL: gcc.dg/attr-ifunc-3.c execution test
FAIL: gcc.dg/attr-ifunc-4.c execution test
FAIL: gcc.dg/attr-ifunc-5.c execution test
FAIL: gcc.dg/c99-stdint-1.c (test for excess errors)
FAIL: gcc.dg/hoist-register-pressure-1.c scan-rtl-dump hoist "PRE/HOIST: end of bb .* copying expression"
FAIL: gcc.dg/hoist-register-pressure-2.c scan-rtl-dump hoist "PRE/HOIST: end of bb .* copying expression"
FAIL: gcc.dg/hoist-register-pressure-3.c scan-rtl-dump hoist "PRE/HOIST: end of bb .* copying expression"
FAIL: gcc.dg/superblock.c scan-rtl-dump-times sched2 "ADVANCING TO" 2
FAIL: gcc.dg/uninit-13.c unconditional (test for warnings, line 8)
FAIL: gcc.dg/uninit-13.c (test for excess errors)
XPASS: gcc.dg/guality/example.c  -O0  execution test
XPASS: gcc.dg/guality/example.c  -O1  execution test
XPASS: gcc.dg/guality/example.c  -O2  execution test
XPASS: gcc.dg/guality/example.c  -Os  execution test
XPASS: gcc.dg/guality/example.c  -O2 -flto -fno-use-linker-plugin -flto-partition=none  execution test
XPASS: gcc.dg/guality/guality.c  -O0  execution test
XPASS: gcc.dg/guality/guality.c  -O1  execution test
XPASS: gcc.dg/guality/guality.c  -O2  execution test
XPASS: gcc.dg/guality/guality.c  -O3 -fomit-frame-pointer  execution test
XPASS: gcc.dg/guality/guality.c  -O3 -g  execution test
XPASS: gcc.dg/guality/guality.c  -Os  execution test
XPASS: gcc.dg/guality/guality.c  -O2 -flto -fno-use-linker-plugin -flto-partition=none  execution test
XPASS: gcc.dg/guality/inline-params.c  -O2  execution test
XPASS: gcc.dg/guality/inline-params.c  -O3 -fomit-frame-pointer  execution test
XPASS: gcc.dg/guality/inline-params.c  -O3 -g  execution test
XPASS: gcc.dg/guality/inline-params.c  -Os  execution test
XPASS: gcc.dg/guality/inline-params.c  -O2 -flto -fno-use-linker-plugin -flto-partition=none  execution test
FAIL: gcc.dg/guality/pr36728-1.c  -O2  line 16 y == 2
FAIL: gcc.dg/guality/pr36728-1.c  -O3 -fomit-frame-pointer  line 16 y == 2
FAIL: gcc.dg/guality/pr36728-1.c  -O3 -g  line 16 y == 2
FAIL: gcc.dg/guality/pr36728-1.c  -Os  line 18 y == 2
FAIL: gcc.dg/guality/pr36728-1.c  -O2 -flto -fno-use-linker-plugin -flto-partition=none  line 16 y == 2
FAIL: gcc.dg/guality/pr36728-1.c  -O2 -flto -fuse-linker-plugin -fno-fat-lto-objects  line 16 arg4 == 4
FAIL: gcc.dg/guality/pr36728-1.c  -O2 -flto -fuse-linker-plugin -fno-fat-lto-objects  line 16 y == 2
FAIL: gcc.dg/guality/pr36728-1.c  -O2 -flto -fuse-linker-plugin -fno-fat-lto-objects  line 18 arg3 == 3
FAIL: gcc.dg/guality/pr36728-1.c  -O2 -flto -fuse-linker-plugin -fno-fat-lto-objects  line 18 arg4 == 4
FAIL: gcc.dg/guality/pr36728-2.c  -O2  line 18 *x == (char) 25
FAIL: gcc.dg/guality/pr36728-2.c  -O3 -fomit-frame-pointer  line 18 *x == (char) 25
FAIL: gcc.dg/guality/pr36728-2.c  -O3 -g  line 18 *x == (char) 25
FAIL: gcc.dg/guality/pr36728-2.c  -Os  line 18 *x == (char) 25
FAIL: gcc.dg/guality/pr36728-2.c  -O2 -flto -fno-use-linker-plugin -flto-partition=none  line 18 *x == (char) 25
FAIL: gcc.dg/guality/pr36728-3.c  -O2 -flto -fuse-linker-plugin -fno-fat-lto-objects  line 14 arg3 == 3
FAIL: gcc.dg/guality/pr36728-3.c  -O2 -flto -fuse-linker-plugin -fno-fat-lto-objects  line 16 arg3 == 3
XPASS: gcc.dg/guality/pr41353-1.c  -O0  line 28 j == 28 + 37
XPASS: gcc.dg/guality/pr41447-1.c  -O0  execution test
XPASS: gcc.dg/guality/pr41616-1.c  -O0  execution test
XPASS: gcc.dg/guality/pr41616-1.c  -O1  execution test
XPASS: gcc.dg/guality/pr41616-1.c  -O2  execution test
XPASS: gcc.dg/guality/pr41616-1.c  -O3 -fomit-frame-pointer  execution test
XPASS: gcc.dg/guality/pr41616-1.c  -O3 -g  execution test
XPASS: gcc.dg/guality/pr41616-1.c  -Os  execution test
XPASS: gcc.dg/guality/pr41616-1.c  -O2 -flto -fno-use-linker-plugin -flto-partition=none  execution test
FAIL: gcc.dg/guality/pr54200.c  -O1  line 20 z == 3
FAIL: gcc.dg/guality/pr54200.c  -O2  line 20 z == 3
FAIL: gcc.dg/guality/pr54200.c  -O3 -fomit-frame-pointer  line 20 z == 3
FAIL: gcc.dg/guality/pr54200.c  -O3 -g  line 20 z == 3
FAIL: gcc.dg/guality/pr54200.c  -Os  line 20 z == 3
FAIL: gcc.dg/guality/pr54200.c  -O2 -flto -fno-use-linker-plugin -flto-partition=none  line 20 z == 3
FAIL: gcc.dg/guality/pr54200.c  -O2 -flto -fuse-linker-plugin -fno-fat-lto-objects  line 20 z == 3
FAIL: gcc.dg/guality/pr54519-1.c  -O2 -flto -fno-use-linker-plugin -flto-partition=none  line 20 y == 25
FAIL: gcc.dg/guality/pr54519-1.c  -O2 -flto -fno-use-linker-plugin -flto-partition=none  line 20 z == 6
FAIL: gcc.dg/guality/pr54519-1.c  -O2 -flto -fno-use-linker-plugin -flto-partition=none  line 23 y == 117
FAIL: gcc.dg/guality/pr54519-1.c  -O2 -flto -fno-use-linker-plugin -flto-partition=none  line 23 z == 8
FAIL: gcc.dg/guality/pr54519-1.c  -O2 -flto -fuse-linker-plugin -fno-fat-lto-objects  line 20 y == 25
FAIL: gcc.dg/guality/pr54519-1.c  -O2 -flto -fuse-linker-plugin -fno-fat-lto-objects  line 20 z == 6
FAIL: gcc.dg/guality/pr54519-2.c  -O2 -flto -fno-use-linker-plugin -flto-partition=none  line 17 y == 25
FAIL: gcc.dg/guality/pr54519-2.c  -O2 -flto -fuse-linker-plugin -fno-fat-lto-objects  line 17 y == 25
FAIL: gcc.dg/guality/pr54519-5.c  -O2 -flto -fno-use-linker-plugin -flto-partition=none  line 17 y == 25
FAIL: gcc.dg/guality/pr54519-5.c  -O2 -flto -fuse-linker-plugin -fno-fat-lto-objects  line 17 y == 25
FAIL: gcc.dg/guality/pr54796.c  -O2 -flto -fuse-linker-plugin -fno-fat-lto-objects  line 17 a == 5
FAIL: gcc.dg/guality/pr54796.c  -O2 -flto -fuse-linker-plugin -fno-fat-lto-objects  line 17 b == 6
FAIL: gcc.dg/guality/pr54796.c  -O2 -flto -fuse-linker-plugin -fno-fat-lto-objects  line 17 c == 5
FAIL: gcc.dg/guality/pr54970.c  -O1  line 15 a[0] == 1
FAIL: gcc.dg/guality/pr54970.c  -O1  line 20 a[0] == 1
FAIL: gcc.dg/guality/pr54970.c  -O1  line 25 a[0] == 1
FAIL: gcc.dg/guality/pr54970.c  -O1  line 31 *p == 6
FAIL: gcc.dg/guality/pr54970.c  -O1  line 31 *q == 5
FAIL: gcc.dg/guality/pr54970.c  -O1  line 36 *p == 26
FAIL: gcc.dg/guality/pr54970.c  -O1  line 36 *q == 5
FAIL: gcc.dg/guality/pr54970.c  -O1  line 45 *p == 26
FAIL: gcc.dg/guality/pr54970.c  -O1  line 45 p[-1] == 25
FAIL: gcc.dg/guality/pr54970.c  -O1  line 45 p[-2] == 4
FAIL: gcc.dg/guality/pr54970.c  -O1  line 45 q[-1] == 4
FAIL: gcc.dg/guality/pr54970.c  -O1  line 45 q[1] == 26
FAIL: gcc.dg/guality/pr54970.c  -O1  line 45 *q == 25
FAIL: gcc.dg/guality/pr54970.c  -O2  line 15 a[0] == 1
FAIL: gcc.dg/guality/pr54970.c  -O2  line 20 a[0] == 1
FAIL: gcc.dg/guality/pr54970.c  -O2  line 25 a[0] == 1
FAIL: gcc.dg/guality/pr54970.c  -O2  line 31 *p == 6
FAIL: gcc.dg/guality/pr54970.c  -O2  line 31 *q == 5
FAIL: gcc.dg/guality/pr54970.c  -O2  line 36 *p == 26
FAIL: gcc.dg/guality/pr54970.c  -O2  line 36 *q == 5
FAIL: gcc.dg/guality/pr54970.c  -O2  line 45 *p == 26
FAIL: gcc.dg/guality/pr54970.c  -O2  line 45 p[-1] == 25
FAIL: gcc.dg/guality/pr54970.c  -O2  line 45 p[-2] == 4
FAIL: gcc.dg/guality/pr54970.c  -O2  line 45 q[-1] == 4
FAIL: gcc.dg/guality/pr54970.c  -O2  line 45 q[1] == 26
FAIL: gcc.dg/guality/pr54970.c  -O2  line 45 *q == 25
FAIL: gcc.dg/guality/pr54970.c  -O3 -fomit-frame-pointer  line 15 a[0] == 1
FAIL: gcc.dg/guality/pr54970.c  -O3 -fomit-frame-pointer  line 20 a[0] == 1
FAIL: gcc.dg/guality/pr54970.c  -O3 -fomit-frame-pointer  line 25 a[0] == 1
FAIL: gcc.dg/guality/pr54970.c  -O3 -fomit-frame-pointer  line 31 *p == 6
FAIL: gcc.dg/guality/pr54970.c  -O3 -fomit-frame-pointer  line 31 *q == 5
FAIL: gcc.dg/guality/pr54970.c  -O3 -fomit-frame-pointer  line 36 *p == 26
FAIL: gcc.dg/guality/pr54970.c  -O3 -fomit-frame-pointer  line 36 *q == 5
FAIL: gcc.dg/guality/pr54970.c  -O3 -fomit-frame-pointer  line 45 *p == 26
FAIL: gcc.dg/guality/pr54970.c  -O3 -fomit-frame-pointer  line 45 p[-1] == 25
FAIL: gcc.dg/guality/pr54970.c  -O3 -fomit-frame-pointer  line 45 p[-2] == 4
FAIL: gcc.dg/guality/pr54970.c  -O3 -fomit-frame-pointer  line 45 q[-1] == 4
FAIL: gcc.dg/guality/pr54970.c  -O3 -fomit-frame-pointer  line 45 q[1] == 26
FAIL: gcc.dg/guality/pr54970.c  -O3 -fomit-frame-pointer  line 45 *q == 25
FAIL: gcc.dg/guality/pr54970.c  -O3 -g  line 15 a[0] == 1
FAIL: gcc.dg/guality/pr54970.c  -O3 -g  line 20 a[0] == 1
FAIL: gcc.dg/guality/pr54970.c  -O3 -g  line 25 a[0] == 1
FAIL: gcc.dg/guality/pr54970.c  -O3 -g  line 31 *p == 6
FAIL: gcc.dg/guality/pr54970.c  -O3 -g  line 31 *q == 5
FAIL: gcc.dg/guality/pr54970.c  -O3 -g  line 36 *p == 26
FAIL: gcc.dg/guality/pr54970.c  -O3 -g  line 36 *q == 5
FAIL: gcc.dg/guality/pr54970.c  -O3 -g  line 45 *p == 26
FAIL: gcc.dg/guality/pr54970.c  -O3 -g  line 45 p[-1] == 25
FAIL: gcc.dg/guality/pr54970.c  -O3 -g  line 45 p[-2] == 4
FAIL: gcc.dg/guality/pr54970.c  -O3 -g  line 45 q[-1] == 4
FAIL: gcc.dg/guality/pr54970.c  -O3 -g  line 45 q[1] == 26
FAIL: gcc.dg/guality/pr54970.c  -O3 -g  line 45 *q == 25
FAIL: gcc.dg/guality/pr54970.c  -Os  line 15 a[0] == 1
FAIL: gcc.dg/guality/pr54970.c  -Os  line 20 a[0] == 1
FAIL: gcc.dg/guality/pr54970.c  -Os  line 25 a[0] == 1
FAIL: gcc.dg/guality/pr54970.c  -Os  line 31 *p == 6
FAIL: gcc.dg/guality/pr54970.c  -Os  line 31 *q == 5
FAIL: gcc.dg/guality/pr54970.c  -Os  line 36 *p == 26
FAIL: gcc.dg/guality/pr54970.c  -Os  line 36 *q == 5
FAIL: gcc.dg/guality/pr54970.c  -Os  line 45 *p == 26
FAIL: gcc.dg/guality/pr54970.c  -Os  line 45 p[-1] == 25
FAIL: gcc.dg/guality/pr54970.c  -Os  line 45 p[-2] == 4
FAIL: gcc.dg/guality/pr54970.c  -Os  line 45 q[-1] == 4
FAIL: gcc.dg/guality/pr54970.c  -Os  line 45 q[1] == 26
FAIL: gcc.dg/guality/pr54970.c  -Os  line 45 *q == 25
FAIL: gcc.dg/guality/pr54970.c  -O2 -flto -fno-use-linker-plugin -flto-partition=none  line 15 a[0] == 1
FAIL: gcc.dg/guality/pr54970.c  -O2 -flto -fno-use-linker-plugin -flto-partition=none  line 20 a[0] == 1
FAIL: gcc.dg/guality/pr54970.c  -O2 -flto -fno-use-linker-plugin -flto-partition=none  line 25 a[0] == 1
FAIL: gcc.dg/guality/pr54970.c  -O2 -flto -fno-use-linker-plugin -flto-partition=none  line 31 *p == 6
FAIL: gcc.dg/guality/pr54970.c  -O2 -flto -fno-use-linker-plugin -flto-partition=none  line 31 *q == 5
FAIL: gcc.dg/guality/pr54970.c  -O2 -flto -fno-use-linker-plugin -flto-partition=none  line 36 *p == 26
FAIL: gcc.dg/guality/pr54970.c  -O2 -flto -fno-use-linker-plugin -flto-partition=none  line 36 *q == 5
FAIL: gcc.dg/guality/pr54970.c  -O2 -flto -fno-use-linker-plugin -flto-partition=none  line 45 *p == 26
FAIL: gcc.dg/guality/pr54970.c  -O2 -flto -fno-use-linker-plugin -flto-partition=none  line 45 p[-1] == 25
FAIL: gcc.dg/guality/pr54970.c  -O2 -flto -fno-use-linker-plugin -flto-partition=none  line 45 p[-2] == 4
FAIL: gcc.dg/guality/pr54970.c  -O2 -flto -fno-use-linker-plugin -flto-partition=none  line 45 q[-1] == 4
FAIL: gcc.dg/guality/pr54970.c  -O2 -flto -fno-use-linker-plugin -flto-partition=none  line 45 q[1] == 26
FAIL: gcc.dg/guality/pr54970.c  -O2 -flto -fno-use-linker-plugin -flto-partition=none  line 45 *q == 25
FAIL: gcc.dg/guality/pr54970.c  -O2 -flto -fuse-linker-plugin -fno-fat-lto-objects  line 15 a[0] == 1
FAIL: gcc.dg/guality/pr54970.c  -O2 -flto -fuse-linker-plugin -fno-fat-lto-objects  line 20 a[0] == 1
FAIL: gcc.dg/guality/pr54970.c  -O2 -flto -fuse-linker-plugin -fno-fat-lto-objects  line 25 a[0] == 1
FAIL: gcc.dg/guality/pr54970.c  -O2 -flto -fuse-linker-plugin -fno-fat-lto-objects  line 31 *p == 6
FAIL: gcc.dg/guality/pr54970.c  -O2 -flto -fuse-linker-plugin -fno-fat-lto-objects  line 31 *q == 5
FAIL: gcc.dg/guality/pr54970.c  -O2 -flto -fuse-linker-plugin -fno-fat-lto-objects  line 36 *p == 26
FAIL: gcc.dg/guality/pr54970.c  -O2 -flto -fuse-linker-plugin -fno-fat-lto-objects  line 36 *q == 5
FAIL: gcc.dg/guality/pr54970.c  -O2 -flto -fuse-linker-plugin -fno-fat-lto-objects  line 45 *p == 26
FAIL: gcc.dg/guality/pr54970.c  -O2 -flto -fuse-linker-plugin -fno-fat-lto-objects  line 45 p[-1] == 25
FAIL: gcc.dg/guality/pr54970.c  -O2 -flto -fuse-linker-plugin -fno-fat-lto-objects  line 45 p[-2] == 4
FAIL: gcc.dg/guality/pr54970.c  -O2 -flto -fuse-linker-plugin -fno-fat-lto-objects  line 45 q[-1] == 4
FAIL: gcc.dg/guality/pr54970.c  -O2 -flto -fuse-linker-plugin -fno-fat-lto-objects  line 45 q[1] == 26
FAIL: gcc.dg/guality/pr54970.c  -O2 -flto -fuse-linker-plugin -fno-fat-lto-objects  line 45 *q == 25
FAIL: gcc.dg/guality/sra-1.c  -O1  line 43 a.i == 4
FAIL: gcc.dg/guality/sra-1.c  -O1  line 43 a.j == 14
FAIL: gcc.dg/guality/sra-1.c  -O2  line 43 a.i == 4
FAIL: gcc.dg/guality/sra-1.c  -O2  line 43 a.j == 14
FAIL: gcc.dg/guality/sra-1.c  -O3 -fomit-frame-pointer  line 43 a.i == 4
FAIL: gcc.dg/guality/sra-1.c  -O3 -fomit-frame-pointer  line 43 a.j == 14
FAIL: gcc.dg/guality/sra-1.c  -O3 -g  line 43 a.i == 4
FAIL: gcc.dg/guality/sra-1.c  -O3 -g  line 43 a.j == 14
FAIL: gcc.dg/guality/sra-1.c  -Os  line 43 a.i == 4
FAIL: gcc.dg/guality/sra-1.c  -Os  line 43 a.j == 14
FAIL: gcc.dg/guality/sra-1.c  -O2 -flto -fno-use-linker-plugin -flto-partition=none  line 43 a.i == 4
FAIL: gcc.dg/guality/sra-1.c  -O2 -flto -fno-use-linker-plugin -flto-partition=none  line 43 a.j == 14
FAIL: gcc.dg/guality/sra-1.c  -O2 -flto -fuse-linker-plugin -fno-fat-lto-objects  line 43 a.i == 4
FAIL: gcc.dg/guality/sra-1.c  -O2 -flto -fuse-linker-plugin -fno-fat-lto-objects  line 43 a.j == 14
FAIL: gcc.dg/guality/vla-1.c  -O0  line 17 sizeof (a) == 6
FAIL: gcc.dg/guality/vla-1.c  -O0  line 24 sizeof (a) == 17 * sizeof (short)
FAIL: gcc.dg/guality/vla-1.c  -O1  line 17 sizeof (a) == 6
FAIL: gcc.dg/guality/vla-1.c  -O1  line 24 sizeof (a) == 17 * sizeof (short)
FAIL: gcc.dg/guality/vla-1.c  -O2  line 17 sizeof (a) == 6
FAIL: gcc.dg/guality/vla-1.c  -O2  line 24 sizeof (a) == 17 * sizeof (short)
FAIL: gcc.dg/guality/vla-1.c  -O3 -fomit-frame-pointer  line 17 sizeof (a) == 6
FAIL: gcc.dg/guality/vla-1.c  -O3 -fomit-frame-pointer  line 24 sizeof (a) == 17 * sizeof (short)
FAIL: gcc.dg/guality/vla-1.c  -O3 -g  line 17 sizeof (a) == 6
FAIL: gcc.dg/guality/vla-1.c  -O3 -g  line 24 sizeof (a) == 17 * sizeof (short)
FAIL: gcc.dg/guality/vla-1.c  -Os  line 17 sizeof (a) == 6
FAIL: gcc.dg/guality/vla-1.c  -Os  line 24 sizeof (a) == 17 * sizeof (short)
FAIL: gcc.dg/guality/vla-1.c  -O2 -flto -fno-use-linker-plugin -flto-partition=none  line 17 sizeof (a) == 6
FAIL: gcc.dg/guality/vla-1.c  -O2 -flto -fno-use-linker-plugin -flto-partition=none  line 24 sizeof (a) == 17 * sizeof (short)
FAIL: gcc.dg/guality/vla-1.c  -O2 -flto -fuse-linker-plugin -fno-fat-lto-objects  line 17 sizeof (a) == 6
FAIL: gcc.dg/guality/vla-1.c  -O2 -flto -fuse-linker-plugin -fno-fat-lto-objects  line 24 sizeof (a) == 17 * sizeof (short)
FAIL: gcc.dg/guality/vla-2.c  -O0  line 16 sizeof (a) == 5 * sizeof (int)
FAIL: gcc.dg/guality/vla-2.c  -O0  line 25 sizeof (a) == 6 * sizeof (int)
FAIL: gcc.dg/guality/vla-2.c  -O1  line 16 sizeof (a) == 5 * sizeof (int)
FAIL: gcc.dg/guality/vla-2.c  -O1  line 25 sizeof (a) == 6 * sizeof (int)
FAIL: gcc.dg/guality/vla-2.c  -O2  line 16 sizeof (a) == 5 * sizeof (int)
FAIL: gcc.dg/guality/vla-2.c  -O2  line 25 sizeof (a) == 6 * sizeof (int)
FAIL: gcc.dg/guality/vla-2.c  -O3 -fomit-frame-pointer  line 16 sizeof (a) == 5 * sizeof (int)
FAIL: gcc.dg/guality/vla-2.c  -O3 -fomit-frame-pointer  line 25 sizeof (a) == 6 * sizeof (int)
FAIL: gcc.dg/guality/vla-2.c  -O3 -g  line 16 sizeof (a) == 5 * sizeof (int)
FAIL: gcc.dg/guality/vla-2.c  -O3 -g  line 25 sizeof (a) == 6 * sizeof (int)
FAIL: gcc.dg/guality/vla-2.c  -Os  line 16 sizeof (a) == 5 * sizeof (int)
FAIL: gcc.dg/guality/vla-2.c  -Os  line 25 sizeof (a) == 6 * sizeof (int)
FAIL: gcc.dg/guality/vla-2.c  -O2 -flto -fno-use-linker-plugin -flto-partition=none  line 16 sizeof (a) == 5 * sizeof (int)
FAIL: gcc.dg/guality/vla-2.c  -O2 -flto -fno-use-linker-plugin -flto-partition=none  line 25 sizeof (a) == 6 * sizeof (int)
FAIL: gcc.dg/guality/vla-2.c  -O2 -flto -fuse-linker-plugin -fno-fat-lto-objects  line 16 sizeof (a) == 5 * sizeof (int)
FAIL: gcc.dg/torture/tls/run-gd.c  -O0  (test for excess errors)
FAIL: gcc.dg/torture/tls/run-gd.c  -O0  execution test
FAIL: gcc.dg/torture/tls/run-gd.c  -O1  (test for excess errors)
FAIL: gcc.dg/torture/tls/run-gd.c  -O2  (test for excess errors)
FAIL: gcc.dg/torture/tls/run-gd.c  -O3 -fomit-frame-pointer  (test for excess errors)
FAIL: gcc.dg/torture/tls/run-gd.c  -O3 -g  (test for excess errors)
FAIL: gcc.dg/torture/tls/run-gd.c  -Os  (test for excess errors)
FAIL: gcc.dg/torture/tls/run-gd.c  -O2 -flto -fno-use-linker-plugin -flto-partition=none  (test for excess errors)
FAIL: gcc.dg/torture/tls/run-ld.c  -O0  (test for excess errors)
FAIL: gcc.dg/torture/tls/run-ld.c  -O0  execution test
FAIL: gcc.dg/torture/tls/run-ld.c  -O1  (test for excess errors)
FAIL: gcc.dg/torture/tls/run-ld.c  -O1  execution test
FAIL: gcc.dg/torture/tls/run-ld.c  -O2  (test for excess errors)
FAIL: gcc.dg/torture/tls/run-ld.c  -O2  execution test
FAIL: gcc.dg/torture/tls/run-ld.c  -O3 -fomit-frame-pointer  (test for excess errors)
FAIL: gcc.dg/torture/tls/run-ld.c  -O3 -fomit-frame-pointer  execution test
FAIL: gcc.dg/torture/tls/run-ld.c  -O3 -g  (test for excess errors)
FAIL: gcc.dg/torture/tls/run-ld.c  -O3 -g  execution test
FAIL: gcc.dg/torture/tls/run-ld.c  -Os  (test for excess errors)
FAIL: gcc.dg/torture/tls/run-ld.c  -Os  execution test
FAIL: gcc.dg/torture/tls/run-ld.c  -O2 -flto -fno-use-linker-plugin -flto-partition=none  (test for excess errors)
FAIL: gcc.dg/torture/tls/run-ld.c  -O2 -flto -fno-use-linker-plugin -flto-partition=none  execution test
XPASS: gcc.dg/tree-ssa/20040204-1.c scan-tree-dump-times optimized "link_error" 0

		=== gcc Summary for unix/-fstack-protector ===

# of expected passes		83374
# of unexpected failures	205
# of unexpected successes	27
# of expected failures		138
# of unsupported tests		1440

Running target unix/-m64
FAIL: gcc.dg/attr-ifunc-1.c execution test
FAIL: gcc.dg/attr-ifunc-3.c execution test
FAIL: gcc.dg/attr-ifunc-4.c execution test
FAIL: gcc.dg/attr-ifunc-5.c execution test
FAIL: gcc.dg/hoist-register-pressure-1.c scan-rtl-dump hoist "PRE/HOIST: end of bb .* copying expression"
FAIL: gcc.dg/hoist-register-pressure-2.c scan-rtl-dump hoist "PRE/HOIST: end of bb .* copying expression"
FAIL: gcc.dg/hoist-register-pressure-3.c scan-rtl-dump hoist "PRE/HOIST: end of bb .* copying expression"
FAIL: gcc.dg/uninit-13.c unconditional (test for warnings, line 8)
FAIL: gcc.dg/uninit-13.c (test for excess errors)
WARNING: program timed out.
XPASS: gcc.dg/tree-ssa/20040204-1.c scan-tree-dump-times optimized "link_error" 0
FAIL: gcc.target/s390/20020926-1.c (test for excess errors)
UNRESOLVED: gcc.target/s390/20020926-1.c scan-assembler -4096
UNRESOLVED: gcc.target/s390/20020926-1.c scan-assembler-not ahi

		=== gcc Summary for unix/-m64 ===

# of expected passes		86045
# of unexpected failures	351
# of unexpected successes	53
# of expected failures		163
# of unresolved testcases	2
# of unsupported tests		1661

		=== gcc Summary ===

# of expected passes		252786
# of unexpected failures	757
# of unexpected successes	107
# of expected failures		439
# of unresolved testcases	2
# of unsupported tests		4552
/home/doko/gcc/4.8/gcc-4.8-4.8.1/build/gcc/xgcc  version 4.8.1 (Debian 4.8.1-2) 

		=== gdc tests ===


Running target unix
WARNING: program timed out.

		=== gdc Summary for unix ===

# of expected passes		10452
# of unexpected failures	255
# of unresolved testcases	1822

Running target unix/-fstack-protector
WARNING: program timed out.

		=== gdc Summary for unix/-fstack-protector ===

# of expected passes		10452
# of unexpected failures	255
# of unresolved testcases	1822

Running target unix/-m64

		=== gdc Summary for unix/-m64 ===

# of expected passes		10452
# of unexpected failures	256
# of unresolved testcases	1822

		=== gdc Summary ===

# of expected passes		31356
# of unexpected failures	766
# of unresolved testcases	5466
/home/doko/gcc/4.8/gcc-4.8-4.8.1/build/gcc/testsuite/gdc/../../gdc  version 4.8.1 (Debian 4.8.1-2) 

		=== gfortran tests ===


Running target unix
FAIL: gfortran.dg/bessel_6.f90  -O0  execution test
FAIL: gfortran.dg/bessel_6.f90  -O1  execution test
FAIL: gfortran.dg/bessel_6.f90  -O2  execution test
FAIL: gfortran.dg/bessel_6.f90  -O3 -fomit-frame-pointer  execution test
FAIL: gfortran.dg/bessel_6.f90  -O3 -fomit-frame-pointer -funroll-loops  execution test
FAIL: gfortran.dg/bessel_6.f90  -O3 -fomit-frame-pointer -funroll-all-loops -finline-functions  execution test
FAIL: gfortran.dg/bessel_6.f90  -O3 -g  execution test
FAIL: gfortran.dg/bessel_6.f90  -Os  execution test

		=== gfortran Summary for unix ===

# of expected passes		42675
# of unexpected failures	8
# of expected failures		56
# of unsupported tests		239

Running target unix/-fstack-protector
FAIL: gfortran.dg/bessel_6.f90  -O0  execution test
FAIL: gfortran.dg/bessel_6.f90  -O1  execution test
FAIL: gfortran.dg/bessel_6.f90  -O2  execution test
FAIL: gfortran.dg/bessel_6.f90  -O3 -fomit-frame-pointer  execution test
FAIL: gfortran.dg/bessel_6.f90  -O3 -fomit-frame-pointer -funroll-loops  execution test
FAIL: gfortran.dg/bessel_6.f90  -O3 -fomit-frame-pointer -funroll-all-loops -finline-functions  execution test
FAIL: gfortran.dg/bessel_6.f90  -O3 -g  execution test
FAIL: gfortran.dg/bessel_6.f90  -Os  execution test

		=== gfortran Summary for unix/-fstack-protector ===

# of expected passes		42675
# of unexpected failures	8
# of expected failures		56
# of unsupported tests		239

Running target unix/-m64
FAIL: gfortran.dg/bessel_6.f90  -O0  execution test
FAIL: gfortran.dg/bessel_6.f90  -O1  execution test
FAIL: gfortran.dg/bessel_6.f90  -O2  execution test
FAIL: gfortran.dg/bessel_6.f90  -O3 -fomit-frame-pointer  execution test
FAIL: gfortran.dg/bessel_6.f90  -O3 -fomit-frame-pointer -funroll-loops  execution test
FAIL: gfortran.dg/bessel_6.f90  -O3 -fomit-frame-pointer -funroll-all-loops -finline-functions  execution test
FAIL: gfortran.dg/bessel_6.f90  -O3 -g  execution test
FAIL: gfortran.dg/bessel_6.f90  -Os  execution test

		=== gfortran Summary for unix/-m64 ===

# of expected passes		42993
# of unexpected failures	8
# of expected failures		56
# of unsupported tests		87

		=== gfortran Summary ===

# of expected passes		128343
# of unexpected failures	24
# of expected failures		168
# of unsupported tests		565
/home/doko/gcc/4.8/gcc-4.8-4.8.1/build/gcc/testsuite/gfortran/../../gfortran  version 4.8.1 (Debian 4.8.1-2) 

		=== go tests ===


Running target unix
FAIL: ./index0-out.go execution,  -O0 -g -fno-var-tracking-assignments 
UNRESOLVED: go.test/test/235.go compilation,  -O2 -g 
UNRESOLVED: go.test/test/64bit.go -O (test for excess errors)
UNRESOLVED: go.test/test/chan/doubleselect.go compilation,  -O2 -g 
FAIL: go.test/test/chan/select3.go execution,  -O2 -g 
FAIL: go.test/test/closedchan.go execution,  -O2 -g 
FAIL: go.test/test/cmp.go execution,  -O2 -g 
FAIL: go.test/test/env.go execution,  -O2 -g 
FAIL: go.test/test/fixedbugs/bug113.go execution,  -O2 -g 
FAIL: go.test/test/fixedbugs/bug148.go execution,  -O2 -g 
FAIL: go.test/test/fixedbugs/bug266.go execution,  -O2 -g 
FAIL: go.test/test/fixedbugs/bug272.go execution,  -O2 -g 
FAIL: go.test/test/fixedbugs/bug273.go execution,  -O2 -g 
FAIL: go.test/test/fixedbugs/bug324.go
FAIL: go.test/test/fixedbugs/bug347.go execution,  -O0 -g 
FAIL: go.test/test/fixedbugs/bug348.go execution,  -O0 -g 
FAIL: go.test/test/fixedbugs/bug444.go execution,  -O2 -g 
UNRESOLVED: go.test/test/if.go compilation,  -O2 -g 
FAIL: go.test/test/interface/fail.go execution,  -O2 -g 
FAIL: go.test/test/interface/noeq.go execution,  -O2 -g 
FAIL: go.test/test/interface/returntype.go execution,  -O2 -g 
FAIL: go.test/test/nil.go execution,  -O2 -g 
FAIL: go.test/test/nilptr.go execution,  -O2 -g 
FAIL: go.test/test/recover.go execution,  -O2 -g 
FAIL: go.test/test/recover1.go execution,  -O2 -g 
FAIL: go.test/test/recover2.go execution,  -O2 -g 
FAIL: go.test/test/recover3.go execution,  -O2 -g 
FAIL: go.test/test/reorder.go execution,  -O2 -g 
ERROR: s390-ibm-linux-gnu: unhandled architecture
ERROR: s390-ibm-linux-gnu: unhandled architecture
ERROR: s390-ibm-linux-gnu: unhandled architecture
ERROR: s390-ibm-linux-gnu: unhandled architecture

		=== go Summary for unix ===

# of expected passes		5055
# of unexpected failures	24
# of expected failures		1
# of untested testcases		5
# of unresolved testcases	4

Running target unix/-fstack-protector
FAIL: ./index0-out.go execution,  -O0 -g -fno-var-tracking-assignments 
UNRESOLVED: go.test/test/235.go compilation,  -O2 -g 
UNRESOLVED: go.test/test/64bit.go -O (test for excess errors)
UNRESOLVED: go.test/test/chan/doubleselect.go compilation,  -O2 -g 
FAIL: go.test/test/chan/select3.go execution,  -O2 -g 
FAIL: go.test/test/closedchan.go execution,  -O2 -g 
FAIL: go.test/test/cmp.go execution,  -O2 -g 
FAIL: go.test/test/env.go execution,  -O2 -g 
FAIL: go.test/test/fixedbugs/bug113.go execution,  -O2 -g 
FAIL: go.test/test/fixedbugs/bug148.go execution,  -O2 -g 
FAIL: go.test/test/fixedbugs/bug266.go execution,  -O2 -g 
FAIL: go.test/test/fixedbugs/bug272.go execution,  -O2 -g 
FAIL: go.test/test/fixedbugs/bug273.go execution,  -O2 -g 
FAIL: go.test/test/fixedbugs/bug324.go
FAIL: go.test/test/fixedbugs/bug347.go execution,  -O0 -g 
FAIL: go.test/test/fixedbugs/bug348.go execution,  -O0 -g 
FAIL: go.test/test/fixedbugs/bug444.go execution,  -O2 -g 
UNRESOLVED: go.test/test/if.go compilation,  -O2 -g 
FAIL: go.test/test/interface/fail.go execution,  -O2 -g 
FAIL: go.test/test/interface/noeq.go execution,  -O2 -g 
FAIL: go.test/test/interface/returntype.go execution,  -O2 -g 
FAIL: go.test/test/nil.go execution,  -O2 -g 
FAIL: go.test/test/nilptr.go execution,  -O2 -g 
FAIL: go.test/test/recover.go execution,  -O2 -g 
FAIL: go.test/test/recover1.go execution,  -O2 -g 
FAIL: go.test/test/recover2.go execution,  -O2 -g 
FAIL: go.test/test/recover3.go execution,  -O2 -g 
FAIL: go.test/test/reorder.go execution,  -O2 -g 
ERROR: s390-ibm-linux-gnu: unhandled architecture
ERROR: s390-ibm-linux-gnu: unhandled architecture
ERROR: s390-ibm-linux-gnu: unhandled architecture
ERROR: s390-ibm-linux-gnu: unhandled architecture

		=== go Summary for unix/-fstack-protector ===

# of expected passes		5055
# of unexpected failures	24
# of expected failures		1
# of untested testcases		5
# of unresolved testcases	4

Running target unix/-m64
UNRESOLVED: go.test/test/235.go compilation,  -O2 -g 
UNRESOLVED: go.test/test/64bit.go -O (test for excess errors)
UNRESOLVED: go.test/test/chan/doubleselect.go compilation,  -O2 -g 
FAIL: go.test/test/chan/doubleselect.go execution,  -O2 -g 
FAIL: go.test/test/env.go execution,  -O2 -g 
UNRESOLVED: go.test/test/if.go compilation,  -O2 -g 
FAIL: go.test/test/nilptr.go execution,  -O2 -g 
ERROR: s390-ibm-linux-gnu: unhandled architecture
ERROR: s390-ibm-linux-gnu: unhandled architecture
ERROR: s390-ibm-linux-gnu: unhandled architecture
ERROR: s390-ibm-linux-gnu: unhandled architecture

		=== go Summary for unix/-m64 ===

# of expected passes		4956
# of unexpected failures	3
# of expected failures		1
# of untested testcases		5
# of unresolved testcases	4

		=== go Summary ===

# of expected passes		15066
# of unexpected failures	51
# of expected failures		3
# of untested testcases		15
# of unresolved testcases	12
/home/doko/gcc/4.8/gcc-4.8-4.8.1/build/gcc/testsuite/go/../../gccgo  version 4.8.1 (Debian 4.8.1-2) 

		=== obj-c++ tests ===


Running target unix

		=== obj-c++ Summary for unix ===

# of expected passes		1450
# of expected failures		2
# of unsupported tests		86

Running target unix/-fstack-protector

		=== obj-c++ Summary for unix/-fstack-protector ===

# of expected passes		1450
# of expected failures		2
# of unsupported tests		86

Running target unix/-m64

		=== obj-c++ Summary for unix/-m64 ===

# of expected passes		1442
# of expected failures		10
# of unsupported tests		86

		=== obj-c++ Summary ===

# of expected passes		4342
# of expected failures		14
# of unsupported tests		258
/home/doko/gcc/4.8/gcc-4.8-4.8.1/build/gcc/testsuite/obj-c++/../../xg++  version 4.8.1 (Debian 4.8.1-2) 

		=== objc tests ===


Running target unix

		=== objc Summary for unix ===

# of expected passes		2994
# of unsupported tests		74

Running target unix/-fstack-protector

		=== objc Summary for unix/-fstack-protector ===

# of expected passes		2994
# of unsupported tests		74

Running target unix/-m64

		=== objc Summary for unix/-m64 ===

# of expected passes		2994
# of unsupported tests		74

		=== objc Summary ===

# of expected passes		8982
# of unsupported tests		222
/home/doko/gcc/4.8/gcc-4.8-4.8.1/build/gcc/xgcc  version 4.8.1 (Debian 4.8.1-2) 

		=== boehm-gc tests ===


Running target unix

		=== boehm-gc Summary for unix ===

# of expected passes		12
# of unsupported tests		1

Running target unix/-fstack-protector

		=== boehm-gc Summary for unix/-fstack-protector ===

# of expected passes		12
# of unsupported tests		1

Running target unix/-m64

		=== boehm-gc Summary for unix/-m64 ===

# of expected passes		12
# of unsupported tests		1

		=== boehm-gc Summary ===

# of expected passes		36
# of unsupported tests		3
		=== libatomic tests ===


Running target unix

		=== libatomic Summary for unix ===

# of expected passes		34
# of unsupported tests		10

Running target unix/-fstack-protector

		=== libatomic Summary for unix/-fstack-protector ===

# of expected passes		34
# of unsupported tests		10

Running target unix/-m64

		=== libatomic Summary for unix/-m64 ===

# of expected passes		34
# of unsupported tests		10

		=== libatomic Summary ===

# of expected passes		102
# of unsupported tests		30
		=== libffi tests ===


Running target unix

		=== libffi Summary for unix ===

# of expected passes		1819
# of unsupported tests		55

Running target unix/-fstack-protector

		=== libffi Summary for unix/-fstack-protector ===

# of expected passes		1819
# of unsupported tests		55

Running target unix/-m64

		=== libffi Summary for unix/-m64 ===

# of expected passes		1819
# of unsupported tests		55

		=== libffi Summary ===

# of expected passes		5457
# of unsupported tests		165
		=== libgo tests ===


Running target unix
FAIL: bufio
FAIL: fmt
FAIL: math
FAIL: net
FAIL: reflect
FAIL: sync
FAIL: time
FAIL: encoding/gob
FAIL: encoding/json
FAIL: html/template
FAIL: math/big
FAIL: net/http
FAIL: net/rpc
FAIL: old/regexp
FAIL: old/template
FAIL: text/template
FAIL: text/template/parse

		=== libgo Summary for unix ===

# of expected passes		114
# of unexpected failures	17

Running target unix/-m64

		=== libgo Summary for unix/-m64 ===


		=== libgo Summary ===

/home/doko/gcc/4.8/gcc-4.8-4.8.1/build/./gcc/gccgo version 4.8.1 (Debian 4.8.1-2)

		=== libgomp tests ===


Running target unix

		=== libgomp Summary for unix ===

# of expected passes		3050
# of unsupported tests		1

Running target unix/-fstack-protector

		=== libgomp Summary for unix/-fstack-protector ===

# of expected passes		3050
# of unsupported tests		1

Running target unix/-m64

		=== libgomp Summary for unix/-m64 ===

# of expected passes		3050
# of unsupported tests		1

		=== libgomp Summary ===

# of expected passes		9150
# of unsupported tests		3
		=== libjava tests ===


Running target unix
FAIL: sourcelocation output - source compiled test
FAIL: sourcelocation -findirect-dispatch output - source compiled test
FAIL: sourcelocation -O3 output - source compiled test

		=== libjava Summary for unix ===

# of expected passes		2583
# of unexpected failures	3

Running target unix/-fstack-protector
FAIL: sourcelocation output - source compiled test
FAIL: sourcelocation -findirect-dispatch output - source compiled test
FAIL: sourcelocation -O3 output - source compiled test

		=== libjava Summary for unix/-fstack-protector ===

# of expected passes		2583
# of unexpected failures	3

		=== libjava Summary ===

# of expected passes		5166
# of unexpected failures	6
		=== libmudflap tests ===


Running target unix
FAIL: libmudflap.c++/pass41-frag.cxx (-static) execution test
FAIL: libmudflap.c++/pass41-frag.cxx ( -O) execution test
FAIL: libmudflap.c++/pass41-frag.cxx (-O2) execution test
FAIL: libmudflap.c++/pass41-frag.cxx (-O3) execution test
WARNING: program timed out.
FAIL: libmudflap.cth/pass40-frag.c (-O0) execution test
FAIL: libmudflap.cth/pass40-frag.c (-O0) output pattern test
WARNING: program timed out.
FAIL: libmudflap.cth/pass40-frag.c (-static -DSTATIC) execution test
FAIL: libmudflap.cth/pass40-frag.c (-static -DSTATIC) output pattern test
WARNING: program timed out.
FAIL: libmudflap.cth/pass40-frag.c (-O2) execution test
FAIL: libmudflap.cth/pass40-frag.c (-O2) output pattern test
WARNING: program timed out.
FAIL: libmudflap.cth/pass40-frag.c (-O3) execution test
FAIL: libmudflap.cth/pass40-frag.c (-O3) output pattern test

		=== libmudflap Summary for unix ===

# of expected passes		1894
# of unexpected failures	12

Running target unix/-fstack-protector
FAIL: libmudflap.c++/pass41-frag.cxx (-static) execution test
FAIL: libmudflap.c++/pass41-frag.cxx ( -O) execution test
FAIL: libmudflap.c++/pass41-frag.cxx (-O2) execution test
FAIL: libmudflap.c++/pass41-frag.cxx (-O3) execution test
WARNING: program timed out.
FAIL: libmudflap.cth/pass40-frag.c (-O0) execution test
FAIL: libmudflap.cth/pass40-frag.c (-O0) output pattern test
WARNING: program timed out.
FAIL: libmudflap.cth/pass40-frag.c (-O3) execution test
FAIL: libmudflap.cth/pass40-frag.c (-O3) output pattern test

		=== libmudflap Summary for unix/-fstack-protector ===

# of expected passes		1898
# of unexpected failures	8

Running target unix/-m64
FAIL: libmudflap.c++/pass41-frag.cxx (-static) execution test
FAIL: libmudflap.c++/pass41-frag.cxx ( -O) execution test
FAIL: libmudflap.c++/pass41-frag.cxx (-O2) execution test
FAIL: libmudflap.c++/pass41-frag.cxx (-O3) execution test
WARNING: program timed out.
FAIL: libmudflap.cth/pass40-frag.c (-O0) execution test
FAIL: libmudflap.cth/pass40-frag.c (-O0) output pattern test
WARNING: program timed out.
FAIL: libmudflap.cth/pass40-frag.c (-static -DSTATIC) execution test
FAIL: libmudflap.cth/pass40-frag.c (-static -DSTATIC) output pattern test
WARNING: program timed out.
FAIL: libmudflap.cth/pass40-frag.c (-O2) execution test
FAIL: libmudflap.cth/pass40-frag.c (-O2) output pattern test

		=== libmudflap Summary for unix/-m64 ===

# of expected passes		1896
# of unexpected failures	10

		=== libmudflap Summary ===

# of expected passes		5688
# of unexpected failures	30
		=== libstdc++ tests ===


Running target unix
FAIL: 22_locale/time_get/get_date/wchar_t/4.cc execution test
FAIL: ext/pool_allocator/allocate_chunk.cc execution test

		=== libstdc++ Summary for unix ===

# of expected passes		9300
# of unexpected failures	2
# of expected failures		45
# of unsupported tests		218

Running target unix/-fstack-protector
FAIL: 22_locale/time_get/get_date/wchar_t/4.cc execution test
FAIL: ext/pool_allocator/allocate_chunk.cc execution test

		=== libstdc++ Summary for unix/-fstack-protector ===

# of expected passes		9300
# of unexpected failures	2
# of expected failures		45
# of unsupported tests		218

Running target unix/-m64
FAIL: libstdc++-abi/abi_check
FAIL: 22_locale/time_get/get_date/wchar_t/4.cc execution test
FAIL: 23_containers/list/modifiers/insert/25288.cc execution test

		=== libstdc++ Summary for unix/-m64 ===

# of expected passes		9223
# of unexpected failures	3
# of expected failures		45
# of unsupported tests		223

		=== libstdc++ Summary ===

# of expected passes		27823
# of unexpected failures	7
# of expected failures		135
# of unsupported tests		659

Compiler version: 4.8.1 (Debian 4.8.1-2) 
Platform: s390-ibm-linux-gnu
configure flags: -v --with-pkgversion='Debian 4.8.1-2' --with-bugurl=file:///usr/share/doc/gcc-4.8/README.Bugs --enable-languages=c,c++,java,go,d,fortran,objc,obj-c++ --prefix=/usr --program-suffix=-4.8 --enable-shared --enable-linker-build-id --libexecdir=/usr/lib --without-included-gettext --enable-threads=posix --with-gxx-include-dir=/usr/include/c++/4.8 --libdir=/usr/lib --enable-nls --with-sysroot=/ --enable-clocale=gnu --enable-libstdcxx-debug --enable-libstdcxx-time=yes --enable-gnu-unique-object --disable-libitm --disable-libsanitizer --disable-libquadmath --enable-plugin --with-system-zlib --disable-browser-plugin --enable-java-awt=gtk --enable-gtk-cairo --with-java-home=/usr/lib/jvm/java-1.5.0-gcj-4.8-s390/jre --enable-java-home --with-jvm-root-dir=/usr/lib/jvm/java-1.5.0-gcj-4.8-s390 --with-jvm-jar-dir=/usr/lib/jvm-exports/java-1.5.0-gcj-4.8-s390 --with-arch-directory=s390 --with-ecj-jar=/usr/share/java/eclipse-ecj.jar --enable-objc-gc --enable-multiarch --with-long-double-128 --enable-targets=all --enable-checking=release --build=s390-linux-gnu --host=s390-linux-gnu --target=s390-linux-gnu
BOOT_CFLAGS=


Build Dependencies:
Desired=Unknown/Install/Remove/Purge/Hold
| Status=Not/Inst/Conf-files/Unpacked/halF-conf/Half-inst/trig-aWait/Trig-pend
|/ Err?=(none)/Reinst-required (Status,Err: uppercase=bad)
||/ Name                              Version                      Architecture Description
+++-=================================-============================-============-===============================================================================
ii  binutils                          2.22-8                       s390         GNU assembler, linker and binary utilities
ii  g++-4.6                           4.6.4-2                      s390         GNU C++ compiler
ii  g++-4.6-multilib                  4.6.4-2                      s390         GNU C++ compiler (multilib files)
ii  g++-multilib                      4:4.6.3-8                    s390         GNU C++ compiler (multilib files)
ii  libc6:s390                        2.17-5                       s390         Embedded GNU C Library: Shared libraries
ii  libcloog-isl-dev:s390             0.18.0-2                     s390         Chunky Loop Generator (development files)
ii  libgmp-dev:s390                   2:5.1.2+dfsg-1               s390         Multiprecision arithmetic library developers tools
ii  libisl-dev:s390                   0.11.2-1                     s390         manipulating sets and relations of integer points bounded by linear constraints
ii  libmpc-dev:s390                   1.0.1-1                      s390         multiple precision complex floating-point library development package
ii  libmpfr-dev:s390                  3.1.1-1                      s390         multiple precision floating-point computation developers tools


svn-updates:
  updates from the 4.8 branch upto 20120604 (r199643).

gcc-gfdl-build:
  Build a dummy s-tm-texi without access to the texinfo sources

gcc-textdomain:
  Set gettext's domain and textdomain to the versioned package name.

gcc-driver-extra-langs:
  Add options and specs for languages that are not built from a source
  (but built from separate sources).

gcc-hash-style-both:
  Link using --hash-style=both (alpha, amd64, armel, armhf, ia64, i386, powerpc, ppc64, s390, sparc)

libstdc++-pic:
  Build and install libstdc++_pic.a library.

libstdc++-doclink:
  adjust hrefs to point to the local documentation

libstdc++-man-3cxx:
  Install libstdc++ man pages with suffix .3cxx instead of .3

libstdc++-test-installed:
  Add support to run the libstdc++-v3 testsuite using the
  installed shared libraries.

libstdc++-host-headers:
  Install host specific libstdc++ headers into the host include dir

libjava-stacktrace:
  libgcj: Lookup source file name and line number in separated
  debug files found in /usr/lib/debug

libjava-jnipath:
  - Add /usr/lib/jni and /usr/lib/<multiarch>/jni to java.library.path.
  - When running the i386 binaries on amd64, look in
  - /usr/lib32/gcj-x.y and /usr/lib32/jni instead.

libjava-sjlj:
  Don't try to use _Unwind_Backtrace on SJLJ targets.
  See bug #387875, #388505, GCC PR 29206.

libjava-disable-plugin:
  Don't build the gcjwebplugin, even when configured with --enable-plugin

alpha-no-ev4-directive:
  never emit .ev4 directive.

boehm-gc-getnprocs:
  boehm-gc/pthread_support.c (GC_get_nprocs): Use sysconf as fallback.

note-gnu-stack:
  Add .note.GNU-stack sections for gcc's crt files, libffi and boehm-gc
  Taken from FC.

libgomp-omp_h-multilib:
  Fix up omp.h for multilibs.

sparc-force-cpu:
  On sparc default to ultrasparc (v9a) in 32bit mode

pr24619:
  Proposed patch for PR mudflap/24619 (instrumentation of dlopen)

gccgo-version:
  Omit the subminor number from the go libdir

pr47818:
  Fix PR ada/47818: Pragma Assert is rejected with No_Implementation_Pragmas restriction.

pr49944:
  apply proposed patch for PR ada/49444.

gcc-base-version:
  Set base version to 4.8, introduce full version 4.8.x.

mudflapth-link:
  Link libmudflapth.so with -lpthread

libmudflap-x32:
  Fix libmudflap build failure for x32 multilibs

libgo-testsuite:
  Only run the libgo testsuite for flags configured in RUNTESTFLAGS

gcc-target-include-asm:
  Search \$(builddir)/sys-include for the asm header files

libgo-revert-timeout-exp:

arm-sanitizer:
  Enable libsanitizer on ARM.

aarch64-libjava:
  Build gcj for aarch64-linux-gnu

libgo-setcontext-config:
  libgo: Overwrite the setcontext_clobbers_tls check on mips*

pr57211:
  Fix PR c++/57211, don't warn about unused parameters of defaulted functions.

gdc-updates:
  Updates for gdc.

gdc-4.8:
  This implements D language support in the GCC back end, and adds
  relevant documentation about the GDC front end (code part).

gdc-versym-cpu:
  Implements D CPU version conditions.

gdc-versym-os:
  Implements D OS version conditions.

gdc-frontend-posix:
  Fix build of the D frontend on the Hurd and KFreeBSD.

gdc-texinfo:
  Add macros for the gdc texinfo documentation.

gdc-driver-nophobos:
  Modify gdc driver to have no libphobos by default.

gcc-sysroot:
  Allow building --with-sysroot=/

ada-kfreebsd:
  Fix gnat build failure on kfreebsd.

arm-multilib-soft:
  ARM hard/soft float multilib support

arm-multilib-defaults:
  Set MULTILIB_DEFAULTS for ARM multilib builds

gcc-ice-hack:
  Retry the build on an ice, save the calling options and preprocessed
  source when the ice is reproducible.

gcc-ice-apport:
  Report an ICE to apport (if apport is available
  and the environment variable GCC_NOAPPORT is not set)

libjava-fixed-symlinks:
  Remove unneed '..' elements from symlinks in JAVA_HOME

libstdc++-arm-wno-abi:
  Temporary work around:
  On arm-linux-gnueabi run the libstdc++v3 testsuite with -Wno-abi

ada-mips:
  Improve support for mips.

libffi-ro-eh_frame_sect:
  PR libffi/47248, force a read only eh frame section.

gcc-multiarch:
  - Remaining multiarch patches, not yet submitted upstream.
  - Add MULTIARCH_DIRNAME definitions for multilib configurations,
  which are used for the non-multilib builds.

libjava-multiarch:
  Install libjava libraries to multiarch location

libjava-nobiarch-check:
  For biarch builds, disable the testsuite for the non-default architecture
  for runtime libraries, which are not built by default (libjava).

config-ml:
  - Disable some biarch libraries for biarch builds.
  - Fix multilib builds on kernels which don't support all multilibs.

g++-multiarch-incdir:
  Use /usr/include/<multiarch>/c++/4.x as the include directory
  for host dependent c++ header files.

gcc-multilib-multiarch:
  Don't auto-detect multilib osdirnames.

mips-fix-loongson2f-nop:
  On mips, pass -mfix-loongson2f-nop to as, if -mno-fix-loongson2f-nop
  is not passed.

libgomp-kfreebsd-testsuite:
  Disable lock-2.c test on kfreebsd-*

Counting all warnings,
there are 0 warnings in stage3 of this bootstrap.

Number of warnings per file:

Number of warning types:



More information about the Gcc-testresults mailing list