Results for 4.9.0 20130607 (experimental) (GCC) testsuite on arm-none-eabi

CodeSourcery Automatic Testing System gcc@codesourcery.com
Fri Jun 7 20:20:00 GMT 2013


LAST_UPDATED: Fri Jun  7 07:11:15 UTC 2013 (/trunk revision 199789)

Target is arm-none-eabi
Host   is i686-pc-linux-gnu

		=== g++ tests ===


Running target arm-sim-fsf
FAIL: g++.dg/ext/visibility/anon6.C -std=c++98  scan-assembler 1BIiE1cE
FAIL: g++.dg/ext/visibility/anon6.C -std=c++11  scan-assembler 1BIiE1cE
WARNING: program timed out.
FAIL: g++.dg/ipa/pr52939.C -std=gnu++98 execution test
WARNING: program timed out.
FAIL: g++.dg/ipa/pr52939.C -std=gnu++11 execution test
FAIL: g++.dg/parse/enum5.C -std=c++98 (test for excess errors)
FAIL: g++.dg/parse/enum5.C -std=c++11 (test for excess errors)
FAIL: g++.dg/simulate-thread/atomics-1.C  -O0 -g  (test for excess errors)
FAIL: g++.dg/simulate-thread/atomics-1.C  -O1 -g  (test for excess errors)
FAIL: g++.dg/simulate-thread/atomics-1.C  -O2 -g -std=c++98  (test for excess errors)
FAIL: g++.dg/simulate-thread/atomics-1.C  -O3 -g -std=c++11  (test for excess errors)
FAIL: g++.dg/simulate-thread/atomics-1.C  -Os -g  (test for excess errors)
FAIL: g++.dg/simulate-thread/atomics-2.C  -O0 -g  (test for excess errors)
FAIL: g++.dg/simulate-thread/atomics-2.C  -O1 -g  (test for excess errors)
FAIL: g++.dg/simulate-thread/atomics-2.C  -O2 -g -std=c++98  (test for excess errors)
FAIL: g++.dg/simulate-thread/atomics-2.C  -O3 -g -std=c++11  (test for excess errors)
FAIL: g++.dg/simulate-thread/atomics-2.C  -Os -g  (test for excess errors)

		=== g++ Summary ===

# of expected passes		48926
# of unexpected failures	16
# of expected failures		287
# of unsupported tests		1100
/scratch/gcc/nightly-2013-06-07-mainline/arm-none-eabi/obj/test-mainline-0-arm-none-eabi/host-i686-pc-linux-gnu/fsf-mainline/bin/arm-none-eabi-g++  version 4.9.0 20130607 (experimental) (GCC) 


		=== Summary adjusted for local xfails ===

# of unexpected failures        16
# of expected passes            48926
# of expected failures          287
# of unsupported tests          1100
Host   is i686-pc-linux-gnu

		=== gcc tests ===


Running target arm-sim-fsf
FAIL: gcc.c-torture/execute/arith-rand-ll.c compilation,  -Os  (internal compiler error)
UNRESOLVED: gcc.c-torture/execute/arith-rand-ll.c execution,  -Os 
FAIL: gcc.dg/atomic-flag.c (test for excess errors)
UNRESOLVED: gcc.dg/atomic-flag.c compilation failed to produce executable
FAIL: gcc.dg/uninit-13.c unconditional (test for warnings, line 8)
FAIL: gcc.dg/uninit-13.c (test for excess errors)
WARNING: program timed out.
FAIL: gcc.dg/torture/stackalign/sibcall-1.c  -O2 -fpic execution test
WARNING: program timed out.
FAIL: gcc.dg/torture/stackalign/sibcall-1.c  -O3 -fomit-frame-pointer -fpic execution test
WARNING: program timed out.
FAIL: gcc.dg/torture/stackalign/sibcall-1.c  -O3 -g -fpic execution test
WARNING: program timed out.
FAIL: gcc.dg/torture/stackalign/sibcall-1.c  -O2 -flto -fno-use-linker-plugin -flto-partition=none -fpic execution test
ERROR: gcc.dg/tree-ssa/attr-alias.c: error executing dg-final: couldn't compile regular expression pattern: parentheses () not balanced
UNRESOLVED: gcc.dg/tree-ssa/attr-alias.c: error executing dg-final: couldn't compile regular expression pattern: parentheses () not balanced
FAIL: gcc.dg/tree-ssa/sra-12.c scan-tree-dump-times release_ssa "l;" 0
FAIL: gcc.dg/vect/pr56787.c scan-tree-dump vect "vectorized 1 loops"
WARNING: program timed out.
FAIL: gcc.dg/vect/pr56933.c execution test
FAIL: gcc.dg/vect/pr56787.c -flto  scan-tree-dump vect "vectorized 1 loops"
WARNING: program timed out.
FAIL: gcc.dg/vect/pr56933.c -flto execution test
FAIL: gcc.target/arm/neon-for-64bits-2.c scan-assembler-times vand 1
FAIL: gcc.target/arm/neon-for-64bits-2.c scan-assembler-times vorr 1
WARNING: program timed out.
FAIL: gcc.target/arm/neon-vext-execute.c execution test
FAIL: gcc.target/arm/pr42172-1.c scan-assembler-times ldr 1
FAIL: gcc.target/arm/pr42575.c scan-assembler-not mov

		=== gcc Summary ===

# of expected passes		90453
# of unexpected failures	18
# of expected failures		244
# of unresolved testcases	3
# of unsupported tests		1734
/scratch/gcc/nightly-2013-06-07-mainline/arm-none-eabi/obj/test-mainline-0-arm-none-eabi/host-i686-pc-linux-gnu/fsf-mainline/bin/arm-none-eabi-gcc  version 4.9.0 20130607 (experimental) (GCC) 


		=== Summary adjusted for local xfails ===

# of errors                     1
# of unexpected failures        18
# of expected passes            90453
# of expected failures          244
# of unresolved testcases       3
# of unsupported tests          1734
Host   is i686-pc-linux-gnu

		=== libstdc++ tests ===


Running target arm-sim-fsf
ERROR: tcl error sourcing /scratch/gcc/nightly-2013-06-07-mainline/src/gcc-mainline/libstdc++-v3/testsuite/libstdc++-abi/abi.exp.
ERROR: can't read "baseline_subdir_switch": no such variable
FAIL: 20_util/exchange/1.cc (test for excess errors)
UNRESOLVED: 20_util/exchange/1.cc compilation failed to produce executable
FAIL: 27_io/basic_filebuf/underflow/wchar_t/11603.cc execution test
FAIL: 29_atomics/atomic/cons/49445.cc (test for excess errors)
UNRESOLVED: 29_atomics/atomic/cons/49445.cc compilation failed to produce executable
FAIL: 29_atomics/atomic/cons/user_pod.cc (test for excess errors)
FAIL: 29_atomics/atomic/operators/integral_assignment.cc (test for excess errors)
UNRESOLVED: 29_atomics/atomic/operators/integral_assignment.cc compilation failed to produce executable
FAIL: 29_atomics/atomic/operators/integral_conversion.cc (test for excess errors)
UNRESOLVED: 29_atomics/atomic/operators/integral_conversion.cc compilation failed to produce executable
FAIL: 29_atomics/atomic_flag/clear/1.cc (test for excess errors)
UNRESOLVED: 29_atomics/atomic_flag/clear/1.cc compilation failed to produce executable
FAIL: 29_atomics/atomic_flag/test_and_set/explicit.cc (test for excess errors)
UNRESOLVED: 29_atomics/atomic_flag/test_and_set/explicit.cc compilation failed to produce executable
FAIL: 29_atomics/atomic_flag/test_and_set/implicit.cc (test for excess errors)
UNRESOLVED: 29_atomics/atomic_flag/test_and_set/implicit.cc compilation failed to produce executable
FAIL: 29_atomics/atomic_integral/operators/integral_assignment.cc (test for excess errors)
UNRESOLVED: 29_atomics/atomic_integral/operators/integral_assignment.cc compilation failed to produce executable
FAIL: 29_atomics/atomic_integral/operators/integral_conversion.cc (test for excess errors)
UNRESOLVED: 29_atomics/atomic_integral/operators/integral_conversion.cc compilation failed to produce executable
FAIL: backward/strstream_members.cc execution test
XPASS: ext/stdio_filebuf/char/10063-2.cc execution test
XPASS: ext/stdio_filebuf/char/10063-3.cc execution test

		=== libstdc++ Summary ===

# of expected passes		7694
# of unexpected failures	12
# of unexpected successes	2
# of expected failures		52
# of unresolved testcases	9
# of unsupported tests		649

		=== Summary adjusted for local xfails ===

# of errors                     2
# of unexpected failures        12
# of expected passes            7694
# of unexpected successes       2
# of expected failures          52
# of unresolved testcases       9
# of unsupported tests          649
Host   is i686-pc-linux-gnu

		=== g++ tests ===


Running target arm-sim-fsf/-mthumb
FAIL: g++.dg/ext/visibility/anon6.C -std=c++98  scan-assembler 1BIiE1cE
FAIL: g++.dg/ext/visibility/anon6.C -std=c++11  scan-assembler 1BIiE1cE
FAIL: g++.dg/parse/enum5.C -std=c++98 (test for excess errors)
FAIL: g++.dg/parse/enum5.C -std=c++11 (test for excess errors)
FAIL: g++.dg/simulate-thread/atomics-1.C  -O0 -g  (test for excess errors)
FAIL: g++.dg/simulate-thread/atomics-1.C  -O1 -g  (test for excess errors)
FAIL: g++.dg/simulate-thread/atomics-1.C  -O2 -g -std=c++98  (test for excess errors)
FAIL: g++.dg/simulate-thread/atomics-1.C  -O3 -g -std=c++11  (test for excess errors)
FAIL: g++.dg/simulate-thread/atomics-1.C  -Os -g  (test for excess errors)
FAIL: g++.dg/simulate-thread/atomics-2.C  -O0 -g  (test for excess errors)
FAIL: g++.dg/simulate-thread/atomics-2.C  -O1 -g  (test for excess errors)
FAIL: g++.dg/simulate-thread/atomics-2.C  -O2 -g -std=c++98  (test for excess errors)
FAIL: g++.dg/simulate-thread/atomics-2.C  -O3 -g -std=c++11  (test for excess errors)
FAIL: g++.dg/simulate-thread/atomics-2.C  -Os -g  (test for excess errors)

		=== g++ Summary ===

# of expected passes		48788
# of unexpected failures	14
# of expected failures		287
# of unsupported tests		1114
/scratch/gcc/nightly-2013-06-07-mainline/arm-none-eabi/obj/test-mainline-0-arm-none-eabi/host-i686-pc-linux-gnu/fsf-mainline/bin/arm-none-eabi-g++  version 4.9.0 20130607 (experimental) (GCC) 


		=== Summary adjusted for local xfails ===

# of unexpected failures        14
# of expected passes            48788
# of expected failures          287
# of unsupported tests          1114
Host   is i686-pc-linux-gnu

		=== gcc tests ===


Running target arm-sim-fsf/-mthumb
FAIL: gcc.dg/atomic-flag.c (test for excess errors)
UNRESOLVED: gcc.dg/atomic-flag.c compilation failed to produce executable
FAIL: gcc.dg/uninit-13.c unconditional (test for warnings, line 8)
FAIL: gcc.dg/uninit-13.c (test for excess errors)
ERROR: gcc.dg/tree-ssa/attr-alias.c: error executing dg-final: couldn't compile regular expression pattern: parentheses () not balanced
UNRESOLVED: gcc.dg/tree-ssa/attr-alias.c: error executing dg-final: couldn't compile regular expression pattern: parentheses () not balanced
FAIL: gcc.dg/tree-ssa/sra-12.c scan-tree-dump-times release_ssa "l;" 0
FAIL: gcc.target/arm/iordi3-opt.c scan-assembler-not mov[\\\\t ]+.+,[\\\\t ]*.+
FAIL: gcc.target/arm/minmax_minus.c scan-assembler rsbge
FAIL: gcc.target/arm/minmax_minus.c scan-assembler rsblt
FAIL: gcc.target/arm/pr19599.c scan-assembler bx
FAIL: gcc.target/arm/pr42172-1.c scan-assembler-times ldr 1
FAIL: gcc.target/arm/volatile-bitfields-1.c scan-assembler ldrb[\\\\t ]+[^\\n]*,[\\\\t ]*\\\\[[^\\n]*\\\\]

		=== gcc Summary ===

# of expected passes		83352
# of unexpected failures	10
# of expected failures		103
# of unresolved testcases	2
# of unsupported tests		3705
/scratch/gcc/nightly-2013-06-07-mainline/arm-none-eabi/obj/test-mainline-0-arm-none-eabi/host-i686-pc-linux-gnu/fsf-mainline/bin/arm-none-eabi-gcc  version 4.9.0 20130607 (experimental) (GCC) 


		=== Summary adjusted for local xfails ===

# of errors                     1
# of unexpected failures        10
# of expected passes            83352
# of expected failures          103
# of unresolved testcases       2
# of unsupported tests          3705
Host   is i686-pc-linux-gnu

		=== libstdc++ tests ===


Running target arm-sim-fsf/-mthumb
ERROR: tcl error sourcing /scratch/gcc/nightly-2013-06-07-mainline/src/gcc-mainline/libstdc++-v3/testsuite/libstdc++-abi/abi.exp.
ERROR: can't read "baseline_subdir_switch": no such variable
FAIL: 20_util/exchange/1.cc (test for excess errors)
UNRESOLVED: 20_util/exchange/1.cc compilation failed to produce executable
FAIL: 27_io/basic_filebuf/underflow/wchar_t/11603.cc execution test
FAIL: 29_atomics/atomic/cons/49445.cc (test for excess errors)
UNRESOLVED: 29_atomics/atomic/cons/49445.cc compilation failed to produce executable
FAIL: 29_atomics/atomic/cons/user_pod.cc (test for excess errors)
FAIL: 29_atomics/atomic/operators/integral_assignment.cc (test for excess errors)
UNRESOLVED: 29_atomics/atomic/operators/integral_assignment.cc compilation failed to produce executable
FAIL: 29_atomics/atomic/operators/integral_conversion.cc (test for excess errors)
UNRESOLVED: 29_atomics/atomic/operators/integral_conversion.cc compilation failed to produce executable
FAIL: 29_atomics/atomic_flag/clear/1.cc (test for excess errors)
UNRESOLVED: 29_atomics/atomic_flag/clear/1.cc compilation failed to produce executable
FAIL: 29_atomics/atomic_flag/test_and_set/explicit.cc (test for excess errors)
UNRESOLVED: 29_atomics/atomic_flag/test_and_set/explicit.cc compilation failed to produce executable
FAIL: 29_atomics/atomic_flag/test_and_set/implicit.cc (test for excess errors)
UNRESOLVED: 29_atomics/atomic_flag/test_and_set/implicit.cc compilation failed to produce executable
FAIL: 29_atomics/atomic_integral/operators/integral_assignment.cc (test for excess errors)
UNRESOLVED: 29_atomics/atomic_integral/operators/integral_assignment.cc compilation failed to produce executable
FAIL: 29_atomics/atomic_integral/operators/integral_conversion.cc (test for excess errors)
UNRESOLVED: 29_atomics/atomic_integral/operators/integral_conversion.cc compilation failed to produce executable
XPASS: ext/stdio_filebuf/char/10063-2.cc execution test
XPASS: ext/stdio_filebuf/char/10063-3.cc execution test

		=== libstdc++ Summary ===

# of expected passes		7695
# of unexpected failures	11
# of unexpected successes	2
# of expected failures		52
# of unresolved testcases	9
# of unsupported tests		649

		=== Summary adjusted for local xfails ===

# of errors                     2
# of unexpected failures        11
# of expected passes            7695
# of unexpected successes       2
# of expected failures          52
# of unresolved testcases       9
# of unsupported tests          649

Compiler version: 4.9.0 20130607 (experimental) (GCC) 
Platform: arm-none-eabi
configure flags: --build=i686-pc-linux-gnu --host=i686-pc-linux-gnu --target=arm-none-eabi --enable-threads --disable-libmudflap --disable-libssp --disable-libstdcxx-pch --with-gnu-as --with-gnu-ld --enable-languages=c,c++ --disable-shared --enable-lto --with-newlib --disable-nls --prefix=/scratch/gcc/nightly-2013-06-07-mainline/arm-none-eabi/install --with-headers=yes --with-sysroot=/scratch/gcc/nightly-2013-06-07-mainline/arm-none-eabi/install/arm-none-eabi --with-gmp=/scratch/gcc/nightly-2013-06-07-mainline/arm-none-eabi/obj/pkg-mainline-0-arm-none-eabi/fsf-mainline-0-arm-none-eabi.extras/host-libs-i686-pc-linux-gnu/usr --with-mpfr=/scratch/gcc/nightly-2013-06-07-mainline/arm-none-eabi/obj/pkg-mainline-0-arm-none-eabi/fsf-mainline-0-arm-none-eabi.extras/host-libs-i686-pc-linux-gnu/usr --with-mpc=/scratch/gcc/nightly-2013-06-07-mainline/arm-none-eabi/obj/pkg-mainline-0-arm-none-eabi/fsf-mainline-0-arm-none-eabi.extras/host-libs-i686-pc-linux-gnu/usr --with-host-libstdcxx='-
 static-libgcc -Wl,-Bstatic,-lstdc++,-Bdynamic -lm' --with-isl=/scratch/gcc/nightly-2013-06-07-mainline/arm-none-eabi/obj/pkg-mainline-0-arm-none-eabi/fsf-mainline-0-arm-none-eabi.extras/host-libs-i686-pc-linux-gnu/usr --with-cloog=/scratch/gcc/nightly-2013-06-07-mainline/arm-none-eabi/obj/pkg-mainline-0-arm-none-eabi/fsf-mainline-0-arm-none-eabi.extras/host-libs-i686-pc-linux-gnu/usr --with-libelf=/scratch/gcc/nightly-2013-06-07-mainline/arm-none-eabi/obj/pkg-mainline-0-arm-none-eabi/fsf-mainline-0-arm-none-eabi.extras/host-libs-i686-pc-linux-gnu/usr --disable-libgomp --disable-libitm --enable-poison-system-directories --with-build-time-tools=/scratch/gcc/nightly-2013-06-07-mainline/arm-none-eabi/install/arm-none-eabi/bin --with-build-time-tools=/scratch/gcc/nightly-2013-06-07-mainline/arm-none-eabi/install/arm-none-eabi/bin SED=sed



More information about the Gcc-testresults mailing list