Results for 4.8.1 (Debian 4.8.1-2) testsuite on mipsel-unknown-linux-gnu

Matthias Klose doko@debian.org
Fri Jun 7 18:13:00 GMT 2013


LAST_UPDATED: Tue Jun  4 11:37:55 UTC 2013 (revision 199643)

Target: mipsel-linux-gnu
gcc version 4.8.1 (Debian 4.8.1-2) 
Native configuration is mipsel-unknown-linux-gnu

		=== g++ tests ===


Running target unix

		=== g++ Summary for unix ===

# of expected passes		50223
# of expected failures		291
# of unsupported tests		936

Running target unix/-fstack-protector

		=== g++ Summary for unix/-fstack-protector ===

# of expected passes		50223
# of expected failures		291
# of unsupported tests		936

Running target unix/-mabi=64
FAIL: g++.dg/tls/thread_local3.C -std=gnu++11 execution test
FAIL: g++.dg/tls/thread_local3g.C -std=gnu++11 execution test
FAIL: g++.dg/tls/thread_local4.C -std=gnu++11 execution test
FAIL: g++.dg/tls/thread_local4g.C -std=gnu++11 execution test
FAIL: g++.dg/tls/thread_local5.C -std=gnu++11 execution test
FAIL: g++.dg/tls/thread_local5g.C -std=gnu++11 execution test

		=== g++ Summary for unix/-mabi=64 ===

# of expected passes		51405
# of unexpected failures	6
# of expected failures		287
# of unsupported tests		945

Running target unix/-mabi=n32

		=== g++ Summary for unix/-mabi=n32 ===

# of expected passes		51544
# of expected failures		291
# of unsupported tests		921

		=== g++ Summary ===

# of expected passes		203395
# of unexpected failures	6
# of expected failures		1160
# of unsupported tests		3738
/build/gcc-4.8-MVXSLq/gcc-4.8-4.8.1/build/gcc/testsuite/g++/../../xg++  version 4.8.1 (Debian 4.8.1-2) 

		=== gcc tests ===


Running target unix
FAIL: gcc.dg/graphite/id-pr46845.c (internal compiler error)
FAIL: gcc.dg/graphite/id-pr46845.c (test for excess errors)
FAIL: gcc.target/mips/mips-sched-madd.c  -O2   scan-assembler \\tmult\\t
FAIL: gcc.target/mips/mips-sched-madd.c  -O3 -fomit-frame-pointer   scan-assembler \\tmult\\t
FAIL: gcc.target/mips/mips-sched-madd.c  -O3 -g   scan-assembler \\tmult\\t
FAIL: gcc.target/mips/mips-sched-madd.c  -O2 -flto -fno-use-linker-plugin -flto-partition=none   scan-assembler \\tmult\\t
FAIL: gcc.target/mips/mips-sched-madd.c  -O2 -flto -fuse-linker-plugin -fno-fat-lto-objects   scan-assembler \\tmult\\t
FAIL: gcc.target/mips/octeon-pipe-1.c  -O1   scan-rtl-dump sched2 "octeon_mult\\\\*71"
FAIL: gcc.target/mips/octeon-pipe-1.c  -O2   scan-rtl-dump sched2 "octeon_mult\\\\*71"
FAIL: gcc.target/mips/octeon-pipe-1.c  -O3 -fomit-frame-pointer   scan-rtl-dump sched2 "octeon_mult\\\\*71"
FAIL: gcc.target/mips/octeon-pipe-1.c  -O3 -g   scan-rtl-dump sched2 "octeon_mult\\\\*71"
FAIL: gcc.target/mips/octeon-pipe-1.c  -Os   scan-rtl-dump sched2 "octeon_mult\\\\*71"
FAIL: gcc.target/mips/octeon-pipe-1.c  -O2 -flto -fno-use-linker-plugin -flto-partition=none   scan-rtl-dump sched2 "octeon_mult\\\\*71"
FAIL: gcc.target/mips/octeon-pipe-1.c  -O2 -flto -fuse-linker-plugin -fno-fat-lto-objects   scan-rtl-dump sched2 "octeon_mult\\\\*71"
FAIL: gcc.target/mips/octeon2-pipe-1.c  -O1   scan-rtl-dump sched2 "octeon_mult\\\\*17"
FAIL: gcc.target/mips/octeon2-pipe-1.c  -O2   scan-rtl-dump sched2 "octeon_mult\\\\*17"
FAIL: gcc.target/mips/octeon2-pipe-1.c  -O3 -fomit-frame-pointer   scan-rtl-dump sched2 "octeon_mult\\\\*17"
FAIL: gcc.target/mips/octeon2-pipe-1.c  -O3 -g   scan-rtl-dump sched2 "octeon_mult\\\\*17"
FAIL: gcc.target/mips/octeon2-pipe-1.c  -Os   scan-rtl-dump sched2 "octeon_mult\\\\*17"
FAIL: gcc.target/mips/octeon2-pipe-1.c  -O2 -flto -fno-use-linker-plugin -flto-partition=none   scan-rtl-dump sched2 "octeon_mult\\\\*17"
UNRESOLVED: gcc.target/mips/octeon2-pipe-1.c  -O2 -flto -fuse-linker-plugin -fno-fat-lto-objects   scan-rtl-dump sched2 "octeon_mult\\\\*17"
UNRESOLVED: gcc.target/mips/pr54240.c  -O2 -flto -fuse-linker-plugin -fno-fat-lto-objects   scan-tree-dump phiopt1 "Hoisting adjacent loads"

		=== gcc Summary for unix ===

# of expected passes		91429
# of unexpected failures	20
# of expected failures		151
# of unresolved testcases	2
# of unsupported tests		1322

Running target unix/-fstack-protector
FAIL: gcc.dg/stack-usage-1.c scan-file foo\\t(256|264)\\tstatic
FAIL: gcc.dg/superblock.c scan-rtl-dump-times sched2 "ADVANCING TO" 2
FAIL: gcc.dg/graphite/id-pr46845.c (internal compiler error)
FAIL: gcc.dg/graphite/id-pr46845.c (test for excess errors)
FAIL: gcc.target/mips/mips-sched-madd.c  -O2   scan-assembler \\tmult\\t
FAIL: gcc.target/mips/mips-sched-madd.c  -O3 -fomit-frame-pointer   scan-assembler \\tmult\\t
FAIL: gcc.target/mips/mips-sched-madd.c  -O3 -g   scan-assembler \\tmult\\t
FAIL: gcc.target/mips/mips-sched-madd.c  -O2 -flto -fno-use-linker-plugin -flto-partition=none   scan-assembler \\tmult\\t
FAIL: gcc.target/mips/mips-sched-madd.c  -O2 -flto -fuse-linker-plugin -fno-fat-lto-objects   scan-assembler \\tmult\\t
FAIL: gcc.target/mips/octeon-pipe-1.c  -O1   scan-rtl-dump sched2 "octeon_mult\\\\*71"
FAIL: gcc.target/mips/octeon-pipe-1.c  -O2   scan-rtl-dump sched2 "octeon_mult\\\\*71"
FAIL: gcc.target/mips/octeon-pipe-1.c  -O3 -fomit-frame-pointer   scan-rtl-dump sched2 "octeon_mult\\\\*71"
FAIL: gcc.target/mips/octeon-pipe-1.c  -O3 -g   scan-rtl-dump sched2 "octeon_mult\\\\*71"
FAIL: gcc.target/mips/octeon-pipe-1.c  -Os   scan-rtl-dump sched2 "octeon_mult\\\\*71"
FAIL: gcc.target/mips/octeon-pipe-1.c  -O2 -flto -fno-use-linker-plugin -flto-partition=none   scan-rtl-dump sched2 "octeon_mult\\\\*71"
FAIL: gcc.target/mips/octeon-pipe-1.c  -O2 -flto -fuse-linker-plugin -fno-fat-lto-objects   scan-rtl-dump sched2 "octeon_mult\\\\*71"
FAIL: gcc.target/mips/octeon2-pipe-1.c  -O1   scan-rtl-dump sched2 "octeon_mult\\\\*17"
FAIL: gcc.target/mips/octeon2-pipe-1.c  -O2   scan-rtl-dump sched2 "octeon_mult\\\\*17"
FAIL: gcc.target/mips/octeon2-pipe-1.c  -O3 -fomit-frame-pointer   scan-rtl-dump sched2 "octeon_mult\\\\*17"
FAIL: gcc.target/mips/octeon2-pipe-1.c  -O3 -g   scan-rtl-dump sched2 "octeon_mult\\\\*17"
FAIL: gcc.target/mips/octeon2-pipe-1.c  -Os   scan-rtl-dump sched2 "octeon_mult\\\\*17"
FAIL: gcc.target/mips/octeon2-pipe-1.c  -O2 -flto -fno-use-linker-plugin -flto-partition=none   scan-rtl-dump sched2 "octeon_mult\\\\*17"
UNRESOLVED: gcc.target/mips/octeon2-pipe-1.c  -O2 -flto -fuse-linker-plugin -fno-fat-lto-objects   scan-rtl-dump sched2 "octeon_mult\\\\*17"
UNRESOLVED: gcc.target/mips/pr54240.c  -O2 -flto -fuse-linker-plugin -fno-fat-lto-objects   scan-tree-dump phiopt1 "Hoisting adjacent loads"

		=== gcc Summary for unix/-fstack-protector ===

# of expected passes		91427
# of unexpected failures	22
# of expected failures		151
# of unresolved testcases	2
# of unsupported tests		1322

Running target unix/-mabi=64
FAIL: gcc.dg/graphite/id-pr46845.c (internal compiler error)
FAIL: gcc.dg/graphite/id-pr46845.c (test for excess errors)
FAIL: gcc.target/mips/mips-sched-madd.c  -O2   scan-assembler \\tmult\\t
FAIL: gcc.target/mips/mips-sched-madd.c  -O3 -fomit-frame-pointer   scan-assembler \\tmult\\t
FAIL: gcc.target/mips/mips-sched-madd.c  -O3 -g   scan-assembler \\tmult\\t
FAIL: gcc.target/mips/mips-sched-madd.c  -O2 -flto -fno-use-linker-plugin -flto-partition=none   scan-assembler \\tmult\\t
FAIL: gcc.target/mips/mips-sched-madd.c  -O2 -flto -fuse-linker-plugin -fno-fat-lto-objects   scan-assembler \\tmult\\t
FAIL: gcc.target/mips/octeon-pipe-1.c  -O1   scan-rtl-dump sched2 "octeon_mult\\\\*71"
FAIL: gcc.target/mips/octeon-pipe-1.c  -O2   scan-rtl-dump sched2 "octeon_mult\\\\*71"
FAIL: gcc.target/mips/octeon-pipe-1.c  -O3 -fomit-frame-pointer   scan-rtl-dump sched2 "octeon_mult\\\\*71"
FAIL: gcc.target/mips/octeon-pipe-1.c  -O3 -g   scan-rtl-dump sched2 "octeon_mult\\\\*71"
FAIL: gcc.target/mips/octeon-pipe-1.c  -Os   scan-rtl-dump sched2 "octeon_mult\\\\*71"
FAIL: gcc.target/mips/octeon-pipe-1.c  -O2 -flto -fno-use-linker-plugin -flto-partition=none   scan-rtl-dump sched2 "octeon_mult\\\\*71"
FAIL: gcc.target/mips/octeon-pipe-1.c  -O2 -flto -fuse-linker-plugin -fno-fat-lto-objects   scan-rtl-dump sched2 "octeon_mult\\\\*71"
FAIL: gcc.target/mips/octeon2-pipe-1.c  -O1   scan-rtl-dump sched2 "octeon_mult\\\\*17"
FAIL: gcc.target/mips/octeon2-pipe-1.c  -O2   scan-rtl-dump sched2 "octeon_mult\\\\*17"
FAIL: gcc.target/mips/octeon2-pipe-1.c  -O3 -fomit-frame-pointer   scan-rtl-dump sched2 "octeon_mult\\\\*17"
FAIL: gcc.target/mips/octeon2-pipe-1.c  -O3 -g   scan-rtl-dump sched2 "octeon_mult\\\\*17"
FAIL: gcc.target/mips/octeon2-pipe-1.c  -Os   scan-rtl-dump sched2 "octeon_mult\\\\*17"
FAIL: gcc.target/mips/octeon2-pipe-1.c  -O2 -flto -fno-use-linker-plugin -flto-partition=none   scan-rtl-dump sched2 "octeon_mult\\\\*17"
UNRESOLVED: gcc.target/mips/octeon2-pipe-1.c  -O2 -flto -fuse-linker-plugin -fno-fat-lto-objects   scan-rtl-dump sched2 "octeon_mult\\\\*17"
UNRESOLVED: gcc.target/mips/pr54240.c  -O2 -flto -fuse-linker-plugin -fno-fat-lto-objects   scan-tree-dump phiopt1 "Hoisting adjacent loads"

		=== gcc Summary for unix/-mabi=64 ===

# of expected passes		92091
# of unexpected failures	20
# of expected failures		154
# of unresolved testcases	2
# of unsupported tests		1294

Running target unix/-mabi=n32
FAIL: gcc.dg/graphite/id-pr46845.c (internal compiler error)
FAIL: gcc.dg/graphite/id-pr46845.c (test for excess errors)
FAIL: gcc.target/mips/mips-sched-madd.c  -O2   scan-assembler \\tmult\\t
FAIL: gcc.target/mips/mips-sched-madd.c  -O3 -fomit-frame-pointer   scan-assembler \\tmult\\t
FAIL: gcc.target/mips/mips-sched-madd.c  -O3 -g   scan-assembler \\tmult\\t
FAIL: gcc.target/mips/mips-sched-madd.c  -O2 -flto -fno-use-linker-plugin -flto-partition=none   scan-assembler \\tmult\\t
FAIL: gcc.target/mips/mips-sched-madd.c  -O2 -flto -fuse-linker-plugin -fno-fat-lto-objects   scan-assembler \\tmult\\t
FAIL: gcc.target/mips/octeon-pipe-1.c  -O1   scan-rtl-dump sched2 "octeon_mult\\\\*71"
FAIL: gcc.target/mips/octeon-pipe-1.c  -O2   scan-rtl-dump sched2 "octeon_mult\\\\*71"
FAIL: gcc.target/mips/octeon-pipe-1.c  -O3 -fomit-frame-pointer   scan-rtl-dump sched2 "octeon_mult\\\\*71"
FAIL: gcc.target/mips/octeon-pipe-1.c  -O3 -g   scan-rtl-dump sched2 "octeon_mult\\\\*71"
FAIL: gcc.target/mips/octeon-pipe-1.c  -Os   scan-rtl-dump sched2 "octeon_mult\\\\*71"
FAIL: gcc.target/mips/octeon-pipe-1.c  -O2 -flto -fno-use-linker-plugin -flto-partition=none   scan-rtl-dump sched2 "octeon_mult\\\\*71"
FAIL: gcc.target/mips/octeon-pipe-1.c  -O2 -flto -fuse-linker-plugin -fno-fat-lto-objects   scan-rtl-dump sched2 "octeon_mult\\\\*71"
FAIL: gcc.target/mips/octeon2-pipe-1.c  -O1   scan-rtl-dump sched2 "octeon_mult\\\\*17"
FAIL: gcc.target/mips/octeon2-pipe-1.c  -O2   scan-rtl-dump sched2 "octeon_mult\\\\*17"
FAIL: gcc.target/mips/octeon2-pipe-1.c  -O3 -fomit-frame-pointer   scan-rtl-dump sched2 "octeon_mult\\\\*17"
FAIL: gcc.target/mips/octeon2-pipe-1.c  -O3 -g   scan-rtl-dump sched2 "octeon_mult\\\\*17"
FAIL: gcc.target/mips/octeon2-pipe-1.c  -Os   scan-rtl-dump sched2 "octeon_mult\\\\*17"
FAIL: gcc.target/mips/octeon2-pipe-1.c  -O2 -flto -fno-use-linker-plugin -flto-partition=none   scan-rtl-dump sched2 "octeon_mult\\\\*17"
UNRESOLVED: gcc.target/mips/octeon2-pipe-1.c  -O2 -flto -fuse-linker-plugin -fno-fat-lto-objects   scan-rtl-dump sched2 "octeon_mult\\\\*17"
UNRESOLVED: gcc.target/mips/pr54240.c  -O2 -flto -fuse-linker-plugin -fno-fat-lto-objects   scan-tree-dump phiopt1 "Hoisting adjacent loads"

		=== gcc Summary for unix/-mabi=n32 ===

# of expected passes		92140
# of unexpected failures	20
# of expected failures		151
# of unresolved testcases	2
# of unsupported tests		1284

		=== gcc Summary ===

# of expected passes		367087
# of unexpected failures	82
# of expected failures		607
# of unresolved testcases	8
# of unsupported tests		5222
/build/gcc-4.8-MVXSLq/gcc-4.8-4.8.1/build/gcc/xgcc  version 4.8.1 (Debian 4.8.1-2) 

		=== gdc tests ===


Running target unix

		=== gdc Summary for unix ===

# of expected passes		10691
# of unexpected failures	15
# of unresolved testcases	1822

Running target unix/-fstack-protector

		=== gdc Summary for unix/-fstack-protector ===

# of expected passes		10691
# of unexpected failures	15
# of unresolved testcases	1822

Running target unix/-mabi=64

		=== gdc Summary for unix/-mabi=64 ===

# of expected passes		10691
# of unexpected failures	15
# of unresolved testcases	1822

Running target unix/-mabi=n32

		=== gdc Summary for unix/-mabi=n32 ===

# of expected passes		10691
# of unexpected failures	15
# of unresolved testcases	1822

		=== gdc Summary ===

# of expected passes		42764
# of unexpected failures	60
# of unresolved testcases	7288
/build/gcc-4.8-MVXSLq/gcc-4.8-4.8.1/build/gcc/testsuite/gdc/../../gdc  version 4.8.1 (Debian 4.8.1-2) 

		=== gfortran tests ===


Running target unix

		=== gfortran Summary for unix ===

# of expected passes		42369
# of expected failures		56
# of unsupported tests		396

Running target unix/-fstack-protector

		=== gfortran Summary for unix/-fstack-protector ===

# of expected passes		42369
# of expected failures		56
# of unsupported tests		396

Running target unix/-mabi=64

		=== gfortran Summary for unix/-mabi=64 ===

# of expected passes		43001
# of expected failures		56
# of unsupported tests		87

Running target unix/-mabi=n32

		=== gfortran Summary for unix/-mabi=n32 ===

# of expected passes		43001
# of expected failures		56
# of unsupported tests		87

		=== gfortran Summary ===

# of expected passes		170740
# of expected failures		224
# of unsupported tests		966
/build/gcc-4.8-MVXSLq/gcc-4.8-4.8.1/build/gcc/testsuite/gfortran/../../gfortran  version 4.8.1 (Debian 4.8.1-2) 

		=== go tests ===


Running target unix

		=== go Summary for unix ===

# of expected passes		5083
# of expected failures		1
# of untested testcases		5

Running target unix/-fstack-protector

		=== go Summary for unix/-fstack-protector ===

# of expected passes		5083
# of expected failures		1
# of untested testcases		5

Running target unix/-mabi=64
FAIL: go.test/test/nilptr.go execution,  -O2 -g 

		=== go Summary for unix/-mabi=64 ===

# of expected passes		4962
# of unexpected failures	1
# of expected failures		1
# of untested testcases		5

Running target unix/-mabi=n32
FAIL: go.test/test/nilptr.go execution,  -O2 -g 

		=== go Summary for unix/-mabi=n32 ===

# of expected passes		5082
# of unexpected failures	1
# of expected failures		1
# of untested testcases		5

		=== go Summary ===

# of expected passes		20210
# of unexpected failures	2
# of expected failures		4
# of untested testcases		20
/build/gcc-4.8-MVXSLq/gcc-4.8-4.8.1/build/gcc/testsuite/go/../../gccgo  version 4.8.1 (Debian 4.8.1-2) 

		=== obj-c++ tests ===


Running target unix

		=== obj-c++ Summary for unix ===

# of expected passes		1450
# of expected failures		2
# of unsupported tests		86

Running target unix/-fstack-protector

		=== obj-c++ Summary for unix/-fstack-protector ===

# of expected passes		1450
# of expected failures		2
# of unsupported tests		86

Running target unix/-mabi=64

		=== obj-c++ Summary for unix/-mabi=64 ===

# of expected passes		1442
# of expected failures		10
# of unsupported tests		86

Running target unix/-mabi=n32

		=== obj-c++ Summary for unix/-mabi=n32 ===

# of expected passes		1450
# of expected failures		2
# of unsupported tests		86

		=== obj-c++ Summary ===

# of expected passes		5792
# of expected failures		16
# of unsupported tests		344
/build/gcc-4.8-MVXSLq/gcc-4.8-4.8.1/build/gcc/testsuite/obj-c++/../../xg++  version 4.8.1 (Debian 4.8.1-2) 

		=== objc tests ===


Running target unix

		=== objc Summary for unix ===

# of expected passes		2994
# of unsupported tests		74

Running target unix/-fstack-protector

		=== objc Summary for unix/-fstack-protector ===

# of expected passes		2994
# of unsupported tests		74

Running target unix/-mabi=64

		=== objc Summary for unix/-mabi=64 ===

# of expected passes		2994
# of unsupported tests		74

Running target unix/-mabi=n32

		=== objc Summary for unix/-mabi=n32 ===

# of expected passes		2994
# of unsupported tests		74

		=== objc Summary ===

# of expected passes		11976
# of unsupported tests		296
/build/gcc-4.8-MVXSLq/gcc-4.8-4.8.1/build/gcc/xgcc  version 4.8.1 (Debian 4.8.1-2) 

		=== boehm-gc tests ===


Running target unix

		=== boehm-gc Summary for unix ===

# of expected passes		12
# of unsupported tests		1

Running target unix/-fstack-protector

		=== boehm-gc Summary for unix/-fstack-protector ===

# of expected passes		12
# of unsupported tests		1

Running target unix/-mabi=64
FAIL: boehm-gc.c/gctest.c -O2 (test for excess errors)
UNRESOLVED: boehm-gc.c/gctest.c -O2 compilation failed to produce executable
FAIL: boehm-gc.c/leak_test.c -O2 (test for excess errors)
UNRESOLVED: boehm-gc.c/leak_test.c -O2 compilation failed to produce executable
FAIL: boehm-gc.c/middle.c -O2 (test for excess errors)
UNRESOLVED: boehm-gc.c/middle.c -O2 compilation failed to produce executable
FAIL: boehm-gc.c/thread_leak_test.c -O2 (test for excess errors)
UNRESOLVED: boehm-gc.c/thread_leak_test.c -O2 compilation failed to produce executable
FAIL: staticrootslib.lo -O2 (test for excess errors)
FAIL: boehm-gc.lib/staticrootstest.c -O2 (test for excess errors)
UNRESOLVED: boehm-gc.lib/staticrootstest.c -O2 compilation failed to produce executable

		=== boehm-gc Summary for unix/-mabi=64 ===

# of expected passes		1
# of unexpected failures	6
# of unresolved testcases	5
# of unsupported tests		1

Running target unix/-mabi=n32
FAIL: boehm-gc.c/gctest.c -O2 (test for excess errors)
UNRESOLVED: boehm-gc.c/gctest.c -O2 compilation failed to produce executable
FAIL: boehm-gc.c/leak_test.c -O2 (test for excess errors)
UNRESOLVED: boehm-gc.c/leak_test.c -O2 compilation failed to produce executable
FAIL: boehm-gc.c/middle.c -O2 (test for excess errors)
UNRESOLVED: boehm-gc.c/middle.c -O2 compilation failed to produce executable
FAIL: boehm-gc.c/thread_leak_test.c -O2 (test for excess errors)
UNRESOLVED: boehm-gc.c/thread_leak_test.c -O2 compilation failed to produce executable
FAIL: staticrootslib.lo -O2 (test for excess errors)
FAIL: boehm-gc.lib/staticrootstest.c -O2 (test for excess errors)
UNRESOLVED: boehm-gc.lib/staticrootstest.c -O2 compilation failed to produce executable

		=== boehm-gc Summary for unix/-mabi=n32 ===

# of expected passes		1
# of unexpected failures	6
# of unresolved testcases	5
# of unsupported tests		1

		=== boehm-gc Summary ===

# of expected passes		26
# of unexpected failures	12
# of unresolved testcases	10
# of unsupported tests		4
		=== libatomic tests ===


Running target unix

		=== libatomic Summary for unix ===

# of expected passes		34
# of unsupported tests		10

Running target unix/-fstack-protector

		=== libatomic Summary for unix/-fstack-protector ===

# of expected passes		34
# of unsupported tests		10

Running target unix/-mabi=64

		=== libatomic Summary for unix/-mabi=64 ===

# of expected passes		34
# of unsupported tests		10

Running target unix/-mabi=n32

		=== libatomic Summary for unix/-mabi=n32 ===

# of expected passes		34
# of unsupported tests		10

		=== libatomic Summary ===

# of expected passes		136
# of unsupported tests		40
		=== libffi tests ===


Running target unix

		=== libffi Summary for unix ===

# of expected passes		1819
# of unsupported tests		55

Running target unix/-fstack-protector

		=== libffi Summary for unix/-fstack-protector ===

# of expected passes		1819
# of unsupported tests		55

Running target unix/-mabi=64
FAIL: libffi.call/cls_double_va.c -O0 -W -Wall output pattern test, is 0.0
FAIL: libffi.call/cls_longdouble_va.c -O0 -W -Wall output pattern test, is 0.0
FAIL: libffi.call/float_va.c -O0 -W -Wall output pattern test, is 0: 2.0 : total: 2.0
FAIL: libffi.call/cls_double_va.c -O2 output pattern test, is 0.0
FAIL: libffi.call/cls_longdouble_va.c -O2 output pattern test, is 0.0
FAIL: libffi.call/float_va.c -O2 output pattern test, is 0: 2.0 : total: 2.0
FAIL: libffi.call/cls_double_va.c -O3 output pattern test, is 0.0
FAIL: libffi.call/cls_longdouble_va.c -O3 output pattern test, is 0.0
FAIL: libffi.call/float_va.c -O3 output pattern test, is 0: 2.0 : total: 2.0
FAIL: libffi.call/cls_double_va.c -Os output pattern test, is 0.0
FAIL: libffi.call/cls_longdouble_va.c -Os output pattern test, is 0.0
FAIL: libffi.call/float_va.c -Os output pattern test, is 0: 2.0 : total: 2.0
FAIL: libffi.call/cls_double_va.c -O2 -fomit-frame-pointer output pattern test, is 0.0
FAIL: libffi.call/cls_longdouble_va.c -O2 -fomit-frame-pointer output pattern test, is 0.0
FAIL: libffi.call/float_va.c -O2 -fomit-frame-pointer output pattern test, is 0: 2.0 : total: 2.0

		=== libffi Summary for unix/-mabi=64 ===

# of expected passes		1804
# of unexpected failures	15
# of unsupported tests		55

Running target unix/-mabi=n32
FAIL: libffi.call/cls_double_va.c -O0 -W -Wall output pattern test, is 0.0
FAIL: libffi.call/cls_longdouble_va.c -O0 -W -Wall output pattern test, is 0.0
FAIL: libffi.call/float_va.c -O0 -W -Wall output pattern test, is 0: 2.0 : total: 2.0
FAIL: libffi.call/cls_double_va.c -O2 output pattern test, is 0.0
FAIL: libffi.call/cls_longdouble_va.c -O2 output pattern test, is 0.0
FAIL: libffi.call/float_va.c -O2 output pattern test, is 0: 2.0 : total: 2.0
FAIL: libffi.call/cls_double_va.c -O3 output pattern test, is 0.0
FAIL: libffi.call/cls_longdouble_va.c -O3 output pattern test, is 0.0
FAIL: libffi.call/float_va.c -O3 output pattern test, is 0: 2.0 : total: 2.0
FAIL: libffi.call/cls_double_va.c -Os output pattern test, is 0.0
FAIL: libffi.call/cls_longdouble_va.c -Os output pattern test, is 0.0
FAIL: libffi.call/float_va.c -Os output pattern test, is 0: 2.0 : total: 2.0
FAIL: libffi.call/cls_double_va.c -O2 -fomit-frame-pointer output pattern test, is 0.0
FAIL: libffi.call/cls_longdouble_va.c -O2 -fomit-frame-pointer output pattern test, is 0.0
FAIL: libffi.call/float_va.c -O2 -fomit-frame-pointer output pattern test, is 0: 2.0 : total: 2.0

		=== libffi Summary for unix/-mabi=n32 ===

# of expected passes		1804
# of unexpected failures	15
# of unsupported tests		55

		=== libffi Summary ===

# of expected passes		7246
# of unexpected failures	30
# of unsupported tests		220
		=== libgo tests ===


Running target unix
FAIL: sync/atomic
FAIL: testing/quick

		=== libgo Summary for unix ===

# of expected passes		129
# of unexpected failures	2

Running target unix/-mabi=n32
FAIL: testing/quick

		=== libgo Summary for unix/-mabi=n32 ===

# of expected passes		130
# of unexpected failures	1

Running target unix/-mabi=64
FAIL: testing/quick

		=== libgo Summary for unix/-mabi=64 ===

# of expected passes		130
# of unexpected failures	1

		=== libgo Summary ===

# of expected passes		389
# of unexpected failures	4
/build/gcc-4.8-MVXSLq/gcc-4.8-4.8.1/build/./gcc/gccgo version 4.8.1 (Debian 4.8.1-2)

		=== libgomp tests ===


Running target unix

		=== libgomp Summary for unix ===

# of expected passes		3050
# of unsupported tests		1

Running target unix/-fstack-protector

		=== libgomp Summary for unix/-fstack-protector ===

# of expected passes		3050
# of unsupported tests		1

Running target unix/-mabi=64
FAIL: libgomp.c/appendix-a/a.15.1.c execution test
FAIL: libgomp.c/appendix-a/a.16.1.c execution test
FAIL: libgomp.c/appendix-a/a.18.1.c execution test
FAIL: libgomp.c/appendix-a/a.19.1.c execution test
FAIL: libgomp.c/appendix-a/a.2.1.c execution test
FAIL: libgomp.c/appendix-a/a.21.1.c execution test
FAIL: libgomp.c/appendix-a/a.26.1.c execution test
FAIL: libgomp.c/appendix-a/a.29.1.c execution test
FAIL: libgomp.c/appendix-a/a.36.1.c execution test
FAIL: libgomp.c/appendix-a/a.39.1.c execution test
FAIL: libgomp.c/appendix-a/a.4.1.c execution test
FAIL: libgomp.c/atomic-3.c execution test
FAIL: libgomp.c/atomic-4.c execution test
FAIL: libgomp.c/atomic-5.c execution test
FAIL: libgomp.c/autopar-1.c execution test
FAIL: libgomp.c/barrier-1.c execution test
FAIL: libgomp.c/collapse-1.c execution test
FAIL: libgomp.c/collapse-2.c execution test
FAIL: libgomp.c/collapse-3.c execution test
FAIL: libgomp.c/copyin-1.c execution test
FAIL: libgomp.c/copyin-2.c execution test
FAIL: libgomp.c/copyin-3.c execution test
FAIL: libgomp.c/critical-1.c execution test
FAIL: libgomp.c/critical-2.c execution test
FAIL: libgomp.c/debug-1.c execution test
WARNING: program timed out.
FAIL: libgomp.c/icv-2.c execution test
FAIL: libgomp.c/lib-1.c execution test
WARNING: program timed out.
FAIL: libgomp.c/lock-3.c execution test
FAIL: libgomp.c/loop-1.c execution test
FAIL: libgomp.c/loop-10.c execution test
FAIL: libgomp.c/loop-11.c execution test
FAIL: libgomp.c/loop-12.c execution test
FAIL: libgomp.c/loop-13.c execution test
FAIL: libgomp.c/loop-14.c execution test
FAIL: libgomp.c/loop-15.c execution test
FAIL: libgomp.c/loop-2.c execution test
FAIL: libgomp.c/loop-4.c execution test
FAIL: libgomp.c/loop-5.c execution test
FAIL: libgomp.c/loop-6.c execution test
FAIL: libgomp.c/loop-8.c execution test
FAIL: libgomp.c/loop-9.c execution test
FAIL: libgomp.c/nested-1.c execution test
FAIL: libgomp.c/nested-2.c execution test
FAIL: libgomp.c/nested-3.c execution test
FAIL: libgomp.c/nestedfn-1.c execution test
FAIL: libgomp.c/nestedfn-3.c execution test
FAIL: libgomp.c/nestedfn-4.c execution test
FAIL: libgomp.c/nestedfn-5.c execution test
FAIL: libgomp.c/nestedfn-6.c execution test
FAIL: libgomp.c/nqueens-1.c execution test
FAIL: libgomp.c/omp-loop01.c execution test
FAIL: libgomp.c/omp-loop02.c execution test
FAIL: libgomp.c/omp-loop03.c execution test
FAIL: libgomp.c/omp-nested-1.c execution test
FAIL: libgomp.c/omp-parallel-for.c execution test
FAIL: libgomp.c/omp-parallel-if.c execution test
FAIL: libgomp.c/omp-single-1.c execution test
FAIL: libgomp.c/omp-single-2.c execution test
FAIL: libgomp.c/omp-single-3.c execution test
FAIL: libgomp.c/omp_hello.c execution test
FAIL: libgomp.c/omp_matvec.c execution test
FAIL: libgomp.c/omp_orphan.c execution test
FAIL: libgomp.c/omp_reduction.c execution test
FAIL: libgomp.c/omp_workshare1.c execution test
FAIL: libgomp.c/omp_workshare2.c execution test
FAIL: libgomp.c/omp_workshare4.c execution test
FAIL: libgomp.c/ordered-1.c execution test
FAIL: libgomp.c/ordered-2.c execution test
FAIL: libgomp.c/ordered-3.c execution test
FAIL: libgomp.c/parallel-1.c execution test
FAIL: libgomp.c/pr24455.c execution test
FAIL: libgomp.c/pr26943-1.c execution test
FAIL: libgomp.c/pr26943-2.c execution test
FAIL: libgomp.c/pr26943-3.c execution test
FAIL: libgomp.c/pr26943-4.c execution test
FAIL: libgomp.c/pr29947-1.c execution test
FAIL: libgomp.c/pr29947-2.c execution test
FAIL: libgomp.c/pr30494.c execution test
FAIL: libgomp.c/pr32362-1.c execution test
FAIL: libgomp.c/pr32362-2.c execution test
FAIL: libgomp.c/pr32362-3.c execution test
FAIL: libgomp.c/pr32468.c execution test
FAIL: libgomp.c/pr33880.c execution test
FAIL: libgomp.c/pr34513.c execution test
FAIL: libgomp.c/pr35130.c execution test
FAIL: libgomp.c/pr35196.c execution test
FAIL: libgomp.c/pr35549.c execution test
FAIL: libgomp.c/pr35625.c execution test
FAIL: libgomp.c/pr36802-1.c execution test
FAIL: libgomp.c/pr36802-2.c execution test
FAIL: libgomp.c/pr36802-3.c execution test
FAIL: libgomp.c/pr38650.c execution test
FAIL: libgomp.c/pr39591-1.c execution test
FAIL: libgomp.c/pr39591-2.c execution test
FAIL: libgomp.c/pr39591-3.c execution test
FAIL: libgomp.c/pr42029.c execution test
FAIL: libgomp.c/pr42942.c execution test
FAIL: libgomp.c/pr43893.c execution test
FAIL: libgomp.c/pr46886.c execution test
FAIL: libgomp.c/pr49897-1.c execution test
FAIL: libgomp.c/pr49897-2.c execution test
FAIL: libgomp.c/pr49898-1.c execution test
FAIL: libgomp.c/pr49898-2.c execution test
FAIL: libgomp.c/pr52547.c execution test
FAIL: libgomp.c/reduction-1.c execution test
FAIL: libgomp.c/reduction-2.c execution test
FAIL: libgomp.c/reduction-3.c execution test
FAIL: libgomp.c/reduction-4.c execution test
FAIL: libgomp.c/reduction-5.c execution test
FAIL: libgomp.c/reduction-6.c execution test
FAIL: libgomp.c/sections-1.c execution test
FAIL: libgomp.c/shared-1.c execution test
FAIL: libgomp.c/shared-2.c execution test
FAIL: libgomp.c/shared-3.c execution test
FAIL: libgomp.c/single-1.c execution test
FAIL: libgomp.c/sort-1.c execution test
FAIL: libgomp.c/task-1.c execution test
FAIL: libgomp.c/task-2.c execution test
FAIL: libgomp.c/task-3.c execution test
FAIL: libgomp.c/task-4.c execution test
FAIL: libgomp.c/task-5.c execution test
FAIL: libgomp.c/vla-1.c execution test
FAIL: libgomp.c++/collapse-1.C  -O0  execution test
FAIL: libgomp.c++/collapse-1.C  -O1  execution test
FAIL: libgomp.c++/collapse-1.C  -O2  execution test
FAIL: libgomp.c++/collapse-1.C  -O3 -fomit-frame-pointer  execution test
FAIL: libgomp.c++/collapse-1.C  -O3 -fomit-frame-pointer -funroll-loops  execution test
FAIL: libgomp.c++/collapse-1.C  -O3 -fomit-frame-pointer -funroll-all-loops -finline-functions  execution test
FAIL: libgomp.c++/collapse-1.C  -O3 -g  execution test
FAIL: libgomp.c++/collapse-1.C  -Os  execution test
FAIL: libgomp.c++/collapse-2.C  -O0  execution test
FAIL: libgomp.c++/collapse-2.C  -O1  execution test
FAIL: libgomp.c++/collapse-2.C  -O2  execution test
FAIL: libgomp.c++/collapse-2.C  -O3 -fomit-frame-pointer  execution test
FAIL: libgomp.c++/collapse-2.C  -O3 -fomit-frame-pointer -funroll-loops  execution test
FAIL: libgomp.c++/collapse-2.C  -O3 -fomit-frame-pointer -funroll-all-loops -finline-functions  execution test
FAIL: libgomp.c++/collapse-2.C  -O3 -g  execution test
FAIL: libgomp.c++/collapse-2.C  -Os  execution test
FAIL: libgomp.c++/copyin-1.C  -O0  execution test
FAIL: libgomp.c++/copyin-1.C  -O1  execution test
FAIL: libgomp.c++/copyin-1.C  -O2  execution test
FAIL: libgomp.c++/copyin-1.C  -O3 -fomit-frame-pointer  execution test
FAIL: libgomp.c++/copyin-1.C  -O3 -fomit-frame-pointer -funroll-loops  execution test
FAIL: libgomp.c++/copyin-1.C  -O3 -fomit-frame-pointer -funroll-all-loops -finline-functions  execution test
FAIL: libgomp.c++/copyin-1.C  -O3 -g  execution test
FAIL: libgomp.c++/copyin-1.C  -Os  execution test
FAIL: libgomp.c++/copyin-2.C  -O0  execution test
FAIL: libgomp.c++/copyin-2.C  -O1  execution test
FAIL: libgomp.c++/copyin-2.C  -O2  execution test
FAIL: libgomp.c++/copyin-2.C  -O3 -fomit-frame-pointer  execution test
FAIL: libgomp.c++/copyin-2.C  -O3 -fomit-frame-pointer -funroll-loops  execution test
FAIL: libgomp.c++/copyin-2.C  -O3 -fomit-frame-pointer -funroll-all-loops -finline-functions  execution test
FAIL: libgomp.c++/copyin-2.C  -O3 -g  execution test
FAIL: libgomp.c++/copyin-2.C  -Os  execution test
FAIL: libgomp.c++/ctor-1.C  -O0  execution test
FAIL: libgomp.c++/ctor-1.C  -O1  execution test
FAIL: libgomp.c++/ctor-1.C  -O2  execution test
FAIL: libgomp.c++/ctor-1.C  -O3 -fomit-frame-pointer  execution test
FAIL: libgomp.c++/ctor-1.C  -O3 -fomit-frame-pointer -funroll-loops  execution test
FAIL: libgomp.c++/ctor-1.C  -O3 -fomit-frame-pointer -funroll-all-loops -finline-functions  execution test
FAIL: libgomp.c++/ctor-1.C  -O3 -g  execution test
FAIL: libgomp.c++/ctor-1.C  -Os  execution test
FAIL: libgomp.c++/ctor-10.C  -O0  execution test
FAIL: libgomp.c++/ctor-10.C  -O1  execution test
FAIL: libgomp.c++/ctor-10.C  -O2  execution test
FAIL: libgomp.c++/ctor-10.C  -O3 -fomit-frame-pointer  execution test
FAIL: libgomp.c++/ctor-10.C  -O3 -fomit-frame-pointer -funroll-loops  execution test
FAIL: libgomp.c++/ctor-10.C  -O3 -fomit-frame-pointer -funroll-all-loops -finline-functions  execution test
FAIL: libgomp.c++/ctor-10.C  -O3 -g  execution test
FAIL: libgomp.c++/ctor-10.C  -Os  execution test
FAIL: libgomp.c++/ctor-11.C  -O0  execution test
FAIL: libgomp.c++/ctor-11.C  -O1  execution test
FAIL: libgomp.c++/ctor-11.C  -O2  execution test
FAIL: libgomp.c++/ctor-11.C  -O3 -fomit-frame-pointer  execution test
FAIL: libgomp.c++/ctor-11.C  -O3 -fomit-frame-pointer -funroll-loops  execution test
FAIL: libgomp.c++/ctor-11.C  -O3 -fomit-frame-pointer -funroll-all-loops -finline-functions  execution test
FAIL: libgomp.c++/ctor-11.C  -O3 -g  execution test
FAIL: libgomp.c++/ctor-11.C  -Os  execution test
FAIL: libgomp.c++/ctor-12.C  -O0  execution test
FAIL: libgomp.c++/ctor-12.C  -O1  execution test
FAIL: libgomp.c++/ctor-12.C  -O2  execution test
FAIL: libgomp.c++/ctor-12.C  -O3 -fomit-frame-pointer  execution test
FAIL: libgomp.c++/ctor-12.C  -O3 -fomit-frame-pointer -funroll-loops  execution test
FAIL: libgomp.c++/ctor-12.C  -O3 -fomit-frame-pointer -funroll-all-loops -finline-functions  execution test
FAIL: libgomp.c++/ctor-12.C  -O3 -g  execution test
FAIL: libgomp.c++/ctor-12.C  -Os  execution test
FAIL: libgomp.c++/ctor-2.C  -O0  execution test
FAIL: libgomp.c++/ctor-2.C  -O1  execution test
FAIL: libgomp.c++/ctor-2.C  -O2  execution test
FAIL: libgomp.c++/ctor-2.C  -O3 -fomit-frame-pointer  execution test
FAIL: libgomp.c++/ctor-2.C  -O3 -fomit-frame-pointer -funroll-loops  execution test
FAIL: libgomp.c++/ctor-2.C  -O3 -fomit-frame-pointer -funroll-all-loops -finline-functions  execution test
FAIL: libgomp.c++/ctor-2.C  -O3 -g  execution test
FAIL: libgomp.c++/ctor-2.C  -Os  execution test
FAIL: libgomp.c++/ctor-3.C  -O0  execution test
FAIL: libgomp.c++/ctor-3.C  -O1  execution test
FAIL: libgomp.c++/ctor-3.C  -O2  execution test
FAIL: libgomp.c++/ctor-3.C  -O3 -fomit-frame-pointer  execution test
FAIL: libgomp.c++/ctor-3.C  -O3 -fomit-frame-pointer -funroll-loops  execution test
FAIL: libgomp.c++/ctor-3.C  -O3 -fomit-frame-pointer -funroll-all-loops -finline-functions  execution test
FAIL: libgomp.c++/ctor-3.C  -O3 -g  execution test
FAIL: libgomp.c++/ctor-3.C  -Os  execution test
FAIL: libgomp.c++/ctor-4.C  -O0  execution test
FAIL: libgomp.c++/ctor-4.C  -O1  execution test
FAIL: libgomp.c++/ctor-4.C  -O2  execution test
FAIL: libgomp.c++/ctor-4.C  -O3 -fomit-frame-pointer  execution test
FAIL: libgomp.c++/ctor-4.C  -O3 -fomit-frame-pointer -funroll-loops  execution test
FAIL: libgomp.c++/ctor-4.C  -O3 -fomit-frame-pointer -funroll-all-loops -finline-functions  execution test
FAIL: libgomp.c++/ctor-4.C  -O3 -g  execution test
FAIL: libgomp.c++/ctor-4.C  -Os  execution test
FAIL: libgomp.c++/ctor-5.C  -O0  execution test
FAIL: libgomp.c++/ctor-5.C  -O1  execution test
FAIL: libgomp.c++/ctor-5.C  -O2  execution test
FAIL: libgomp.c++/ctor-5.C  -O3 -fomit-frame-pointer  execution test
FAIL: libgomp.c++/ctor-5.C  -O3 -fomit-frame-pointer -funroll-loops  execution test
FAIL: libgomp.c++/ctor-5.C  -O3 -fomit-frame-pointer -funroll-all-loops -finline-functions  execution test
FAIL: libgomp.c++/ctor-5.C  -O3 -g  execution test
FAIL: libgomp.c++/ctor-5.C  -Os  execution test
FAIL: libgomp.c++/ctor-6.C  -O0  execution test
FAIL: libgomp.c++/ctor-6.C  -O1  execution test
FAIL: libgomp.c++/ctor-6.C  -O2  execution test
FAIL: libgomp.c++/ctor-6.C  -O3 -fomit-frame-pointer  execution test
FAIL: libgomp.c++/ctor-6.C  -O3 -fomit-frame-pointer -funroll-loops  execution test
FAIL: libgomp.c++/ctor-6.C  -O3 -fomit-frame-pointer -funroll-all-loops -finline-functions  execution test
FAIL: libgomp.c++/ctor-6.C  -O3 -g  execution test
FAIL: libgomp.c++/ctor-6.C  -Os  execution test
FAIL: libgomp.c++/ctor-7.C  -O0  execution test
FAIL: libgomp.c++/ctor-7.C  -O1  execution test
FAIL: libgomp.c++/ctor-7.C  -O2  execution test
FAIL: libgomp.c++/ctor-7.C  -O3 -fomit-frame-pointer  execution test
FAIL: libgomp.c++/ctor-7.C  -O3 -fomit-frame-pointer -funroll-loops  execution test
FAIL: libgomp.c++/ctor-7.C  -O3 -fomit-frame-pointer -funroll-all-loops -finline-functions  execution test
FAIL: libgomp.c++/ctor-7.C  -O3 -g  execution test
FAIL: libgomp.c++/ctor-7.C  -Os  execution test
FAIL: libgomp.c++/ctor-8.C  -O0  execution test
FAIL: libgomp.c++/ctor-8.C  -O1  execution test
FAIL: libgomp.c++/ctor-8.C  -O2  execution test
FAIL: libgomp.c++/ctor-8.C  -O3 -fomit-frame-pointer  execution test
FAIL: libgomp.c++/ctor-8.C  -O3 -fomit-frame-pointer -funroll-loops  execution test
FAIL: libgomp.c++/ctor-8.C  -O3 -fomit-frame-pointer -funroll-all-loops -finline-functions  execution test
FAIL: libgomp.c++/ctor-8.C  -O3 -g  execution test
FAIL: libgomp.c++/ctor-8.C  -Os  execution test
FAIL: libgomp.c++/ctor-9.C  -O0  execution test
FAIL: libgomp.c++/ctor-9.C  -O1  execution test
FAIL: libgomp.c++/ctor-9.C  -O2  execution test
FAIL: libgomp.c++/ctor-9.C  -O3 -fomit-frame-pointer  execution test
FAIL: libgomp.c++/ctor-9.C  -O3 -fomit-frame-pointer -funroll-loops  execution test
FAIL: libgomp.c++/ctor-9.C  -O3 -fomit-frame-pointer -funroll-all-loops -finline-functions  execution test
FAIL: libgomp.c++/ctor-9.C  -O3 -g  execution test
FAIL: libgomp.c++/ctor-9.C  -Os  execution test
FAIL: libgomp.c++/for-1.C  -O0  execution test
FAIL: libgomp.c++/for-1.C  -O1  execution test
FAIL: libgomp.c++/for-1.C  -O2  execution test
FAIL: libgomp.c++/for-1.C  -O3 -fomit-frame-pointer  execution test
FAIL: libgomp.c++/for-1.C  -O3 -fomit-frame-pointer -funroll-loops  execution test
FAIL: libgomp.c++/for-1.C  -O3 -fomit-frame-pointer -funroll-all-loops -finline-functions  execution test
FAIL: libgomp.c++/for-1.C  -O3 -g  execution test
FAIL: libgomp.c++/for-1.C  -Os  execution test
FAIL: libgomp.c++/for-2.C  -O0  execution test
FAIL: libgomp.c++/for-2.C  -O1  execution test
FAIL: libgomp.c++/for-2.C  -O2  execution test
FAIL: libgomp.c++/for-2.C  -O3 -fomit-frame-pointer  execution test
FAIL: libgomp.c++/for-2.C  -O3 -fomit-frame-pointer -funroll-loops  execution test
FAIL: libgomp.c++/for-2.C  -O3 -fomit-frame-pointer -funroll-all-loops -finline-functions  execution test
FAIL: libgomp.c++/for-2.C  -O3 -g  execution test
FAIL: libgomp.c++/for-2.C  -Os  execution test
FAIL: libgomp.c++/for-3.C  -O0  execution test
FAIL: libgomp.c++/for-3.C  -O1  execution test
FAIL: libgomp.c++/for-3.C  -O2  execution test
FAIL: libgomp.c++/for-3.C  -O3 -fomit-frame-pointer  execution test
FAIL: libgomp.c++/for-3.C  -O3 -fomit-frame-pointer -funroll-loops  execution test
FAIL: libgomp.c++/for-3.C  -O3 -fomit-frame-pointer -funroll-all-loops -finline-functions  execution test
FAIL: libgomp.c++/for-3.C  -O3 -g  execution test
FAIL: libgomp.c++/for-3.C  -Os  execution test
FAIL: libgomp.c++/for-4.C  -O0  execution test
FAIL: libgomp.c++/for-4.C  -O1  execution test
FAIL: libgomp.c++/for-4.C  -O2  execution test
FAIL: libgomp.c++/for-4.C  -O3 -fomit-frame-pointer  execution test
FAIL: libgomp.c++/for-4.C  -O3 -fomit-frame-pointer -funroll-loops  execution test
FAIL: libgomp.c++/for-4.C  -O3 -fomit-frame-pointer -funroll-all-loops -finline-functions  execution test
FAIL: libgomp.c++/for-4.C  -O3 -g  execution test
FAIL: libgomp.c++/for-4.C  -Os  execution test
FAIL: libgomp.c++/for-5.C  -O0  execution test
FAIL: libgomp.c++/for-5.C  -O1  execution test
FAIL: libgomp.c++/for-5.C  -O2  execution test
FAIL: libgomp.c++/for-5.C  -O3 -fomit-frame-pointer  execution test
FAIL: libgomp.c++/for-5.C  -O3 -fomit-frame-pointer -funroll-loops  execution test
FAIL: libgomp.c++/for-5.C  -O3 -fomit-frame-pointer -funroll-all-loops -finline-functions  execution test
FAIL: libgomp.c++/for-5.C  -O3 -g  execution test
FAIL: libgomp.c++/for-5.C  -Os  execution test
FAIL: libgomp.c++/for-6.C  -O0  execution test
FAIL: libgomp.c++/for-6.C  -O1  execution test
FAIL: libgomp.c++/for-6.C  -O2  execution test
FAIL: libgomp.c++/for-6.C  -O3 -fomit-frame-pointer  execution test
FAIL: libgomp.c++/for-6.C  -O3 -fomit-frame-pointer -funroll-loops  execution test
FAIL: libgomp.c++/for-6.C  -O3 -fomit-frame-pointer -funroll-all-loops -finline-functions  execution test
FAIL: libgomp.c++/for-6.C  -O3 -g  execution test
FAIL: libgomp.c++/for-6.C  -Os  execution test
FAIL: libgomp.c++/for-7.C  -O0  execution test
FAIL: libgomp.c++/for-7.C  -O1  execution test
FAIL: libgomp.c++/for-7.C  -O2  execution test
FAIL: libgomp.c++/for-7.C  -O3 -fomit-frame-pointer  execution test
FAIL: libgomp.c++/for-7.C  -O3 -fomit-frame-pointer -funroll-loops  execution test
FAIL: libgomp.c++/for-7.C  -O3 -fomit-frame-pointer -funroll-all-loops -finline-functions  execution test
FAIL: libgomp.c++/for-7.C  -O3 -g  execution test
FAIL: libgomp.c++/for-7.C  -Os  execution test
FAIL: libgomp.c++/for-8.C  -O0  execution test
FAIL: libgomp.c++/for-8.C  -O1  execution test
FAIL: libgomp.c++/for-8.C  -O2  execution test
FAIL: libgomp.c++/for-8.C  -O3 -fomit-frame-pointer  execution test
FAIL: libgomp.c++/for-8.C  -O3 -fomit-frame-pointer -funroll-loops  execution test
FAIL: libgomp.c++/for-8.C  -O3 -fomit-frame-pointer -funroll-all-loops -finline-functions  execution test
FAIL: libgomp.c++/for-8.C  -O3 -g  execution test
FAIL: libgomp.c++/for-8.C  -Os  execution test
FAIL: libgomp.c++/loop-1.C  -O  execution test
FAIL: libgomp.c++/loop-11.C  -O  execution test
FAIL: libgomp.c++/loop-12.C  -O0  execution test
FAIL: libgomp.c++/loop-12.C  -O1  execution test
FAIL: libgomp.c++/loop-12.C  -O2  execution test
FAIL: libgomp.c++/loop-12.C  -O3 -fomit-frame-pointer  execution test
FAIL: libgomp.c++/loop-12.C  -O3 -fomit-frame-pointer -funroll-loops  execution test
FAIL: libgomp.c++/loop-12.C  -O3 -fomit-frame-pointer -funroll-all-loops -finline-functions  execution test
FAIL: libgomp.c++/loop-12.C  -O3 -g  execution test
FAIL: libgomp.c++/loop-12.C  -Os  execution test
FAIL: libgomp.c++/loop-13.C  -O0  execution test
FAIL: libgomp.c++/loop-13.C  -O1  execution test
FAIL: libgomp.c++/loop-13.C  -O2  execution test
FAIL: libgomp.c++/loop-13.C  -O3 -fomit-frame-pointer  execution test
FAIL: libgomp.c++/loop-13.C  -O3 -fomit-frame-pointer -funroll-loops  execution test
FAIL: libgomp.c++/loop-13.C  -O3 -fomit-frame-pointer -funroll-all-loops -finline-functions  execution test
FAIL: libgomp.c++/loop-13.C  -O3 -g  execution test
FAIL: libgomp.c++/loop-13.C  -Os  execution test
FAIL: libgomp.c++/loop-14.C  -O0  execution test
FAIL: libgomp.c++/loop-14.C  -O1  execution test
FAIL: libgomp.c++/loop-14.C  -O2  execution test
FAIL: libgomp.c++/loop-14.C  -O3 -fomit-frame-pointer  execution test
FAIL: libgomp.c++/loop-14.C  -O3 -fomit-frame-pointer -funroll-loops  execution test
FAIL: libgomp.c++/loop-14.C  -O3 -fomit-frame-pointer -funroll-all-loops -finline-functions  execution test
FAIL: libgomp.c++/loop-14.C  -O3 -g  execution test
FAIL: libgomp.c++/loop-14.C  -Os  execution test
FAIL: libgomp.c++/loop-15.C  -O0  execution test
FAIL: libgomp.c++/loop-15.C  -O1  execution test
FAIL: libgomp.c++/loop-15.C  -O2  execution test
FAIL: libgomp.c++/loop-15.C  -O3 -fomit-frame-pointer  execution test
FAIL: libgomp.c++/loop-15.C  -O3 -fomit-frame-pointer -funroll-loops  execution test
FAIL: libgomp.c++/loop-15.C  -O3 -fomit-frame-pointer -funroll-all-loops -finline-functions  execution test
FAIL: libgomp.c++/loop-15.C  -O3 -g  execution test
FAIL: libgomp.c++/loop-15.C  -Os  execution test
FAIL: libgomp.c++/loop-2.C  -O  execution test
FAIL: libgomp.c++/loop-3.C  -O  execution test
FAIL: libgomp.c++/loop-4.C  -O  execution test
FAIL: libgomp.c++/loop-8.C  -O  execution test
FAIL: libgomp.c++/loop-9.C  -O0  execution test
FAIL: libgomp.c++/loop-9.C  -O1  execution test
FAIL: libgomp.c++/loop-9.C  -O2  execution test
FAIL: libgomp.c++/loop-9.C  -O3 -fomit-frame-pointer  execution test
FAIL: libgomp.c++/loop-9.C  -O3 -fomit-frame-pointer -funroll-loops  execution test
FAIL: libgomp.c++/loop-9.C  -O3 -fomit-frame-pointer -funroll-all-loops -finline-functions  execution test
FAIL: libgomp.c++/loop-9.C  -O3 -g  execution test
FAIL: libgomp.c++/loop-9.C  -Os  execution test
FAIL: libgomp.c++/master-1.C  -O0  execution test
FAIL: libgomp.c++/master-1.C  -O1  execution test
FAIL: libgomp.c++/master-1.C  -O2  execution test
FAIL: libgomp.c++/master-1.C  -O3 -fomit-frame-pointer  execution test
FAIL: libgomp.c++/master-1.C  -O3 -fomit-frame-pointer -funroll-loops  execution test
FAIL: libgomp.c++/master-1.C  -O3 -fomit-frame-pointer -funroll-all-loops -finline-functions  execution test
FAIL: libgomp.c++/master-1.C  -O3 -g  execution test
FAIL: libgomp.c++/master-1.C  -Os  execution test
FAIL: libgomp.c++/nested-1.C  -O0  execution test
FAIL: libgomp.c++/nested-1.C  -O1  execution test
FAIL: libgomp.c++/nested-1.C  -O2  execution test
FAIL: libgomp.c++/nested-1.C  -O3 -fomit-frame-pointer  execution test
FAIL: libgomp.c++/nested-1.C  -O3 -fomit-frame-pointer -funroll-loops  execution test
FAIL: libgomp.c++/nested-1.C  -O3 -fomit-frame-pointer -funroll-all-loops -finline-functions  execution test
FAIL: libgomp.c++/nested-1.C  -O3 -g  execution test
FAIL: libgomp.c++/nested-1.C  -Os  execution test
FAIL: libgomp.c++/parallel-1.C  -O  execution test
FAIL: libgomp.c++/pr24455.C  -O0  execution test
FAIL: libgomp.c++/pr24455.C  -O1  execution test
FAIL: libgomp.c++/pr24455.C  -O2  execution test
FAIL: libgomp.c++/pr24455.C  -O3 -fomit-frame-pointer  execution test
FAIL: libgomp.c++/pr24455.C  -O3 -fomit-frame-pointer -funroll-loops  execution test
FAIL: libgomp.c++/pr24455.C  -O3 -fomit-frame-pointer -funroll-all-loops -finline-functions  execution test
FAIL: libgomp.c++/pr24455.C  -O3 -g  execution test
FAIL: libgomp.c++/pr24455.C  -Os  execution test
FAIL: libgomp.c++/pr26691.C  -O  execution test
FAIL: libgomp.c++/pr26943.C  -O0  execution test
FAIL: libgomp.c++/pr26943.C  -O1  execution test
FAIL: libgomp.c++/pr26943.C  -O2  execution test
FAIL: libgomp.c++/pr26943.C  -O3 -fomit-frame-pointer  execution test
FAIL: libgomp.c++/pr26943.C  -O3 -fomit-frame-pointer -funroll-loops  execution test
FAIL: libgomp.c++/pr26943.C  -O3 -fomit-frame-pointer -funroll-all-loops -finline-functions  execution test
FAIL: libgomp.c++/pr26943.C  -O3 -g  execution test
FAIL: libgomp.c++/pr26943.C  -Os  execution test
FAIL: libgomp.c++/pr27337.C  -O0  execution test
FAIL: libgomp.c++/pr27337.C  -O1  execution test
FAIL: libgomp.c++/pr27337.C  -O2  execution test
FAIL: libgomp.c++/pr27337.C  -O3 -fomit-frame-pointer  execution test
FAIL: libgomp.c++/pr27337.C  -O3 -fomit-frame-pointer -funroll-loops  execution test
FAIL: libgomp.c++/pr27337.C  -O3 -fomit-frame-pointer -funroll-all-loops -finline-functions  execution test
FAIL: libgomp.c++/pr27337.C  -O3 -g  execution test
FAIL: libgomp.c++/pr27337.C  -Os  execution test
FAIL: libgomp.c++/pr30703.C  -O0  execution test
FAIL: libgomp.c++/pr30703.C  -O1  execution test
FAIL: libgomp.c++/pr30703.C  -O2  execution test
FAIL: libgomp.c++/pr30703.C  -O3 -fomit-frame-pointer  execution test
FAIL: libgomp.c++/pr30703.C  -O3 -fomit-frame-pointer -funroll-loops  execution test
FAIL: libgomp.c++/pr30703.C  -O3 -fomit-frame-pointer -funroll-all-loops -finline-functions  execution test
FAIL: libgomp.c++/pr30703.C  -O3 -g  execution test
FAIL: libgomp.c++/pr30703.C  -Os  execution test
FAIL: libgomp.c++/pr34513.C  -O0  execution test
FAIL: libgomp.c++/pr34513.C  -O1  execution test
FAIL: libgomp.c++/pr34513.C  -O2  execution test
FAIL: libgomp.c++/pr34513.C  -O3 -fomit-frame-pointer  execution test
FAIL: libgomp.c++/pr34513.C  -O3 -fomit-frame-pointer -funroll-loops  execution test
FAIL: libgomp.c++/pr34513.C  -O3 -fomit-frame-pointer -funroll-all-loops -finline-functions  execution test
FAIL: libgomp.c++/pr34513.C  -O3 -g  execution test
FAIL: libgomp.c++/pr34513.C  -Os  execution test
FAIL: libgomp.c++/pr35185.C  -O0  execution test
FAIL: libgomp.c++/pr35185.C  -O1  execution test
FAIL: libgomp.c++/pr35185.C  -O2  execution test
FAIL: libgomp.c++/pr35185.C  -O3 -fomit-frame-pointer  execution test
FAIL: libgomp.c++/pr35185.C  -O3 -fomit-frame-pointer -funroll-loops  execution test
FAIL: libgomp.c++/pr35185.C  -O3 -fomit-frame-pointer -funroll-all-loops -finline-functions  execution test
FAIL: libgomp.c++/pr35185.C  -O3 -g  execution test
FAIL: libgomp.c++/pr35185.C  -Os  execution test
FAIL: libgomp.c++/pr38650.C  -O0  execution test
FAIL: libgomp.c++/pr38650.C  -O1  execution test
FAIL: libgomp.c++/pr38650.C  -O2  execution test
FAIL: libgomp.c++/pr38650.C  -O3 -fomit-frame-pointer  execution test
FAIL: libgomp.c++/pr38650.C  -O3 -fomit-frame-pointer -funroll-loops  execution test
FAIL: libgomp.c++/pr38650.C  -O3 -fomit-frame-pointer -funroll-all-loops -finline-functions  execution test
FAIL: libgomp.c++/pr38650.C  -O3 -g  execution test
FAIL: libgomp.c++/pr38650.C  -Os  execution test
FAIL: libgomp.c++/pr39573.C  -O0  execution test
FAIL: libgomp.c++/pr39573.C  -O1  execution test
FAIL: libgomp.c++/pr39573.C  -O2  execution test
FAIL: libgomp.c++/pr39573.C  -O3 -fomit-frame-pointer  execution test
FAIL: libgomp.c++/pr39573.C  -O3 -fomit-frame-pointer -funroll-loops  execution test
FAIL: libgomp.c++/pr39573.C  -O3 -fomit-frame-pointer -funroll-all-loops -finline-functions  execution test
FAIL: libgomp.c++/pr39573.C  -O3 -g  execution test
FAIL: libgomp.c++/pr39573.C  -Os  execution test
FAIL: libgomp.c++/pr43893.C  -O0  execution test
FAIL: libgomp.c++/pr43893.C  -O1  execution test
FAIL: libgomp.c++/pr43893.C  -O2  execution test
FAIL: libgomp.c++/pr43893.C  -O3 -fomit-frame-pointer  execution test
FAIL: libgomp.c++/pr43893.C  -O3 -fomit-frame-pointer -funroll-loops  execution test
FAIL: libgomp.c++/pr43893.C  -O3 -fomit-frame-pointer -funroll-all-loops -finline-functions  execution test
FAIL: libgomp.c++/pr43893.C  -O3 -g  execution test
FAIL: libgomp.c++/pr43893.C  -Os  execution test
FAIL: libgomp.c++/pr48869.C  -O0  execution test
FAIL: libgomp.c++/pr48869.C  -O1  execution test
FAIL: libgomp.c++/pr48869.C  -O2  execution test
FAIL: libgomp.c++/pr48869.C  -O3 -fomit-frame-pointer  execution test
FAIL: libgomp.c++/pr48869.C  -O3 -fomit-frame-pointer -funroll-loops  execution test
FAIL: libgomp.c++/pr48869.C  -O3 -fomit-frame-pointer -funroll-all-loops -finline-functions  execution test
FAIL: libgomp.c++/pr48869.C  -O3 -g  execution test
FAIL: libgomp.c++/pr48869.C  -Os  execution test
FAIL: libgomp.c++/pr49043.C  -O0  execution test
FAIL: libgomp.c++/pr49043.C  -O1  execution test
FAIL: libgomp.c++/pr49043.C  -O2  execution test
FAIL: libgomp.c++/pr49043.C  -O3 -fomit-frame-pointer  execution test
FAIL: libgomp.c++/pr49043.C  -O3 -fomit-frame-pointer -funroll-loops  execution test
FAIL: libgomp.c++/pr49043.C  -O3 -fomit-frame-pointer -funroll-all-loops -finline-functions  execution test
FAIL: libgomp.c++/pr49043.C  -O3 -g  execution test
FAIL: libgomp.c++/pr49043.C  -Os  execution test
FAIL: libgomp.c++/pr56217.C  -O0  execution test
FAIL: libgomp.c++/pr56217.C  -O1  execution test
FAIL: libgomp.c++/pr56217.C  -O2  execution test
FAIL: libgomp.c++/pr56217.C  -O3 -fomit-frame-pointer  execution test
FAIL: libgomp.c++/pr56217.C  -O3 -fomit-frame-pointer -funroll-loops  execution test
FAIL: libgomp.c++/pr56217.C  -O3 -fomit-frame-pointer -funroll-all-loops -finline-functions  execution test
FAIL: libgomp.c++/pr56217.C  -O3 -g  execution test
FAIL: libgomp.c++/pr56217.C  -Os  execution test
FAIL: libgomp.c++/reduction-1.C  -O  execution test
FAIL: libgomp.c++/reduction-2.C  -O  execution test
FAIL: libgomp.c++/reduction-3.C  -O  execution test
FAIL: libgomp.c++/reduction-4.C  -O0  execution test
FAIL: libgomp.c++/reduction-4.C  -O1  execution test
FAIL: libgomp.c++/reduction-4.C  -O2  execution test
FAIL: libgomp.c++/reduction-4.C  -O3 -fomit-frame-pointer  execution test
FAIL: libgomp.c++/reduction-4.C  -O3 -fomit-frame-pointer -funroll-loops  execution test
FAIL: libgomp.c++/reduction-4.C  -O3 -fomit-frame-pointer -funroll-all-loops -finline-functions  execution test
FAIL: libgomp.c++/reduction-4.C  -O3 -g  execution test
FAIL: libgomp.c++/reduction-4.C  -Os  execution test
FAIL: libgomp.c++/sections-1.C  -O  execution test
FAIL: libgomp.c++/shared-1.C  -O  execution test
FAIL: libgomp.c++/shared-2.C  -O  execution test
FAIL: libgomp.c++/single-1.C  -O  execution test
FAIL: libgomp.c++/single-2.C  -O  execution test
FAIL: libgomp.c++/single-3.C  -O  execution test
FAIL: libgomp.c++/task-1.C  -O  execution test
FAIL: libgomp.c++/task-2.C  -O0  execution test
FAIL: libgomp.c++/task-2.C  -O1  execution test
FAIL: libgomp.c++/task-2.C  -O2  execution test
FAIL: libgomp.c++/task-2.C  -O3 -fomit-frame-pointer  execution test
FAIL: libgomp.c++/task-2.C  -O3 -fomit-frame-pointer -funroll-loops  execution test
FAIL: libgomp.c++/task-2.C  -O3 -fomit-frame-pointer -funroll-all-loops -finline-functions  execution test
FAIL: libgomp.c++/task-2.C  -O3 -g  execution test
FAIL: libgomp.c++/task-2.C  -Os  execution test
FAIL: libgomp.c++/task-3.C  -O0  execution test
FAIL: libgomp.c++/task-3.C  -O1  execution test
FAIL: libgomp.c++/task-3.C  -O2  execution test
FAIL: libgomp.c++/task-3.C  -O3 -fomit-frame-pointer  execution test
FAIL: libgomp.c++/task-3.C  -O3 -fomit-frame-pointer -funroll-loops  execution test
FAIL: libgomp.c++/task-3.C  -O3 -fomit-frame-pointer -funroll-all-loops -finline-functions  execution test
FAIL: libgomp.c++/task-3.C  -O3 -g  execution test
FAIL: libgomp.c++/task-3.C  -Os  execution test
FAIL: libgomp.c++/task-4.C  -O  execution test
FAIL: libgomp.c++/task-5.C  -O0  execution test
FAIL: libgomp.c++/task-5.C  -O1  execution test
FAIL: libgomp.c++/task-5.C  -O2  execution test
FAIL: libgomp.c++/task-5.C  -O3 -fomit-frame-pointer  execution test
FAIL: libgomp.c++/task-5.C  -O3 -fomit-frame-pointer -funroll-loops  execution test
FAIL: libgomp.c++/task-5.C  -O3 -fomit-frame-pointer -funroll-all-loops -finline-functions  execution test
FAIL: libgomp.c++/task-5.C  -O3 -g  execution test
FAIL: libgomp.c++/task-5.C  -Os  execution test
FAIL: libgomp.c++/task-6.C  -O  execution test
FAIL: libgomp.c++/task-8.C  -O0  execution test
FAIL: libgomp.c++/task-8.C  -O1  execution test
FAIL: libgomp.c++/task-8.C  -O2  execution test
FAIL: libgomp.c++/task-8.C  -O3 -fomit-frame-pointer  execution test
FAIL: libgomp.c++/task-8.C  -O3 -fomit-frame-pointer -funroll-loops  execution test
FAIL: libgomp.c++/task-8.C  -O3 -fomit-frame-pointer -funroll-all-loops -finline-functions  execution test
FAIL: libgomp.c++/task-8.C  -O3 -g  execution test
FAIL: libgomp.c++/task-8.C  -Os  execution test
FAIL: libgomp.fortran/allocatable1.f90  -O0  execution test
FAIL: libgomp.fortran/allocatable1.f90  -O1  execution test
FAIL: libgomp.fortran/allocatable1.f90  -O2  execution test
FAIL: libgomp.fortran/allocatable1.f90  -O3 -fomit-frame-pointer  execution test
FAIL: libgomp.fortran/allocatable1.f90  -O3 -fomit-frame-pointer -funroll-loops  execution test
FAIL: libgomp.fortran/allocatable1.f90  -O3 -fomit-frame-pointer -funroll-all-loops -finline-functions  execution test
FAIL: libgomp.fortran/allocatable1.f90  -O3 -g  execution test
FAIL: libgomp.fortran/allocatable1.f90  -Os  execution test
FAIL: libgomp.fortran/allocatable2.f90  -O0  execution test
FAIL: libgomp.fortran/allocatable2.f90  -O1  execution test
FAIL: libgomp.fortran/allocatable2.f90  -O2  execution test
FAIL: libgomp.fortran/allocatable2.f90  -O3 -fomit-frame-pointer  execution test
FAIL: libgomp.fortran/allocatable2.f90  -O3 -fomit-frame-pointer -funroll-loops  execution test
FAIL: libgomp.fortran/allocatable2.f90  -O3 -fomit-frame-pointer -funroll-all-loops -finline-functions  execution test
FAIL: libgomp.fortran/allocatable2.f90  -O3 -g  execution test
FAIL: libgomp.fortran/allocatable2.f90  -Os  execution test
FAIL: libgomp.fortran/allocatable3.f90  -O0  execution test
FAIL: libgomp.fortran/allocatable3.f90  -O1  execution test
FAIL: libgomp.fortran/allocatable3.f90  -O2  execution test
FAIL: libgomp.fortran/allocatable3.f90  -O3 -fomit-frame-pointer  execution test
FAIL: libgomp.fortran/allocatable3.f90  -O3 -fomit-frame-pointer -funroll-loops  execution test
FAIL: libgomp.fortran/allocatable3.f90  -O3 -fomit-frame-pointer -funroll-all-loops -finline-functions  execution test
FAIL: libgomp.fortran/allocatable3.f90  -O3 -g  execution test
FAIL: libgomp.fortran/allocatable3.f90  -Os  execution test
FAIL: libgomp.fortran/allocatable5.f90  -O0  execution test
FAIL: libgomp.fortran/allocatable5.f90  -O1  execution test
FAIL: libgomp.fortran/allocatable5.f90  -O2  execution test
FAIL: libgomp.fortran/allocatable5.f90  -O3 -fomit-frame-pointer  execution test
FAIL: libgomp.fortran/allocatable5.f90  -O3 -fomit-frame-pointer -funroll-loops  execution test
FAIL: libgomp.fortran/allocatable5.f90  -O3 -fomit-frame-pointer -funroll-all-loops -finline-functions  execution test
FAIL: libgomp.fortran/allocatable5.f90  -O3 -g  execution test
FAIL: libgomp.fortran/allocatable5.f90  -Os  execution test
FAIL: libgomp.fortran/allocatable6.f90  -O0  execution test
FAIL: libgomp.fortran/allocatable6.f90  -O1  execution test
FAIL: libgomp.fortran/allocatable6.f90  -O2  execution test
FAIL: libgomp.fortran/allocatable6.f90  -O3 -fomit-frame-pointer  execution test
FAIL: libgomp.fortran/allocatable6.f90  -O3 -fomit-frame-pointer -funroll-loops  execution test
FAIL: libgomp.fortran/allocatable6.f90  -O3 -fomit-frame-pointer -funroll-all-loops -finline-functions  execution test
FAIL: libgomp.fortran/allocatable6.f90  -O3 -g  execution test
FAIL: libgomp.fortran/allocatable6.f90  -Os  execution test
FAIL: libgomp.fortran/allocatable7.f90  -O0  execution test
FAIL: libgomp.fortran/allocatable7.f90  -O1  execution test
FAIL: libgomp.fortran/allocatable7.f90  -O2  execution test
FAIL: libgomp.fortran/allocatable7.f90  -O3 -fomit-frame-pointer  execution test
FAIL: libgomp.fortran/allocatable7.f90  -O3 -fomit-frame-pointer -funroll-loops  execution test
FAIL: libgomp.fortran/allocatable7.f90  -O3 -fomit-frame-pointer -funroll-all-loops -finline-functions  execution test
FAIL: libgomp.fortran/allocatable7.f90  -O3 -g  execution test
FAIL: libgomp.fortran/allocatable7.f90  -Os  execution test
FAIL: libgomp.fortran/allocatable8.f90  -O0  execution test
FAIL: libgomp.fortran/allocatable8.f90  -O1  execution test
FAIL: libgomp.fortran/allocatable8.f90  -O2  execution test
FAIL: libgomp.fortran/allocatable8.f90  -O3 -fomit-frame-pointer  execution test
FAIL: libgomp.fortran/allocatable8.f90  -O3 -fomit-frame-pointer -funroll-loops  execution test
FAIL: libgomp.fortran/allocatable8.f90  -O3 -fomit-frame-pointer -funroll-all-loops -finline-functions  execution test
FAIL: libgomp.fortran/allocatable8.f90  -O3 -g  execution test
FAIL: libgomp.fortran/allocatable8.f90  -Os  execution test
FAIL: libgomp.fortran/appendix-a/a.16.1.f90  -O0  execution test
FAIL: libgomp.fortran/appendix-a/a.16.1.f90  -O1  execution test
FAIL: libgomp.fortran/appendix-a/a.16.1.f90  -O2  execution test
FAIL: libgomp.fortran/appendix-a/a.16.1.f90  -O3 -fomit-frame-pointer  execution test
FAIL: libgomp.fortran/appendix-a/a.16.1.f90  -O3 -fomit-frame-pointer -funroll-loops  execution test
FAIL: libgomp.fortran/appendix-a/a.16.1.f90  -O3 -fomit-frame-pointer -funroll-all-loops -finline-functions  execution test
FAIL: libgomp.fortran/appendix-a/a.16.1.f90  -O3 -g  execution test
FAIL: libgomp.fortran/appendix-a/a.16.1.f90  -Os  execution test
FAIL: libgomp.fortran/appendix-a/a.18.1.f90  -O0  execution test
FAIL: libgomp.fortran/appendix-a/a.18.1.f90  -O1  execution test
FAIL: libgomp.fortran/appendix-a/a.18.1.f90  -O2  execution test
FAIL: libgomp.fortran/appendix-a/a.18.1.f90  -O3 -fomit-frame-pointer  execution test
FAIL: libgomp.fortran/appendix-a/a.18.1.f90  -O3 -fomit-frame-pointer -funroll-loops  execution test
FAIL: libgomp.fortran/appendix-a/a.18.1.f90  -O3 -fomit-frame-pointer -funroll-all-loops -finline-functions  execution test
FAIL: libgomp.fortran/appendix-a/a.18.1.f90  -O3 -g  execution test
FAIL: libgomp.fortran/appendix-a/a.18.1.f90  -Os  execution test
FAIL: libgomp.fortran/appendix-a/a.19.1.f90  -O0  execution test
FAIL: libgomp.fortran/appendix-a/a.19.1.f90  -O1  execution test
FAIL: libgomp.fortran/appendix-a/a.19.1.f90  -O2  execution test
FAIL: libgomp.fortran/appendix-a/a.19.1.f90  -O3 -fomit-frame-pointer  execution test
FAIL: libgomp.fortran/appendix-a/a.19.1.f90  -O3 -fomit-frame-pointer -funroll-loops  execution test
FAIL: libgomp.fortran/appendix-a/a.19.1.f90  -O3 -fomit-frame-pointer -funroll-all-loops -finline-functions  execution test
FAIL: libgomp.fortran/appendix-a/a.19.1.f90  -O3 -g  execution test
FAIL: libgomp.fortran/appendix-a/a.19.1.f90  -Os  execution test
FAIL: libgomp.fortran/appendix-a/a.2.1.f90  -O0  execution test
FAIL: libgomp.fortran/appendix-a/a.2.1.f90  -O1  execution test
FAIL: libgomp.fortran/appendix-a/a.2.1.f90  -O2  execution test
FAIL: libgomp.fortran/appendix-a/a.2.1.f90  -O3 -fomit-frame-pointer  execution test
FAIL: libgomp.fortran/appendix-a/a.2.1.f90  -O3 -fomit-frame-pointer -funroll-loops  execution test
FAIL: libgomp.fortran/appendix-a/a.2.1.f90  -O3 -fomit-frame-pointer -funroll-all-loops -finline-functions  execution test
FAIL: libgomp.fortran/appendix-a/a.2.1.f90  -O3 -g  execution test
FAIL: libgomp.fortran/appendix-a/a.2.1.f90  -Os  execution test
FAIL: libgomp.fortran/appendix-a/a.22.7.f90  -O0  execution test
FAIL: libgomp.fortran/appendix-a/a.22.7.f90  -O1  execution test
FAIL: libgomp.fortran/appendix-a/a.22.7.f90  -O2  execution test
FAIL: libgomp.fortran/appendix-a/a.22.7.f90  -O3 -fomit-frame-pointer  execution test
FAIL: libgomp.fortran/appendix-a/a.22.7.f90  -O3 -fomit-frame-pointer -funroll-loops  execution test
FAIL: libgomp.fortran/appendix-a/a.22.7.f90  -O3 -fomit-frame-pointer -funroll-all-loops -finline-functions  execution test
FAIL: libgomp.fortran/appendix-a/a.22.7.f90  -O3 -g  execution test
FAIL: libgomp.fortran/appendix-a/a.22.7.f90  -Os  execution test
FAIL: libgomp.fortran/appendix-a/a.22.8.f90  -O0  execution test
FAIL: libgomp.fortran/appendix-a/a.22.8.f90  -O1  execution test
FAIL: libgomp.fortran/appendix-a/a.22.8.f90  -O2  execution test
FAIL: libgomp.fortran/appendix-a/a.22.8.f90  -O3 -fomit-frame-pointer  execution test
FAIL: libgomp.fortran/appendix-a/a.22.8.f90  -O3 -fomit-frame-pointer -funroll-loops  execution test
FAIL: libgomp.fortran/appendix-a/a.22.8.f90  -O3 -fomit-frame-pointer -funroll-all-loops -finline-functions  execution test
FAIL: libgomp.fortran/appendix-a/a.22.8.f90  -O3 -g  execution test
FAIL: libgomp.fortran/appendix-a/a.22.8.f90  -Os  execution test
FAIL: libgomp.fortran/appendix-a/a.26.1.f90  -O0  execution test
FAIL: libgomp.fortran/appendix-a/a.26.1.f90  -O1  execution test
FAIL: libgomp.fortran/appendix-a/a.26.1.f90  -O2  execution test
FAIL: libgomp.fortran/appendix-a/a.26.1.f90  -O3 -fomit-frame-pointer  execution test
FAIL: libgomp.fortran/appendix-a/a.26.1.f90  -O3 -fomit-frame-pointer -funroll-loops  execution test
FAIL: libgomp.fortran/appendix-a/a.26.1.f90  -O3 -fomit-frame-pointer -funroll-all-loops -finline-functions  execution test
FAIL: libgomp.fortran/appendix-a/a.26.1.f90  -O3 -g  execution test
FAIL: libgomp.fortran/appendix-a/a.26.1.f90  -Os  execution test
FAIL: libgomp.fortran/appendix-a/a.28.1.f90  -O0  execution test
FAIL: libgomp.fortran/appendix-a/a.28.1.f90  -O1  execution test
FAIL: libgomp.fortran/appendix-a/a.28.1.f90  -O2  execution test
FAIL: libgomp.fortran/appendix-a/a.28.1.f90  -O3 -fomit-frame-pointer  execution test
FAIL: libgomp.fortran/appendix-a/a.28.1.f90  -O3 -fomit-frame-pointer -funroll-loops  execution test
FAIL: libgomp.fortran/appendix-a/a.28.1.f90  -O3 -fomit-frame-pointer -funroll-all-loops -finline-functions  execution test
FAIL: libgomp.fortran/appendix-a/a.28.1.f90  -O3 -g  execution test
FAIL: libgomp.fortran/appendix-a/a.28.1.f90  -Os  execution test
FAIL: libgomp.fortran/appendix-a/a.28.2.f90  -O0  execution test
FAIL: libgomp.fortran/appendix-a/a.28.2.f90  -O1  execution test
FAIL: libgomp.fortran/appendix-a/a.28.2.f90  -O2  execution test
FAIL: libgomp.fortran/appendix-a/a.28.2.f90  -O3 -fomit-frame-pointer  execution test
FAIL: libgomp.fortran/appendix-a/a.28.2.f90  -O3 -fomit-frame-pointer -funroll-loops  execution test
FAIL: libgomp.fortran/appendix-a/a.28.2.f90  -O3 -fomit-frame-pointer -funroll-all-loops -finline-functions  execution test
FAIL: libgomp.fortran/appendix-a/a.28.2.f90  -O3 -g  execution test
FAIL: libgomp.fortran/appendix-a/a.28.2.f90  -Os  execution test
FAIL: libgomp.fortran/appendix-a/a.28.3.f90  -O0  execution test
FAIL: libgomp.fortran/appendix-a/a.28.3.f90  -O1  execution test
FAIL: libgomp.fortran/appendix-a/a.28.3.f90  -O2  execution test
FAIL: libgomp.fortran/appendix-a/a.28.3.f90  -O3 -fomit-frame-pointer  execution test
FAIL: libgomp.fortran/appendix-a/a.28.3.f90  -O3 -fomit-frame-pointer -funroll-loops  execution test
FAIL: libgomp.fortran/appendix-a/a.28.3.f90  -O3 -fomit-frame-pointer -funroll-all-loops -finline-functions  execution test
FAIL: libgomp.fortran/appendix-a/a.28.3.f90  -O3 -g  execution test
FAIL: libgomp.fortran/appendix-a/a.28.3.f90  -Os  execution test
FAIL: libgomp.fortran/appendix-a/a.28.4.f90  -O0  execution test
FAIL: libgomp.fortran/appendix-a/a.28.4.f90  -O1  execution test
FAIL: libgomp.fortran/appendix-a/a.28.4.f90  -O2  execution test
FAIL: libgomp.fortran/appendix-a/a.28.4.f90  -O3 -fomit-frame-pointer  execution test
FAIL: libgomp.fortran/appendix-a/a.28.4.f90  -O3 -fomit-frame-pointer -funroll-loops  execution test
FAIL: libgomp.fortran/appendix-a/a.28.4.f90  -O3 -fomit-frame-pointer -funroll-all-loops -finline-functions  execution test
FAIL: libgomp.fortran/appendix-a/a.28.4.f90  -O3 -g  execution test
FAIL: libgomp.fortran/appendix-a/a.28.4.f90  -Os  execution test
FAIL: libgomp.fortran/appendix-a/a.31.4.f90  -O0  execution test
FAIL: libgomp.fortran/appendix-a/a.31.4.f90  -O1  execution test
FAIL: libgomp.fortran/appendix-a/a.31.4.f90  -O2  execution test
FAIL: libgomp.fortran/appendix-a/a.31.4.f90  -O3 -fomit-frame-pointer  execution test
FAIL: libgomp.fortran/appendix-a/a.31.4.f90  -O3 -fomit-frame-pointer -funroll-loops  execution test
FAIL: libgomp.fortran/appendix-a/a.31.4.f90  -O3 -fomit-frame-pointer -funroll-all-loops -finline-functions  execution test
FAIL: libgomp.fortran/appendix-a/a.31.4.f90  -O3 -g  execution test
FAIL: libgomp.fortran/appendix-a/a.31.4.f90  -Os  execution test
FAIL: libgomp.fortran/appendix-a/a.31.5.f90  -O0  execution test
FAIL: libgomp.fortran/appendix-a/a.31.5.f90  -O1  execution test
FAIL: libgomp.fortran/appendix-a/a.31.5.f90  -O2  execution test
FAIL: libgomp.fortran/appendix-a/a.31.5.f90  -O3 -fomit-frame-pointer  execution test
FAIL: libgomp.fortran/appendix-a/a.31.5.f90  -O3 -fomit-frame-pointer -funroll-loops  execution test
FAIL: libgomp.fortran/appendix-a/a.31.5.f90  -O3 -fomit-frame-pointer -funroll-all-loops -finline-functions  execution test
FAIL: libgomp.fortran/appendix-a/a.31.5.f90  -O3 -g  execution test
FAIL: libgomp.fortran/appendix-a/a.31.5.f90  -Os  execution test
FAIL: libgomp.fortran/appendix-a/a.39.1.f90  -O0  execution test
FAIL: libgomp.fortran/appendix-a/a.39.1.f90  -O1  execution test
FAIL: libgomp.fortran/appendix-a/a.39.1.f90  -O2  execution test
FAIL: libgomp.fortran/appendix-a/a.39.1.f90  -O3 -fomit-frame-pointer  execution test
FAIL: libgomp.fortran/appendix-a/a.39.1.f90  -O3 -fomit-frame-pointer -funroll-loops  execution test
FAIL: libgomp.fortran/appendix-a/a.39.1.f90  -O3 -fomit-frame-pointer -funroll-all-loops -finline-functions  execution test
FAIL: libgomp.fortran/appendix-a/a.39.1.f90  -O3 -g  execution test
FAIL: libgomp.fortran/appendix-a/a.39.1.f90  -Os  execution test
FAIL: libgomp.fortran/appendix-a/a.4.1.f90  -O0  execution test
FAIL: libgomp.fortran/appendix-a/a.4.1.f90  -O1  execution test
FAIL: libgomp.fortran/appendix-a/a.4.1.f90  -O2  execution test
FAIL: libgomp.fortran/appendix-a/a.4.1.f90  -O3 -fomit-frame-pointer  execution test
FAIL: libgomp.fortran/appendix-a/a.4.1.f90  -O3 -fomit-frame-pointer -funroll-loops  execution test
FAIL: libgomp.fortran/appendix-a/a.4.1.f90  -O3 -fomit-frame-pointer -funroll-all-loops -finline-functions  execution test
FAIL: libgomp.fortran/appendix-a/a.4.1.f90  -O3 -g  execution test
FAIL: libgomp.fortran/appendix-a/a.4.1.f90  -Os  execution test
FAIL: libgomp.fortran/appendix-a/a10.1.f90  -O0  execution test
FAIL: libgomp.fortran/appendix-a/a10.1.f90  -O1  execution test
FAIL: libgomp.fortran/appendix-a/a10.1.f90  -O2  execution test
FAIL: libgomp.fortran/appendix-a/a10.1.f90  -O3 -fomit-frame-pointer  execution test
FAIL: libgomp.fortran/appendix-a/a10.1.f90  -O3 -fomit-frame-pointer -funroll-loops  execution test
FAIL: libgomp.fortran/appendix-a/a10.1.f90  -O3 -fomit-frame-pointer -funroll-all-loops -finline-functions  execution test
FAIL: libgomp.fortran/appendix-a/a10.1.f90  -O3 -g  execution test
FAIL: libgomp.fortran/appendix-a/a10.1.f90  -Os  execution test
FAIL: libgomp.fortran/character1.f90  -O0  execution test
FAIL: libgomp.fortran/character1.f90  -O1  execution test
FAIL: libgomp.fortran/character1.f90  -O2  execution test
FAIL: libgomp.fortran/character1.f90  -O3 -fomit-frame-pointer  execution test
FAIL: libgomp.fortran/character1.f90  -O3 -fomit-frame-pointer -funroll-loops  execution test
FAIL: libgomp.fortran/character1.f90  -O3 -fomit-frame-pointer -funroll-all-loops -finline-functions  execution test
FAIL: libgomp.fortran/character1.f90  -O3 -g  execution test
FAIL: libgomp.fortran/character1.f90  -Os  execution test
FAIL: libgomp.fortran/character2.f90  -O0  execution test
FAIL: libgomp.fortran/character2.f90  -O1  execution test
FAIL: libgomp.fortran/character2.f90  -O2  execution test
FAIL: libgomp.fortran/character2.f90  -O3 -fomit-frame-pointer  execution test
FAIL: libgomp.fortran/character2.f90  -O3 -fomit-frame-pointer -funroll-loops  execution test
FAIL: libgomp.fortran/character2.f90  -O3 -fomit-frame-pointer -funroll-all-loops -finline-functions  execution test
FAIL: libgomp.fortran/character2.f90  -O3 -g  execution test
FAIL: libgomp.fortran/character2.f90  -Os  execution test
FAIL: libgomp.fortran/collapse1.f90  -O0  execution test
FAIL: libgomp.fortran/collapse1.f90  -O1  execution test
FAIL: libgomp.fortran/collapse1.f90  -O2  execution test
FAIL: libgomp.fortran/collapse1.f90  -O3 -fomit-frame-pointer  execution test
FAIL: libgomp.fortran/collapse1.f90  -O3 -fomit-frame-pointer -funroll-loops  execution test
FAIL: libgomp.fortran/collapse1.f90  -O3 -fomit-frame-pointer -funroll-all-loops -finline-functions  execution test
FAIL: libgomp.fortran/collapse1.f90  -O3 -g  execution test
FAIL: libgomp.fortran/collapse1.f90  -Os  execution test
FAIL: libgomp.fortran/collapse2.f90  -O0  execution test
FAIL: libgomp.fortran/collapse2.f90  -O1  execution test
FAIL: libgomp.fortran/collapse2.f90  -O2  execution test
FAIL: libgomp.fortran/collapse2.f90  -O3 -fomit-frame-pointer  execution test
FAIL: libgomp.fortran/collapse2.f90  -O3 -fomit-frame-pointer -funroll-loops  execution test
FAIL: libgomp.fortran/collapse2.f90  -O3 -fomit-frame-pointer -funroll-all-loops -finline-functions  execution test
FAIL: libgomp.fortran/collapse2.f90  -O3 -g  execution test
FAIL: libgomp.fortran/collapse2.f90  -Os  execution test
FAIL: libgomp.fortran/collapse3.f90  -O0  execution test
FAIL: libgomp.fortran/collapse3.f90  -O1  execution test
FAIL: libgomp.fortran/collapse3.f90  -O2  execution test
FAIL: libgomp.fortran/collapse3.f90  -O3 -fomit-frame-pointer  execution test
FAIL: libgomp.fortran/collapse3.f90  -O3 -fomit-frame-pointer -funroll-loops  execution test
FAIL: libgomp.fortran/collapse3.f90  -O3 -fomit-frame-pointer -funroll-all-loops -finline-functions  execution test
FAIL: libgomp.fortran/collapse3.f90  -O3 -g  execution test
FAIL: libgomp.fortran/collapse3.f90  -Os  execution test
FAIL: libgomp.fortran/collapse4.f90  -O0  execution test
FAIL: libgomp.fortran/collapse4.f90  -O1  execution test
FAIL: libgomp.fortran/collapse4.f90  -O2  execution test
FAIL: libgomp.fortran/collapse4.f90  -O3 -fomit-frame-pointer  execution test
FAIL: libgomp.fortran/collapse4.f90  -O3 -fomit-frame-pointer -funroll-loops  execution test
FAIL: libgomp.fortran/collapse4.f90  -O3 -fomit-frame-pointer -funroll-all-loops -finline-functions  execution test
FAIL: libgomp.fortran/collapse4.f90  -O3 -g  execution test
FAIL: libgomp.fortran/collapse4.f90  -Os  execution test
FAIL: libgomp.fortran/crayptr1.f90  -O0  execution test
FAIL: libgomp.fortran/crayptr1.f90  -O1  execution test
FAIL: libgomp.fortran/crayptr1.f90  -O2  execution test
FAIL: libgomp.fortran/crayptr1.f90  -O3 -fomit-frame-pointer  execution test
FAIL: libgomp.fortran/crayptr1.f90  -O3 -fomit-frame-pointer -funroll-loops  execution test
FAIL: libgomp.fortran/crayptr1.f90  -O3 -fomit-frame-pointer -funroll-all-loops -finline-functions  execution test
FAIL: libgomp.fortran/crayptr1.f90  -O3 -g  execution test
FAIL: libgomp.fortran/crayptr1.f90  -Os  execution test
FAIL: libgomp.fortran/crayptr2.f90  -O0  execution test
FAIL: libgomp.fortran/crayptr2.f90  -O1  execution test
FAIL: libgomp.fortran/crayptr2.f90  -O2  execution test
FAIL: libgomp.fortran/crayptr2.f90  -O3 -fomit-frame-pointer  execution test
FAIL: libgomp.fortran/crayptr2.f90  -O3 -fomit-frame-pointer -funroll-loops  execution test
FAIL: libgomp.fortran/crayptr2.f90  -O3 -fomit-frame-pointer -funroll-all-loops -finline-functions  execution test
FAIL: libgomp.fortran/crayptr2.f90  -O3 -g  execution test
FAIL: libgomp.fortran/crayptr2.f90  -Os  execution test
FAIL: libgomp.fortran/crayptr3.f90  -O0  execution test
FAIL: libgomp.fortran/crayptr3.f90  -O1  execution test
FAIL: libgomp.fortran/crayptr3.f90  -O2  execution test
FAIL: libgomp.fortran/crayptr3.f90  -O3 -fomit-frame-pointer  execution test
FAIL: libgomp.fortran/crayptr3.f90  -O3 -fomit-frame-pointer -funroll-loops  execution test
FAIL: libgomp.fortran/crayptr3.f90  -O3 -fomit-frame-pointer -funroll-all-loops -finline-functions  execution test
FAIL: libgomp.fortran/crayptr3.f90  -O3 -g  execution test
FAIL: libgomp.fortran/crayptr3.f90  -Os  execution test
FAIL: libgomp.fortran/do1.f90  -O0  execution test
FAIL: libgomp.fortran/do1.f90  -O1  execution test
FAIL: libgomp.fortran/do1.f90  -O2  execution test
FAIL: libgomp.fortran/do1.f90  -O3 -fomit-frame-pointer  execution test
FAIL: libgomp.fortran/do1.f90  -O3 -fomit-frame-pointer -funroll-loops  execution test
FAIL: libgomp.fortran/do1.f90  -O3 -fomit-frame-pointer -funroll-all-loops -finline-functions  execution test
FAIL: libgomp.fortran/do1.f90  -O3 -g  execution test
FAIL: libgomp.fortran/do1.f90  -Os  execution test
FAIL: libgomp.fortran/do2.f90  -O0  execution test
FAIL: libgomp.fortran/do2.f90  -O1  execution test
FAIL: libgomp.fortran/do2.f90  -O2  execution test
FAIL: libgomp.fortran/do2.f90  -O3 -fomit-frame-pointer  execution test
FAIL: libgomp.fortran/do2.f90  -O3 -fomit-frame-pointer -funroll-loops  execution test
FAIL: libgomp.fortran/do2.f90  -O3 -fomit-frame-pointer -funroll-all-loops -finline-functions  execution test
FAIL: libgomp.fortran/do2.f90  -O3 -g  execution test
FAIL: libgomp.fortran/do2.f90  -Os  execution test
FAIL: libgomp.fortran/jacobi.f  -O0  execution test
FAIL: libgomp.fortran/jacobi.f  -O1  execution test
FAIL: libgomp.fortran/jacobi.f  -O2  execution test
FAIL: libgomp.fortran/jacobi.f  -O3 -fomit-frame-pointer  execution test
FAIL: libgomp.fortran/jacobi.f  -O3 -fomit-frame-pointer -funroll-loops  execution test
FAIL: libgomp.fortran/jacobi.f  -O3 -fomit-frame-pointer -funroll-all-loops -finline-functions  execution test
FAIL: libgomp.fortran/jacobi.f  -O3 -g  execution test
FAIL: libgomp.fortran/jacobi.f  -Os  execution test
FAIL: libgomp.fortran/lastprivate1.f90  -O  execution test
FAIL: libgomp.fortran/lastprivate2.f90  -O  execution test
FAIL: libgomp.fortran/lib1.f90  -O0  execution test
FAIL: libgomp.fortran/lib1.f90  -O1  execution test
FAIL: libgomp.fortran/lib1.f90  -O2  execution test
FAIL: libgomp.fortran/lib1.f90  -O3 -fomit-frame-pointer  execution test
FAIL: libgomp.fortran/lib1.f90  -O3 -fomit-frame-pointer -funroll-loops  execution test
FAIL: libgomp.fortran/lib1.f90  -O3 -fomit-frame-pointer -funroll-all-loops -finline-functions  execution test
FAIL: libgomp.fortran/lib1.f90  -O3 -g  execution test
FAIL: libgomp.fortran/lib1.f90  -Os  execution test
FAIL: libgomp.fortran/lib2.f  -O0  execution test
FAIL: libgomp.fortran/lib2.f  -O1  execution test
FAIL: libgomp.fortran/lib2.f  -O2  execution test
FAIL: libgomp.fortran/lib2.f  -O3 -fomit-frame-pointer  execution test
FAIL: libgomp.fortran/lib2.f  -O3 -fomit-frame-pointer -funroll-loops  execution test
FAIL: libgomp.fortran/lib2.f  -O3 -fomit-frame-pointer -funroll-all-loops -finline-functions  execution test
FAIL: libgomp.fortran/lib2.f  -O3 -g  execution test
FAIL: libgomp.fortran/lib2.f  -Os  execution test
FAIL: libgomp.fortran/lib3.f  -O0  execution test
FAIL: libgomp.fortran/lib3.f  -O1  execution test
FAIL: libgomp.fortran/lib3.f  -O2  execution test
FAIL: libgomp.fortran/lib3.f  -O3 -fomit-frame-pointer  execution test
FAIL: libgomp.fortran/lib3.f  -O3 -fomit-frame-pointer -funroll-loops  execution test
FAIL: libgomp.fortran/lib3.f  -O3 -fomit-frame-pointer -funroll-all-loops -finline-functions  execution test
FAIL: libgomp.fortran/lib3.f  -O3 -g  execution test
FAIL: libgomp.fortran/lib3.f  -Os  execution test
FAIL: libgomp.fortran/nested1.f90  -O0  execution test
FAIL: libgomp.fortran/nested1.f90  -O1  execution test
FAIL: libgomp.fortran/nested1.f90  -O2  execution test
FAIL: libgomp.fortran/nested1.f90  -O3 -fomit-frame-pointer  execution test
FAIL: libgomp.fortran/nested1.f90  -O3 -fomit-frame-pointer -funroll-loops  execution test
FAIL: libgomp.fortran/nested1.f90  -O3 -fomit-frame-pointer -funroll-all-loops -finline-functions  execution test
FAIL: libgomp.fortran/nested1.f90  -O3 -g  execution test
FAIL: libgomp.fortran/nested1.f90  -Os  execution test
FAIL: libgomp.fortran/nestedfn1.f90  -O0  execution test
FAIL: libgomp.fortran/nestedfn1.f90  -O1  execution test
FAIL: libgomp.fortran/nestedfn1.f90  -O2  execution test
FAIL: libgomp.fortran/nestedfn1.f90  -O3 -fomit-frame-pointer  execution test
FAIL: libgomp.fortran/nestedfn1.f90  -O3 -fomit-frame-pointer -funroll-loops  execution test
FAIL: libgomp.fortran/nestedfn1.f90  -O3 -fomit-frame-pointer -funroll-all-loops -finline-functions  execution test
FAIL: libgomp.fortran/nestedfn1.f90  -O3 -g  execution test
FAIL: libgomp.fortran/nestedfn1.f90  -Os  execution test
FAIL: libgomp.fortran/nestedfn2.f90  -O0  execution test
FAIL: libgomp.fortran/nestedfn2.f90  -O1  execution test
FAIL: libgomp.fortran/nestedfn2.f90  -O2  execution test
FAIL: libgomp.fortran/nestedfn2.f90  -O3 -fomit-frame-pointer  execution test
FAIL: libgomp.fortran/nestedfn2.f90  -O3 -fomit-frame-pointer -funroll-loops  execution test
FAIL: libgomp.fortran/nestedfn2.f90  -O3 -fomit-frame-pointer -funroll-all-loops -finline-functions  execution test
FAIL: libgomp.fortran/nestedfn2.f90  -O3 -g  execution test
FAIL: libgomp.fortran/nestedfn2.f90  -Os  execution test
FAIL: libgomp.fortran/nestedfn3.f90  -O0  execution test
FAIL: libgomp.fortran/nestedfn3.f90  -O1  execution test
FAIL: libgomp.fortran/nestedfn3.f90  -O2  execution test
FAIL: libgomp.fortran/nestedfn3.f90  -O3 -fomit-frame-pointer  execution test
FAIL: libgomp.fortran/nestedfn3.f90  -O3 -fomit-frame-pointer -funroll-loops  execution test
FAIL: libgomp.fortran/nestedfn3.f90  -O3 -fomit-frame-pointer -funroll-all-loops -finline-functions  execution test
FAIL: libgomp.fortran/nestedfn3.f90  -O3 -g  execution test
FAIL: libgomp.fortran/nestedfn3.f90  -Os  execution test
FAIL: libgomp.fortran/nestedfn4.f90  -O  execution test
FAIL: libgomp.fortran/omp_hello.f  -O  execution test
FAIL: libgomp.fortran/omp_orphan.f  -O  execution test
FAIL: libgomp.fortran/omp_parse1.f90  -O0  execution test
FAIL: libgomp.fortran/omp_parse1.f90  -O1  execution test
FAIL: libgomp.fortran/omp_parse1.f90  -O2  execution test
FAIL: libgomp.fortran/omp_parse1.f90  -O3 -fomit-frame-pointer  execution test
FAIL: libgomp.fortran/omp_parse1.f90  -O3 -fomit-frame-pointer -funroll-loops  execution test
FAIL: libgomp.fortran/omp_parse1.f90  -O3 -fomit-frame-pointer -funroll-all-loops -finline-functions  execution test
FAIL: libgomp.fortran/omp_parse1.f90  -O3 -g  execution test
FAIL: libgomp.fortran/omp_parse1.f90  -Os  execution test
FAIL: libgomp.fortran/omp_parse2.f90  -O0  execution test
FAIL: libgomp.fortran/omp_parse2.f90  -O1  execution test
FAIL: libgomp.fortran/omp_parse2.f90  -O2  execution test
FAIL: libgomp.fortran/omp_parse2.f90  -O3 -fomit-frame-pointer  execution test
FAIL: libgomp.fortran/omp_parse2.f90  -O3 -fomit-frame-pointer -funroll-loops  execution test
FAIL: libgomp.fortran/omp_parse2.f90  -O3 -fomit-frame-pointer -funroll-all-loops -finline-functions  execution test
FAIL: libgomp.fortran/omp_parse2.f90  -O3 -g  execution test
FAIL: libgomp.fortran/omp_parse2.f90  -Os  execution test
FAIL: libgomp.fortran/omp_parse3.f90  -O0  execution test
FAIL: libgomp.fortran/omp_parse3.f90  -O1  execution test
FAIL: libgomp.fortran/omp_parse3.f90  -O2  execution test
FAIL: libgomp.fortran/omp_parse3.f90  -O3 -fomit-frame-pointer  execution test
FAIL: libgomp.fortran/omp_parse3.f90  -O3 -fomit-frame-pointer -funroll-loops  execution test
FAIL: libgomp.fortran/omp_parse3.f90  -O3 -fomit-frame-pointer -funroll-all-loops -finline-functions  execution test
FAIL: libgomp.fortran/omp_parse3.f90  -O3 -g  execution test
FAIL: libgomp.fortran/omp_parse3.f90  -Os  execution test
FAIL: libgomp.fortran/omp_parse4.f90  -O0  execution test
FAIL: libgomp.fortran/omp_parse4.f90  -O1  execution test
FAIL: libgomp.fortran/omp_parse4.f90  -O2  execution test
FAIL: libgomp.fortran/omp_parse4.f90  -O3 -fomit-frame-pointer  execution test
FAIL: libgomp.fortran/omp_parse4.f90  -O3 -fomit-frame-pointer -funroll-loops  execution test
FAIL: libgomp.fortran/omp_parse4.f90  -O3 -fomit-frame-pointer -funroll-all-loops -finline-functions  execution test
FAIL: libgomp.fortran/omp_parse4.f90  -O3 -g  execution test
FAIL: libgomp.fortran/omp_parse4.f90  -Os  execution test
FAIL: libgomp.fortran/omp_reduction.f  -O  execution test
FAIL: libgomp.fortran/omp_workshare1.f  -O  execution test
FAIL: libgomp.fortran/omp_workshare2.f  -O  execution test
FAIL: libgomp.fortran/pointer1.f90  -O0  execution test
FAIL: libgomp.fortran/pointer1.f90  -O1  execution test
FAIL: libgomp.fortran/pointer1.f90  -O2  execution test
FAIL: libgomp.fortran/pointer1.f90  -O3 -fomit-frame-pointer  execution test
FAIL: libgomp.fortran/pointer1.f90  -O3 -fomit-frame-pointer -funroll-loops  execution test
FAIL: libgomp.fortran/pointer1.f90  -O3 -fomit-frame-pointer -funroll-all-loops -finline-functions  execution test
FAIL: libgomp.fortran/pointer1.f90  -O3 -g  execution test
FAIL: libgomp.fortran/pointer1.f90  -Os  execution test
FAIL: libgomp.fortran/pointer2.f90  -O0  execution test
FAIL: libgomp.fortran/pointer2.f90  -O1  execution test
FAIL: libgomp.fortran/pointer2.f90  -O2  execution test
FAIL: libgomp.fortran/pointer2.f90  -O3 -fomit-frame-pointer  execution test
FAIL: libgomp.fortran/pointer2.f90  -O3 -fomit-frame-pointer -funroll-loops  execution test
FAIL: libgomp.fortran/pointer2.f90  -O3 -fomit-frame-pointer -funroll-all-loops -finline-functions  execution test
FAIL: libgomp.fortran/pointer2.f90  -O3 -g  execution test
FAIL: libgomp.fortran/pointer2.f90  -Os  execution test
FAIL: libgomp.fortran/pr25162.f  -O0  execution test
FAIL: libgomp.fortran/pr25162.f  -O1  execution test
FAIL: libgomp.fortran/pr25162.f  -O2  execution test
FAIL: libgomp.fortran/pr25162.f  -O3 -fomit-frame-pointer  execution test
FAIL: libgomp.fortran/pr25162.f  -O3 -fomit-frame-pointer -funroll-loops  execution test
FAIL: libgomp.fortran/pr25162.f  -O3 -fomit-frame-pointer -funroll-all-loops -finline-functions  execution test
FAIL: libgomp.fortran/pr25162.f  -O3 -g  execution test
FAIL: libgomp.fortran/pr25162.f  -Os  execution test
FAIL: libgomp.fortran/pr25219.f90  -O  execution test
FAIL: libgomp.fortran/pr27395-1.f90  -O0  execution test
FAIL: libgomp.fortran/pr27395-1.f90  -O1  execution test
FAIL: libgomp.fortran/pr27395-1.f90  -O2  execution test
FAIL: libgomp.fortran/pr27395-1.f90  -O3 -fomit-frame-pointer  execution test
FAIL: libgomp.fortran/pr27395-1.f90  -O3 -fomit-frame-pointer -funroll-loops  execution test
FAIL: libgomp.fortran/pr27395-1.f90  -O3 -fomit-frame-pointer -funroll-all-loops -finline-functions  execution test
FAIL: libgomp.fortran/pr27395-1.f90  -O3 -g  execution test
FAIL: libgomp.fortran/pr27395-1.f90  -Os  execution test
FAIL: libgomp.fortran/pr27395-2.f90  -O0  execution test
FAIL: libgomp.fortran/pr27395-2.f90  -O1  execution test
FAIL: libgomp.fortran/pr27395-2.f90  -O2  execution test
FAIL: libgomp.fortran/pr27395-2.f90  -O3 -fomit-frame-pointer  execution test
FAIL: libgomp.fortran/pr27395-2.f90  -O3 -fomit-frame-pointer -funroll-loops  execution test
FAIL: libgomp.fortran/pr27395-2.f90  -O3 -fomit-frame-pointer -funroll-all-loops -finline-functions  execution test
FAIL: libgomp.fortran/pr27395-2.f90  -O3 -g  execution test
FAIL: libgomp.fortran/pr27395-2.f90  -Os  execution test
FAIL: libgomp.fortran/pr27416-1.f90  -O0  execution test
FAIL: libgomp.fortran/pr27416-1.f90  -O1  execution test
FAIL: libgomp.fortran/pr27416-1.f90  -O2  execution test
FAIL: libgomp.fortran/pr27416-1.f90  -O3 -fomit-frame-pointer  execution test
FAIL: libgomp.fortran/pr27416-1.f90  -O3 -fomit-frame-pointer -funroll-loops  execution test
FAIL: libgomp.fortran/pr27416-1.f90  -O3 -fomit-frame-pointer -funroll-all-loops -finline-functions  execution test
FAIL: libgomp.fortran/pr27416-1.f90  -O3 -g  execution test
FAIL: libgomp.fortran/pr27416-1.f90  -Os  execution test
FAIL: libgomp.fortran/pr27916-1.f90  -O0  execution test
FAIL: libgomp.fortran/pr27916-1.f90  -O1  execution test
FAIL: libgomp.fortran/pr27916-1.f90  -O2  execution test
FAIL: libgomp.fortran/pr27916-1.f90  -O3 -fomit-frame-pointer  execution test
FAIL: libgomp.fortran/pr27916-1.f90  -O3 -fomit-frame-pointer -funroll-loops  execution test
FAIL: libgomp.fortran/pr27916-1.f90  -O3 -fomit-frame-pointer -funroll-all-loops -finline-functions  execution test
FAIL: libgomp.fortran/pr27916-1.f90  -O3 -g  execution test
FAIL: libgomp.fortran/pr27916-1.f90  -Os  execution test
FAIL: libgomp.fortran/pr27916-2.f90  -O0  execution test
FAIL: libgomp.fortran/pr27916-2.f90  -O1  execution test
FAIL: libgomp.fortran/pr27916-2.f90  -O2  execution test
FAIL: libgomp.fortran/pr27916-2.f90  -O3 -fomit-frame-pointer  execution test
FAIL: libgomp.fortran/pr27916-2.f90  -O3 -fomit-frame-pointer -funroll-loops  execution test
FAIL: libgomp.fortran/pr27916-2.f90  -O3 -fomit-frame-pointer -funroll-all-loops -finline-functions  execution test
FAIL: libgomp.fortran/pr27916-2.f90  -O3 -g  execution test
FAIL: libgomp.fortran/pr27916-2.f90  -Os  execution test
FAIL: libgomp.fortran/pr28390.f  -O  execution test
FAIL: libgomp.fortran/pr29629.f90  -O0  execution test
FAIL: libgomp.fortran/pr29629.f90  -O1  execution test
FAIL: libgomp.fortran/pr29629.f90  -O2  execution test
FAIL: libgomp.fortran/pr29629.f90  -O3 -fomit-frame-pointer  execution test
FAIL: libgomp.fortran/pr29629.f90  -O3 -fomit-frame-pointer -funroll-loops  execution test
FAIL: libgomp.fortran/pr29629.f90  -O3 -fomit-frame-pointer -funroll-all-loops -finline-functions  execution test
FAIL: libgomp.fortran/pr29629.f90  -O3 -g  execution test
FAIL: libgomp.fortran/pr29629.f90  -Os  execution test
FAIL: libgomp.fortran/pr32550.f90  -O0  execution test
FAIL: libgomp.fortran/pr32550.f90  -O1  execution test
FAIL: libgomp.fortran/pr32550.f90  -O2  execution test
FAIL: libgomp.fortran/pr32550.f90  -O3 -fomit-frame-pointer  execution test
FAIL: libgomp.fortran/pr32550.f90  -O3 -fomit-frame-pointer -funroll-loops  execution test
FAIL: libgomp.fortran/pr32550.f90  -O3 -fomit-frame-pointer -funroll-all-loops -finline-functions  execution test
FAIL: libgomp.fortran/pr32550.f90  -O3 -g  execution test
FAIL: libgomp.fortran/pr32550.f90  -Os  execution test
FAIL: libgomp.fortran/pr33880.f90  -O0  execution test
FAIL: libgomp.fortran/pr33880.f90  -O1  execution test
FAIL: libgomp.fortran/pr33880.f90  -O2  execution test
FAIL: libgomp.fortran/pr33880.f90  -O3 -fomit-frame-pointer  execution test
FAIL: libgomp.fortran/pr33880.f90  -O3 -fomit-frame-pointer -funroll-loops  execution test
FAIL: libgomp.fortran/pr33880.f90  -O3 -fomit-frame-pointer -funroll-all-loops -finline-functions  execution test
FAIL: libgomp.fortran/pr33880.f90  -O3 -g  execution test
FAIL: libgomp.fortran/pr33880.f90  -Os  execution test
FAIL: libgomp.fortran/pr34020.f90  -O0  execution test
FAIL: libgomp.fortran/pr34020.f90  -O1  execution test
FAIL: libgomp.fortran/pr34020.f90  -O2  execution test
FAIL: libgomp.fortran/pr34020.f90  -O3 -fomit-frame-pointer  execution test
FAIL: libgomp.fortran/pr34020.f90  -O3 -fomit-frame-pointer -funroll-loops  execution test
FAIL: libgomp.fortran/pr34020.f90  -O3 -fomit-frame-pointer -funroll-all-loops -finline-functions  execution test
FAIL: libgomp.fortran/pr34020.f90  -O3 -g  execution test
FAIL: libgomp.fortran/pr34020.f90  -Os  execution test
FAIL: libgomp.fortran/pr35130.f90  -O  execution test
FAIL: libgomp.fortran/pr42162.f90  -O0  execution test
FAIL: libgomp.fortran/pr42162.f90  -O1  execution test
FAIL: libgomp.fortran/pr42162.f90  -O2  execution test
FAIL: libgomp.fortran/pr42162.f90  -O3 -fomit-frame-pointer  execution test
FAIL: libgomp.fortran/pr42162.f90  -O3 -fomit-frame-pointer -funroll-loops  execution test
FAIL: libgomp.fortran/pr42162.f90  -O3 -fomit-frame-pointer -funroll-all-loops -finline-functions  execution test
FAIL: libgomp.fortran/pr42162.f90  -O3 -g  execution test
FAIL: libgomp.fortran/pr42162.f90  -Os  execution test
FAIL: libgomp.fortran/pr46753.f90  -O0  execution test
FAIL: libgomp.fortran/pr46753.f90  -O1  execution test
FAIL: libgomp.fortran/pr46753.f90  -O2  execution test
FAIL: libgomp.fortran/pr46753.f90  -O3 -fomit-frame-pointer  execution test
FAIL: libgomp.fortran/pr46753.f90  -O3 -fomit-frame-pointer -funroll-loops  execution test
FAIL: libgomp.fortran/pr46753.f90  -O3 -fomit-frame-pointer -funroll-all-loops -finline-functions  execution test
FAIL: libgomp.fortran/pr46753.f90  -O3 -g  execution test
FAIL: libgomp.fortran/pr46753.f90  -Os  execution test
FAIL: libgomp.fortran/pr48894.f90  -O0  execution test
FAIL: libgomp.fortran/pr48894.f90  -O1  execution test
FAIL: libgomp.fortran/pr48894.f90  -O2  execution test
FAIL: libgomp.fortran/pr48894.f90  -O3 -fomit-frame-pointer  execution test
FAIL: libgomp.fortran/pr48894.f90  -O3 -fomit-frame-pointer -funroll-loops  execution test
FAIL: libgomp.fortran/pr48894.f90  -O3 -fomit-frame-pointer -funroll-all-loops -finline-functions  execution test
FAIL: libgomp.fortran/pr48894.f90  -O3 -g  execution test
FAIL: libgomp.fortran/pr48894.f90  -Os  execution test
FAIL: libgomp.fortran/pr49792-1.f90  -O0  execution test
FAIL: libgomp.fortran/pr49792-1.f90  -O1  execution test
FAIL: libgomp.fortran/pr49792-1.f90  -O2  execution test
FAIL: libgomp.fortran/pr49792-1.f90  -O3 -fomit-frame-pointer  execution test
FAIL: libgomp.fortran/pr49792-1.f90  -O3 -fomit-frame-pointer -funroll-loops  execution test
FAIL: libgomp.fortran/pr49792-1.f90  -O3 -fomit-frame-pointer -funroll-all-loops -finline-functions  execution test
FAIL: libgomp.fortran/pr49792-1.f90  -O3 -g  execution test
FAIL: libgomp.fortran/pr49792-1.f90  -Os  execution test
FAIL: libgomp.fortran/pr49792-2.f90  -O0  execution test
FAIL: libgomp.fortran/pr49792-2.f90  -O1  execution test
FAIL: libgomp.fortran/pr49792-2.f90  -O2  execution test
FAIL: libgomp.fortran/pr49792-2.f90  -O3 -fomit-frame-pointer  execution test
FAIL: libgomp.fortran/pr49792-2.f90  -O3 -fomit-frame-pointer -funroll-loops  execution test
FAIL: libgomp.fortran/pr49792-2.f90  -O3 -fomit-frame-pointer -funroll-all-loops -finline-functions  execution test
FAIL: libgomp.fortran/pr49792-2.f90  -O3 -g  execution test
FAIL: libgomp.fortran/pr49792-2.f90  -Os  execution test
FAIL: libgomp.fortran/recursion1.f90  -O0  execution test
FAIL: libgomp.fortran/recursion1.f90  -O1  execution test
FAIL: libgomp.fortran/recursion1.f90  -O2  execution test
FAIL: libgomp.fortran/recursion1.f90  -O3 -fomit-frame-pointer  execution test
FAIL: libgomp.fortran/recursion1.f90  -O3 -fomit-frame-pointer -funroll-loops  execution test
FAIL: libgomp.fortran/recursion1.f90  -O3 -fomit-frame-pointer -funroll-all-loops -finline-functions  execution test
FAIL: libgomp.fortran/recursion1.f90  -O3 -g  execution test
FAIL: libgomp.fortran/recursion1.f90  -Os  execution test
FAIL: libgomp.fortran/reduction1.f90  -O0  execution test
FAIL: libgomp.fortran/reduction1.f90  -O1  execution test
FAIL: libgomp.fortran/reduction1.f90  -O2  execution test
FAIL: libgomp.fortran/reduction1.f90  -O3 -fomit-frame-pointer  execution test
FAIL: libgomp.fortran/reduction1.f90  -O3 -fomit-frame-pointer -funroll-loops  execution test
FAIL: libgomp.fortran/reduction1.f90  -O3 -fomit-frame-pointer -funroll-all-loops -finline-functions  execution test
FAIL: libgomp.fortran/reduction1.f90  -O3 -g  execution test
FAIL: libgomp.fortran/reduction1.f90  -Os  execution test
FAIL: libgomp.fortran/reduction2.f90  -O0  execution test
FAIL: libgomp.fortran/reduction2.f90  -O1  execution test
FAIL: libgomp.fortran/reduction2.f90  -O2  execution test
FAIL: libgomp.fortran/reduction2.f90  -O3 -fomit-frame-pointer  execution test
FAIL: libgomp.fortran/reduction2.f90  -O3 -fomit-frame-pointer -funroll-loops  execution test
FAIL: libgomp.fortran/reduction2.f90  -O3 -fomit-frame-pointer -funroll-all-loops -finline-functions  execution test
FAIL: libgomp.fortran/reduction2.f90  -O3 -g  execution test
FAIL: libgomp.fortran/reduction2.f90  -Os  execution test
FAIL: libgomp.fortran/reduction3.f90  -O0  execution test
FAIL: libgomp.fortran/reduction3.f90  -O1  execution test
FAIL: libgomp.fortran/reduction3.f90  -O2  execution test
FAIL: libgomp.fortran/reduction3.f90  -O3 -fomit-frame-pointer  execution test
FAIL: libgomp.fortran/reduction3.f90  -O3 -fomit-frame-pointer -funroll-loops  execution test
FAIL: libgomp.fortran/reduction3.f90  -O3 -fomit-frame-pointer -funroll-all-loops -finline-functions  execution test
FAIL: libgomp.fortran/reduction3.f90  -O3 -g  execution test
FAIL: libgomp.fortran/reduction3.f90  -Os  execution test
FAIL: libgomp.fortran/reduction4.f90  -O0  execution test
FAIL: libgomp.fortran/reduction4.f90  -O1  execution test
FAIL: libgomp.fortran/reduction4.f90  -O2  execution test
FAIL: libgomp.fortran/reduction4.f90  -O3 -fomit-frame-pointer  execution test
FAIL: libgomp.fortran/reduction4.f90  -O3 -fomit-frame-pointer -funroll-loops  execution test
FAIL: libgomp.fortran/reduction4.f90  -O3 -fomit-frame-pointer -funroll-all-loops -finline-functions  execution test
FAIL: libgomp.fortran/reduction4.f90  -O3 -g  execution test
FAIL: libgomp.fortran/reduction4.f90  -Os  execution test
FAIL: libgomp.fortran/reduction5.f90  -O0  execution test
FAIL: libgomp.fortran/reduction5.f90  -O1  execution test
FAIL: libgomp.fortran/reduction5.f90  -O2  execution test
FAIL: libgomp.fortran/reduction5.f90  -O3 -fomit-frame-pointer  execution test
FAIL: libgomp.fortran/reduction5.f90  -O3 -fomit-frame-pointer -funroll-loops  execution test
FAIL: libgomp.fortran/reduction5.f90  -O3 -fomit-frame-pointer -funroll-all-loops -finline-functions  execution test
FAIL: libgomp.fortran/reduction5.f90  -O3 -g  execution test
FAIL: libgomp.fortran/reduction5.f90  -Os  execution test
FAIL: libgomp.fortran/reduction6.f90  -O0  execution test
FAIL: libgomp.fortran/reduction6.f90  -O1  execution test
FAIL: libgomp.fortran/reduction6.f90  -O2  execution test
FAIL: libgomp.fortran/reduction6.f90  -O3 -fomit-frame-pointer  execution test
FAIL: libgomp.fortran/reduction6.f90  -O3 -fomit-frame-pointer -funroll-loops  execution test
FAIL: libgomp.fortran/reduction6.f90  -O3 -fomit-frame-pointer -funroll-all-loops -finline-functions  execution test
FAIL: libgomp.fortran/reduction6.f90  -O3 -g  execution test
FAIL: libgomp.fortran/reduction6.f90  -Os  execution test
FAIL: libgomp.fortran/reference1.f90  -O0  execution test
FAIL: libgomp.fortran/reference1.f90  -O1  execution test
FAIL: libgomp.fortran/reference1.f90  -O2  execution test
FAIL: libgomp.fortran/reference1.f90  -O3 -fomit-frame-pointer  execution test
FAIL: libgomp.fortran/reference1.f90  -O3 -fomit-frame-pointer -funroll-loops  execution test
FAIL: libgomp.fortran/reference1.f90  -O3 -fomit-frame-pointer -funroll-all-loops -finline-functions  execution test
FAIL: libgomp.fortran/reference1.f90  -O3 -g  execution test
FAIL: libgomp.fortran/reference1.f90  -Os  execution test
FAIL: libgomp.fortran/reference2.f90  -O0  execution test
FAIL: libgomp.fortran/reference2.f90  -O1  execution test
FAIL: libgomp.fortran/reference2.f90  -O2  execution test
FAIL: libgomp.fortran/reference2.f90  -O3 -fomit-frame-pointer  execution test
FAIL: libgomp.fortran/reference2.f90  -O3 -fomit-frame-pointer -funroll-loops  execution test
FAIL: libgomp.fortran/reference2.f90  -O3 -fomit-frame-pointer -funroll-all-loops -finline-functions  execution test
FAIL: libgomp.fortran/reference2.f90  -O3 -g  execution test
FAIL: libgomp.fortran/reference2.f90  -Os  execution test
FAIL: libgomp.fortran/retval1.f90  -O0  execution test
FAIL: libgomp.fortran/retval1.f90  -O1  execution test
FAIL: libgomp.fortran/retval1.f90  -O2  execution test
FAIL: libgomp.fortran/retval1.f90  -O3 -fomit-frame-pointer  execution test
FAIL: libgomp.fortran/retval1.f90  -O3 -fomit-frame-pointer -funroll-loops  execution test
FAIL: libgomp.fortran/retval1.f90  -O3 -fomit-frame-pointer -funroll-all-loops -finline-functions  execution test
FAIL: libgomp.fortran/retval1.f90  -O3 -g  execution test
FAIL: libgomp.fortran/retval1.f90  -Os  execution test
FAIL: libgomp.fortran/retval2.f90  -O0  execution test
FAIL: libgomp.fortran/retval2.f90  -O1  execution test
FAIL: libgomp.fortran/retval2.f90  -O2  execution test
FAIL: libgomp.fortran/retval2.f90  -O3 -fomit-frame-pointer  execution test
FAIL: libgomp.fortran/retval2.f90  -O3 -fomit-frame-pointer -funroll-loops  execution test
FAIL: libgomp.fortran/retval2.f90  -O3 -fomit-frame-pointer -funroll-all-loops -finline-functions  execution test
FAIL: libgomp.fortran/retval2.f90  -O3 -g  execution test
FAIL: libgomp.fortran/retval2.f90  -Os  execution test
FAIL: libgomp.fortran/sharing1.f90  -O0  execution test
FAIL: libgomp.fortran/sharing1.f90  -O1  execution test
FAIL: libgomp.fortran/sharing1.f90  -O2  execution test
FAIL: libgomp.fortran/sharing1.f90  -O3 -fomit-frame-pointer  execution test
FAIL: libgomp.fortran/sharing1.f90  -O3 -fomit-frame-pointer -funroll-loops  execution test
FAIL: libgomp.fortran/sharing1.f90  -O3 -fomit-frame-pointer -funroll-all-loops -finline-functions  execution test
FAIL: libgomp.fortran/sharing1.f90  -O3 -g  execution test
FAIL: libgomp.fortran/sharing1.f90  -Os  execution test
FAIL: libgomp.fortran/sharing2.f90  -O0  execution test
FAIL: libgomp.fortran/sharing2.f90  -O1  execution test
FAIL: libgomp.fortran/sharing2.f90  -O2  execution test
FAIL: libgomp.fortran/sharing2.f90  -O3 -fomit-frame-pointer  execution test
FAIL: libgomp.fortran/sharing2.f90  -O3 -fomit-frame-pointer -funroll-loops  execution test
FAIL: libgomp.fortran/sharing2.f90  -O3 -fomit-frame-pointer -funroll-all-loops -finline-functions  execution test
FAIL: libgomp.fortran/sharing2.f90  -O3 -g  execution test
FAIL: libgomp.fortran/sharing2.f90  -Os  execution test
FAIL: libgomp.fortran/stack.f90  -O0  execution test
FAIL: libgomp.fortran/stack.f90  -O1  execution test
FAIL: libgomp.fortran/stack.f90  -O2  execution test
FAIL: libgomp.fortran/stack.f90  -O3 -fomit-frame-pointer  execution test
FAIL: libgomp.fortran/stack.f90  -O3 -fomit-frame-pointer -funroll-loops  execution test
FAIL: libgomp.fortran/stack.f90  -O3 -fomit-frame-pointer -funroll-all-loops -finline-functions  execution test
FAIL: libgomp.fortran/stack.f90  -O3 -g  execution test
FAIL: libgomp.fortran/stack.f90  -Os  execution test
FAIL: libgomp.fortran/strassen.f90  -O  execution test
FAIL: libgomp.fortran/task1.f90  -O0  execution test
FAIL: libgomp.fortran/task1.f90  -O1  execution test
FAIL: libgomp.fortran/task1.f90  -O2  execution test
FAIL: libgomp.fortran/task1.f90  -O3 -fomit-frame-pointer  execution test
FAIL: libgomp.fortran/task1.f90  -O3 -fomit-frame-pointer -funroll-loops  execution test
FAIL: libgomp.fortran/task1.f90  -O3 -fomit-frame-pointer -funroll-all-loops -finline-functions  execution test
FAIL: libgomp.fortran/task1.f90  -O3 -g  execution test
FAIL: libgomp.fortran/task1.f90  -Os  execution test
FAIL: libgomp.fortran/task2.f90  -O  execution test
FAIL: libgomp.fortran/task3.f90  -O0  execution test
FAIL: libgomp.fortran/task3.f90  -O1  execution test
FAIL: libgomp.fortran/task3.f90  -O2  execution test
FAIL: libgomp.fortran/task3.f90  -O3 -fomit-frame-pointer  execution test
FAIL: libgomp.fortran/task3.f90  -O3 -fomit-frame-pointer -funroll-loops  execution test
FAIL: libgomp.fortran/task3.f90  -O3 -fomit-frame-pointer -funroll-all-loops -finline-functions  execution test
FAIL: libgomp.fortran/task3.f90  -O3 -g  execution test
FAIL: libgomp.fortran/task3.f90  -Os  execution test
FAIL: libgomp.fortran/task4.f90  -O0  execution test
FAIL: libgomp.fortran/task4.f90  -O1  execution test
FAIL: libgomp.fortran/task4.f90  -O2  execution test
FAIL: libgomp.fortran/task4.f90  -O3 -fomit-frame-pointer  execution test
FAIL: libgomp.fortran/task4.f90  -O3 -fomit-frame-pointer -funroll-loops  execution test
FAIL: libgomp.fortran/task4.f90  -O3 -fomit-frame-pointer -funroll-all-loops -finline-functions  execution test
FAIL: libgomp.fortran/task4.f90  -O3 -g  execution test
FAIL: libgomp.fortran/task4.f90  -Os  execution test
FAIL: libgomp.fortran/threadprivate1.f90  -O0  execution test
FAIL: libgomp.fortran/threadprivate1.f90  -O1  execution test
FAIL: libgomp.fortran/threadprivate1.f90  -O2  execution test
FAIL: libgomp.fortran/threadprivate1.f90  -O3 -fomit-frame-pointer  execution test
FAIL: libgomp.fortran/threadprivate1.f90  -O3 -fomit-frame-pointer -funroll-loops  execution test
FAIL: libgomp.fortran/threadprivate1.f90  -O3 -fomit-frame-pointer -funroll-all-loops -finline-functions  execution test
FAIL: libgomp.fortran/threadprivate1.f90  -O3 -g  execution test
FAIL: libgomp.fortran/threadprivate1.f90  -Os  execution test
FAIL: libgomp.fortran/threadprivate2.f90  -O0  execution test
FAIL: libgomp.fortran/threadprivate2.f90  -O1  execution test
FAIL: libgomp.fortran/threadprivate2.f90  -O2  execution test
FAIL: libgomp.fortran/threadprivate2.f90  -O3 -fomit-frame-pointer  execution test
FAIL: libgomp.fortran/threadprivate2.f90  -O3 -fomit-frame-pointer -funroll-loops  execution test
FAIL: libgomp.fortran/threadprivate2.f90  -O3 -fomit-frame-pointer -funroll-all-loops -finline-functions  execution test
FAIL: libgomp.fortran/threadprivate2.f90  -O3 -g  execution test
FAIL: libgomp.fortran/threadprivate2.f90  -Os  execution test
FAIL: libgomp.fortran/threadprivate3.f90  -O0  execution test
FAIL: libgomp.fortran/threadprivate3.f90  -O1  execution test
FAIL: libgomp.fortran/threadprivate3.f90  -O2  execution test
FAIL: libgomp.fortran/threadprivate3.f90  -O3 -fomit-frame-pointer  execution test
FAIL: libgomp.fortran/threadprivate3.f90  -O3 -fomit-frame-pointer -funroll-loops  execution test
FAIL: libgomp.fortran/threadprivate3.f90  -O3 -fomit-frame-pointer -funroll-all-loops -finline-functions  execution test
FAIL: libgomp.fortran/threadprivate3.f90  -O3 -g  execution test
FAIL: libgomp.fortran/threadprivate3.f90  -Os  execution test
FAIL: libgomp.fortran/threadprivate4.f90  -O0  execution test
FAIL: libgomp.fortran/threadprivate4.f90  -O1  execution test
FAIL: libgomp.fortran/threadprivate4.f90  -O2  execution test
FAIL: libgomp.fortran/threadprivate4.f90  -O3 -fomit-frame-pointer  execution test
FAIL: libgomp.fortran/threadprivate4.f90  -O3 -fomit-frame-pointer -funroll-loops  execution test
FAIL: libgomp.fortran/threadprivate4.f90  -O3 -fomit-frame-pointer -funroll-all-loops -finline-functions  execution test
FAIL: libgomp.fortran/threadprivate4.f90  -O3 -g  execution test
FAIL: libgomp.fortran/threadprivate4.f90  -Os  execution test
FAIL: libgomp.fortran/vla1.f90  -O0  execution test
FAIL: libgomp.fortran/vla1.f90  -O1  execution test
FAIL: libgomp.fortran/vla1.f90  -O2  execution test
FAIL: libgomp.fortran/vla1.f90  -O3 -fomit-frame-pointer  execution test
FAIL: libgomp.fortran/vla1.f90  -O3 -fomit-frame-pointer -funroll-loops  execution test
FAIL: libgomp.fortran/vla1.f90  -O3 -fomit-frame-pointer -funroll-all-loops -finline-functions  execution test
FAIL: libgomp.fortran/vla1.f90  -O3 -g  execution test
FAIL: libgomp.fortran/vla1.f90  -Os  execution test
FAIL: libgomp.fortran/vla2.f90  -O0  execution test
FAIL: libgomp.fortran/vla2.f90  -O1  execution test
FAIL: libgomp.fortran/vla2.f90  -O2  execution test
FAIL: libgomp.fortran/vla2.f90  -O3 -fomit-frame-pointer  execution test
FAIL: libgomp.fortran/vla2.f90  -O3 -fomit-frame-pointer -funroll-loops  execution test
FAIL: libgomp.fortran/vla2.f90  -O3 -fomit-frame-pointer -funroll-all-loops -finline-functions  execution test
FAIL: libgomp.fortran/vla2.f90  -O3 -g  execution test
FAIL: libgomp.fortran/vla2.f90  -Os  execution test
FAIL: libgomp.fortran/vla3.f90  -O0  execution test
FAIL: libgomp.fortran/vla3.f90  -O1  execution test
FAIL: libgomp.fortran/vla3.f90  -O2  execution test
FAIL: libgomp.fortran/vla3.f90  -O3 -fomit-frame-pointer  execution test
FAIL: libgomp.fortran/vla3.f90  -O3 -fomit-frame-pointer -funroll-loops  execution test
FAIL: libgomp.fortran/vla3.f90  -O3 -fomit-frame-pointer -funroll-all-loops -finline-functions  execution test
FAIL: libgomp.fortran/vla3.f90  -O3 -g  execution test
FAIL: libgomp.fortran/vla3.f90  -Os  execution test
FAIL: libgomp.fortran/vla4.f90  -O0  execution test
FAIL: libgomp.fortran/vla4.f90  -O1  execution test
FAIL: libgomp.fortran/vla4.f90  -O2  execution test
FAIL: libgomp.fortran/vla4.f90  -O3 -fomit-frame-pointer  execution test
FAIL: libgomp.fortran/vla4.f90  -O3 -fomit-frame-pointer -funroll-loops  execution test
FAIL: libgomp.fortran/vla4.f90  -O3 -fomit-frame-pointer -funroll-all-loops -finline-functions  execution test
FAIL: libgomp.fortran/vla4.f90  -O3 -g  execution test
FAIL: libgomp.fortran/vla4.f90  -Os  execution test
FAIL: libgomp.fortran/vla5.f90  -O0  execution test
FAIL: libgomp.fortran/vla5.f90  -O1  execution test
FAIL: libgomp.fortran/vla5.f90  -O2  execution test
FAIL: libgomp.fortran/vla5.f90  -O3 -fomit-frame-pointer  execution test
FAIL: libgomp.fortran/vla5.f90  -O3 -fomit-frame-pointer -funroll-loops  execution test
FAIL: libgomp.fortran/vla5.f90  -O3 -fomit-frame-pointer -funroll-all-loops -finline-functions  execution test
FAIL: libgomp.fortran/vla5.f90  -O3 -g  execution test
FAIL: libgomp.fortran/vla5.f90  -Os  execution test
FAIL: libgomp.fortran/vla6.f90  -O0  execution test
FAIL: libgomp.fortran/vla6.f90  -O1  execution test
FAIL: libgomp.fortran/vla6.f90  -O2  execution test
FAIL: libgomp.fortran/vla6.f90  -O3 -fomit-frame-pointer  execution test
FAIL: libgomp.fortran/vla6.f90  -O3 -fomit-frame-pointer -funroll-loops  execution test
FAIL: libgomp.fortran/vla6.f90  -O3 -fomit-frame-pointer -funroll-all-loops -finline-functions  execution test
FAIL: libgomp.fortran/vla6.f90  -O3 -g  execution test
FAIL: libgomp.fortran/vla6.f90  -Os  execution test
FAIL: libgomp.fortran/vla7.f90  -O0  execution test
FAIL: libgomp.fortran/vla7.f90  -O1  execution test
FAIL: libgomp.fortran/vla7.f90  -O2  execution test
FAIL: libgomp.fortran/vla7.f90  -O3 -fomit-frame-pointer  execution test
FAIL: libgomp.fortran/vla7.f90  -O3 -fomit-frame-pointer -funroll-loops  execution test
FAIL: libgomp.fortran/vla7.f90  -O3 -fomit-frame-pointer -funroll-all-loops -finline-functions  execution test
FAIL: libgomp.fortran/vla7.f90  -O3 -g  execution test
FAIL: libgomp.fortran/vla7.f90  -Os  execution test
FAIL: libgomp.fortran/vla8.f90  -O0  execution test
FAIL: libgomp.fortran/vla8.f90  -O1  execution test
FAIL: libgomp.fortran/vla8.f90  -O2  execution test
FAIL: libgomp.fortran/vla8.f90  -O3 -fomit-frame-pointer  execution test
FAIL: libgomp.fortran/vla8.f90  -O3 -fomit-frame-pointer -funroll-loops  execution test
FAIL: libgomp.fortran/vla8.f90  -O3 -fomit-frame-pointer -funroll-all-loops -finline-functions  execution test
FAIL: libgomp.fortran/vla8.f90  -O3 -g  execution test
FAIL: libgomp.fortran/vla8.f90  -Os  execution test
FAIL: libgomp.fortran/workshare1.f90  -O  execution test
FAIL: libgomp.fortran/workshare2.f90  -O  execution test
FAIL: libgomp.graphite/force-parallel-1.c execution test
FAIL: libgomp.graphite/force-parallel-2.c execution test
FAIL: libgomp.graphite/force-parallel-3.c execution test
FAIL: libgomp.graphite/force-parallel-4.c execution test
FAIL: libgomp.graphite/force-parallel-5.c execution test
FAIL: libgomp.graphite/force-parallel-6.c execution test
FAIL: libgomp.graphite/force-parallel-7.c execution test
FAIL: libgomp.graphite/force-parallel-8.c execution test
FAIL: libgomp.graphite/force-parallel-9.c execution test

		=== libgomp Summary for unix/-mabi=64 ===

# of expected passes		1764
# of unexpected failures	1286
# of unsupported tests		1

Running target unix/-mabi=n32

		=== libgomp Summary for unix/-mabi=n32 ===

# of expected passes		3050
# of unsupported tests		1

		=== libgomp Summary ===

# of expected passes		10914
# of unexpected failures	1286
# of unsupported tests		4
		=== libjava tests ===


Running target unix
FAIL: Array_1 -findirect-dispatch execution - source compiled test
FAIL: Array_1 -O3 -findirect-dispatch execution - source compiled test
FAIL: ExtraClassLoader -findirect-dispatch execution - source compiled test
FAIL: ExtraClassLoader -O3 -findirect-dispatch execution - source compiled test
FAIL: InterfaceDispatch -findirect-dispatch execution - source compiled test
FAIL: InterfaceDispatch -O3 -findirect-dispatch execution - source compiled test
FAIL: Matrix4f -findirect-dispatch execution - source compiled test
FAIL: Matrix4f -O3 -findirect-dispatch execution - source compiled test
FAIL: N19990310_02 -findirect-dispatch execution - source compiled test
FAIL: N19990310_02 -O3 -findirect-dispatch execution - source compiled test
FAIL: N19990310_5 -findirect-dispatch execution - source compiled test
FAIL: N19990310_5 -O3 -findirect-dispatch execution - source compiled test
FAIL: PR160 -findirect-dispatch execution - source compiled test
FAIL: PR160 -O3 -findirect-dispatch execution - source compiled test
FAIL: PR3096 -findirect-dispatch execution - source compiled test
FAIL: PR3096 -O3 -findirect-dispatch execution - source compiled test
FAIL: PR35020 -findirect-dispatch execution - source compiled test
FAIL: PR35020 -O3 -findirect-dispatch output - source compiled test
FAIL: PR36252 -findirect-dispatch execution - source compiled test
FAIL: PR36252 -O3 -findirect-dispatch execution - source compiled test
WARNING: program timed out.
FAIL: StringBuffer_overflow -findirect-dispatch execution - source compiled test
FAIL: StringBuffer_overflow -O3 -findirect-dispatch execution - source compiled test
WARNING: program timed out.
FAIL: String_overflow -findirect-dispatch execution - source compiled test
FAIL: String_overflow -O3 -findirect-dispatch execution - source compiled test
FAIL: SyncGlobal -findirect-dispatch output - source compiled test
FAIL: SyncGlobal -O3 -findirect-dispatch execution - source compiled test
FAIL: anonarray -findirect-dispatch execution - source compiled test
FAIL: anonarray -O3 -findirect-dispatch execution - source compiled test
FAIL: anonarray3 -findirect-dispatch execution - source compiled test
FAIL: anonarray3 -O3 -findirect-dispatch execution - source compiled test
FAIL: err11 -findirect-dispatch execution - source compiled test
FAIL: err11 -O3 -findirect-dispatch execution - source compiled test
FAIL: err4 -findirect-dispatch execution - source compiled test
FAIL: err4 -O3 -findirect-dispatch execution - source compiled test
FAIL: err6 -findirect-dispatch execution - source compiled test
FAIL: err6 -O3 -findirect-dispatch execution - source compiled test
FAIL: err7 -findirect-dispatch execution - source compiled test
FAIL: err7 -O3 -findirect-dispatch execution - source compiled test
FAIL: inner_array -findirect-dispatch execution - source compiled test
FAIL: inner_array -O3 -findirect-dispatch execution - source compiled test
FAIL: klass -findirect-dispatch execution - source compiled test
FAIL: klass -O3 -findirect-dispatch execution - source compiled test
FAIL: md5test -findirect-dispatch execution - source compiled test
FAIL: md5test -O3 -findirect-dispatch execution - source compiled test
FAIL: newarray_overflow -findirect-dispatch execution - source compiled test
FAIL: newarray_overflow -O3 -findirect-dispatch execution - source compiled test
FAIL: pr27171 -findirect-dispatch execution - source compiled test
FAIL: pr27171 -O3 -findirect-dispatch execution - source compiled test
FAIL: shatest -findirect-dispatch execution - source compiled test
FAIL: shatest -O3 -findirect-dispatch execution - source compiled test
FAIL: sourcelocation output - source compiled test
FAIL: sourcelocation -findirect-dispatch output - source compiled test
FAIL: sourcelocation -O3 output - source compiled test
FAIL: utilTest -findirect-dispatch execution - source compiled test
FAIL: utilTest -O3 -findirect-dispatch execution - source compiled test

		=== libjava Summary for unix ===

# of expected passes		2481
# of unexpected failures	55
# of untested testcases		50

Running target unix/-fstack-protector
FAIL: Array_1 -findirect-dispatch execution - source compiled test
FAIL: Array_1 -O3 -findirect-dispatch execution - source compiled test
FAIL: ExtraClassLoader -findirect-dispatch execution - source compiled test
FAIL: ExtraClassLoader -O3 -findirect-dispatch execution - source compiled test
FAIL: InterfaceDispatch -findirect-dispatch execution - source compiled test
FAIL: InterfaceDispatch -O3 -findirect-dispatch execution - source compiled test
FAIL: Matrix4f -findirect-dispatch execution - source compiled test
FAIL: Matrix4f -O3 -findirect-dispatch execution - source compiled test
FAIL: N19990310_02 -findirect-dispatch execution - source compiled test
FAIL: N19990310_02 -O3 -findirect-dispatch execution - source compiled test
FAIL: N19990310_5 -findirect-dispatch execution - source compiled test
FAIL: N19990310_5 -O3 -findirect-dispatch execution - source compiled test
FAIL: PR160 -findirect-dispatch execution - source compiled test
FAIL: PR160 -O3 -findirect-dispatch execution - source compiled test
FAIL: PR3096 -findirect-dispatch execution - source compiled test
FAIL: PR3096 -O3 -findirect-dispatch execution - source compiled test
FAIL: PR35020 -findirect-dispatch execution - source compiled test
FAIL: PR35020 -O3 -findirect-dispatch output - source compiled test
FAIL: PR36252 -findirect-dispatch execution - source compiled test
FAIL: PR36252 -O3 -findirect-dispatch execution - source compiled test
WARNING: program timed out.
FAIL: StringBuffer_overflow -findirect-dispatch execution - source compiled test
FAIL: StringBuffer_overflow -O3 -findirect-dispatch execution - source compiled test
WARNING: program timed out.
FAIL: String_overflow -findirect-dispatch execution - source compiled test
FAIL: String_overflow -O3 -findirect-dispatch execution - source compiled test
FAIL: SyncGlobal -findirect-dispatch output - source compiled test
FAIL: SyncGlobal -O3 -findirect-dispatch execution - source compiled test
FAIL: anonarray -findirect-dispatch execution - source compiled test
FAIL: anonarray -O3 -findirect-dispatch execution - source compiled test
FAIL: anonarray3 -findirect-dispatch execution - source compiled test
FAIL: anonarray3 -O3 -findirect-dispatch execution - source compiled test
FAIL: err11 -findirect-dispatch execution - source compiled test
FAIL: err11 -O3 -findirect-dispatch execution - source compiled test
FAIL: err4 -findirect-dispatch execution - source compiled test
FAIL: err4 -O3 -findirect-dispatch execution - source compiled test
FAIL: err6 -findirect-dispatch execution - source compiled test
FAIL: err6 -O3 -findirect-dispatch execution - source compiled test
FAIL: err7 -findirect-dispatch execution - source compiled test
FAIL: err7 -O3 -findirect-dispatch execution - source compiled test
FAIL: inner_array -findirect-dispatch execution - source compiled test
FAIL: inner_array -O3 -findirect-dispatch execution - source compiled test
FAIL: klass -findirect-dispatch execution - source compiled test
FAIL: klass -O3 -findirect-dispatch execution - source compiled test
FAIL: md5test -findirect-dispatch execution - source compiled test
FAIL: md5test -O3 -findirect-dispatch execution - source compiled test
FAIL: newarray_overflow -findirect-dispatch execution - source compiled test
FAIL: newarray_overflow -O3 -findirect-dispatch execution - source compiled test
FAIL: pr27171 -findirect-dispatch execution - source compiled test
FAIL: pr27171 -O3 -findirect-dispatch execution - source compiled test
FAIL: shatest -findirect-dispatch execution - source compiled test
FAIL: shatest -O3 -findirect-dispatch execution - source compiled test
FAIL: sourcelocation output - source compiled test
FAIL: sourcelocation -findirect-dispatch output - source compiled test
FAIL: sourcelocation -O3 output - source compiled test
FAIL: utilTest -findirect-dispatch execution - source compiled test
FAIL: utilTest -O3 -findirect-dispatch execution - source compiled test

		=== libjava Summary for unix/-fstack-protector ===

# of expected passes		2481
# of unexpected failures	55
# of untested testcases		50

		=== libjava Summary ===

# of expected passes		4962
# of unexpected failures	110
# of untested testcases		100
		=== libmudflap tests ===


Running target unix
FAIL: libmudflap.c++/pass41-frag.cxx (-static) execution test
FAIL: libmudflap.c++/pass41-frag.cxx ( -O) execution test
FAIL: libmudflap.c++/pass41-frag.cxx (-O2) execution test
FAIL: libmudflap.c++/pass41-frag.cxx (-O3) execution test

		=== libmudflap Summary for unix ===

# of expected passes		1902
# of unexpected failures	4

Running target unix/-fstack-protector
FAIL: libmudflap.c++/pass41-frag.cxx (-static) execution test
FAIL: libmudflap.c++/pass41-frag.cxx ( -O) execution test
FAIL: libmudflap.c++/pass41-frag.cxx (-O2) execution test
FAIL: libmudflap.c++/pass41-frag.cxx (-O3) execution test

		=== libmudflap Summary for unix/-fstack-protector ===

# of expected passes		1902
# of unexpected failures	4

Running target unix/-mabi=64
FAIL: libmudflap.c++/pass41-frag.cxx (-static) execution test
FAIL: libmudflap.c++/pass41-frag.cxx ( -O) execution test
FAIL: libmudflap.c++/pass41-frag.cxx (-O2) execution test
FAIL: libmudflap.c++/pass41-frag.cxx (-O3) execution test
FAIL: libmudflap.cth/pass37-frag.c (-O0) execution test
FAIL: libmudflap.cth/pass37-frag.c (-O0) output pattern test
FAIL: libmudflap.cth/pass37-frag.c (-O0) (rerun 1) execution test
FAIL: libmudflap.cth/pass37-frag.c (-O0) (rerun 1) output pattern test
FAIL: libmudflap.cth/pass37-frag.c (-O0) (rerun 2) execution test
FAIL: libmudflap.cth/pass37-frag.c (-O0) (rerun 2) output pattern test
FAIL: libmudflap.cth/pass37-frag.c (-O0) (rerun 3) execution test
FAIL: libmudflap.cth/pass37-frag.c (-O0) (rerun 3) output pattern test
FAIL: libmudflap.cth/pass37-frag.c (-O0) (rerun 4) execution test
FAIL: libmudflap.cth/pass37-frag.c (-O0) (rerun 4) output pattern test
FAIL: libmudflap.cth/pass37-frag.c (-O0) (rerun 5) execution test
FAIL: libmudflap.cth/pass37-frag.c (-O0) (rerun 5) output pattern test
FAIL: libmudflap.cth/pass37-frag.c (-O0) (rerun 6) execution test
FAIL: libmudflap.cth/pass37-frag.c (-O0) (rerun 6) output pattern test
FAIL: libmudflap.cth/pass37-frag.c (-O0) (rerun 7) execution test
FAIL: libmudflap.cth/pass37-frag.c (-O0) (rerun 7) output pattern test
FAIL: libmudflap.cth/pass37-frag.c (-O0) (rerun 8) execution test
FAIL: libmudflap.cth/pass37-frag.c (-O0) (rerun 8) output pattern test
FAIL: libmudflap.cth/pass37-frag.c (-O0) (rerun 9) execution test
FAIL: libmudflap.cth/pass37-frag.c (-O0) (rerun 9) output pattern test
FAIL: libmudflap.cth/pass37-frag.c (-O0) (rerun 10) execution test
FAIL: libmudflap.cth/pass37-frag.c (-O0) (rerun 10) output pattern test
FAIL: libmudflap.cth/pass37-frag.c (-O0) (rerun 11) execution test
FAIL: libmudflap.cth/pass37-frag.c (-O0) (rerun 11) output pattern test
FAIL: libmudflap.cth/pass37-frag.c (-O0) (rerun 12) execution test
FAIL: libmudflap.cth/pass37-frag.c (-O0) (rerun 12) output pattern test
FAIL: libmudflap.cth/pass37-frag.c (-O0) (rerun 13) execution test
FAIL: libmudflap.cth/pass37-frag.c (-O0) (rerun 13) output pattern test
FAIL: libmudflap.cth/pass37-frag.c (-O0) (rerun 14) execution test
FAIL: libmudflap.cth/pass37-frag.c (-O0) (rerun 14) output pattern test
FAIL: libmudflap.cth/pass37-frag.c (-O0) (rerun 15) execution test
FAIL: libmudflap.cth/pass37-frag.c (-O0) (rerun 15) output pattern test
FAIL: libmudflap.cth/pass37-frag.c (-O0) (rerun 16) execution test
FAIL: libmudflap.cth/pass37-frag.c (-O0) (rerun 16) output pattern test
FAIL: libmudflap.cth/pass37-frag.c (-O0) (rerun 17) execution test
FAIL: libmudflap.cth/pass37-frag.c (-O0) (rerun 17) output pattern test
FAIL: libmudflap.cth/pass37-frag.c (-O0) (rerun 18) execution test
FAIL: libmudflap.cth/pass37-frag.c (-O0) (rerun 18) output pattern test
FAIL: libmudflap.cth/pass37-frag.c (-O0) (rerun 19) execution test
FAIL: libmudflap.cth/pass37-frag.c (-O0) (rerun 19) output pattern test
FAIL: libmudflap.cth/pass39-frag.c (-O0) execution test
FAIL: libmudflap.cth/pass39-frag.c (-O0) output pattern test
FAIL: libmudflap.cth/pass39-frag.c (-O0) (rerun 1) execution test
FAIL: libmudflap.cth/pass39-frag.c (-O0) (rerun 1) output pattern test
FAIL: libmudflap.cth/pass39-frag.c (-O0) (rerun 2) execution test
FAIL: libmudflap.cth/pass39-frag.c (-O0) (rerun 2) output pattern test
FAIL: libmudflap.cth/pass39-frag.c (-O0) (rerun 3) execution test
FAIL: libmudflap.cth/pass39-frag.c (-O0) (rerun 3) output pattern test
FAIL: libmudflap.cth/pass39-frag.c (-O0) (rerun 4) execution test
FAIL: libmudflap.cth/pass39-frag.c (-O0) (rerun 4) output pattern test
FAIL: libmudflap.cth/pass39-frag.c (-O0) (rerun 5) execution test
FAIL: libmudflap.cth/pass39-frag.c (-O0) (rerun 5) output pattern test
FAIL: libmudflap.cth/pass39-frag.c (-O0) (rerun 6) execution test
FAIL: libmudflap.cth/pass39-frag.c (-O0) (rerun 6) output pattern test
FAIL: libmudflap.cth/pass39-frag.c (-O0) (rerun 7) execution test
FAIL: libmudflap.cth/pass39-frag.c (-O0) (rerun 7) output pattern test
FAIL: libmudflap.cth/pass39-frag.c (-O0) (rerun 8) execution test
FAIL: libmudflap.cth/pass39-frag.c (-O0) (rerun 8) output pattern test
FAIL: libmudflap.cth/pass39-frag.c (-O0) (rerun 9) execution test
FAIL: libmudflap.cth/pass39-frag.c (-O0) (rerun 9) output pattern test
FAIL: libmudflap.cth/pass39-frag.c (-O0) (rerun 10) execution test
FAIL: libmudflap.cth/pass39-frag.c (-O0) (rerun 10) output pattern test
FAIL: libmudflap.cth/pass39-frag.c (-O0) (rerun 11) execution test
FAIL: libmudflap.cth/pass39-frag.c (-O0) (rerun 11) output pattern test
FAIL: libmudflap.cth/pass39-frag.c (-O0) (rerun 12) execution test
FAIL: libmudflap.cth/pass39-frag.c (-O0) (rerun 12) output pattern test
FAIL: libmudflap.cth/pass39-frag.c (-O0) (rerun 13) execution test
FAIL: libmudflap.cth/pass39-frag.c (-O0) (rerun 13) output pattern test
FAIL: libmudflap.cth/pass39-frag.c (-O0) (rerun 14) execution test
FAIL: libmudflap.cth/pass39-frag.c (-O0) (rerun 14) output pattern test
FAIL: libmudflap.cth/pass39-frag.c (-O0) (rerun 15) execution test
FAIL: libmudflap.cth/pass39-frag.c (-O0) (rerun 15) output pattern test
FAIL: libmudflap.cth/pass39-frag.c (-O0) (rerun 16) execution test
FAIL: libmudflap.cth/pass39-frag.c (-O0) (rerun 16) output pattern test
FAIL: libmudflap.cth/pass39-frag.c (-O0) (rerun 17) execution test
FAIL: libmudflap.cth/pass39-frag.c (-O0) (rerun 17) output pattern test
FAIL: libmudflap.cth/pass39-frag.c (-O0) (rerun 18) execution test
FAIL: libmudflap.cth/pass39-frag.c (-O0) (rerun 18) output pattern test
FAIL: libmudflap.cth/pass39-frag.c (-O0) (rerun 19) execution test
FAIL: libmudflap.cth/pass39-frag.c (-O0) (rerun 19) output pattern test
FAIL: libmudflap.cth/pass40-frag.c (-O0) output pattern test
FAIL: libmudflap.cth/pass59-frag.c (-O0) execution test
FAIL: libmudflap.cth/pass59-frag.c (-O0) output pattern test
FAIL: libmudflap.cth/pass37-frag.c (-static -DSTATIC) execution test
FAIL: libmudflap.cth/pass37-frag.c (-static -DSTATIC) output pattern test
FAIL: libmudflap.cth/pass37-frag.c (-static -DSTATIC) (rerun 1) execution test
FAIL: libmudflap.cth/pass37-frag.c (-static -DSTATIC) (rerun 1) output pattern test
FAIL: libmudflap.cth/pass37-frag.c (-static -DSTATIC) (rerun 2) execution test
FAIL: libmudflap.cth/pass37-frag.c (-static -DSTATIC) (rerun 2) output pattern test
FAIL: libmudflap.cth/pass37-frag.c (-static -DSTATIC) (rerun 3) execution test
FAIL: libmudflap.cth/pass37-frag.c (-static -DSTATIC) (rerun 3) output pattern test
FAIL: libmudflap.cth/pass37-frag.c (-static -DSTATIC) (rerun 4) execution test
FAIL: libmudflap.cth/pass37-frag.c (-static -DSTATIC) (rerun 4) output pattern test
FAIL: libmudflap.cth/pass37-frag.c (-static -DSTATIC) (rerun 5) execution test
FAIL: libmudflap.cth/pass37-frag.c (-static -DSTATIC) (rerun 5) output pattern test
FAIL: libmudflap.cth/pass37-frag.c (-static -DSTATIC) (rerun 6) execution test
FAIL: libmudflap.cth/pass37-frag.c (-static -DSTATIC) (rerun 6) output pattern test
FAIL: libmudflap.cth/pass37-frag.c (-static -DSTATIC) (rerun 7) execution test
FAIL: libmudflap.cth/pass37-frag.c (-static -DSTATIC) (rerun 7) output pattern test
FAIL: libmudflap.cth/pass37-frag.c (-static -DSTATIC) (rerun 8) execution test
FAIL: libmudflap.cth/pass37-frag.c (-static -DSTATIC) (rerun 8) output pattern test
FAIL: libmudflap.cth/pass37-frag.c (-static -DSTATIC) (rerun 9) execution test
FAIL: libmudflap.cth/pass37-frag.c (-static -DSTATIC) (rerun 9) output pattern test
FAIL: libmudflap.cth/pass37-frag.c (-static -DSTATIC) (rerun 10) execution test
FAIL: libmudflap.cth/pass37-frag.c (-static -DSTATIC) (rerun 10) output pattern test
FAIL: libmudflap.cth/pass37-frag.c (-static -DSTATIC) (rerun 11) execution test
FAIL: libmudflap.cth/pass37-frag.c (-static -DSTATIC) (rerun 11) output pattern test
FAIL: libmudflap.cth/pass37-frag.c (-static -DSTATIC) (rerun 12) execution test
FAIL: libmudflap.cth/pass37-frag.c (-static -DSTATIC) (rerun 12) output pattern test
FAIL: libmudflap.cth/pass37-frag.c (-static -DSTATIC) (rerun 13) execution test
FAIL: libmudflap.cth/pass37-frag.c (-static -DSTATIC) (rerun 13) output pattern test
FAIL: libmudflap.cth/pass37-frag.c (-static -DSTATIC) (rerun 14) execution test
FAIL: libmudflap.cth/pass37-frag.c (-static -DSTATIC) (rerun 14) output pattern test
FAIL: libmudflap.cth/pass37-frag.c (-static -DSTATIC) (rerun 15) execution test
FAIL: libmudflap.cth/pass37-frag.c (-static -DSTATIC) (rerun 15) output pattern test
FAIL: libmudflap.cth/pass37-frag.c (-static -DSTATIC) (rerun 16) execution test
FAIL: libmudflap.cth/pass37-frag.c (-static -DSTATIC) (rerun 16) output pattern test
FAIL: libmudflap.cth/pass37-frag.c (-static -DSTATIC) (rerun 17) execution test
FAIL: libmudflap.cth/pass37-frag.c (-static -DSTATIC) (rerun 17) output pattern test
FAIL: libmudflap.cth/pass37-frag.c (-static -DSTATIC) (rerun 18) execution test
FAIL: libmudflap.cth/pass37-frag.c (-static -DSTATIC) (rerun 18) output pattern test
FAIL: libmudflap.cth/pass37-frag.c (-static -DSTATIC) (rerun 19) execution test
FAIL: libmudflap.cth/pass37-frag.c (-static -DSTATIC) (rerun 19) output pattern test
FAIL: libmudflap.cth/pass39-frag.c (-static -DSTATIC) execution test
FAIL: libmudflap.cth/pass39-frag.c (-static -DSTATIC) output pattern test
FAIL: libmudflap.cth/pass39-frag.c (-static -DSTATIC) (rerun 1) execution test
FAIL: libmudflap.cth/pass39-frag.c (-static -DSTATIC) (rerun 1) output pattern test
FAIL: libmudflap.cth/pass39-frag.c (-static -DSTATIC) (rerun 2) execution test
FAIL: libmudflap.cth/pass39-frag.c (-static -DSTATIC) (rerun 2) output pattern test
FAIL: libmudflap.cth/pass39-frag.c (-static -DSTATIC) (rerun 3) execution test
FAIL: libmudflap.cth/pass39-frag.c (-static -DSTATIC) (rerun 3) output pattern test
FAIL: libmudflap.cth/pass39-frag.c (-static -DSTATIC) (rerun 4) execution test
FAIL: libmudflap.cth/pass39-frag.c (-static -DSTATIC) (rerun 4) output pattern test
FAIL: libmudflap.cth/pass39-frag.c (-static -DSTATIC) (rerun 5) execution test
FAIL: libmudflap.cth/pass39-frag.c (-static -DSTATIC) (rerun 5) output pattern test
FAIL: libmudflap.cth/pass39-frag.c (-static -DSTATIC) (rerun 6) execution test
FAIL: libmudflap.cth/pass39-frag.c (-static -DSTATIC) (rerun 6) output pattern test
FAIL: libmudflap.cth/pass39-frag.c (-static -DSTATIC) (rerun 7) execution test
FAIL: libmudflap.cth/pass39-frag.c (-static -DSTATIC) (rerun 7) output pattern test
FAIL: libmudflap.cth/pass39-frag.c (-static -DSTATIC) (rerun 8) execution test
FAIL: libmudflap.cth/pass39-frag.c (-static -DSTATIC) (rerun 8) output pattern test
FAIL: libmudflap.cth/pass39-frag.c (-static -DSTATIC) (rerun 9) execution test
FAIL: libmudflap.cth/pass39-frag.c (-static -DSTATIC) (rerun 9) output pattern test
FAIL: libmudflap.cth/pass39-frag.c (-static -DSTATIC) (rerun 10) execution test
FAIL: libmudflap.cth/pass39-frag.c (-static -DSTATIC) (rerun 10) output pattern test
FAIL: libmudflap.cth/pass39-frag.c (-static -DSTATIC) (rerun 11) execution test
FAIL: libmudflap.cth/pass39-frag.c (-static -DSTATIC) (rerun 11) output pattern test
FAIL: libmudflap.cth/pass39-frag.c (-static -DSTATIC) (rerun 12) execution test
FAIL: libmudflap.cth/pass39-frag.c (-static -DSTATIC) (rerun 12) output pattern test
FAIL: libmudflap.cth/pass39-frag.c (-static -DSTATIC) (rerun 13) execution test
FAIL: libmudflap.cth/pass39-frag.c (-static -DSTATIC) (rerun 13) output pattern test
FAIL: libmudflap.cth/pass39-frag.c (-static -DSTATIC) (rerun 14) execution test
FAIL: libmudflap.cth/pass39-frag.c (-static -DSTATIC) (rerun 14) output pattern test
FAIL: libmudflap.cth/pass39-frag.c (-static -DSTATIC) (rerun 15) execution test
FAIL: libmudflap.cth/pass39-frag.c (-static -DSTATIC) (rerun 15) output pattern test
FAIL: libmudflap.cth/pass39-frag.c (-static -DSTATIC) (rerun 16) execution test
FAIL: libmudflap.cth/pass39-frag.c (-static -DSTATIC) (rerun 16) output pattern test
FAIL: libmudflap.cth/pass39-frag.c (-static -DSTATIC) (rerun 17) execution test
FAIL: libmudflap.cth/pass39-frag.c (-static -DSTATIC) (rerun 17) output pattern test
FAIL: libmudflap.cth/pass39-frag.c (-static -DSTATIC) (rerun 18) execution test
FAIL: libmudflap.cth/pass39-frag.c (-static -DSTATIC) (rerun 18) output pattern test
FAIL: libmudflap.cth/pass39-frag.c (-static -DSTATIC) (rerun 19) execution test
FAIL: libmudflap.cth/pass39-frag.c (-static -DSTATIC) (rerun 19) output pattern test
FAIL: libmudflap.cth/pass40-frag.c (-static -DSTATIC) output pattern test
FAIL: libmudflap.cth/pass59-frag.c (-static -DSTATIC) execution test
FAIL: libmudflap.cth/pass59-frag.c (-static -DSTATIC) output pattern test
FAIL: libmudflap.cth/pass37-frag.c (-O2) execution test
FAIL: libmudflap.cth/pass37-frag.c (-O2) output pattern test
FAIL: libmudflap.cth/pass37-frag.c (-O2) (rerun 1) execution test
FAIL: libmudflap.cth/pass37-frag.c (-O2) (rerun 1) output pattern test
FAIL: libmudflap.cth/pass37-frag.c (-O2) (rerun 2) execution test
FAIL: libmudflap.cth/pass37-frag.c (-O2) (rerun 2) output pattern test
FAIL: libmudflap.cth/pass37-frag.c (-O2) (rerun 3) execution test
FAIL: libmudflap.cth/pass37-frag.c (-O2) (rerun 3) output pattern test
FAIL: libmudflap.cth/pass37-frag.c (-O2) (rerun 4) execution test
FAIL: libmudflap.cth/pass37-frag.c (-O2) (rerun 4) output pattern test
FAIL: libmudflap.cth/pass37-frag.c (-O2) (rerun 5) execution test
FAIL: libmudflap.cth/pass37-frag.c (-O2) (rerun 5) output pattern test
FAIL: libmudflap.cth/pass37-frag.c (-O2) (rerun 6) execution test
FAIL: libmudflap.cth/pass37-frag.c (-O2) (rerun 6) output pattern test
FAIL: libmudflap.cth/pass37-frag.c (-O2) (rerun 7) execution test
FAIL: libmudflap.cth/pass37-frag.c (-O2) (rerun 7) output pattern test
FAIL: libmudflap.cth/pass37-frag.c (-O2) (rerun 8) execution test
FAIL: libmudflap.cth/pass37-frag.c (-O2) (rerun 8) output pattern test
FAIL: libmudflap.cth/pass37-frag.c (-O2) (rerun 9) execution test
FAIL: libmudflap.cth/pass37-frag.c (-O2) (rerun 9) output pattern test
FAIL: libmudflap.cth/pass37-frag.c (-O2) (rerun 10) execution test
FAIL: libmudflap.cth/pass37-frag.c (-O2) (rerun 10) output pattern test
FAIL: libmudflap.cth/pass37-frag.c (-O2) (rerun 11) execution test
FAIL: libmudflap.cth/pass37-frag.c (-O2) (rerun 11) output pattern test
FAIL: libmudflap.cth/pass37-frag.c (-O2) (rerun 12) execution test
FAIL: libmudflap.cth/pass37-frag.c (-O2) (rerun 12) output pattern test
FAIL: libmudflap.cth/pass37-frag.c (-O2) (rerun 13) execution test
FAIL: libmudflap.cth/pass37-frag.c (-O2) (rerun 13) output pattern test
FAIL: libmudflap.cth/pass37-frag.c (-O2) (rerun 14) execution test
FAIL: libmudflap.cth/pass37-frag.c (-O2) (rerun 14) output pattern test
FAIL: libmudflap.cth/pass37-frag.c (-O2) (rerun 15) execution test
FAIL: libmudflap.cth/pass37-frag.c (-O2) (rerun 15) output pattern test
FAIL: libmudflap.cth/pass37-frag.c (-O2) (rerun 16) execution test
FAIL: libmudflap.cth/pass37-frag.c (-O2) (rerun 16) output pattern test
FAIL: libmudflap.cth/pass37-frag.c (-O2) (rerun 17) execution test
FAIL: libmudflap.cth/pass37-frag.c (-O2) (rerun 17) output pattern test
FAIL: libmudflap.cth/pass37-frag.c (-O2) (rerun 18) execution test
FAIL: libmudflap.cth/pass37-frag.c (-O2) (rerun 18) output pattern test
FAIL: libmudflap.cth/pass37-frag.c (-O2) (rerun 19) execution test
FAIL: libmudflap.cth/pass37-frag.c (-O2) (rerun 19) output pattern test
FAIL: libmudflap.cth/pass39-frag.c (-O2) execution test
FAIL: libmudflap.cth/pass39-frag.c (-O2) output pattern test
FAIL: libmudflap.cth/pass39-frag.c (-O2) (rerun 1) execution test
FAIL: libmudflap.cth/pass39-frag.c (-O2) (rerun 1) output pattern test
FAIL: libmudflap.cth/pass39-frag.c (-O2) (rerun 2) execution test
FAIL: libmudflap.cth/pass39-frag.c (-O2) (rerun 2) output pattern test
FAIL: libmudflap.cth/pass39-frag.c (-O2) (rerun 3) execution test
FAIL: libmudflap.cth/pass39-frag.c (-O2) (rerun 3) output pattern test
FAIL: libmudflap.cth/pass39-frag.c (-O2) (rerun 4) execution test
FAIL: libmudflap.cth/pass39-frag.c (-O2) (rerun 4) output pattern test
FAIL: libmudflap.cth/pass39-frag.c (-O2) (rerun 5) execution test
FAIL: libmudflap.cth/pass39-frag.c (-O2) (rerun 5) output pattern test
FAIL: libmudflap.cth/pass39-frag.c (-O2) (rerun 6) execution test
FAIL: libmudflap.cth/pass39-frag.c (-O2) (rerun 6) output pattern test
FAIL: libmudflap.cth/pass39-frag.c (-O2) (rerun 7) execution test
FAIL: libmudflap.cth/pass39-frag.c (-O2) (rerun 7) output pattern test
FAIL: libmudflap.cth/pass39-frag.c (-O2) (rerun 8) execution test
FAIL: libmudflap.cth/pass39-frag.c (-O2) (rerun 8) output pattern test
FAIL: libmudflap.cth/pass39-frag.c (-O2) (rerun 9) execution test
FAIL: libmudflap.cth/pass39-frag.c (-O2) (rerun 9) output pattern test
FAIL: libmudflap.cth/pass39-frag.c (-O2) (rerun 10) execution test
FAIL: libmudflap.cth/pass39-frag.c (-O2) (rerun 10) output pattern test
FAIL: libmudflap.cth/pass39-frag.c (-O2) (rerun 11) execution test
FAIL: libmudflap.cth/pass39-frag.c (-O2) (rerun 11) output pattern test
FAIL: libmudflap.cth/pass39-frag.c (-O2) (rerun 12) execution test
FAIL: libmudflap.cth/pass39-frag.c (-O2) (rerun 12) output pattern test
FAIL: libmudflap.cth/pass39-frag.c (-O2) (rerun 13) execution test
FAIL: libmudflap.cth/pass39-frag.c (-O2) (rerun 13) output pattern test
FAIL: libmudflap.cth/pass39-frag.c (-O2) (rerun 14) execution test
FAIL: libmudflap.cth/pass39-frag.c (-O2) (rerun 14) output pattern test
FAIL: libmudflap.cth/pass39-frag.c (-O2) (rerun 15) execution test
FAIL: libmudflap.cth/pass39-frag.c (-O2) (rerun 15) output pattern test
FAIL: libmudflap.cth/pass39-frag.c (-O2) (rerun 16) execution test
FAIL: libmudflap.cth/pass39-frag.c (-O2) (rerun 16) output pattern test
FAIL: libmudflap.cth/pass39-frag.c (-O2) (rerun 17) execution test
FAIL: libmudflap.cth/pass39-frag.c (-O2) (rerun 17) output pattern test
FAIL: libmudflap.cth/pass39-frag.c (-O2) (rerun 18) execution test
FAIL: libmudflap.cth/pass39-frag.c (-O2) (rerun 18) output pattern test
FAIL: libmudflap.cth/pass39-frag.c (-O2) (rerun 19) execution test
FAIL: libmudflap.cth/pass39-frag.c (-O2) (rerun 19) output pattern test
FAIL: libmudflap.cth/pass40-frag.c (-O2) output pattern test
FAIL: libmudflap.cth/pass59-frag.c (-O2) execution test
FAIL: libmudflap.cth/pass59-frag.c (-O2) output pattern test
FAIL: libmudflap.cth/pass37-frag.c (-O3) execution test
FAIL: libmudflap.cth/pass37-frag.c (-O3) output pattern test
FAIL: libmudflap.cth/pass37-frag.c (-O3) (rerun 1) execution test
FAIL: libmudflap.cth/pass37-frag.c (-O3) (rerun 1) output pattern test
FAIL: libmudflap.cth/pass37-frag.c (-O3) (rerun 2) execution test
FAIL: libmudflap.cth/pass37-frag.c (-O3) (rerun 2) output pattern test
FAIL: libmudflap.cth/pass37-frag.c (-O3) (rerun 3) execution test
FAIL: libmudflap.cth/pass37-frag.c (-O3) (rerun 3) output pattern test
FAIL: libmudflap.cth/pass37-frag.c (-O3) (rerun 4) execution test
FAIL: libmudflap.cth/pass37-frag.c (-O3) (rerun 4) output pattern test
FAIL: libmudflap.cth/pass37-frag.c (-O3) (rerun 5) execution test
FAIL: libmudflap.cth/pass37-frag.c (-O3) (rerun 5) output pattern test
FAIL: libmudflap.cth/pass37-frag.c (-O3) (rerun 6) execution test
FAIL: libmudflap.cth/pass37-frag.c (-O3) (rerun 6) output pattern test
FAIL: libmudflap.cth/pass37-frag.c (-O3) (rerun 7) execution test
FAIL: libmudflap.cth/pass37-frag.c (-O3) (rerun 7) output pattern test
FAIL: libmudflap.cth/pass37-frag.c (-O3) (rerun 8) execution test
FAIL: libmudflap.cth/pass37-frag.c (-O3) (rerun 8) output pattern test
FAIL: libmudflap.cth/pass37-frag.c (-O3) (rerun 9) execution test
FAIL: libmudflap.cth/pass37-frag.c (-O3) (rerun 9) output pattern test
FAIL: libmudflap.cth/pass37-frag.c (-O3) (rerun 10) execution test
FAIL: libmudflap.cth/pass37-frag.c (-O3) (rerun 10) output pattern test
FAIL: libmudflap.cth/pass37-frag.c (-O3) (rerun 11) execution test
FAIL: libmudflap.cth/pass37-frag.c (-O3) (rerun 11) output pattern test
FAIL: libmudflap.cth/pass37-frag.c (-O3) (rerun 12) execution test
FAIL: libmudflap.cth/pass37-frag.c (-O3) (rerun 12) output pattern test
FAIL: libmudflap.cth/pass37-frag.c (-O3) (rerun 13) execution test
FAIL: libmudflap.cth/pass37-frag.c (-O3) (rerun 13) output pattern test
FAIL: libmudflap.cth/pass37-frag.c (-O3) (rerun 14) execution test
FAIL: libmudflap.cth/pass37-frag.c (-O3) (rerun 14) output pattern test
FAIL: libmudflap.cth/pass37-frag.c (-O3) (rerun 15) execution test
FAIL: libmudflap.cth/pass37-frag.c (-O3) (rerun 15) output pattern test
FAIL: libmudflap.cth/pass37-frag.c (-O3) (rerun 16) execution test
FAIL: libmudflap.cth/pass37-frag.c (-O3) (rerun 16) output pattern test
FAIL: libmudflap.cth/pass37-frag.c (-O3) (rerun 17) execution test
FAIL: libmudflap.cth/pass37-frag.c (-O3) (rerun 17) output pattern test
FAIL: libmudflap.cth/pass37-frag.c (-O3) (rerun 18) execution test
FAIL: libmudflap.cth/pass37-frag.c (-O3) (rerun 18) output pattern test
FAIL: libmudflap.cth/pass37-frag.c (-O3) (rerun 19) execution test
FAIL: libmudflap.cth/pass37-frag.c (-O3) (rerun 19) output pattern test
FAIL: libmudflap.cth/pass39-frag.c (-O3) execution test
FAIL: libmudflap.cth/pass39-frag.c (-O3) output pattern test
FAIL: libmudflap.cth/pass39-frag.c (-O3) (rerun 1) execution test
FAIL: libmudflap.cth/pass39-frag.c (-O3) (rerun 1) output pattern test
FAIL: libmudflap.cth/pass39-frag.c (-O3) (rerun 2) execution test
FAIL: libmudflap.cth/pass39-frag.c (-O3) (rerun 2) output pattern test
FAIL: libmudflap.cth/pass39-frag.c (-O3) (rerun 3) execution test
FAIL: libmudflap.cth/pass39-frag.c (-O3) (rerun 3) output pattern test
FAIL: libmudflap.cth/pass39-frag.c (-O3) (rerun 4) execution test
FAIL: libmudflap.cth/pass39-frag.c (-O3) (rerun 4) output pattern test
FAIL: libmudflap.cth/pass39-frag.c (-O3) (rerun 5) execution test
FAIL: libmudflap.cth/pass39-frag.c (-O3) (rerun 5) output pattern test
FAIL: libmudflap.cth/pass39-frag.c (-O3) (rerun 6) execution test
FAIL: libmudflap.cth/pass39-frag.c (-O3) (rerun 6) output pattern test
FAIL: libmudflap.cth/pass39-frag.c (-O3) (rerun 7) execution test
FAIL: libmudflap.cth/pass39-frag.c (-O3) (rerun 7) output pattern test
FAIL: libmudflap.cth/pass39-frag.c (-O3) (rerun 8) execution test
FAIL: libmudflap.cth/pass39-frag.c (-O3) (rerun 8) output pattern test
FAIL: libmudflap.cth/pass39-frag.c (-O3) (rerun 9) execution test
FAIL: libmudflap.cth/pass39-frag.c (-O3) (rerun 9) output pattern test
FAIL: libmudflap.cth/pass39-frag.c (-O3) (rerun 10) execution test
FAIL: libmudflap.cth/pass39-frag.c (-O3) (rerun 10) output pattern test
FAIL: libmudflap.cth/pass39-frag.c (-O3) (rerun 11) execution test
FAIL: libmudflap.cth/pass39-frag.c (-O3) (rerun 11) output pattern test
FAIL: libmudflap.cth/pass39-frag.c (-O3) (rerun 12) execution test
FAIL: libmudflap.cth/pass39-frag.c (-O3) (rerun 12) output pattern test
FAIL: libmudflap.cth/pass39-frag.c (-O3) (rerun 13) execution test
FAIL: libmudflap.cth/pass39-frag.c (-O3) (rerun 13) output pattern test
FAIL: libmudflap.cth/pass39-frag.c (-O3) (rerun 14) execution test
FAIL: libmudflap.cth/pass39-frag.c (-O3) (rerun 14) output pattern test
FAIL: libmudflap.cth/pass39-frag.c (-O3) (rerun 15) execution test
FAIL: libmudflap.cth/pass39-frag.c (-O3) (rerun 15) output pattern test
FAIL: libmudflap.cth/pass39-frag.c (-O3) (rerun 16) execution test
FAIL: libmudflap.cth/pass39-frag.c (-O3) (rerun 16) output pattern test
FAIL: libmudflap.cth/pass39-frag.c (-O3) (rerun 17) execution test
FAIL: libmudflap.cth/pass39-frag.c (-O3) (rerun 17) output pattern test
FAIL: libmudflap.cth/pass39-frag.c (-O3) (rerun 18) execution test
FAIL: libmudflap.cth/pass39-frag.c (-O3) (rerun 18) output pattern test
FAIL: libmudflap.cth/pass39-frag.c (-O3) (rerun 19) execution test
FAIL: libmudflap.cth/pass39-frag.c (-O3) (rerun 19) output pattern test
FAIL: libmudflap.cth/pass40-frag.c (-O3) output pattern test
FAIL: libmudflap.cth/pass59-frag.c (-O3) execution test
FAIL: libmudflap.cth/pass59-frag.c (-O3) output pattern test

		=== libmudflap Summary for unix/-mabi=64 ===

# of expected passes		1570
# of unexpected failures	336

Running target unix/-mabi=n32
FAIL: libmudflap.c++/pass41-frag.cxx (-static) execution test
FAIL: libmudflap.c++/pass41-frag.cxx ( -O) execution test
FAIL: libmudflap.c++/pass41-frag.cxx (-O2) execution test
FAIL: libmudflap.c++/pass41-frag.cxx (-O3) execution test

		=== libmudflap Summary for unix/-mabi=n32 ===

# of expected passes		1902
# of unexpected failures	4

		=== libmudflap Summary ===

# of expected passes		7276
# of unexpected failures	348

Compiler version: 4.8.1 (Debian 4.8.1-2) 
Platform: mipsel-unknown-linux-gnu
configure flags: -v --with-pkgversion='Debian 4.8.1-2' --with-bugurl=file:///usr/share/doc/gcc-4.8/README.Bugs --enable-languages=c,c++,java,go,d,fortran,objc,obj-c++ --prefix=/usr --program-suffix=-4.8 --enable-shared --enable-linker-build-id --libexecdir=/usr/lib --without-included-gettext --enable-threads=posix --with-gxx-include-dir=/usr/include/c++/4.8 --libdir=/usr/lib --enable-nls --with-sysroot=/ --enable-clocale=gnu --enable-libstdcxx-debug --enable-libstdcxx-time=yes --enable-gnu-unique-object --disable-libitm --disable-libsanitizer --disable-libquadmath --enable-plugin --with-system-zlib --disable-browser-plugin --enable-java-awt=gtk --enable-gtk-cairo --with-java-home=/usr/lib/jvm/java-1.5.0-gcj-4.8-mipsel/jre --enable-java-home --with-jvm-root-dir=/usr/lib/jvm/java-1.5.0-gcj-4.8-mipsel --with-jvm-jar-dir=/usr/lib/jvm-exports/java-1.5.0-gcj-4.8-mipsel --with-arch-directory=mips --with-ecj-jar=/usr/share/java/eclipse-ecj.jar --enable-multiarch --with-mips-plt --with-arch-32=mips2 --with-tune-32=mips32 --enable-targets=all --with-arch-64=mips3 --with-tune-64=mips64 --enable-checking=release --build=mipsel-linux-gnu --host=mipsel-linux-gnu --target=mipsel-linux-gnu
BOOT_CFLAGS=


Build Dependencies:
Desired=Unknown/Install/Remove/Purge/Hold
| Status=Not/Inst/Conf-files/Unpacked/halF-conf/Half-inst/trig-aWait/Trig-pend
|/ Err?=(none)/Reinst-required (Status,Err: uppercase=bad)
||/ Name                                Version               Architecture Description
+++-===================================-=====================-============-===============================================================================
ii  binutils                            2.22-8                mipsel       GNU assembler, linker and binary utilities
ii  g++-4.6                             4.6.4-2               mipsel       GNU C++ compiler
ii  g++-4.6-multilib                    4.6.4-2               mipsel       GNU C++ compiler (multilib files)
ii  g++-4.7                             4.7.3-3               mipsel       GNU C++ compiler
ii  g++-4.7-multilib                    4.7.3-3               mipsel       GNU C++ compiler (multilib files)
ii  g++-multilib                        4:4.6.3-8             mipsel       GNU C++ compiler (multilib files)
ii  libc6:mipsel                        2.17-3                mipsel       Embedded GNU C Library: Shared libraries
ii  libcloog-isl-dev:mipsel             0.18.0-2              mipsel       Chunky Loop Generator (development files)
ii  libgmp-dev:mipsel                   2:5.1.2+dfsg-1        mipsel       Multiprecision arithmetic library developers tools
ii  libisl-dev:mipsel                   0.11.2-1              mipsel       manipulating sets and relations of integer points bounded by linear constraints
ii  libmpc-dev:mipsel                   1.0.1-1               mipsel       multiple precision complex floating-point library development package
ii  libmpfr-dev:mipsel                  3.1.1-1               mipsel       multiple precision floating-point computation developers tools


svn-updates:
  updates from the 4.8 branch upto 20120604 (r199643).

gcc-gfdl-build:
  Build a dummy s-tm-texi without access to the texinfo sources

gcc-textdomain:
  Set gettext's domain and textdomain to the versioned package name.

gcc-driver-extra-langs:
  Add options and specs for languages that are not built from a source
  (but built from separate sources).

gcc-hash-style-both:
  Link using --hash-style=both (alpha, amd64, armel, armhf, ia64, i386, powerpc, ppc64, s390, sparc)

libstdc++-pic:
  Build and install libstdc++_pic.a library.

libstdc++-doclink:
  adjust hrefs to point to the local documentation

libstdc++-man-3cxx:
  Install libstdc++ man pages with suffix .3cxx instead of .3

libstdc++-test-installed:
  Add support to run the libstdc++-v3 testsuite using the
  installed shared libraries.

libstdc++-host-headers:
  Install host specific libstdc++ headers into the host include dir

libjava-stacktrace:
  libgcj: Lookup source file name and line number in separated
  debug files found in /usr/lib/debug

libjava-jnipath:
  - Add /usr/lib/jni and /usr/lib/<multiarch>/jni to java.library.path.
  - When running the i386 binaries on amd64, look in
  - /usr/lib32/gcj-x.y and /usr/lib32/jni instead.

libjava-sjlj:
  Don't try to use _Unwind_Backtrace on SJLJ targets.
  See bug #387875, #388505, GCC PR 29206.

libjava-disable-plugin:
  Don't build the gcjwebplugin, even when configured with --enable-plugin

alpha-no-ev4-directive:
  never emit .ev4 directive.

boehm-gc-getnprocs:
  boehm-gc/pthread_support.c (GC_get_nprocs): Use sysconf as fallback.

note-gnu-stack:
  Add .note.GNU-stack sections for gcc's crt files, libffi and boehm-gc
  Taken from FC.

libgomp-omp_h-multilib:
  Fix up omp.h for multilibs.

sparc-force-cpu:
  On sparc default to ultrasparc (v9a) in 32bit mode

pr24619:
  Proposed patch for PR mudflap/24619 (instrumentation of dlopen)

gccgo-version:
  Omit the subminor number from the go libdir

pr47818:
  Fix PR ada/47818: Pragma Assert is rejected with No_Implementation_Pragmas restriction.

pr49944:
  apply proposed patch for PR ada/49444.

gcc-base-version:
  Set base version to 4.8, introduce full version 4.8.x.

mudflapth-link:
  Link libmudflapth.so with -lpthread

libmudflap-x32:
  Fix libmudflap build failure for x32 multilibs

libgo-testsuite:
  Only run the libgo testsuite for flags configured in RUNTESTFLAGS

gcc-target-include-asm:
  Search \$(builddir)/sys-include for the asm header files

libgo-revert-timeout-exp:

arm-sanitizer:
  Enable libsanitizer on ARM.

aarch64-libjava:
  Build gcj for aarch64-linux-gnu

libgo-setcontext-config:
  libgo: Overwrite the setcontext_clobbers_tls check on mips*

pr57211:
  Fix PR c++/57211, don't warn about unused parameters of defaulted functions.

gdc-updates:
  Updates for gdc.

gdc-4.8:
  This implements D language support in the GCC back end, and adds
  relevant documentation about the GDC front end (code part).

gdc-versym-cpu:
  Implements D CPU version conditions.

gdc-versym-os:
  Implements D OS version conditions.

gdc-frontend-posix:
  Fix build of the D frontend on the Hurd and KFreeBSD.

gdc-texinfo:
  Add macros for the gdc texinfo documentation.

gdc-driver-nophobos:
  Modify gdc driver to have no libphobos by default.

gcc-sysroot:
  Allow building --with-sysroot=/

ada-kfreebsd:
  Fix gnat build failure on kfreebsd.

arm-multilib-soft:
  ARM hard/soft float multilib support

arm-multilib-defaults:
  Set MULTILIB_DEFAULTS for ARM multilib builds

gcc-ice-hack:
  Retry the build on an ice, save the calling options and preprocessed
  source when the ice is reproducible.

gcc-ice-apport:
  Report an ICE to apport (if apport is available
  and the environment variable GCC_NOAPPORT is not set)

libjava-fixed-symlinks:
  Remove unneed '..' elements from symlinks in JAVA_HOME

libstdc++-arm-wno-abi:
  Temporary work around:
  On arm-linux-gnueabi run the libstdc++v3 testsuite with -Wno-abi

libstdc++-no-testsuite:
  Don't run the libstdc++ testsuite on hppa and mipsel (timeouts on the buildds)

ada-mips:
  Improve support for mips.

libffi-ro-eh_frame_sect:
  PR libffi/47248, force a read only eh frame section.

gcc-multiarch:
  - Remaining multiarch patches, not yet submitted upstream.
  - Add MULTIARCH_DIRNAME definitions for multilib configurations,
  which are used for the non-multilib builds.

libjava-multiarch:
  Install libjava libraries to multiarch location

libjava-nobiarch-check:
  For biarch builds, disable the testsuite for the non-default architecture
  for runtime libraries, which are not built by default (libjava).

config-ml:
  - Disable some biarch libraries for biarch builds.
  - Fix multilib builds on kernels which don't support all multilibs.

g++-multiarch-incdir:
  Use /usr/include/<multiarch>/c++/4.x as the include directory
  for host dependent c++ header files.

gcc-multilib-multiarch:
  Don't auto-detect multilib osdirnames.

mips-fix-loongson2f-nop:
  On mips, pass -mfix-loongson2f-nop to as, if -mno-fix-loongson2f-nop
  is not passed.

libgomp-kfreebsd-testsuite:
  Disable lock-2.c test on kfreebsd-*

Counting all warnings,
there are 0 warnings in stage3 of this bootstrap.

Number of warnings per file:

Number of warning types:



More information about the Gcc-testresults mailing list