Results for 4.9.0 20130607 (experimental) [trunk revision 199809] (GCC) testsuite on i386-pc-solaris2.10

Rainer Orth ro@CeBiTec.Uni-Bielefeld.DE
Fri Jun 7 15:36:00 GMT 2013


LAST_UPDATED: Fri Jun  7 12:46:40 UTC 2013 (revision 199809)

		=== acats tests ===

		=== acats Summary ===
# of expected passes		2320
# of unexpected failures	0
Native configuration is i386-pc-solaris2.10

		=== g++ tests ===


Running target unix
FAIL: g++.dg/ext/visibility/anon6.C -std=c++98  scan-assembler 1BIiE1cE
FAIL: g++.dg/ext/visibility/anon6.C -std=c++11  scan-assembler 1BIiE1cE

		=== g++ Summary for unix ===

# of expected passes		51314
# of unexpected failures	2
# of expected failures		296
# of unsupported tests		683

Running target unix/-m64
FAIL: g++.dg/ext/visibility/anon6.C -std=c++98  scan-assembler 1BIiE1cE
FAIL: g++.dg/ext/visibility/anon6.C -std=c++11  scan-assembler 1BIiE1cE

		=== g++ Summary for unix/-m64 ===

# of expected passes		52082
# of unexpected failures	2
# of expected failures		296
# of unsupported tests		926

		=== g++ Summary ===

# of expected passes		103396
# of unexpected failures	4
# of expected failures		592
# of unsupported tests		1609
/var/gcc/regression/trunk/10-gcc/build/gcc/testsuite/g++/../../xg++  version 4.9.0 20130607 (experimental) [trunk revision 199809] (GCC) 

		=== gcc tests ===


Running target unix
FAIL: c-c++-common/cilk-plus/AN/an-if.c  -fcilkplus (internal compiler error)
FAIL: c-c++-common/cilk-plus/AN/an-if.c  -fcilkplus (test for excess errors)
WARNING: c-c++-common/cilk-plus/AN/an-if.c  -fcilkplus compilation failed to produce executable
FAIL: c-c++-common/cilk-plus/AN/an-if.c  -O0 -fcilkplus (internal compiler error)
FAIL: c-c++-common/cilk-plus/AN/an-if.c  -O0 -fcilkplus (test for excess errors)
WARNING: c-c++-common/cilk-plus/AN/an-if.c  -O0 -fcilkplus compilation failed to produce executable
FAIL: c-c++-common/cilk-plus/AN/an-if.c  -O1 -fcilkplus (internal compiler error)
FAIL: c-c++-common/cilk-plus/AN/an-if.c  -O1 -fcilkplus (test for excess errors)
WARNING: c-c++-common/cilk-plus/AN/an-if.c  -O1 -fcilkplus compilation failed to produce executable
FAIL: c-c++-common/cilk-plus/AN/an-if.c  -O2 -ftree-vectorize -fcilkplus (internal compiler error)
FAIL: c-c++-common/cilk-plus/AN/an-if.c  -O2 -ftree-vectorize -fcilkplus (test for excess errors)
WARNING: c-c++-common/cilk-plus/AN/an-if.c  -O2 -ftree-vectorize -fcilkplus compilation failed to produce executable
FAIL: c-c++-common/cilk-plus/AN/an-if.c  -O3 -fcilkplus (internal compiler error)
FAIL: c-c++-common/cilk-plus/AN/an-if.c  -O3 -fcilkplus (test for excess errors)
WARNING: c-c++-common/cilk-plus/AN/an-if.c  -O3 -fcilkplus compilation failed to produce executable
FAIL: c-c++-common/cilk-plus/AN/builtin_fn_mutating.c  -O3 -fcilkplus execution test
FAIL: c-c++-common/cilk-plus/AN/an-if.c  -g -fcilkplus (internal compiler error)
FAIL: c-c++-common/cilk-plus/AN/an-if.c  -g -fcilkplus (test for excess errors)
WARNING: c-c++-common/cilk-plus/AN/an-if.c  -g -fcilkplus compilation failed to produce executable
FAIL: c-c++-common/cilk-plus/AN/an-if.c  -g -O0 -fcilkplus (internal compiler error)
FAIL: c-c++-common/cilk-plus/AN/an-if.c  -g -O0 -fcilkplus (test for excess errors)
WARNING: c-c++-common/cilk-plus/AN/an-if.c  -g -O0 -fcilkplus compilation failed to produce executable
FAIL: c-c++-common/cilk-plus/AN/an-if.c  -g -O1 -fcilkplus (internal compiler error)
FAIL: c-c++-common/cilk-plus/AN/an-if.c  -g -O1 -fcilkplus (test for excess errors)
WARNING: c-c++-common/cilk-plus/AN/an-if.c  -g -O1 -fcilkplus compilation failed to produce executable
FAIL: c-c++-common/cilk-plus/AN/an-if.c  -g -O2 -ftree-vectorize -fcilkplus (internal compiler error)
FAIL: c-c++-common/cilk-plus/AN/an-if.c  -g -O2 -ftree-vectorize -fcilkplus (test for excess errors)
WARNING: c-c++-common/cilk-plus/AN/an-if.c  -g -O2 -ftree-vectorize -fcilkplus compilation failed to produce executable
FAIL: c-c++-common/cilk-plus/AN/an-if.c  -g -O3 -fcilkplus (internal compiler error)
FAIL: c-c++-common/cilk-plus/AN/an-if.c  -g -O3 -fcilkplus (test for excess errors)
WARNING: c-c++-common/cilk-plus/AN/an-if.c  -g -O3 -fcilkplus compilation failed to produce executable
FAIL: c-c++-common/cilk-plus/AN/builtin_fn_mutating.c  -g -O3 -fcilkplus execution test
FAIL: c-c++-common/cilk-plus/AN/an-if.c  -O3 -ftree-vectorize -fcilkplus -g (internal compiler error)
FAIL: c-c++-common/cilk-plus/AN/an-if.c  -O3 -ftree-vectorize -fcilkplus -g (test for excess errors)
WARNING: c-c++-common/cilk-plus/AN/an-if.c  -O3 -ftree-vectorize -fcilkplus -g compilation failed to produce executable
FAIL: c-c++-common/cilk-plus/AN/builtin_fn_mutating.c  -O3 -ftree-vectorize -fcilkplus -g execution test
FAIL: c-c++-common/cilk-plus/AN/an-if.c  -fcilkplus -std=c99 (internal compiler error)
FAIL: c-c++-common/cilk-plus/AN/an-if.c  -fcilkplus -std=c99 (test for excess errors)
WARNING: c-c++-common/cilk-plus/AN/an-if.c  -fcilkplus -std=c99 compilation failed to produce executable
FAIL: c-c++-common/cilk-plus/AN/builtin_fn_custom.c  -fcilkplus -std=c99 execution test
FAIL: c-c++-common/cilk-plus/AN/builtin_fn_mutating.c  -fcilkplus -std=c99 execution test
FAIL: c-c++-common/cilk-plus/AN/builtin_func_double.c  -fcilkplus -std=c99 (internal compiler error)
FAIL: c-c++-common/cilk-plus/AN/builtin_func_double.c  -fcilkplus -std=c99 (test for excess errors)
FAIL: c-c++-common/cilk-plus/AN/an-if.c  -fcilkplus -O0 -std=c99 (internal compiler error)
FAIL: c-c++-common/cilk-plus/AN/an-if.c  -fcilkplus -O0 -std=c99 (test for excess errors)
WARNING: c-c++-common/cilk-plus/AN/an-if.c  -fcilkplus -O0 -std=c99 compilation failed to produce executable
FAIL: c-c++-common/cilk-plus/AN/builtin_fn_custom.c  -fcilkplus -O0 -std=c99 execution test
FAIL: c-c++-common/cilk-plus/AN/builtin_fn_mutating.c  -fcilkplus -O0 -std=c99 execution test
FAIL: c-c++-common/cilk-plus/AN/builtin_func_double.c  -fcilkplus -O0 -std=c99 (internal compiler error)
FAIL: c-c++-common/cilk-plus/AN/builtin_func_double.c  -fcilkplus -O0 -std=c99 (test for excess errors)
FAIL: c-c++-common/cilk-plus/AN/an-if.c  -fcilkplus -O1 -std=c99 (internal compiler error)
FAIL: c-c++-common/cilk-plus/AN/an-if.c  -fcilkplus -O1 -std=c99 (test for excess errors)
WARNING: c-c++-common/cilk-plus/AN/an-if.c  -fcilkplus -O1 -std=c99 compilation failed to produce executable
FAIL: c-c++-common/cilk-plus/AN/builtin_func_double.c  -fcilkplus -O1 -std=c99 (internal compiler error)
FAIL: c-c++-common/cilk-plus/AN/builtin_func_double.c  -fcilkplus -O1 -std=c99 (test for excess errors)
FAIL: c-c++-common/cilk-plus/AN/an-if.c  -fcilkplus -O2 -ftree-vectorize -std=c99 (internal compiler error)
FAIL: c-c++-common/cilk-plus/AN/an-if.c  -fcilkplus -O2 -ftree-vectorize -std=c99 (test for excess errors)
WARNING: c-c++-common/cilk-plus/AN/an-if.c  -fcilkplus -O2 -ftree-vectorize -std=c99 compilation failed to produce executable
FAIL: c-c++-common/cilk-plus/AN/builtin_func_double.c  -fcilkplus -O2 -ftree-vectorize -std=c99 (internal compiler error)
FAIL: c-c++-common/cilk-plus/AN/builtin_func_double.c  -fcilkplus -O2 -ftree-vectorize -std=c99 (test for excess errors)
FAIL: c-c++-common/cilk-plus/AN/an-if.c  -fcilkplus -O3 -std=c99 (internal compiler error)
FAIL: c-c++-common/cilk-plus/AN/an-if.c  -fcilkplus -O3 -std=c99 (test for excess errors)
WARNING: c-c++-common/cilk-plus/AN/an-if.c  -fcilkplus -O3 -std=c99 compilation failed to produce executable
FAIL: c-c++-common/cilk-plus/AN/builtin_func_double.c  -fcilkplus -O3 -std=c99 (internal compiler error)
FAIL: c-c++-common/cilk-plus/AN/builtin_func_double.c  -fcilkplus -O3 -std=c99 (test for excess errors)
FAIL: c-c++-common/cilk-plus/AN/an-if.c  -fcilkplus -g -std=c99 (internal compiler error)
FAIL: c-c++-common/cilk-plus/AN/an-if.c  -fcilkplus -g -std=c99 (test for excess errors)
WARNING: c-c++-common/cilk-plus/AN/an-if.c  -fcilkplus -g -std=c99 compilation failed to produce executable
FAIL: c-c++-common/cilk-plus/AN/builtin_fn_custom.c  -fcilkplus -g -std=c99 execution test
FAIL: c-c++-common/cilk-plus/AN/builtin_fn_mutating.c  -fcilkplus -g -std=c99 execution test
FAIL: c-c++-common/cilk-plus/AN/builtin_func_double.c  -fcilkplus -g -std=c99 (internal compiler error)
FAIL: c-c++-common/cilk-plus/AN/builtin_func_double.c  -fcilkplus -g -std=c99 (test for excess errors)
FAIL: c-c++-common/cilk-plus/AN/an-if.c  -fcilkplus -g -O0 -std=c99 (internal compiler error)
FAIL: c-c++-common/cilk-plus/AN/an-if.c  -fcilkplus -g -O0 -std=c99 (test for excess errors)
WARNING: c-c++-common/cilk-plus/AN/an-if.c  -fcilkplus -g -O0 -std=c99 compilation failed to produce executable
FAIL: c-c++-common/cilk-plus/AN/builtin_fn_custom.c  -fcilkplus -g -O0 -std=c99 execution test
FAIL: c-c++-common/cilk-plus/AN/builtin_fn_mutating.c  -fcilkplus -g -O0 -std=c99 execution test
FAIL: c-c++-common/cilk-plus/AN/builtin_func_double.c  -fcilkplus -g -O0 -std=c99 (internal compiler error)
FAIL: c-c++-common/cilk-plus/AN/builtin_func_double.c  -fcilkplus -g -O0 -std=c99 (test for excess errors)
FAIL: c-c++-common/cilk-plus/AN/an-if.c  -fcilkplus -g -O1 -std=c99 (internal compiler error)
FAIL: c-c++-common/cilk-plus/AN/an-if.c  -fcilkplus -g -O1 -std=c99 (test for excess errors)
WARNING: c-c++-common/cilk-plus/AN/an-if.c  -fcilkplus -g -O1 -std=c99 compilation failed to produce executable
FAIL: c-c++-common/cilk-plus/AN/builtin_func_double.c  -fcilkplus -g -O1 -std=c99 (internal compiler error)
FAIL: c-c++-common/cilk-plus/AN/builtin_func_double.c  -fcilkplus -g -O1 -std=c99 (test for excess errors)
FAIL: c-c++-common/cilk-plus/AN/an-if.c  -fcilkplus -g -O2 -ftree-vectorize -std=c99 (internal compiler error)
FAIL: c-c++-common/cilk-plus/AN/an-if.c  -fcilkplus -g -O2 -ftree-vectorize -std=c99 (test for excess errors)
WARNING: c-c++-common/cilk-plus/AN/an-if.c  -fcilkplus -g -O2 -ftree-vectorize -std=c99 compilation failed to produce executable
FAIL: c-c++-common/cilk-plus/AN/builtin_func_double.c  -fcilkplus -g -O2 -ftree-vectorize -std=c99 (internal compiler error)
FAIL: c-c++-common/cilk-plus/AN/builtin_func_double.c  -fcilkplus -g -O2 -ftree-vectorize -std=c99 (test for excess errors)
FAIL: c-c++-common/cilk-plus/AN/an-if.c  -fcilkplus -g -O3 -std=c99 (internal compiler error)
FAIL: c-c++-common/cilk-plus/AN/an-if.c  -fcilkplus -g -O3 -std=c99 (test for excess errors)
WARNING: c-c++-common/cilk-plus/AN/an-if.c  -fcilkplus -g -O3 -std=c99 compilation failed to produce executable
FAIL: c-c++-common/cilk-plus/AN/builtin_func_double.c  -fcilkplus -g -O3 -std=c99 (internal compiler error)
FAIL: c-c++-common/cilk-plus/AN/builtin_func_double.c  -fcilkplus -g -O3 -std=c99 (test for excess errors)
FAIL: c-c++-common/cilk-plus/AN/an-if.c  -O3 -ftree-vectorize -std=c99 -g -fcilkplus (internal compiler error)
FAIL: c-c++-common/cilk-plus/AN/an-if.c  -O3 -ftree-vectorize -std=c99 -g -fcilkplus (test for excess errors)
WARNING: c-c++-common/cilk-plus/AN/an-if.c  -O3 -ftree-vectorize -std=c99 -g -fcilkplus compilation failed to produce executable
FAIL: c-c++-common/cilk-plus/AN/builtin_func_double.c  -O3 -ftree-vectorize -std=c99 -g -fcilkplus (internal compiler error)
FAIL: c-c++-common/cilk-plus/AN/builtin_func_double.c  -O3 -ftree-vectorize -std=c99 -g -fcilkplus (test for excess errors)
ERROR: gcc.dg/tree-ssa/attr-alias.c: error executing dg-final: couldn't compile regular expression pattern: parentheses () not balanced
UNRESOLVED: gcc.dg/tree-ssa/attr-alias.c: error executing dg-final: couldn't compile regular expression pattern: parentheses () not balanced

		=== gcc Summary for unix ===

# of expected passes		94942
# of unexpected failures	77
# of expected failures		255
# of unresolved testcases	1
# of unsupported tests		1230

Running target unix/-m64
FAIL: c-c++-common/cilk-plus/AN/an-if.c  -fcilkplus (internal compiler error)
FAIL: c-c++-common/cilk-plus/AN/an-if.c  -fcilkplus (test for excess errors)
WARNING: c-c++-common/cilk-plus/AN/an-if.c  -fcilkplus compilation failed to produce executable
FAIL: c-c++-common/cilk-plus/AN/an-if.c  -O0 -fcilkplus (internal compiler error)
FAIL: c-c++-common/cilk-plus/AN/an-if.c  -O0 -fcilkplus (test for excess errors)
WARNING: c-c++-common/cilk-plus/AN/an-if.c  -O0 -fcilkplus compilation failed to produce executable
FAIL: c-c++-common/cilk-plus/AN/an-if.c  -O1 -fcilkplus (internal compiler error)
FAIL: c-c++-common/cilk-plus/AN/an-if.c  -O1 -fcilkplus (test for excess errors)
WARNING: c-c++-common/cilk-plus/AN/an-if.c  -O1 -fcilkplus compilation failed to produce executable
FAIL: c-c++-common/cilk-plus/AN/an-if.c  -O2 -ftree-vectorize -fcilkplus (internal compiler error)
FAIL: c-c++-common/cilk-plus/AN/an-if.c  -O2 -ftree-vectorize -fcilkplus (test for excess errors)
WARNING: c-c++-common/cilk-plus/AN/an-if.c  -O2 -ftree-vectorize -fcilkplus compilation failed to produce executable
FAIL: c-c++-common/cilk-plus/AN/an-if.c  -O3 -fcilkplus (internal compiler error)
FAIL: c-c++-common/cilk-plus/AN/an-if.c  -O3 -fcilkplus (test for excess errors)
WARNING: c-c++-common/cilk-plus/AN/an-if.c  -O3 -fcilkplus compilation failed to produce executable
FAIL: c-c++-common/cilk-plus/AN/an-if.c  -g -fcilkplus (internal compiler error)
FAIL: c-c++-common/cilk-plus/AN/an-if.c  -g -fcilkplus (test for excess errors)
WARNING: c-c++-common/cilk-plus/AN/an-if.c  -g -fcilkplus compilation failed to produce executable
FAIL: c-c++-common/cilk-plus/AN/an-if.c  -g -O0 -fcilkplus (internal compiler error)
FAIL: c-c++-common/cilk-plus/AN/an-if.c  -g -O0 -fcilkplus (test for excess errors)
WARNING: c-c++-common/cilk-plus/AN/an-if.c  -g -O0 -fcilkplus compilation failed to produce executable
FAIL: c-c++-common/cilk-plus/AN/an-if.c  -g -O1 -fcilkplus (internal compiler error)
FAIL: c-c++-common/cilk-plus/AN/an-if.c  -g -O1 -fcilkplus (test for excess errors)
WARNING: c-c++-common/cilk-plus/AN/an-if.c  -g -O1 -fcilkplus compilation failed to produce executable
FAIL: c-c++-common/cilk-plus/AN/an-if.c  -g -O2 -ftree-vectorize -fcilkplus (internal compiler error)
FAIL: c-c++-common/cilk-plus/AN/an-if.c  -g -O2 -ftree-vectorize -fcilkplus (test for excess errors)
WARNING: c-c++-common/cilk-plus/AN/an-if.c  -g -O2 -ftree-vectorize -fcilkplus compilation failed to produce executable
FAIL: c-c++-common/cilk-plus/AN/an-if.c  -g -O3 -fcilkplus (internal compiler error)
FAIL: c-c++-common/cilk-plus/AN/an-if.c  -g -O3 -fcilkplus (test for excess errors)
WARNING: c-c++-common/cilk-plus/AN/an-if.c  -g -O3 -fcilkplus compilation failed to produce executable
FAIL: c-c++-common/cilk-plus/AN/an-if.c  -O3 -ftree-vectorize -fcilkplus -g (internal compiler error)
FAIL: c-c++-common/cilk-plus/AN/an-if.c  -O3 -ftree-vectorize -fcilkplus -g (test for excess errors)
WARNING: c-c++-common/cilk-plus/AN/an-if.c  -O3 -ftree-vectorize -fcilkplus -g compilation failed to produce executable
FAIL: c-c++-common/cilk-plus/AN/an-if.c  -fcilkplus -std=c99 (internal compiler error)
FAIL: c-c++-common/cilk-plus/AN/an-if.c  -fcilkplus -std=c99 (test for excess errors)
WARNING: c-c++-common/cilk-plus/AN/an-if.c  -fcilkplus -std=c99 compilation failed to produce executable
FAIL: c-c++-common/cilk-plus/AN/an-if.c  -fcilkplus -O0 -std=c99 (internal compiler error)
FAIL: c-c++-common/cilk-plus/AN/an-if.c  -fcilkplus -O0 -std=c99 (test for excess errors)
WARNING: c-c++-common/cilk-plus/AN/an-if.c  -fcilkplus -O0 -std=c99 compilation failed to produce executable
FAIL: c-c++-common/cilk-plus/AN/an-if.c  -fcilkplus -O1 -std=c99 (internal compiler error)
FAIL: c-c++-common/cilk-plus/AN/an-if.c  -fcilkplus -O1 -std=c99 (test for excess errors)
WARNING: c-c++-common/cilk-plus/AN/an-if.c  -fcilkplus -O1 -std=c99 compilation failed to produce executable
FAIL: c-c++-common/cilk-plus/AN/an-if.c  -fcilkplus -O2 -ftree-vectorize -std=c99 (internal compiler error)
FAIL: c-c++-common/cilk-plus/AN/an-if.c  -fcilkplus -O2 -ftree-vectorize -std=c99 (test for excess errors)
WARNING: c-c++-common/cilk-plus/AN/an-if.c  -fcilkplus -O2 -ftree-vectorize -std=c99 compilation failed to produce executable
FAIL: c-c++-common/cilk-plus/AN/an-if.c  -fcilkplus -O3 -std=c99 (internal compiler error)
FAIL: c-c++-common/cilk-plus/AN/an-if.c  -fcilkplus -O3 -std=c99 (test for excess errors)
WARNING: c-c++-common/cilk-plus/AN/an-if.c  -fcilkplus -O3 -std=c99 compilation failed to produce executable
FAIL: c-c++-common/cilk-plus/AN/an-if.c  -fcilkplus -g -std=c99 (internal compiler error)
FAIL: c-c++-common/cilk-plus/AN/an-if.c  -fcilkplus -g -std=c99 (test for excess errors)
WARNING: c-c++-common/cilk-plus/AN/an-if.c  -fcilkplus -g -std=c99 compilation failed to produce executable
FAIL: c-c++-common/cilk-plus/AN/an-if.c  -fcilkplus -g -O0 -std=c99 (internal compiler error)
FAIL: c-c++-common/cilk-plus/AN/an-if.c  -fcilkplus -g -O0 -std=c99 (test for excess errors)
WARNING: c-c++-common/cilk-plus/AN/an-if.c  -fcilkplus -g -O0 -std=c99 compilation failed to produce executable
FAIL: c-c++-common/cilk-plus/AN/an-if.c  -fcilkplus -g -O1 -std=c99 (internal compiler error)
FAIL: c-c++-common/cilk-plus/AN/an-if.c  -fcilkplus -g -O1 -std=c99 (test for excess errors)
WARNING: c-c++-common/cilk-plus/AN/an-if.c  -fcilkplus -g -O1 -std=c99 compilation failed to produce executable
FAIL: c-c++-common/cilk-plus/AN/an-if.c  -fcilkplus -g -O2 -ftree-vectorize -std=c99 (internal compiler error)
FAIL: c-c++-common/cilk-plus/AN/an-if.c  -fcilkplus -g -O2 -ftree-vectorize -std=c99 (test for excess errors)
WARNING: c-c++-common/cilk-plus/AN/an-if.c  -fcilkplus -g -O2 -ftree-vectorize -std=c99 compilation failed to produce executable
FAIL: c-c++-common/cilk-plus/AN/an-if.c  -fcilkplus -g -O3 -std=c99 (internal compiler error)
FAIL: c-c++-common/cilk-plus/AN/an-if.c  -fcilkplus -g -O3 -std=c99 (test for excess errors)
WARNING: c-c++-common/cilk-plus/AN/an-if.c  -fcilkplus -g -O3 -std=c99 compilation failed to produce executable
FAIL: c-c++-common/cilk-plus/AN/an-if.c  -O3 -ftree-vectorize -std=c99 -g -fcilkplus (internal compiler error)
FAIL: c-c++-common/cilk-plus/AN/an-if.c  -O3 -ftree-vectorize -std=c99 -g -fcilkplus (test for excess errors)
WARNING: c-c++-common/cilk-plus/AN/an-if.c  -O3 -ftree-vectorize -std=c99 -g -fcilkplus compilation failed to produce executable
ERROR: gcc.dg/tree-ssa/attr-alias.c: error executing dg-final: couldn't compile regular expression pattern: parentheses () not balanced
UNRESOLVED: gcc.dg/tree-ssa/attr-alias.c: error executing dg-final: couldn't compile regular expression pattern: parentheses () not balanced

		=== gcc Summary for unix/-m64 ===

# of expected passes		95342
# of unexpected failures	44
# of expected failures		257
# of unresolved testcases	1
# of unsupported tests		1549

		=== gcc Summary ===

# of expected passes		190284
# of unexpected failures	121
# of expected failures		512
# of unresolved testcases	2
# of unsupported tests		2779
/var/gcc/regression/trunk/10-gcc/build/gcc/xgcc  version 4.9.0 20130607 (experimental) [trunk revision 199809] (GCC) 

		=== gfortran tests ===


Running target unix
FAIL: gfortran.dg/finalize_16.f90  -O  (internal compiler error)
FAIL: gfortran.dg/finalize_16.f90  -O  (test for excess errors)
FAIL: gfortran.dg/lto/pr45586-2 f_lto_pr45586-2_0.o-f_lto_pr45586-2_0.o link, -O0 -flto -flto-partition=none  (internal compiler error)
UNRESOLVED: gfortran.dg/lto/pr45586-2 f_lto_pr45586-2_0.o-f_lto_pr45586-2_0.o execute -O0 -flto -flto-partition=none 
FAIL: gfortran.dg/lto/pr45586-2 f_lto_pr45586-2_0.o-f_lto_pr45586-2_0.o link, -O0 -flto -flto-partition=1to1  (internal compiler error)
UNRESOLVED: gfortran.dg/lto/pr45586-2 f_lto_pr45586-2_0.o-f_lto_pr45586-2_0.o execute -O0 -flto -flto-partition=1to1 
FAIL: gfortran.dg/lto/pr45586-2 f_lto_pr45586-2_0.o-f_lto_pr45586-2_0.o link, -O0 -flto  (internal compiler error)
UNRESOLVED: gfortran.dg/lto/pr45586-2 f_lto_pr45586-2_0.o-f_lto_pr45586-2_0.o execute -O0 -flto 
FAIL: gfortran.dg/lto/pr45586 f_lto_pr45586_0.o-f_lto_pr45586_0.o link, -O0 -flto -flto-partition=none  (internal compiler error)
UNRESOLVED: gfortran.dg/lto/pr45586 f_lto_pr45586_0.o-f_lto_pr45586_0.o execute -O0 -flto -flto-partition=none 
FAIL: gfortran.dg/lto/pr45586 f_lto_pr45586_0.o-f_lto_pr45586_0.o link, -O0 -flto -flto-partition=1to1  (internal compiler error)
UNRESOLVED: gfortran.dg/lto/pr45586 f_lto_pr45586_0.o-f_lto_pr45586_0.o execute -O0 -flto -flto-partition=1to1 
FAIL: gfortran.dg/lto/pr45586 f_lto_pr45586_0.o-f_lto_pr45586_0.o link, -O0 -flto  (internal compiler error)
UNRESOLVED: gfortran.dg/lto/pr45586 f_lto_pr45586_0.o-f_lto_pr45586_0.o execute -O0 -flto 

		=== gfortran Summary for unix ===

# of expected passes		44233
# of unexpected failures	8
# of expected failures		52
# of unresolved testcases	6
# of unsupported tests		228

Running target unix/-m64
FAIL: gfortran.dg/finalize_16.f90  -O  (internal compiler error)
FAIL: gfortran.dg/finalize_16.f90  -O  (test for excess errors)
FAIL: gfortran.dg/lto/pr45586-2 f_lto_pr45586-2_0.o-f_lto_pr45586-2_0.o link, -O0 -flto -flto-partition=none  (internal compiler error)
UNRESOLVED: gfortran.dg/lto/pr45586-2 f_lto_pr45586-2_0.o-f_lto_pr45586-2_0.o execute -O0 -flto -flto-partition=none 
FAIL: gfortran.dg/lto/pr45586-2 f_lto_pr45586-2_0.o-f_lto_pr45586-2_0.o link, -O0 -flto -flto-partition=1to1  (internal compiler error)
UNRESOLVED: gfortran.dg/lto/pr45586-2 f_lto_pr45586-2_0.o-f_lto_pr45586-2_0.o execute -O0 -flto -flto-partition=1to1 
FAIL: gfortran.dg/lto/pr45586-2 f_lto_pr45586-2_0.o-f_lto_pr45586-2_0.o link, -O0 -flto  (internal compiler error)
UNRESOLVED: gfortran.dg/lto/pr45586-2 f_lto_pr45586-2_0.o-f_lto_pr45586-2_0.o execute -O0 -flto 
FAIL: gfortran.dg/lto/pr45586 f_lto_pr45586_0.o-f_lto_pr45586_0.o link, -O0 -flto -flto-partition=none  (internal compiler error)
UNRESOLVED: gfortran.dg/lto/pr45586 f_lto_pr45586_0.o-f_lto_pr45586_0.o execute -O0 -flto -flto-partition=none 
FAIL: gfortran.dg/lto/pr45586 f_lto_pr45586_0.o-f_lto_pr45586_0.o link, -O0 -flto -flto-partition=1to1  (internal compiler error)
UNRESOLVED: gfortran.dg/lto/pr45586 f_lto_pr45586_0.o-f_lto_pr45586_0.o execute -O0 -flto -flto-partition=1to1 
FAIL: gfortran.dg/lto/pr45586 f_lto_pr45586_0.o-f_lto_pr45586_0.o link, -O0 -flto  (internal compiler error)
UNRESOLVED: gfortran.dg/lto/pr45586 f_lto_pr45586_0.o-f_lto_pr45586_0.o execute -O0 -flto 

		=== gfortran Summary for unix/-m64 ===

# of expected passes		44536
# of unexpected failures	8
# of expected failures		52
# of unresolved testcases	6
# of unsupported tests		82

		=== gfortran Summary ===

# of expected passes		88769
# of unexpected failures	16
# of expected failures		104
# of unresolved testcases	12
# of unsupported tests		310
/var/gcc/regression/trunk/10-gcc/build/gcc/testsuite/gfortran/../../gfortran  version 4.9.0 20130607 (experimental) [trunk revision 199809] (GCC) 

		=== gnat tests ===


Running target unix

		=== gnat Summary for unix ===

# of expected passes		1176
# of expected failures		18
# of unsupported tests		6

Running target unix/-m64

		=== gnat Summary for unix/-m64 ===

# of expected passes		1176
# of expected failures		18
# of unsupported tests		6

		=== gnat Summary ===

# of expected passes		2352
# of expected failures		36
# of unsupported tests		12
/var/gcc/regression/trunk/10-gcc/build/gcc/gnatmake version 4.9.0 20130607 (experimental) [trunk revision 199809]

		=== go tests ===


Running target unix

		=== go Summary for unix ===

# of expected passes		5083
# of expected failures		1
# of untested testcases		5

Running target unix/-m64

		=== go Summary for unix/-m64 ===

# of expected passes		4963
# of expected failures		1
# of untested testcases		5

		=== go Summary ===

# of expected passes		10046
# of expected failures		2
# of untested testcases		10
/var/gcc/regression/trunk/10-gcc/build/gcc/testsuite/go/../../gccgo  version 4.9.0 20130607 (experimental) [trunk revision 199809] (GCC) 

		=== obj-c++ tests ===


Running target unix

		=== obj-c++ Summary for unix ===

# of expected passes		1450
# of expected failures		2
# of unsupported tests		86

Running target unix/-m64

		=== obj-c++ Summary for unix/-m64 ===

# of expected passes		1442
# of expected failures		10
# of unsupported tests		86

		=== obj-c++ Summary ===

# of expected passes		2892
# of expected failures		12
# of unsupported tests		172
/var/gcc/regression/trunk/10-gcc/build/gcc/testsuite/obj-c++/../../xg++  version 4.9.0 20130607 (experimental) [trunk revision 199809] (GCC) 

		=== objc tests ===


Running target unix

		=== objc Summary for unix ===

# of expected passes		2988
# of expected failures		6
# of unsupported tests		74

Running target unix/-m64

		=== objc Summary for unix/-m64 ===

# of expected passes		2988
# of expected failures		6
# of unsupported tests		74

		=== objc Summary ===

# of expected passes		5976
# of expected failures		12
# of unsupported tests		148
/var/gcc/regression/trunk/10-gcc/build/gcc/xgcc  version 4.9.0 20130607 (experimental) [trunk revision 199809] (GCC) 

		=== boehm-gc tests ===


Running target unix

		=== boehm-gc Summary for unix ===

# of expected passes		12
# of unsupported tests		1

Running target unix/-m64

		=== boehm-gc Summary for unix/-m64 ===

# of expected passes		12
# of unsupported tests		1

		=== boehm-gc Summary ===

# of expected passes		24
# of unsupported tests		2
		=== libatomic tests ===


Running target unix

		=== libatomic Summary for unix ===

# of expected passes		44
# of unsupported tests		5

Running target unix/-m64

		=== libatomic Summary for unix/-m64 ===

# of expected passes		54

		=== libatomic Summary ===

# of expected passes		98
# of unsupported tests		5
		=== libffi tests ===


Running target unix

		=== libffi Summary for unix ===

# of expected passes		1819
# of unsupported tests		55

Running target unix/-m64

		=== libffi Summary for unix/-m64 ===

# of expected passes		1819
# of unsupported tests		55

		=== libffi Summary ===

# of expected passes		3638
# of unsupported tests		110
		=== libgo tests ===


Running target unix

		=== libgo Summary for unix ===

# of expected passes		131

Running target unix/-m64
FAIL: os
FAIL: net/http
FAIL: net/http/cgi

		=== libgo Summary for unix/-m64 ===

# of expected passes		128
# of unexpected failures	3

		=== libgo Summary ===

# of expected passes		259
# of unexpected failures	3
/var/gcc/regression/trunk/10-gcc/build/./gcc/gccgo version 4.9.0 20130607 (experimental) [trunk revision 199809] (GCC)

		=== libgomp tests ===


Running target unix

		=== libgomp Summary for unix ===

# of expected passes		3046
# of unsupported tests		3

Running target unix/-m64

		=== libgomp Summary for unix/-m64 ===

# of expected passes		3046
# of unsupported tests		3

		=== libgomp Summary ===

# of expected passes		6092
# of unsupported tests		6
		=== libitm tests ===


Running target unix

		=== libitm Summary for unix ===

# of expected passes		26
# of expected failures		3
# of unsupported tests		1

Running target unix/-m64

		=== libitm Summary for unix/-m64 ===

# of expected passes		26
# of expected failures		3
# of unsupported tests		1

		=== libitm Summary ===

# of expected passes		52
# of expected failures		6
# of unsupported tests		2
		=== libjava tests ===


Running target unix
FAIL: sourcelocation output - source compiled test
FAIL: sourcelocation -findirect-dispatch output - source compiled test
FAIL: sourcelocation -O3 output - source compiled test
FAIL: sourcelocation -O3 -findirect-dispatch output - source compiled test

		=== libjava Summary for unix ===

# of expected passes		2582
# of unexpected failures	4

Running target unix/-m64
FAIL: sourcelocation output - source compiled test
FAIL: sourcelocation -findirect-dispatch output - source compiled test
FAIL: sourcelocation -O3 output - source compiled test
FAIL: sourcelocation -O3 -findirect-dispatch output - source compiled test

		=== libjava Summary for unix/-m64 ===

# of expected passes		2582
# of unexpected failures	4

		=== libjava Summary ===

# of expected passes		5164
# of unexpected failures	8
		=== libstdc++ tests ===


Running target unix

		=== libstdc++ Summary for unix ===

# of expected passes		8413
# of expected failures		46
# of unsupported tests		573

Running target unix/-m64

		=== libstdc++ Summary for unix/-m64 ===

# of expected passes		8413
# of expected failures		46
# of unsupported tests		573

		=== libstdc++ Summary ===

# of expected passes		16826
# of expected failures		92
# of unsupported tests		1146

Compiler version: 4.9.0 20130607 (experimental) [trunk revision 199809] (GCC) 
Platform: i386-pc-solaris2.10
configure flags: --prefix=/vol/gcc --target=i386-pc-solaris2.10 --enable-objc-gc --with-gmp-include=/vol/gcc/include --with-gmp-lib=/vol/gcc/lib --with-mpfr-include=/vol/gcc/include --with-mpfr-lib=/vol/gcc/lib --with-mpc-include=/vol/gcc/include --with-mpc-lib=/vol/gcc/lib --enable-languages=all,ada,obj-c++,go --with-isl-include=/vol/gcc/include --with-isl-lib=/vol/gcc/lib --with-cloog-include=/vol/gcc/include --with-cloog-lib=/vol/gcc/lib --enable-cloog-backend=isl
BOOT_CFLAGS=-g -O2



More information about the Gcc-testresults mailing list