Results for 4.7.4 20130503 (prerelease) [ARM/aarch64-4.7-branch r198689] testsuite on aarch64-unknown-linux-gnu
Mikael Pettersson
mikpe@it.uu.se
Wed Jun 5 11:33:00 GMT 2013
Native configuration is aarch64-unknown-linux-gnu
=== libstdc++ tests ===
Running target unix
FAIL: 22_locale/time_get/get_weekday/char/38081-1.cc execution test
FAIL: 22_locale/time_get/get_weekday/char/38081-2.cc execution test
=== libstdc++ Summary ===
# of expected passes 8694
# of unexpected failures 2
# of expected failures 45
# of unsupported tests 168
=== acats tests ===
FAIL: c52103x
FAIL: c52104x
FAIL: c52104y
FAIL: cb1010a
=== acats Summary ===
# of expected passes 2316
# of unexpected failures 4
=== g++ tests ===
Running target unix
FAIL: g++.dg/abi/mangle-neon-aarch64.C -std=c++98 (test for excess errors)
UNRESOLVED: g++.dg/abi/mangle-neon-aarch64.C -std=c++98 scan-assembler _Z2f010__Int8x8_t:
UNRESOLVED: g++.dg/abi/mangle-neon-aarch64.C -std=c++98 scan-assembler _Z2f111__Int16x4_t:
UNRESOLVED: g++.dg/abi/mangle-neon-aarch64.C -std=c++98 scan-assembler _Z2f211__Int32x2_t:
UNRESOLVED: g++.dg/abi/mangle-neon-aarch64.C -std=c++98 scan-assembler _Z2f311__Uint8x8_t:
UNRESOLVED: g++.dg/abi/mangle-neon-aarch64.C -std=c++98 scan-assembler _Z2f412__Uint16x4_t:
UNRESOLVED: g++.dg/abi/mangle-neon-aarch64.C -std=c++98 scan-assembler _Z2f512__Uint32x2_t:
UNRESOLVED: g++.dg/abi/mangle-neon-aarch64.C -std=c++98 scan-assembler _Z2f613__Float32x2_t:
UNRESOLVED: g++.dg/abi/mangle-neon-aarch64.C -std=c++98 scan-assembler _Z2f711__Poly8x8_t:
UNRESOLVED: g++.dg/abi/mangle-neon-aarch64.C -std=c++98 scan-assembler _Z2f812__Poly16x4_t:
UNRESOLVED: g++.dg/abi/mangle-neon-aarch64.C -std=c++98 scan-assembler _Z2f911__Int8x16_t:
UNRESOLVED: g++.dg/abi/mangle-neon-aarch64.C -std=c++98 scan-assembler _Z3f1011__Int16x8_t:
UNRESOLVED: g++.dg/abi/mangle-neon-aarch64.C -std=c++98 scan-assembler _Z3f1111__Int32x4_t:
UNRESOLVED: g++.dg/abi/mangle-neon-aarch64.C -std=c++98 scan-assembler _Z3f1211__Int64x2_t:
UNRESOLVED: g++.dg/abi/mangle-neon-aarch64.C -std=c++98 scan-assembler _Z3f1312__Uint8x16_t:
UNRESOLVED: g++.dg/abi/mangle-neon-aarch64.C -std=c++98 scan-assembler _Z3f1412__Uint16x8_t:
UNRESOLVED: g++.dg/abi/mangle-neon-aarch64.C -std=c++98 scan-assembler _Z3f1512__Uint32x4_t:
UNRESOLVED: g++.dg/abi/mangle-neon-aarch64.C -std=c++98 scan-assembler _Z3f1612__Uint64x2_t:
UNRESOLVED: g++.dg/abi/mangle-neon-aarch64.C -std=c++98 scan-assembler _Z3f1713__Float32x4_t:
UNRESOLVED: g++.dg/abi/mangle-neon-aarch64.C -std=c++98 scan-assembler _Z3f1813__Float64x2_t:
UNRESOLVED: g++.dg/abi/mangle-neon-aarch64.C -std=c++98 scan-assembler _Z3f1912__Poly8x16_t:
UNRESOLVED: g++.dg/abi/mangle-neon-aarch64.C -std=c++98 scan-assembler _Z3f2012__Poly16x8_t:
UNRESOLVED: g++.dg/abi/mangle-neon-aarch64.C -std=c++98 scan-assembler _Z3f2111__Int8x16_tS_:
FAIL: g++.dg/abi/mangle-neon-aarch64.C -std=c++11 (test for excess errors)
UNRESOLVED: g++.dg/abi/mangle-neon-aarch64.C -std=c++11 scan-assembler _Z2f010__Int8x8_t:
UNRESOLVED: g++.dg/abi/mangle-neon-aarch64.C -std=c++11 scan-assembler _Z2f111__Int16x4_t:
UNRESOLVED: g++.dg/abi/mangle-neon-aarch64.C -std=c++11 scan-assembler _Z2f211__Int32x2_t:
UNRESOLVED: g++.dg/abi/mangle-neon-aarch64.C -std=c++11 scan-assembler _Z2f311__Uint8x8_t:
UNRESOLVED: g++.dg/abi/mangle-neon-aarch64.C -std=c++11 scan-assembler _Z2f412__Uint16x4_t:
UNRESOLVED: g++.dg/abi/mangle-neon-aarch64.C -std=c++11 scan-assembler _Z2f512__Uint32x2_t:
UNRESOLVED: g++.dg/abi/mangle-neon-aarch64.C -std=c++11 scan-assembler _Z2f613__Float32x2_t:
UNRESOLVED: g++.dg/abi/mangle-neon-aarch64.C -std=c++11 scan-assembler _Z2f711__Poly8x8_t:
UNRESOLVED: g++.dg/abi/mangle-neon-aarch64.C -std=c++11 scan-assembler _Z2f812__Poly16x4_t:
UNRESOLVED: g++.dg/abi/mangle-neon-aarch64.C -std=c++11 scan-assembler _Z2f911__Int8x16_t:
UNRESOLVED: g++.dg/abi/mangle-neon-aarch64.C -std=c++11 scan-assembler _Z3f1011__Int16x8_t:
UNRESOLVED: g++.dg/abi/mangle-neon-aarch64.C -std=c++11 scan-assembler _Z3f1111__Int32x4_t:
UNRESOLVED: g++.dg/abi/mangle-neon-aarch64.C -std=c++11 scan-assembler _Z3f1211__Int64x2_t:
UNRESOLVED: g++.dg/abi/mangle-neon-aarch64.C -std=c++11 scan-assembler _Z3f1312__Uint8x16_t:
UNRESOLVED: g++.dg/abi/mangle-neon-aarch64.C -std=c++11 scan-assembler _Z3f1412__Uint16x8_t:
UNRESOLVED: g++.dg/abi/mangle-neon-aarch64.C -std=c++11 scan-assembler _Z3f1512__Uint32x4_t:
UNRESOLVED: g++.dg/abi/mangle-neon-aarch64.C -std=c++11 scan-assembler _Z3f1612__Uint64x2_t:
UNRESOLVED: g++.dg/abi/mangle-neon-aarch64.C -std=c++11 scan-assembler _Z3f1713__Float32x4_t:
UNRESOLVED: g++.dg/abi/mangle-neon-aarch64.C -std=c++11 scan-assembler _Z3f1813__Float64x2_t:
UNRESOLVED: g++.dg/abi/mangle-neon-aarch64.C -std=c++11 scan-assembler _Z3f1912__Poly8x16_t:
UNRESOLVED: g++.dg/abi/mangle-neon-aarch64.C -std=c++11 scan-assembler _Z3f2012__Poly16x8_t:
UNRESOLVED: g++.dg/abi/mangle-neon-aarch64.C -std=c++11 scan-assembler _Z3f2111__Int8x16_tS_:
FAIL: g++.dg/cpp0x/alias-decl-debug-0.C (test for excess errors)
FAIL: g++.dg/eh/gcsec1.C -std=gnu++98 (test for excess errors)
FAIL: g++.dg/eh/gcsec1.C -std=gnu++11 (test for excess errors)
FAIL: g++.dg/pch/pch.C -O2 -I. -Dwith_PCH (internal compiler error)
FAIL: g++.dg/pch/pch.C -O2 -I. -Dwith_PCH (test for excess errors)
FAIL: g++.dg/pch/pch.C -O2 assembly comparison
FAIL: g++.old-deja/g++.law/profile1.C -std=gnu++98 (test for excess errors)
UNRESOLVED: g++.old-deja/g++.law/profile1.C -std=gnu++98 compilation failed to produce executable
FAIL: g++.old-deja/g++.law/profile1.C -std=gnu++11 (test for excess errors)
UNRESOLVED: g++.old-deja/g++.law/profile1.C -std=gnu++11 compilation failed to produce executable
FAIL: g++.old-deja/g++.pt/ptrmem6.C -std=c++11 (test for errors, line 28)
=== g++ Summary ===
# of expected passes 45415
# of unexpected failures 11
# of expected failures 284
# of unresolved testcases 46
# of unsupported tests 667
/home/mikpe/rpmbuild/BUILD/gcc-4.7aarch64-r198689/obj-aarch64-unknown-linux/gcc/testsuite/g++/../../g++ version 4.7.4 20130503 (prerelease) (GCC)
=== gcc tests ===
Running target unix
FAIL: gcc.c-torture/execute/20101011-1.c execution, -O0
FAIL: gcc.c-torture/execute/20101011-1.c execution, -O1
FAIL: gcc.c-torture/execute/20101011-1.c execution, -O2
FAIL: gcc.c-torture/execute/20101011-1.c execution, -O3 -fomit-frame-pointer
FAIL: gcc.c-torture/execute/20101011-1.c execution, -O3 -g
FAIL: gcc.c-torture/execute/20101011-1.c execution, -Os
FAIL: gcc.c-torture/execute/scal-to-vec1.c execution, -O1
FAIL: gcc.dg/debug/dwarf2/asm-line1.c scan-assembler is_stmt 1
FAIL: gcc.dg/20021014-1.c (test for excess errors)
UNRESOLVED: gcc.dg/20021014-1.c compilation failed to produce executable
FAIL: gcc.dg/c99-stdint-1.c (test for excess errors)
FAIL: gcc.dg/c99-stdint-7.c (test for excess errors)
FAIL: gcc.dg/const-uniq-1.c scan-tree-dump-times gimple "L\\\\\$?C0" 2
FAIL: gcc.dg/nest.c (test for excess errors)
UNRESOLVED: gcc.dg/nest.c compilation failed to produce executable
FAIL: gcc.dg/nested-func-4.c (test for excess errors)
UNRESOLVED: gcc.dg/nested-func-4.c compilation failed to produce executable
FAIL: gcc.dg/pr32450.c (test for excess errors)
UNRESOLVED: gcc.dg/pr32450.c compilation failed to produce executable
FAIL: gcc.dg/pr43643.c (test for excess errors)
UNRESOLVED: gcc.dg/pr43643.c compilation failed to produce executable
XPASS: gcc.dg/guality/example.c -O0 execution test
XPASS: gcc.dg/guality/example.c -O1 execution test
XPASS: gcc.dg/guality/example.c -O2 execution test
XPASS: gcc.dg/guality/example.c -Os execution test
XPASS: gcc.dg/guality/guality.c -O0 execution test
XPASS: gcc.dg/guality/guality.c -O1 execution test
XPASS: gcc.dg/guality/guality.c -O2 execution test
XPASS: gcc.dg/guality/guality.c -O3 -fomit-frame-pointer execution test
XPASS: gcc.dg/guality/guality.c -O3 -g execution test
XPASS: gcc.dg/guality/guality.c -Os execution test
XPASS: gcc.dg/guality/inline-params.c -O2 execution test
XPASS: gcc.dg/guality/inline-params.c -O3 -fomit-frame-pointer execution test
XPASS: gcc.dg/guality/inline-params.c -O3 -g execution test
XPASS: gcc.dg/guality/inline-params.c -Os execution test
FAIL: gcc.dg/guality/pr36728-1.c -O1 line 12 arg1 == 1
FAIL: gcc.dg/guality/pr36728-1.c -O1 line 12 arg2 == 2
FAIL: gcc.dg/guality/pr36728-1.c -O1 line 12 arg3 == 3
FAIL: gcc.dg/guality/pr36728-1.c -O1 line 12 arg7 == 30
FAIL: gcc.dg/guality/pr36728-1.c -O1 line 14 arg1 == 1
FAIL: gcc.dg/guality/pr36728-1.c -O1 line 14 arg2 == 2
FAIL: gcc.dg/guality/pr36728-1.c -O1 line 14 arg3 == 3
FAIL: gcc.dg/guality/pr36728-1.c -O1 line 14 arg7 == 30
FAIL: gcc.dg/guality/pr36728-1.c -O2 line 12 arg1 == 1
FAIL: gcc.dg/guality/pr36728-1.c -O2 line 12 arg2 == 2
FAIL: gcc.dg/guality/pr36728-1.c -O2 line 12 arg3 == 3
FAIL: gcc.dg/guality/pr36728-1.c -O2 line 12 arg7 == 30
FAIL: gcc.dg/guality/pr36728-1.c -O2 line 14 arg1 == 1
FAIL: gcc.dg/guality/pr36728-1.c -O2 line 14 arg2 == 2
FAIL: gcc.dg/guality/pr36728-1.c -O2 line 14 arg3 == 3
FAIL: gcc.dg/guality/pr36728-1.c -O2 line 14 arg7 == 30
FAIL: gcc.dg/guality/pr36728-1.c -O3 -fomit-frame-pointer line 12 arg1 == 1
FAIL: gcc.dg/guality/pr36728-1.c -O3 -fomit-frame-pointer line 12 arg2 == 2
FAIL: gcc.dg/guality/pr36728-1.c -O3 -fomit-frame-pointer line 12 arg3 == 3
FAIL: gcc.dg/guality/pr36728-1.c -O3 -fomit-frame-pointer line 12 arg7 == 30
FAIL: gcc.dg/guality/pr36728-1.c -O3 -fomit-frame-pointer line 14 arg1 == 1
FAIL: gcc.dg/guality/pr36728-1.c -O3 -fomit-frame-pointer line 14 arg2 == 2
FAIL: gcc.dg/guality/pr36728-1.c -O3 -fomit-frame-pointer line 14 arg3 == 3
FAIL: gcc.dg/guality/pr36728-1.c -O3 -fomit-frame-pointer line 14 arg7 == 30
FAIL: gcc.dg/guality/pr36728-1.c -O3 -g line 12 arg1 == 1
FAIL: gcc.dg/guality/pr36728-1.c -O3 -g line 12 arg2 == 2
FAIL: gcc.dg/guality/pr36728-1.c -O3 -g line 12 arg3 == 3
FAIL: gcc.dg/guality/pr36728-1.c -O3 -g line 12 arg7 == 30
FAIL: gcc.dg/guality/pr36728-1.c -O3 -g line 14 arg1 == 1
FAIL: gcc.dg/guality/pr36728-1.c -O3 -g line 14 arg2 == 2
FAIL: gcc.dg/guality/pr36728-1.c -O3 -g line 14 arg3 == 3
FAIL: gcc.dg/guality/pr36728-1.c -O3 -g line 14 arg7 == 30
FAIL: gcc.dg/guality/pr36728-1.c -Os line 12 arg1 == 1
FAIL: gcc.dg/guality/pr36728-1.c -Os line 12 arg2 == 2
FAIL: gcc.dg/guality/pr36728-1.c -Os line 12 arg3 == 3
FAIL: gcc.dg/guality/pr36728-1.c -Os line 12 arg7 == 30
FAIL: gcc.dg/guality/pr36728-1.c -Os line 14 arg1 == 1
FAIL: gcc.dg/guality/pr36728-1.c -Os line 14 arg2 == 2
FAIL: gcc.dg/guality/pr36728-1.c -Os line 14 arg3 == 3
FAIL: gcc.dg/guality/pr36728-1.c -Os line 14 arg7 == 30
FAIL: gcc.dg/guality/pr36728-2.c -O1 line 12 arg1 == 1
FAIL: gcc.dg/guality/pr36728-2.c -O1 line 12 arg2 == 2
FAIL: gcc.dg/guality/pr36728-2.c -O1 line 14 arg1 == 1
FAIL: gcc.dg/guality/pr36728-2.c -O1 line 14 arg2 == 2
FAIL: gcc.dg/guality/pr36728-2.c -O2 line 12 arg1 == 1
FAIL: gcc.dg/guality/pr36728-2.c -O2 line 12 arg2 == 2
FAIL: gcc.dg/guality/pr36728-2.c -O2 line 14 arg1 == 1
FAIL: gcc.dg/guality/pr36728-2.c -O2 line 14 arg2 == 2
FAIL: gcc.dg/guality/pr36728-2.c -O3 -fomit-frame-pointer line 12 arg1 == 1
FAIL: gcc.dg/guality/pr36728-2.c -O3 -fomit-frame-pointer line 12 arg2 == 2
FAIL: gcc.dg/guality/pr36728-2.c -O3 -fomit-frame-pointer line 14 arg1 == 1
FAIL: gcc.dg/guality/pr36728-2.c -O3 -fomit-frame-pointer line 14 arg2 == 2
FAIL: gcc.dg/guality/pr36728-2.c -O3 -g line 12 arg1 == 1
FAIL: gcc.dg/guality/pr36728-2.c -O3 -g line 12 arg2 == 2
FAIL: gcc.dg/guality/pr36728-2.c -O3 -g line 14 arg1 == 1
FAIL: gcc.dg/guality/pr36728-2.c -O3 -g line 14 arg2 == 2
FAIL: gcc.dg/guality/pr36728-2.c -Os line 12 arg1 == 1
FAIL: gcc.dg/guality/pr36728-2.c -Os line 12 arg2 == 2
FAIL: gcc.dg/guality/pr36728-2.c -Os line 14 arg1 == 1
FAIL: gcc.dg/guality/pr36728-2.c -Os line 14 arg2 == 2
XPASS: gcc.dg/guality/pr41353-1.c -O0 line 28 j == 28 + 37
XPASS: gcc.dg/guality/pr41447-1.c -O0 execution test
XPASS: gcc.dg/guality/pr41447-1.c -O1 execution test
XPASS: gcc.dg/guality/pr41447-1.c -O3 -fomit-frame-pointer execution test
XPASS: gcc.dg/guality/pr41616-1.c -O0 execution test
XPASS: gcc.dg/guality/pr41616-1.c -O1 execution test
XPASS: gcc.dg/guality/pr41616-1.c -O2 execution test
XPASS: gcc.dg/guality/pr41616-1.c -O3 -fomit-frame-pointer execution test
XPASS: gcc.dg/guality/pr41616-1.c -O3 -g execution test
XPASS: gcc.dg/guality/pr41616-1.c -Os execution test
FAIL: gcc.dg/simulate-thread/atomic-other-int.c -O0 -g thread simulation test
FAIL: gcc.dg/simulate-thread/atomic-other-int.c -O2 -g thread simulation test
FAIL: gcc.dg/simulate-thread/atomic-other-int.c -O3 -g thread simulation test
FAIL: gcc.dg/simulate-thread/atomic-other-short.c -O0 -g thread simulation test
FAIL: gcc.dg/simulate-thread/atomic-other-short.c -O2 -g thread simulation test
FAIL: gcc.dg/simulate-thread/atomic-other-short.c -O3 -g thread simulation test
FAIL: gcc.dg/special/gcsec-1.c (test for excess errors)
FAIL: gcc.dg/torture/asm-subreg-1.c -O1 (internal compiler error)
FAIL: gcc.dg/torture/asm-subreg-1.c -O1 (test for excess errors)
XPASS: gcc.dg/tree-ssa/20040204-1.c scan-tree-dump-times optimized "link_error" 0
FAIL: gcc.dg/tree-ssa/gen-vect-11b.c scan-tree-dump-times vect "vectorized 0 loops" 1
FAIL: gcc.dg/tree-ssa/gen-vect-11c.c scan-tree-dump-times vect "vectorized 0 loops" 1
FAIL: gcc.dg/vect/vect-float-extend-1.c scan-tree-dump-times vect "vectorized 1 loops" 1
FAIL: gcc.dg/vect/vect-float-truncate-1.c scan-tree-dump-times vect "vectorized 1 loops" 1
FAIL: gcc.target/aarch64/extend.c scan-assembler sub\\tw[0-9]+,.*sxth #?1
FAIL: gcc.target/aarch64/extend.c scan-assembler add\\tw[0-9]+,.*sxth #?1
FAIL: gcc.target/aarch64/fcvt_double_long.c scan-assembler-times fcvtas\\tx[0-9]+, *d[0-9] 2
FAIL: gcc.target/aarch64/fcvt_float_long.c scan-assembler-times fcvtas\\tx[0-9]+, *s[0-9] 2
FAIL: gcc.target/aarch64/vect-abs-compile.c scan-assembler abs\\\\tv[0-9]+.16b
FAIL: gcc.target/aarch64/vect-abs-compile.c scan-assembler abs\\\\tv[0-9]+.8h
FAIL: gcc.target/aarch64/vect-abs.c (test for excess errors)
UNRESOLVED: gcc.target/aarch64/vect-abs.c compilation failed to produce executable
=== gcc Summary ===
# of expected passes 65593
# of unexpected failures 96
# of unexpected successes 25
# of expected failures 203
# of unresolved testcases 6
# of unsupported tests 1079
/home/mikpe/rpmbuild/BUILD/gcc-4.7aarch64-r198689/obj-aarch64-unknown-linux/gcc/xgcc version 4.7.4 20130503 (prerelease) (GCC)
=== gnat tests ===
Running target unix
FAIL: gnat.dg/return3.adb scan-assembler loc 1 6
FAIL: gnat.dg/stack_check1.adb execution test
FAIL: gnat.dg/stack_check2.adb execution test
=== gnat Summary ===
# of expected passes 1098
# of unexpected failures 3
# of expected failures 14
# of unsupported tests 12
/home/mikpe/rpmbuild/BUILD/gcc-4.7aarch64-r198689/obj-aarch64-unknown-linux/gcc/gnatmake version 4.7.4 20130503 (prerelease)
Compiler version: 4.7.4 20130503 (prerelease)
Platform: aarch64-unknown-linux-gnu
configure flags: --prefix=/usr --mandir=/usr/share/man --infodir=/usr/share/info --with-bugurl=mailto:mikpe@it.uu.se --enable-bootstrap --enable-shared --enable-threads=posix --enable-checking=release --disable-build-with-cxx --disable-build-poststage1-with-cxx --with-system-zlib --enable-__cxa_atexit --disable-libunwind-exceptions --enable-gnu-unique-object --enable-linker-build-id --with-linker-hash-style=gnu --enable-languages=c,c++,ada --disable-plugin --disable-lto --enable-initfini-array --disable-libgomp --disable-libmudflap --disable-libgcj --without-ppl --without-cloog --disable-sjlj-exceptions --build=aarch64-unknown-linux --target=aarch64-unknown-linux
BOOT_CFLAGS=-g -O2
** LOCAL PATCHES APPLIED **
gcc47aarch64-ada-1.patch: Ada support for aarch64-linux
More information about the Gcc-testresults
mailing list