Results for 4.9.0 20130602 (experimental) testsuite on sparc-unknown-linux-gnu
Mikael Pettersson
mikpe@it.uu.se
Mon Jun 3 14:18:00 GMT 2013
LAST_UPDATED: Obtained from SVN: trunk revision 199593
=== acats tests ===
FAIL: c52103x
FAIL: c52104x
FAIL: c52104y
=== acats Summary ===
# of expected passes 2317
# of unexpected failures 3
Native configuration is sparc-unknown-linux-gnu
=== g++ tests ===
Running target unix
=== g++ Summary ===
# of expected passes 48902
# of expected failures 292
# of unsupported tests 1004
/mnt/scratch/objdir49/gcc/testsuite/g++/../../xg++ version 4.9.0 20130602 (experimental) (GCC)
=== gcc tests ===
Running target unix
FAIL: c-c++-common/cilk-plus/AN/sec_implicit.c -fcilkplus (test for errors, line 23)
FAIL: c-c++-common/cilk-plus/AN/sec_implicit_ex.c -fcilkplus execution test
FAIL: c-c++-common/cilk-plus/AN/sec_implicit.c -O0 -fcilkplus (test for errors, line 23)
FAIL: c-c++-common/cilk-plus/AN/sec_implicit_ex.c -O0 -fcilkplus execution test
FAIL: c-c++-common/cilk-plus/AN/sec_implicit.c -O1 -fcilkplus (test for errors, line 23)
FAIL: c-c++-common/cilk-plus/AN/sec_implicit_ex.c -O1 -fcilkplus execution test
FAIL: c-c++-common/cilk-plus/AN/sec_implicit.c -O2 -ftree-vectorize -fcilkplus (test for errors, line 23)
FAIL: c-c++-common/cilk-plus/AN/sec_implicit_ex.c -O2 -ftree-vectorize -fcilkplus execution test
FAIL: c-c++-common/cilk-plus/AN/sec_implicit.c -O3 -fcilkplus (test for errors, line 23)
FAIL: c-c++-common/cilk-plus/AN/sec_implicit_ex.c -O3 -fcilkplus execution test
FAIL: c-c++-common/cilk-plus/AN/sec_implicit.c -g -fcilkplus (test for errors, line 23)
FAIL: c-c++-common/cilk-plus/AN/sec_implicit_ex.c -g -fcilkplus execution test
FAIL: c-c++-common/cilk-plus/AN/sec_implicit.c -g -O0 -fcilkplus (test for errors, line 23)
FAIL: c-c++-common/cilk-plus/AN/sec_implicit_ex.c -g -O0 -fcilkplus execution test
FAIL: c-c++-common/cilk-plus/AN/sec_implicit.c -g -O1 -fcilkplus (test for errors, line 23)
FAIL: c-c++-common/cilk-plus/AN/sec_implicit_ex.c -g -O1 -fcilkplus execution test
FAIL: c-c++-common/cilk-plus/AN/sec_implicit.c -g -O2 -ftree-vectorize -fcilkplus (test for errors, line 23)
FAIL: c-c++-common/cilk-plus/AN/sec_implicit_ex.c -g -O2 -ftree-vectorize -fcilkplus execution test
FAIL: c-c++-common/cilk-plus/AN/sec_implicit.c -g -O3 -fcilkplus (test for errors, line 23)
FAIL: c-c++-common/cilk-plus/AN/sec_implicit_ex.c -g -O3 -fcilkplus execution test
FAIL: c-c++-common/cilk-plus/AN/sec_implicit.c -O3 -ftree-vectorize -fcilkplus -g (test for errors, line 23)
FAIL: c-c++-common/cilk-plus/AN/sec_implicit_ex.c -O3 -ftree-vectorize -fcilkplus -g execution test
FAIL: c-c++-common/cilk-plus/AN/sec_implicit.c -fcilkplus -std=c99 (test for errors, line 23)
FAIL: c-c++-common/cilk-plus/AN/sec_implicit_ex.c -fcilkplus -std=c99 execution test
FAIL: c-c++-common/cilk-plus/AN/sec_implicit.c -fcilkplus -O0 -std=c99 (test for errors, line 23)
FAIL: c-c++-common/cilk-plus/AN/sec_implicit_ex.c -fcilkplus -O0 -std=c99 execution test
FAIL: c-c++-common/cilk-plus/AN/sec_implicit.c -fcilkplus -O1 -std=c99 (test for errors, line 23)
FAIL: c-c++-common/cilk-plus/AN/sec_implicit_ex.c -fcilkplus -O1 -std=c99 execution test
FAIL: c-c++-common/cilk-plus/AN/sec_implicit.c -fcilkplus -O2 -ftree-vectorize -std=c99 (test for errors, line 23)
FAIL: c-c++-common/cilk-plus/AN/sec_implicit_ex.c -fcilkplus -O2 -ftree-vectorize -std=c99 execution test
FAIL: c-c++-common/cilk-plus/AN/sec_implicit.c -fcilkplus -O3 -std=c99 (test for errors, line 23)
FAIL: c-c++-common/cilk-plus/AN/sec_implicit_ex.c -fcilkplus -O3 -std=c99 execution test
FAIL: c-c++-common/cilk-plus/AN/sec_implicit.c -fcilkplus -g -std=c99 (test for errors, line 23)
FAIL: c-c++-common/cilk-plus/AN/sec_implicit_ex.c -fcilkplus -g -std=c99 execution test
FAIL: c-c++-common/cilk-plus/AN/sec_implicit.c -fcilkplus -g -O0 -std=c99 (test for errors, line 23)
FAIL: c-c++-common/cilk-plus/AN/sec_implicit_ex.c -fcilkplus -g -O0 -std=c99 execution test
FAIL: c-c++-common/cilk-plus/AN/sec_implicit.c -fcilkplus -g -O1 -std=c99 (test for errors, line 23)
FAIL: c-c++-common/cilk-plus/AN/sec_implicit_ex.c -fcilkplus -g -O1 -std=c99 execution test
FAIL: c-c++-common/cilk-plus/AN/sec_implicit.c -fcilkplus -g -O2 -ftree-vectorize -std=c99 (test for errors, line 23)
FAIL: c-c++-common/cilk-plus/AN/sec_implicit_ex.c -fcilkplus -g -O2 -ftree-vectorize -std=c99 execution test
FAIL: c-c++-common/cilk-plus/AN/sec_implicit.c -fcilkplus -g -O3 -std=c99 (test for errors, line 23)
FAIL: c-c++-common/cilk-plus/AN/sec_implicit_ex.c -fcilkplus -g -O3 -std=c99 execution test
FAIL: c-c++-common/cilk-plus/AN/sec_implicit.c -O3 -ftree-vectorize -std=c99 -g -fcilkplus (test for errors, line 23)
FAIL: c-c++-common/cilk-plus/AN/sec_implicit_ex.c -O3 -ftree-vectorize -std=c99 -g -fcilkplus execution test
FAIL: gcc.dg/debug/dwarf2/discriminator.c scan-assembler loc [0-9] 11 [0-9]( is_stmt [0-9])?\\n
FAIL: gcc.dg/debug/dwarf2/discriminator.c scan-assembler loc [0-9] 11 [0-9]( is_stmt [0-9])? discriminator 2\\n
FAIL: gcc.dg/debug/dwarf2/discriminator.c scan-assembler loc [0-9] 11 [0-9]( is_stmt [0-9])? discriminator 1\\n
FAIL: gcc.dg/vect/bb-slp-32.c scan-tree-dump slp "vectorization is not profitable"
=== gcc Summary ===
# of expected passes 72586
# of unexpected failures 48
# of expected failures 223
# of unsupported tests 1354
/mnt/scratch/objdir49/gcc/xgcc version 4.9.0 20130602 (experimental) (GCC)
=== gfortran tests ===
Running target unix
=== gfortran Summary ===
# of expected passes 43658
# of expected failures 40
# of unsupported tests 276
/mnt/scratch/objdir49/gcc/testsuite/gfortran/../../gfortran version 4.9.0 20130602 (experimental) (GCC)
=== gnat tests ===
Running target unix
FAIL: gnat.dg/null_pointer_deref1.adb execution test
FAIL: gnat.dg/null_pointer_deref3.adb execution test
=== gnat Summary ===
# of expected passes 1164
# of unexpected failures 2
# of expected failures 18
# of unsupported tests 11
/mnt/scratch/objdir49/gcc/gnatmake version 4.9.0 20130602 (experimental)
=== libatomic tests ===
Running target unix
=== libatomic Summary ===
# of expected passes 34
# of unsupported tests 10
=== libgomp tests ===
Running target unix
=== libgomp Summary ===
# of expected passes 3001
# of unsupported tests 1
=== libitm tests ===
Running target unix
=== libitm Summary ===
# of expected passes 26
# of expected failures 3
# of unsupported tests 1
=== libstdc++ tests ===
Running target unix
FAIL: libstdc++-abi/abi_check
FAIL: 22_locale/messages/members/char/1.cc execution test
FAIL: 22_locale/messages/members/char/2.cc execution test
FAIL: 22_locale/messages/members/char/wrapped_env.cc execution test
FAIL: 22_locale/messages/members/char/wrapped_locale.cc execution test
FAIL: 22_locale/messages_byname/named_equivalence.cc execution test
=== libstdc++ Summary ===
# of expected passes 9089
# of unexpected failures 6
# of expected failures 45
# of unsupported tests 245
Compiler version: 4.9.0 20130602 (experimental)
Platform: sparc-unknown-linux-gnu
configure flags: --prefix=/mnt/scratch/install49 --with-gmp=/home/mikpe/pkgs/linux-sparc64/gmp-5.1.1 --with-mpfr=/home/mikpe/pkgs/linux-sparc64/mpfr-3.1.2 --with-mpc=/home/mikpe/pkgs/linux-sparc64/mpc-1.0.1 --enable-multilib --disable-plugin --disable-lto --disable-nls --enable-threads=posix --enable-checking=release --disable-libmudflap --enable-languages=c,c++,fortran,ada --build=sparc-unknown-linux --target=sparc-unknown-linux --with-cpu=ultrasparc --enable-targets=all
BOOT_CFLAGS=-g -O2
More information about the Gcc-testresults
mailing list