Results for 4.9.0 20130531 (experimental) [trunk revision 199537] (GCC) testsuite on i386-pc-solaris2.9

Rainer Orth ro@CeBiTec.Uni-Bielefeld.DE
Mon Jun 3 09:01:00 GMT 2013


LAST_UPDATED: Fri May 31 13:34:35 UTC 2013 (revision 199537)

		=== acats tests ===
FAIL:	cxg2021

		=== acats Summary ===
# of expected passes		2319
# of unexpected failures	1
Native configuration is i386-pc-solaris2.9

		=== g++ tests ===


Running target unix
WARNING: g++.dg/cpp0x/nsdmi-union2.C -std=c++11 compilation failed to produce executable
FAIL: g++.dg/init/cleanup3.C -std=c++98  scan-assembler-not _tcf
FAIL: g++.dg/init/cleanup3.C -std=c++11  scan-assembler-not _tcf
FAIL: g++.dg/tls/thread_local-order1.C execution test
FAIL: g++.dg/tls/thread_local3g.C -std=gnu++11 execution test
FAIL: g++.dg/tls/thread_local4g.C -std=gnu++11 execution test
FAIL: g++.dg/tls/thread_local5g.C -std=gnu++11 execution test
FAIL: g++.dg/tls/thread_local6g.C execution test
FAIL: g++.old-deja/g++.other/init5.C -std=c++98 execution test
FAIL: g++.old-deja/g++.other/init5.C -std=c++11 execution test

		=== g++ Summary ===

# of expected passes		51371
# of unexpected failures	9
# of expected failures		294
# of unsupported tests		659
/var/gcc/regression/trunk/9-gcc-gas-gld/build/gcc/testsuite/g++/../../xg++  version 4.9.0 20130531 (experimental) [trunk revision 199537] (GCC) 

		=== gcc tests ===


Running target unix
FAIL: c-c++-common/cilk-plus/AN/an-if.c  -fcilkplus (internal compiler error)
FAIL: c-c++-common/cilk-plus/AN/an-if.c  -fcilkplus (test for excess errors)
WARNING: c-c++-common/cilk-plus/AN/an-if.c  -fcilkplus compilation failed to produce executable
FAIL: c-c++-common/cilk-plus/AN/an-if.c  -O0 -fcilkplus (internal compiler error)
FAIL: c-c++-common/cilk-plus/AN/an-if.c  -O0 -fcilkplus (test for excess errors)
WARNING: c-c++-common/cilk-plus/AN/an-if.c  -O0 -fcilkplus compilation failed to produce executable
FAIL: c-c++-common/cilk-plus/AN/an-if.c  -O1 -fcilkplus (internal compiler error)
FAIL: c-c++-common/cilk-plus/AN/an-if.c  -O1 -fcilkplus (test for excess errors)
WARNING: c-c++-common/cilk-plus/AN/an-if.c  -O1 -fcilkplus compilation failed to produce executable
FAIL: c-c++-common/cilk-plus/AN/an-if.c  -O2 -ftree-vectorize -fcilkplus (internal compiler error)
FAIL: c-c++-common/cilk-plus/AN/an-if.c  -O2 -ftree-vectorize -fcilkplus (test for excess errors)
WARNING: c-c++-common/cilk-plus/AN/an-if.c  -O2 -ftree-vectorize -fcilkplus compilation failed to produce executable
FAIL: c-c++-common/cilk-plus/AN/an-if.c  -O3 -fcilkplus (internal compiler error)
FAIL: c-c++-common/cilk-plus/AN/an-if.c  -O3 -fcilkplus (test for excess errors)
WARNING: c-c++-common/cilk-plus/AN/an-if.c  -O3 -fcilkplus compilation failed to produce executable
FAIL: c-c++-common/cilk-plus/AN/builtin_fn_mutating.c  -O3 -fcilkplus execution test
FAIL: c-c++-common/cilk-plus/AN/an-if.c  -g -fcilkplus (internal compiler error)
FAIL: c-c++-common/cilk-plus/AN/an-if.c  -g -fcilkplus (test for excess errors)
WARNING: c-c++-common/cilk-plus/AN/an-if.c  -g -fcilkplus compilation failed to produce executable
FAIL: c-c++-common/cilk-plus/AN/an-if.c  -g -O0 -fcilkplus (internal compiler error)
FAIL: c-c++-common/cilk-plus/AN/an-if.c  -g -O0 -fcilkplus (test for excess errors)
WARNING: c-c++-common/cilk-plus/AN/an-if.c  -g -O0 -fcilkplus compilation failed to produce executable
FAIL: c-c++-common/cilk-plus/AN/an-if.c  -g -O1 -fcilkplus (internal compiler error)
FAIL: c-c++-common/cilk-plus/AN/an-if.c  -g -O1 -fcilkplus (test for excess errors)
WARNING: c-c++-common/cilk-plus/AN/an-if.c  -g -O1 -fcilkplus compilation failed to produce executable
FAIL: c-c++-common/cilk-plus/AN/an-if.c  -g -O2 -ftree-vectorize -fcilkplus (internal compiler error)
FAIL: c-c++-common/cilk-plus/AN/an-if.c  -g -O2 -ftree-vectorize -fcilkplus (test for excess errors)
WARNING: c-c++-common/cilk-plus/AN/an-if.c  -g -O2 -ftree-vectorize -fcilkplus compilation failed to produce executable
FAIL: c-c++-common/cilk-plus/AN/an-if.c  -g -O3 -fcilkplus (internal compiler error)
FAIL: c-c++-common/cilk-plus/AN/an-if.c  -g -O3 -fcilkplus (test for excess errors)
WARNING: c-c++-common/cilk-plus/AN/an-if.c  -g -O3 -fcilkplus compilation failed to produce executable
FAIL: c-c++-common/cilk-plus/AN/builtin_fn_mutating.c  -g -O3 -fcilkplus execution test
FAIL: c-c++-common/cilk-plus/AN/an-if.c  -O3 -ftree-vectorize -fcilkplus -g (internal compiler error)
FAIL: c-c++-common/cilk-plus/AN/an-if.c  -O3 -ftree-vectorize -fcilkplus -g (test for excess errors)
WARNING: c-c++-common/cilk-plus/AN/an-if.c  -O3 -ftree-vectorize -fcilkplus -g compilation failed to produce executable
FAIL: c-c++-common/cilk-plus/AN/builtin_fn_mutating.c  -O3 -ftree-vectorize -fcilkplus -g execution test
FAIL: c-c++-common/cilk-plus/AN/an-if.c  -fcilkplus -std=c99 (internal compiler error)
FAIL: c-c++-common/cilk-plus/AN/an-if.c  -fcilkplus -std=c99 (test for excess errors)
WARNING: c-c++-common/cilk-plus/AN/an-if.c  -fcilkplus -std=c99 compilation failed to produce executable
FAIL: c-c++-common/cilk-plus/AN/builtin_fn_custom.c  -fcilkplus -std=c99 execution test
FAIL: c-c++-common/cilk-plus/AN/builtin_fn_mutating.c  -fcilkplus -std=c99 execution test
FAIL: c-c++-common/cilk-plus/AN/builtin_func_double.c  -fcilkplus -std=c99 (internal compiler error)
FAIL: c-c++-common/cilk-plus/AN/builtin_func_double.c  -fcilkplus -std=c99 (test for excess errors)
FAIL: c-c++-common/cilk-plus/AN/an-if.c  -fcilkplus -O0 -std=c99 (internal compiler error)
FAIL: c-c++-common/cilk-plus/AN/an-if.c  -fcilkplus -O0 -std=c99 (test for excess errors)
WARNING: c-c++-common/cilk-plus/AN/an-if.c  -fcilkplus -O0 -std=c99 compilation failed to produce executable
FAIL: c-c++-common/cilk-plus/AN/builtin_fn_custom.c  -fcilkplus -O0 -std=c99 execution test
FAIL: c-c++-common/cilk-plus/AN/builtin_fn_mutating.c  -fcilkplus -O0 -std=c99 execution test
FAIL: c-c++-common/cilk-plus/AN/builtin_func_double.c  -fcilkplus -O0 -std=c99 (internal compiler error)
FAIL: c-c++-common/cilk-plus/AN/builtin_func_double.c  -fcilkplus -O0 -std=c99 (test for excess errors)
FAIL: c-c++-common/cilk-plus/AN/an-if.c  -fcilkplus -O1 -std=c99 (internal compiler error)
FAIL: c-c++-common/cilk-plus/AN/an-if.c  -fcilkplus -O1 -std=c99 (test for excess errors)
WARNING: c-c++-common/cilk-plus/AN/an-if.c  -fcilkplus -O1 -std=c99 compilation failed to produce executable
FAIL: c-c++-common/cilk-plus/AN/builtin_func_double.c  -fcilkplus -O1 -std=c99 (internal compiler error)
FAIL: c-c++-common/cilk-plus/AN/builtin_func_double.c  -fcilkplus -O1 -std=c99 (test for excess errors)
FAIL: c-c++-common/cilk-plus/AN/an-if.c  -fcilkplus -O2 -ftree-vectorize -std=c99 (internal compiler error)
FAIL: c-c++-common/cilk-plus/AN/an-if.c  -fcilkplus -O2 -ftree-vectorize -std=c99 (test for excess errors)
WARNING: c-c++-common/cilk-plus/AN/an-if.c  -fcilkplus -O2 -ftree-vectorize -std=c99 compilation failed to produce executable
FAIL: c-c++-common/cilk-plus/AN/builtin_func_double.c  -fcilkplus -O2 -ftree-vectorize -std=c99 (internal compiler error)
FAIL: c-c++-common/cilk-plus/AN/builtin_func_double.c  -fcilkplus -O2 -ftree-vectorize -std=c99 (test for excess errors)
FAIL: c-c++-common/cilk-plus/AN/an-if.c  -fcilkplus -O3 -std=c99 (internal compiler error)
FAIL: c-c++-common/cilk-plus/AN/an-if.c  -fcilkplus -O3 -std=c99 (test for excess errors)
WARNING: c-c++-common/cilk-plus/AN/an-if.c  -fcilkplus -O3 -std=c99 compilation failed to produce executable
FAIL: c-c++-common/cilk-plus/AN/builtin_func_double.c  -fcilkplus -O3 -std=c99 (internal compiler error)
FAIL: c-c++-common/cilk-plus/AN/builtin_func_double.c  -fcilkplus -O3 -std=c99 (test for excess errors)
FAIL: c-c++-common/cilk-plus/AN/an-if.c  -fcilkplus -g -std=c99 (internal compiler error)
FAIL: c-c++-common/cilk-plus/AN/an-if.c  -fcilkplus -g -std=c99 (test for excess errors)
WARNING: c-c++-common/cilk-plus/AN/an-if.c  -fcilkplus -g -std=c99 compilation failed to produce executable
FAIL: c-c++-common/cilk-plus/AN/builtin_fn_custom.c  -fcilkplus -g -std=c99 execution test
FAIL: c-c++-common/cilk-plus/AN/builtin_fn_mutating.c  -fcilkplus -g -std=c99 execution test
FAIL: c-c++-common/cilk-plus/AN/builtin_func_double.c  -fcilkplus -g -std=c99 (internal compiler error)
FAIL: c-c++-common/cilk-plus/AN/builtin_func_double.c  -fcilkplus -g -std=c99 (test for excess errors)
FAIL: c-c++-common/cilk-plus/AN/an-if.c  -fcilkplus -g -O0 -std=c99 (internal compiler error)
FAIL: c-c++-common/cilk-plus/AN/an-if.c  -fcilkplus -g -O0 -std=c99 (test for excess errors)
WARNING: c-c++-common/cilk-plus/AN/an-if.c  -fcilkplus -g -O0 -std=c99 compilation failed to produce executable
FAIL: c-c++-common/cilk-plus/AN/builtin_fn_custom.c  -fcilkplus -g -O0 -std=c99 execution test
FAIL: c-c++-common/cilk-plus/AN/builtin_fn_mutating.c  -fcilkplus -g -O0 -std=c99 execution test
FAIL: c-c++-common/cilk-plus/AN/builtin_func_double.c  -fcilkplus -g -O0 -std=c99 (internal compiler error)
FAIL: c-c++-common/cilk-plus/AN/builtin_func_double.c  -fcilkplus -g -O0 -std=c99 (test for excess errors)
FAIL: c-c++-common/cilk-plus/AN/an-if.c  -fcilkplus -g -O1 -std=c99 (internal compiler error)
FAIL: c-c++-common/cilk-plus/AN/an-if.c  -fcilkplus -g -O1 -std=c99 (test for excess errors)
WARNING: c-c++-common/cilk-plus/AN/an-if.c  -fcilkplus -g -O1 -std=c99 compilation failed to produce executable
FAIL: c-c++-common/cilk-plus/AN/builtin_func_double.c  -fcilkplus -g -O1 -std=c99 (internal compiler error)
FAIL: c-c++-common/cilk-plus/AN/builtin_func_double.c  -fcilkplus -g -O1 -std=c99 (test for excess errors)
FAIL: c-c++-common/cilk-plus/AN/an-if.c  -fcilkplus -g -O2 -ftree-vectorize -std=c99 (internal compiler error)
FAIL: c-c++-common/cilk-plus/AN/an-if.c  -fcilkplus -g -O2 -ftree-vectorize -std=c99 (test for excess errors)
WARNING: c-c++-common/cilk-plus/AN/an-if.c  -fcilkplus -g -O2 -ftree-vectorize -std=c99 compilation failed to produce executable
FAIL: c-c++-common/cilk-plus/AN/builtin_func_double.c  -fcilkplus -g -O2 -ftree-vectorize -std=c99 (internal compiler error)
FAIL: c-c++-common/cilk-plus/AN/builtin_func_double.c  -fcilkplus -g -O2 -ftree-vectorize -std=c99 (test for excess errors)
FAIL: c-c++-common/cilk-plus/AN/an-if.c  -fcilkplus -g -O3 -std=c99 (internal compiler error)
FAIL: c-c++-common/cilk-plus/AN/an-if.c  -fcilkplus -g -O3 -std=c99 (test for excess errors)
WARNING: c-c++-common/cilk-plus/AN/an-if.c  -fcilkplus -g -O3 -std=c99 compilation failed to produce executable
FAIL: c-c++-common/cilk-plus/AN/builtin_func_double.c  -fcilkplus -g -O3 -std=c99 (internal compiler error)
FAIL: c-c++-common/cilk-plus/AN/builtin_func_double.c  -fcilkplus -g -O3 -std=c99 (test for excess errors)
FAIL: c-c++-common/cilk-plus/AN/an-if.c  -O3 -ftree-vectorize -std=c99 -g -fcilkplus (internal compiler error)
FAIL: c-c++-common/cilk-plus/AN/an-if.c  -O3 -ftree-vectorize -std=c99 -g -fcilkplus (test for excess errors)
WARNING: c-c++-common/cilk-plus/AN/an-if.c  -O3 -ftree-vectorize -std=c99 -g -fcilkplus compilation failed to produce executable
FAIL: c-c++-common/cilk-plus/AN/builtin_func_double.c  -O3 -ftree-vectorize -std=c99 -g -fcilkplus (internal compiler error)
FAIL: c-c++-common/cilk-plus/AN/builtin_func_double.c  -O3 -ftree-vectorize -std=c99 -g -fcilkplus (test for excess errors)

		=== gcc Summary ===

# of expected passes		94691
# of unexpected failures	77
# of expected failures		255
# of unsupported tests		1220
/var/gcc/regression/trunk/9-gcc-gas-gld/build/gcc/xgcc  version 4.9.0 20130531 (experimental) [trunk revision 199537] (GCC) 

		=== gfortran tests ===


Running target unix
FAIL: gfortran.dg/power_6.f90  -O   scan-tree-dump-not optimized "__builtin_powif"
FAIL: gfortran.dg/power_6.f90  -O   scan-tree-dump optimized "powi_cond_[0-9] = k_[0-9]\\\\(D\\\\) & 1;"
FAIL: gfortran.dg/power_6.f90  -O   scan-tree-dump optimized "powi_[0-9] = powi_cond_[0-9] \\\\? -1.0e\\\\+0 : 1.0e\\\\+0;"
FAIL: gfortran.dg/static_linking_1.f  -O0  execution test
FAIL: gfortran.dg/static_linking_1.f  -O1  execution test
FAIL: gfortran.dg/static_linking_1.f  -O2  execution test
FAIL: gfortran.dg/static_linking_1.f  -O3 -fomit-frame-pointer  execution test
FAIL: gfortran.dg/static_linking_1.f  -O3 -fomit-frame-pointer -funroll-loops  execution test
FAIL: gfortran.dg/static_linking_1.f  -O3 -fomit-frame-pointer -funroll-all-loops -finline-functions  execution test
FAIL: gfortran.dg/static_linking_1.f  -O3 -g  execution test
FAIL: gfortran.dg/static_linking_1.f  -Os  execution test
FAIL: gfortran.dg/lto/pr45586-2 f_lto_pr45586-2_0.o-f_lto_pr45586-2_0.o link, -O0 -flto -flto-partition=none -fuse-linker-plugin (internal compiler error)
UNRESOLVED: gfortran.dg/lto/pr45586-2 f_lto_pr45586-2_0.o-f_lto_pr45586-2_0.o execute -O0 -flto -flto-partition=none -fuse-linker-plugin
FAIL: gfortran.dg/lto/pr45586-2 f_lto_pr45586-2_0.o-f_lto_pr45586-2_0.o link, -O0 -flto -flto-partition=1to1 -fno-use-linker-plugin  (internal compiler error)
UNRESOLVED: gfortran.dg/lto/pr45586-2 f_lto_pr45586-2_0.o-f_lto_pr45586-2_0.o execute -O0 -flto -flto-partition=1to1 -fno-use-linker-plugin 
FAIL: gfortran.dg/lto/pr45586-2 f_lto_pr45586-2_0.o-f_lto_pr45586-2_0.o link, -O0 -flto -fuse-linker-plugin -fno-fat-lto-objects  (internal compiler error)
UNRESOLVED: gfortran.dg/lto/pr45586-2 f_lto_pr45586-2_0.o-f_lto_pr45586-2_0.o execute -O0 -flto -fuse-linker-plugin -fno-fat-lto-objects 
FAIL: gfortran.dg/lto/pr45586 f_lto_pr45586_0.o-f_lto_pr45586_0.o link, -O0 -flto -flto-partition=none -fuse-linker-plugin (internal compiler error)
UNRESOLVED: gfortran.dg/lto/pr45586 f_lto_pr45586_0.o-f_lto_pr45586_0.o execute -O0 -flto -flto-partition=none -fuse-linker-plugin
FAIL: gfortran.dg/lto/pr45586 f_lto_pr45586_0.o-f_lto_pr45586_0.o link, -O0 -flto -flto-partition=1to1 -fno-use-linker-plugin  (internal compiler error)
UNRESOLVED: gfortran.dg/lto/pr45586 f_lto_pr45586_0.o-f_lto_pr45586_0.o execute -O0 -flto -flto-partition=1to1 -fno-use-linker-plugin 
FAIL: gfortran.dg/lto/pr45586 f_lto_pr45586_0.o-f_lto_pr45586_0.o link, -O0 -flto -fuse-linker-plugin -fno-fat-lto-objects  (internal compiler error)
UNRESOLVED: gfortran.dg/lto/pr45586 f_lto_pr45586_0.o-f_lto_pr45586_0.o execute -O0 -flto -fuse-linker-plugin -fno-fat-lto-objects 

		=== gfortran Summary ===

# of expected passes		43778
# of unexpected failures	17
# of expected failures		52
# of unresolved testcases	6
# of unsupported tests		365
/var/gcc/regression/trunk/9-gcc-gas-gld/build/gcc/testsuite/gfortran/../../gfortran  version 4.9.0 20130531 (experimental) [trunk revision 199537] (GCC) 

		=== gnat tests ===


Running target unix

		=== gnat Summary ===

# of expected passes		1176
# of expected failures		18
# of unsupported tests		6
/var/gcc/regression/trunk/9-gcc-gas-gld/build/gcc/gnatmake version 4.9.0 20130531 (experimental) [trunk revision 199537]

		=== go tests ===


Running target unix

		=== go Summary ===

# of expected passes		5083
# of expected failures		1
# of untested testcases		5
/var/gcc/regression/trunk/9-gcc-gas-gld/build/gcc/testsuite/go/../../gccgo  version 4.9.0 20130531 (experimental) [trunk revision 199537] (GCC) 

		=== obj-c++ tests ===


Running target unix

		=== obj-c++ Summary ===

# of expected passes		1450
# of expected failures		2
# of unsupported tests		86
/var/gcc/regression/trunk/9-gcc-gas-gld/build/gcc/testsuite/obj-c++/../../xg++  version 4.9.0 20130531 (experimental) [trunk revision 199537] (GCC) 

		=== objc tests ===


Running target unix

		=== objc Summary ===

# of expected passes		2988
# of expected failures		6
# of unsupported tests		74
/var/gcc/regression/trunk/9-gcc-gas-gld/build/gcc/xgcc  version 4.9.0 20130531 (experimental) [trunk revision 199537] (GCC) 

		=== boehm-gc tests ===


Running target unix
FAIL: boehm-gc.c/gctest.c -O2 execution test

		=== boehm-gc Summary ===

# of expected passes		11
# of unexpected failures	1
# of unsupported tests		1
		=== libatomic tests ===


Running target unix

		=== libatomic Summary ===

# of expected passes		44
# of unsupported tests		5
		=== libffi tests ===


Running target unix

		=== libffi Summary ===

# of expected passes		1819
# of unsupported tests		55
		=== libgo tests ===


Running target unix

		=== libgo Summary ===

# of expected passes		131
		=== libgomp tests ===


Running target unix

		=== libgomp Summary ===

# of expected passes		3046
# of unsupported tests		3
		=== libitm tests ===


Running target unix

		=== libitm Summary ===

# of expected passes		26
# of expected failures		3
# of unsupported tests		1
		=== libjava tests ===


Running target unix
FAIL: Divide_1 output - source compiled test
FAIL: Divide_1 -findirect-dispatch output - source compiled test
FAIL: Divide_1 -O3 output - source compiled test
FAIL: Divide_1 -O3 -findirect-dispatch output - source compiled test
FAIL: sourcelocation output - source compiled test
FAIL: sourcelocation -findirect-dispatch output - source compiled test
FAIL: sourcelocation -O3 output - source compiled test
FAIL: sourcelocation -O3 -findirect-dispatch output - source compiled test

		=== libjava Summary ===

# of expected passes		2578
# of unexpected failures	8
		=== libstdc++ tests ===


Running target unix
XPASS: 22_locale/num_put/put/char/14220.cc execution test
XPASS: 22_locale/num_put/put/wchar_t/14220.cc execution test

		=== libstdc++ Summary ===

# of expected passes		7782
# of unexpected successes	2
# of expected failures		47
# of unsupported tests		876

Compiler version: 4.9.0 20130531 (experimental) [trunk revision 199537] (GCC) 
Platform: i386-pc-solaris2.9
configure flags: --prefix=/vol/gcc --target=i386-pc-solaris2.9 --enable-obsolete --enable-objc-gc --with-as=/vol/gcc/bin/gas-2.23.1 --with-gnu-as --with-ld=/vol/gcc/bin/gld-2.23.1 --with-gnu-ld --with-gmp-include=/vol/gcc/include --with-gmp-lib=/vol/gcc/lib --with-mpfr-include=/vol/gcc/include --with-mpfr-lib=/vol/gcc/lib --with-mpc-include=/vol/gcc/include --with-mpc-lib=/vol/gcc/lib --enable-languages=all,ada,obj-c++,go --with-isl-include=/vol/gcc/include --with-isl-lib=/vol/gcc/lib --with-cloog-include=/vol/gcc/include --with-cloog-lib=/vol/gcc/lib --enable-cloog-backend=isl
BOOT_CFLAGS=-g -O2



More information about the Gcc-testresults mailing list