Results for 4.8.1 20130530 (prerelease) testsuite on armv5tel-unknown-linux-gnueabi

Mikael Pettersson mikpe@it.uu.se
Sun Jun 2 09:23:00 GMT 2013


LAST_UPDATED: Obtained from SVN: branches/gcc-4_8-branch revision 199461

Native configuration is armv5tel-unknown-linux-gnueabi

		=== libatomic tests ===


Running target unix
WARNING: program timed out.
FAIL: libatomic.c/atomic-op-1.c execution test

		=== libatomic Summary ===

# of expected passes		33
# of unexpected failures	1
# of unsupported tests		10
		=== libgomp tests ===


Running target unix
WARNING: program timed out.
FAIL: libgomp.fortran/strassen.f90  -O  execution test

		=== libgomp Summary ===

# of expected passes		3000
# of unexpected failures	1
# of unsupported tests		1
		=== libitm tests ===


Running target unix

		=== libitm Summary ===

# of expected passes		26
# of expected failures		3
# of unsupported tests		1
		=== libstdc++ tests ===


Running target unix

		=== libstdc++ Summary ===

# of expected passes		8806
# of expected failures		45
# of unsupported tests		329
		=== acats tests ===
FAIL:	cxf3a04

		=== acats Summary ===
# of expected passes		2319
# of unexpected failures	1

		=== g++ tests ===


Running target unix

		=== g++ Summary ===

# of expected passes		48666
# of expected failures		289
# of unsupported tests		907
/mnt/scratch/objdir48/gcc/testsuite/g++/../../xg++  version 4.8.1 20130530 (prerelease) (GCC) 

		=== gcc tests ===


Running target unix
FAIL: gcc.dg/c99-stdint-1.c (test for excess errors)
FAIL: gcc.dg/c99-stdint-7.c (test for excess errors)
FAIL: gcc.dg/uninit-13.c unconditional (test for warnings, line 8)
FAIL: gcc.dg/uninit-13.c (test for excess errors)
XPASS: gcc.dg/guality/example.c  -O0  execution test
XPASS: gcc.dg/guality/example.c  -O1  execution test
XPASS: gcc.dg/guality/example.c  -O2  execution test
XPASS: gcc.dg/guality/example.c  -Os  execution test
XPASS: gcc.dg/guality/guality.c  -O0  execution test
XPASS: gcc.dg/guality/guality.c  -O2  execution test
XPASS: gcc.dg/guality/guality.c  -O3 -fomit-frame-pointer  execution test
XPASS: gcc.dg/guality/guality.c  -O3 -g  execution test
XPASS: gcc.dg/guality/guality.c  -Os  execution test
XPASS: gcc.dg/guality/inline-params.c  -O2  execution test
XPASS: gcc.dg/guality/inline-params.c  -O3 -fomit-frame-pointer  execution test
XPASS: gcc.dg/guality/inline-params.c  -O3 -g  execution test
XPASS: gcc.dg/guality/inline-params.c  -Os  execution test
FAIL: gcc.dg/guality/pr36728-1.c  -O1  line 16 arg2 == 2
FAIL: gcc.dg/guality/pr36728-1.c  -O1  line 16 arg3 == 3
FAIL: gcc.dg/guality/pr36728-1.c  -O1  line 16 arg4 == 4
FAIL: gcc.dg/guality/pr36728-1.c  -O1  line 18 arg1 == 1
FAIL: gcc.dg/guality/pr36728-1.c  -O1  line 18 arg2 == 2
FAIL: gcc.dg/guality/pr36728-1.c  -O1  line 18 arg3 == 3
FAIL: gcc.dg/guality/pr36728-1.c  -O1  line 18 arg4 == 4
FAIL: gcc.dg/guality/pr36728-1.c  -O2  line 16 arg2 == 2
FAIL: gcc.dg/guality/pr36728-1.c  -O2  line 16 arg3 == 3
FAIL: gcc.dg/guality/pr36728-1.c  -O2  line 16 arg4 == 4
FAIL: gcc.dg/guality/pr36728-1.c  -O2  line 18 arg2 == 2
FAIL: gcc.dg/guality/pr36728-1.c  -O2  line 18 arg3 == 3
FAIL: gcc.dg/guality/pr36728-1.c  -O2  line 18 arg4 == 4
FAIL: gcc.dg/guality/pr36728-1.c  -O3 -fomit-frame-pointer  line 16 arg2 == 2
FAIL: gcc.dg/guality/pr36728-1.c  -O3 -fomit-frame-pointer  line 16 arg3 == 3
FAIL: gcc.dg/guality/pr36728-1.c  -O3 -fomit-frame-pointer  line 16 arg4 == 4
FAIL: gcc.dg/guality/pr36728-1.c  -O3 -fomit-frame-pointer  line 18 arg2 == 2
FAIL: gcc.dg/guality/pr36728-1.c  -O3 -fomit-frame-pointer  line 18 arg3 == 3
FAIL: gcc.dg/guality/pr36728-1.c  -O3 -fomit-frame-pointer  line 18 arg4 == 4
FAIL: gcc.dg/guality/pr36728-1.c  -O3 -g  line 16 arg2 == 2
FAIL: gcc.dg/guality/pr36728-1.c  -O3 -g  line 16 arg3 == 3
FAIL: gcc.dg/guality/pr36728-1.c  -O3 -g  line 16 arg4 == 4
FAIL: gcc.dg/guality/pr36728-1.c  -O3 -g  line 18 arg2 == 2
FAIL: gcc.dg/guality/pr36728-1.c  -O3 -g  line 18 arg3 == 3
FAIL: gcc.dg/guality/pr36728-1.c  -O3 -g  line 18 arg4 == 4
FAIL: gcc.dg/guality/pr36728-1.c  -Os  line 16 arg1 == 1
FAIL: gcc.dg/guality/pr36728-1.c  -Os  line 16 arg2 == 2
FAIL: gcc.dg/guality/pr36728-1.c  -Os  line 16 arg3 == 3
FAIL: gcc.dg/guality/pr36728-1.c  -Os  line 16 arg4 == 4
FAIL: gcc.dg/guality/pr36728-1.c  -Os  line 18 arg1 == 1
FAIL: gcc.dg/guality/pr36728-1.c  -Os  line 18 arg2 == 2
FAIL: gcc.dg/guality/pr36728-1.c  -Os  line 18 arg3 == 3
FAIL: gcc.dg/guality/pr36728-1.c  -Os  line 18 arg4 == 4
FAIL: gcc.dg/guality/pr36728-2.c  -O1  line 16 arg3 == 3
FAIL: gcc.dg/guality/pr36728-2.c  -O1  line 16 arg4 == 4
FAIL: gcc.dg/guality/pr36728-2.c  -O1  line 18 arg2 == 2
FAIL: gcc.dg/guality/pr36728-2.c  -O1  line 18 arg3 == 3
FAIL: gcc.dg/guality/pr36728-2.c  -O1  line 18 arg4 == 4
FAIL: gcc.dg/guality/pr36728-2.c  -O2  line 16 arg2 == 2
FAIL: gcc.dg/guality/pr36728-2.c  -O2  line 16 arg3 == 3
FAIL: gcc.dg/guality/pr36728-2.c  -O2  line 16 arg4 == 4
FAIL: gcc.dg/guality/pr36728-2.c  -O2  line 18 arg2 == 2
FAIL: gcc.dg/guality/pr36728-2.c  -O2  line 18 arg3 == 3
FAIL: gcc.dg/guality/pr36728-2.c  -O2  line 18 arg4 == 4
FAIL: gcc.dg/guality/pr36728-2.c  -O3 -fomit-frame-pointer  line 16 arg2 == 2
FAIL: gcc.dg/guality/pr36728-2.c  -O3 -fomit-frame-pointer  line 16 arg3 == 3
FAIL: gcc.dg/guality/pr36728-2.c  -O3 -fomit-frame-pointer  line 16 arg4 == 4
FAIL: gcc.dg/guality/pr36728-2.c  -O3 -fomit-frame-pointer  line 18 arg2 == 2
FAIL: gcc.dg/guality/pr36728-2.c  -O3 -fomit-frame-pointer  line 18 arg3 == 3
FAIL: gcc.dg/guality/pr36728-2.c  -O3 -fomit-frame-pointer  line 18 arg4 == 4
FAIL: gcc.dg/guality/pr36728-2.c  -O3 -g  line 16 arg2 == 2
FAIL: gcc.dg/guality/pr36728-2.c  -O3 -g  line 16 arg3 == 3
FAIL: gcc.dg/guality/pr36728-2.c  -O3 -g  line 16 arg4 == 4
FAIL: gcc.dg/guality/pr36728-2.c  -O3 -g  line 18 arg2 == 2
FAIL: gcc.dg/guality/pr36728-2.c  -O3 -g  line 18 arg3 == 3
FAIL: gcc.dg/guality/pr36728-2.c  -O3 -g  line 18 arg4 == 4
FAIL: gcc.dg/guality/pr36728-2.c  -Os  line 16 arg2 == 2
FAIL: gcc.dg/guality/pr36728-2.c  -Os  line 16 arg3 == 3
FAIL: gcc.dg/guality/pr36728-2.c  -Os  line 16 arg4 == 4
FAIL: gcc.dg/guality/pr36728-2.c  -Os  line 18 arg2 == 2
FAIL: gcc.dg/guality/pr36728-2.c  -Os  line 18 arg3 == 3
FAIL: gcc.dg/guality/pr36728-2.c  -Os  line 18 arg4 == 4
FAIL: gcc.dg/guality/pr36728-3.c  -O1  line 14 arg2 == 2
FAIL: gcc.dg/guality/pr36728-3.c  -O1  line 14 arg3 == 3
FAIL: gcc.dg/guality/pr36728-3.c  -O1  line 14 arg4 == 4
FAIL: gcc.dg/guality/pr36728-3.c  -O1  line 16 arg2 == 2
FAIL: gcc.dg/guality/pr36728-3.c  -O1  line 16 arg3 == 3
FAIL: gcc.dg/guality/pr36728-3.c  -O1  line 16 arg4 == 4
FAIL: gcc.dg/guality/pr36728-3.c  -O2  line 14 arg1 == 1
FAIL: gcc.dg/guality/pr36728-3.c  -O2  line 14 arg2 == 2
FAIL: gcc.dg/guality/pr36728-3.c  -O2  line 14 arg3 == 3
FAIL: gcc.dg/guality/pr36728-3.c  -O2  line 14 arg4 == 4
FAIL: gcc.dg/guality/pr36728-3.c  -O2  line 16 arg1 == 1
FAIL: gcc.dg/guality/pr36728-3.c  -O2  line 16 arg2 == 2
FAIL: gcc.dg/guality/pr36728-3.c  -O2  line 16 arg3 == 3
FAIL: gcc.dg/guality/pr36728-3.c  -O2  line 16 arg4 == 4
FAIL: gcc.dg/guality/pr36728-3.c  -O3 -fomit-frame-pointer  line 14 arg1 == 1
FAIL: gcc.dg/guality/pr36728-3.c  -O3 -fomit-frame-pointer  line 14 arg2 == 2
FAIL: gcc.dg/guality/pr36728-3.c  -O3 -fomit-frame-pointer  line 14 arg3 == 3
FAIL: gcc.dg/guality/pr36728-3.c  -O3 -fomit-frame-pointer  line 14 arg4 == 4
FAIL: gcc.dg/guality/pr36728-3.c  -O3 -fomit-frame-pointer  line 16 arg1 == 1
FAIL: gcc.dg/guality/pr36728-3.c  -O3 -fomit-frame-pointer  line 16 arg2 == 2
FAIL: gcc.dg/guality/pr36728-3.c  -O3 -fomit-frame-pointer  line 16 arg3 == 3
FAIL: gcc.dg/guality/pr36728-3.c  -O3 -fomit-frame-pointer  line 16 arg4 == 4
FAIL: gcc.dg/guality/pr36728-3.c  -O3 -g  line 14 arg1 == 1
FAIL: gcc.dg/guality/pr36728-3.c  -O3 -g  line 14 arg2 == 2
FAIL: gcc.dg/guality/pr36728-3.c  -O3 -g  line 14 arg3 == 3
FAIL: gcc.dg/guality/pr36728-3.c  -O3 -g  line 14 arg4 == 4
FAIL: gcc.dg/guality/pr36728-3.c  -O3 -g  line 16 arg1 == 1
FAIL: gcc.dg/guality/pr36728-3.c  -O3 -g  line 16 arg2 == 2
FAIL: gcc.dg/guality/pr36728-3.c  -O3 -g  line 16 arg3 == 3
FAIL: gcc.dg/guality/pr36728-3.c  -O3 -g  line 16 arg4 == 4
FAIL: gcc.dg/guality/pr36728-3.c  -Os  line 14 arg2 == 2
FAIL: gcc.dg/guality/pr36728-3.c  -Os  line 14 arg3 == 3
FAIL: gcc.dg/guality/pr36728-3.c  -Os  line 14 arg4 == 4
FAIL: gcc.dg/guality/pr36728-3.c  -Os  line 16 arg2 == 2
FAIL: gcc.dg/guality/pr36728-3.c  -Os  line 16 arg3 == 3
FAIL: gcc.dg/guality/pr36728-3.c  -Os  line 16 arg4 == 4
FAIL: gcc.dg/guality/pr36728-4.c  -O1  line 14 arg3 == 3
FAIL: gcc.dg/guality/pr36728-4.c  -O1  line 14 arg4 == 4
FAIL: gcc.dg/guality/pr36728-4.c  -O1  line 16 arg3 == 3
FAIL: gcc.dg/guality/pr36728-4.c  -O1  line 16 arg4 == 4
FAIL: gcc.dg/guality/pr36728-4.c  -O2  line 14 arg2 == 2
FAIL: gcc.dg/guality/pr36728-4.c  -O2  line 14 arg3 == 3
FAIL: gcc.dg/guality/pr36728-4.c  -O2  line 14 arg4 == 4
FAIL: gcc.dg/guality/pr36728-4.c  -O2  line 16 arg2 == 2
FAIL: gcc.dg/guality/pr36728-4.c  -O2  line 16 arg3 == 3
FAIL: gcc.dg/guality/pr36728-4.c  -O2  line 16 arg4 == 4
FAIL: gcc.dg/guality/pr36728-4.c  -O3 -fomit-frame-pointer  line 14 arg2 == 2
FAIL: gcc.dg/guality/pr36728-4.c  -O3 -fomit-frame-pointer  line 14 arg3 == 3
FAIL: gcc.dg/guality/pr36728-4.c  -O3 -fomit-frame-pointer  line 14 arg4 == 4
FAIL: gcc.dg/guality/pr36728-4.c  -O3 -fomit-frame-pointer  line 16 arg2 == 2
FAIL: gcc.dg/guality/pr36728-4.c  -O3 -fomit-frame-pointer  line 16 arg3 == 3
FAIL: gcc.dg/guality/pr36728-4.c  -O3 -fomit-frame-pointer  line 16 arg4 == 4
FAIL: gcc.dg/guality/pr36728-4.c  -O3 -g  line 14 arg2 == 2
FAIL: gcc.dg/guality/pr36728-4.c  -O3 -g  line 14 arg3 == 3
FAIL: gcc.dg/guality/pr36728-4.c  -O3 -g  line 14 arg4 == 4
FAIL: gcc.dg/guality/pr36728-4.c  -O3 -g  line 16 arg2 == 2
FAIL: gcc.dg/guality/pr36728-4.c  -O3 -g  line 16 arg3 == 3
FAIL: gcc.dg/guality/pr36728-4.c  -O3 -g  line 16 arg4 == 4
FAIL: gcc.dg/guality/pr36728-4.c  -Os  line 14 arg3 == 3
FAIL: gcc.dg/guality/pr36728-4.c  -Os  line 14 arg4 == 4
FAIL: gcc.dg/guality/pr36728-4.c  -Os  line 16 arg3 == 3
FAIL: gcc.dg/guality/pr36728-4.c  -Os  line 16 arg4 == 4
XPASS: gcc.dg/guality/pr41353-1.c  -O0  line 28 j == 28 + 37
XPASS: gcc.dg/guality/pr41447-1.c  -O0  execution test
XPASS: gcc.dg/guality/pr41447-1.c  -O1  execution test
XPASS: gcc.dg/guality/pr41447-1.c  -O2  execution test
XPASS: gcc.dg/guality/pr41447-1.c  -O3 -fomit-frame-pointer  execution test
XPASS: gcc.dg/guality/pr41447-1.c  -O3 -g  execution test
XPASS: gcc.dg/guality/pr41447-1.c  -Os  execution test
XPASS: gcc.dg/guality/pr41616-1.c  -O0  execution test
XPASS: gcc.dg/guality/pr41616-1.c  -O1  execution test
XPASS: gcc.dg/guality/pr41616-1.c  -O2  execution test
XPASS: gcc.dg/guality/pr41616-1.c  -O3 -fomit-frame-pointer  execution test
XPASS: gcc.dg/guality/pr41616-1.c  -O3 -g  execution test
XPASS: gcc.dg/guality/pr41616-1.c  -Os  execution test
FAIL: gcc.dg/guality/pr43077-1.c  -O1  line 42 varb == 2
FAIL: gcc.dg/guality/pr43077-1.c  -O2  line 42 varc == 3
FAIL: gcc.dg/guality/pr43077-1.c  -O3 -fomit-frame-pointer  line 42 varc == 3
FAIL: gcc.dg/guality/pr43077-1.c  -O3 -g  line 42 varc == 3
FAIL: gcc.dg/guality/pr43077-1.c  -Os  line 42 varb == 2
FAIL: gcc.dg/guality/pr43077-1.c  -Os  line 42 varc == 3
FAIL: gcc.dg/guality/pr43593.c  -O1  line 16 j == &i
FAIL: gcc.dg/guality/pr43593.c  -O2  line 16 j == &i
FAIL: gcc.dg/guality/pr43593.c  -O3 -fomit-frame-pointer  line 16 j == &i
FAIL: gcc.dg/guality/pr43593.c  -O3 -g  line 16 j == &i
FAIL: gcc.dg/guality/pr43593.c  -Os  line 16 j == &i
FAIL: gcc.dg/guality/pr54200.c  -O1  line 20 z == 3
FAIL: gcc.dg/guality/pr54200.c  -O2  line 20 z == 3
FAIL: gcc.dg/guality/pr54200.c  -O3 -fomit-frame-pointer  line 20 z == 3
FAIL: gcc.dg/guality/pr54200.c  -O3 -g  line 20 z == 3
FAIL: gcc.dg/guality/pr54200.c  -Os  line 20 z == 3
FAIL: gcc.dg/guality/pr54693-2.c  -Os  line 21 z == 30 - 3 * i
FAIL: gcc.dg/guality/sra-1.c  -O1  line 43 a.i == 4
FAIL: gcc.dg/guality/sra-1.c  -O2  line 43 a.i == 4
FAIL: gcc.dg/guality/sra-1.c  -O3 -fomit-frame-pointer  line 43 a.i == 4
FAIL: gcc.dg/guality/sra-1.c  -O3 -g  line 43 a.i == 4
FAIL: gcc.dg/guality/sra-1.c  -Os  line 43 a.i == 4
FAIL: gcc.dg/tree-ssa/pr43491.c scan-tree-dump-times pre "Eliminated: 3" 1
FAIL: gcc.target/arm/neon-vext-execute.c execution test
FAIL: gcc.target/arm/pr40457-2.c scan-assembler strd|stm
FAIL: gcc.target/arm/pr42172-1.c scan-assembler-times ldr 1
FAIL: gcc.target/arm/pr42575.c scan-assembler-not mov
FAIL: gcc.target/arm/wmul-11.c scan-assembler smull

		=== gcc Summary ===

# of expected passes		76662
# of unexpected failures	156
# of unexpected successes	26
# of expected failures		205
# of unsupported tests		1251
/mnt/scratch/objdir48/gcc/xgcc  version 4.8.1 20130530 (prerelease) (GCC) 

		=== gfortran tests ===


Running target unix
FAIL: gfortran.dg/vect/pr32380.f  -O   scan-tree-dump-times vect "vectorized 6 loops" 1

		=== gfortran Summary ===

# of expected passes		42109
# of unexpected failures	1
# of expected failures		43
# of unsupported tests		388
/mnt/scratch/objdir48/gcc/testsuite/gfortran/../../gfortran  version 4.8.1 20130530 (prerelease) (GCC) 

		=== gnat tests ===


Running target unix
FAIL: gnat.dg/volatile10.adb (test for excess errors)

		=== gnat Summary ===

# of expected passes		1144
# of unexpected failures	1
# of expected failures		18
# of unsupported tests		12
/mnt/scratch/objdir48/gcc/gnatmake version 4.8.1 20130530 (prerelease)


Compiler version: 4.8.1 20130530 (prerelease) 
Platform: armv5tel-unknown-linux-gnueabi
configure flags: --prefix=/mnt/scratch/install48 --enable-bootstrap --enable-shared --enable-threads=posix --enable-checking=release --with-system-zlib --enable-__cxa_atexit --disable-libunwind-exceptions --enable-languages=c,c++,fortran,ada --disable-dssi --with-java-home=/usr/lib/jvm/java-1.5.0-gcj-1.5.0.0/jre --enable-libgcj-multifile --disable-java-maintainer-mode --with-ecj-jar=/usr/share/java/eclipse-ecj.jar --disable-libjava-multilib --disable-sjlj-exceptions --with-arch=armv5te --with-tune=xscale --build=armv5tel-unknown-linux-gnueabi --disable-plugin --disable-lto --disable-libmudflap
BOOT_CFLAGS=-g -O2



More information about the Gcc-testresults mailing list