Results for 4.9.0 20130531 (experimental) [trunk revision 199561] (GCC) testsuite on powerpc64-unknown-linux-gnu

Pat Haugen pthaugen@us.ibm.com
Sat Jun 1 13:07:00 GMT 2013


Linux 2.6.16.60-0.83.2-ppc64 ppc64
GNU C Library stable release version 2.4 (20110922)
GNU ld (GNU Binutils) 2.21.1
GNU assembler (GNU Binutils) 2.21.1
GNU Make 3.80

DejaGnu:
	Expect version is	5.43.0
	Tcl version is		8.4
	Framework version is	1.4.4

32-bit biarch default32

LAST_UPDATED: Fri May 31 22:33:11 UTC 2013 (revision 199561)

Native configuration is powerpc64-unknown-linux-gnu

		=== gcc tests ===


Running target unix/-m32
FAIL: c-c++-common/asan/null-deref-1.c  -O0  output pattern test, is ASAN:SIGSEGV
FAIL: c-c++-common/asan/null-deref-1.c  -O1  output pattern test, is ASAN:SIGSEGV
FAIL: c-c++-common/asan/null-deref-1.c  -O2  output pattern test, is ASAN:SIGSEGV
FAIL: c-c++-common/asan/null-deref-1.c  -O3 -fomit-frame-pointer  output pattern test, is ASAN:SIGSEGV
FAIL: c-c++-common/asan/null-deref-1.c  -O3 -g  output pattern test, is ASAN:SIGSEGV
FAIL: c-c++-common/asan/null-deref-1.c  -Os  output pattern test, is ASAN:SIGSEGV
FAIL: c-c++-common/asan/null-deref-1.c  -O2 -flto -fno-use-linker-plugin -flto-partition=none  output pattern test, is ASAN:SIGSEGV
FAIL: c-c++-common/asan/null-deref-1.c  -O2 -flto -fuse-linker-plugin -fno-fat-lto-objects  output pattern test, is ASAN:SIGSEGV
FAIL: c-c++-common/asan/sleep-before-dying-1.c  -O2  output pattern test, is =================================================================
FAIL: c-c++-common/asan/sleep-before-dying-1.c  -O2 -flto -fno-use-linker-plugin -flto-partition=none  output pattern test, is =================================================================
FAIL: c-c++-common/asan/sleep-before-dying-1.c  -O2 -flto -fuse-linker-plugin -fno-fat-lto-objects  output pattern test, is =================================================================
FAIL: c-c++-common/asan/strip-path-prefix-1.c  -O2  output pattern test, is =================================================================
FAIL: c-c++-common/asan/strip-path-prefix-1.c  -O2 -flto -fno-use-linker-plugin -flto-partition=none  output pattern test, is =================================================================
FAIL: c-c++-common/asan/strip-path-prefix-1.c  -O2 -flto -fuse-linker-plugin -fno-fat-lto-objects  output pattern test, is =================================================================
FAIL: c-c++-common/cilk-plus/AN/sec_implicit.c  -fcilkplus  (test for errors, line 23)
FAIL: c-c++-common/cilk-plus/AN/sec_implicit_ex.c  -fcilkplus execution test
FAIL: c-c++-common/cilk-plus/AN/sec_implicit.c  -O0 -fcilkplus  (test for errors, line 23)
FAIL: c-c++-common/cilk-plus/AN/sec_implicit_ex.c  -O0 -fcilkplus execution test
FAIL: c-c++-common/cilk-plus/AN/sec_implicit.c  -O1 -fcilkplus  (test for errors, line 23)
FAIL: c-c++-common/cilk-plus/AN/sec_implicit_ex.c  -O1 -fcilkplus execution test
FAIL: c-c++-common/cilk-plus/AN/sec_implicit.c  -O2 -ftree-vectorize -fcilkplus  (test for errors, line 23)
FAIL: c-c++-common/cilk-plus/AN/sec_implicit_ex.c  -O2 -ftree-vectorize -fcilkplus execution test
FAIL: c-c++-common/cilk-plus/AN/sec_implicit.c  -O3 -fcilkplus  (test for errors, line 23)
FAIL: c-c++-common/cilk-plus/AN/sec_implicit_ex.c  -O3 -fcilkplus execution test
FAIL: c-c++-common/cilk-plus/AN/sec_implicit.c  -g -fcilkplus  (test for errors, line 23)
FAIL: c-c++-common/cilk-plus/AN/sec_implicit_ex.c  -g -fcilkplus execution test
FAIL: c-c++-common/cilk-plus/AN/sec_implicit.c  -g -O0 -fcilkplus  (test for errors, line 23)
FAIL: c-c++-common/cilk-plus/AN/sec_implicit_ex.c  -g -O0 -fcilkplus execution test
FAIL: c-c++-common/cilk-plus/AN/sec_implicit.c  -g -O1 -fcilkplus  (test for errors, line 23)
FAIL: c-c++-common/cilk-plus/AN/sec_implicit_ex.c  -g -O1 -fcilkplus execution test
FAIL: c-c++-common/cilk-plus/AN/sec_implicit.c  -g -O2 -ftree-vectorize -fcilkplus  (test for errors, line 23)
FAIL: c-c++-common/cilk-plus/AN/sec_implicit_ex.c  -g -O2 -ftree-vectorize -fcilkplus execution test
FAIL: c-c++-common/cilk-plus/AN/sec_implicit.c  -g -O3 -fcilkplus  (test for errors, line 23)
FAIL: c-c++-common/cilk-plus/AN/sec_implicit_ex.c  -g -O3 -fcilkplus execution test
FAIL: c-c++-common/cilk-plus/AN/sec_implicit.c  -O3 -ftree-vectorize -fcilkplus -g  (test for errors, line 23)
FAIL: c-c++-common/cilk-plus/AN/sec_implicit_ex.c  -O3 -ftree-vectorize -fcilkplus -g execution test
FAIL: c-c++-common/cilk-plus/AN/sec_implicit.c  -fcilkplus -std=c99  (test for errors, line 23)
FAIL: c-c++-common/cilk-plus/AN/sec_implicit_ex.c  -fcilkplus -std=c99 execution test
FAIL: c-c++-common/cilk-plus/AN/sec_implicit.c  -fcilkplus -O0 -std=c99  (test for errors, line 23)
FAIL: c-c++-common/cilk-plus/AN/sec_implicit_ex.c  -fcilkplus -O0 -std=c99 execution test
FAIL: c-c++-common/cilk-plus/AN/sec_implicit.c  -fcilkplus -O1 -std=c99  (test for errors, line 23)
FAIL: c-c++-common/cilk-plus/AN/sec_implicit_ex.c  -fcilkplus -O1 -std=c99 execution test
FAIL: c-c++-common/cilk-plus/AN/sec_implicit.c  -fcilkplus -O2 -ftree-vectorize -std=c99  (test for errors, line 23)
FAIL: c-c++-common/cilk-plus/AN/sec_implicit_ex.c  -fcilkplus -O2 -ftree-vectorize -std=c99 execution test
FAIL: c-c++-common/cilk-plus/AN/sec_implicit.c  -fcilkplus -O3 -std=c99  (test for errors, line 23)
FAIL: c-c++-common/cilk-plus/AN/sec_implicit_ex.c  -fcilkplus -O3 -std=c99 execution test
FAIL: c-c++-common/cilk-plus/AN/sec_implicit.c  -fcilkplus -g -std=c99  (test for errors, line 23)
FAIL: c-c++-common/cilk-plus/AN/sec_implicit_ex.c  -fcilkplus -g -std=c99 execution test
FAIL: c-c++-common/cilk-plus/AN/sec_implicit.c  -fcilkplus -g -O0 -std=c99  (test for errors, line 23)
FAIL: c-c++-common/cilk-plus/AN/sec_implicit_ex.c  -fcilkplus -g -O0 -std=c99 execution test
FAIL: c-c++-common/cilk-plus/AN/sec_implicit.c  -fcilkplus -g -O1 -std=c99  (test for errors, line 23)
FAIL: c-c++-common/cilk-plus/AN/sec_implicit_ex.c  -fcilkplus -g -O1 -std=c99 execution test
FAIL: c-c++-common/cilk-plus/AN/sec_implicit.c  -fcilkplus -g -O2 -ftree-vectorize -std=c99  (test for errors, line 23)
FAIL: c-c++-common/cilk-plus/AN/sec_implicit_ex.c  -fcilkplus -g -O2 -ftree-vectorize -std=c99 execution test
FAIL: c-c++-common/cilk-plus/AN/sec_implicit.c  -fcilkplus -g -O3 -std=c99  (test for errors, line 23)
FAIL: c-c++-common/cilk-plus/AN/sec_implicit_ex.c  -fcilkplus -g -O3 -std=c99 execution test
FAIL: c-c++-common/cilk-plus/AN/sec_implicit.c  -O3 -ftree-vectorize -std=c99 -g -fcilkplus  (test for errors, line 23)
FAIL: c-c++-common/cilk-plus/AN/sec_implicit_ex.c  -O3 -ftree-vectorize -std=c99 -g -fcilkplus execution test
FAIL: gcc.dg/debug/dwarf2/discriminator.c scan-assembler loc [0-9] 11 [0-9]( is_stmt [0-9])?\\n
FAIL: gcc.dg/debug/dwarf2/discriminator.c scan-assembler loc [0-9] 11 [0-9]( is_stmt [0-9])? discriminator 2\\n
FAIL: gcc.dg/debug/dwarf2/discriminator.c scan-assembler loc [0-9] 11 [0-9]( is_stmt [0-9])? discriminator 1\\n
FAIL: gcc.dg/and-1.c scan-assembler-not nand
FAIL: gcc.dg/cproj-fails-with-broken-glibc.c execution test
FAIL: gcc.dg/tree-ssa/sra-12.c scan-tree-dump-times release_ssa "l;" 0
FAIL: gcc.dg/tree-ssa/ssa-dom-thread-4.c scan-tree-dump-times dom1 "Threaded" 3
FAIL: gcc.dg/tree-ssa/vrp47.c scan-tree-dump-times vrp1 "[xy][^ ]* !=" 0
FAIL: gcc.dg/vect/pr56787.c scan-tree-dump vect "vectorized 1 loops"
FAIL: gcc.dg/vect/pr56787.c -flto  scan-tree-dump vect "vectorized 1 loops"
FAIL: gcc.target/powerpc/405-dlmzb-strlen-1.c scan-assembler dlmzb\\\\. 
FAIL: gcc.target/powerpc/440-dlmzb-strlen-1.c scan-assembler dlmzb\\\\. 
FAIL: gcc.target/powerpc/crypto-builtin-1.c (test for excess errors)
UNRESOLVED: gcc.target/powerpc/crypto-builtin-1.c scan-assembler-times vcipher  1
UNRESOLVED: gcc.target/powerpc/crypto-builtin-1.c scan-assembler-times vcipherlast  1
UNRESOLVED: gcc.target/powerpc/crypto-builtin-1.c scan-assembler-times vncipher  1
UNRESOLVED: gcc.target/powerpc/crypto-builtin-1.c scan-assembler-times vncipherlast  1
UNRESOLVED: gcc.target/powerpc/crypto-builtin-1.c scan-assembler-times vpermxor  4
UNRESOLVED: gcc.target/powerpc/crypto-builtin-1.c scan-assembler-times vpmsumb  2
UNRESOLVED: gcc.target/powerpc/crypto-builtin-1.c scan-assembler-times vpmsumd  2
UNRESOLVED: gcc.target/powerpc/crypto-builtin-1.c scan-assembler-times vpmsumh  2
UNRESOLVED: gcc.target/powerpc/crypto-builtin-1.c scan-assembler-times vpmsumw  2
UNRESOLVED: gcc.target/powerpc/crypto-builtin-1.c scan-assembler-times vsbox  1
UNRESOLVED: gcc.target/powerpc/crypto-builtin-1.c scan-assembler-times vshasigmad  2
UNRESOLVED: gcc.target/powerpc/crypto-builtin-1.c scan-assembler-times vshasigmaw  2
FAIL: gcc.target/powerpc/ppc-vector-memcpy.c scan-assembler lvx

		=== gcc Summary for unix/-m32 ===

# of expected passes		89626
# of unexpected failures	72
# of expected failures		219
# of unresolved testcases	12
# of unsupported tests		1447

Running target unix/-m64
FAIL: c-c++-common/asan/heap-overflow-1.c  -O0  output pattern test, is =================================================================
FAIL: c-c++-common/asan/heap-overflow-1.c  -O1  output pattern test, is =================================================================
FAIL: c-c++-common/asan/heap-overflow-1.c  -O2  output pattern test, is =================================================================
FAIL: c-c++-common/asan/heap-overflow-1.c  -O3 -fomit-frame-pointer  output pattern test, is =================================================================
FAIL: c-c++-common/asan/heap-overflow-1.c  -O3 -g  output pattern test, is =================================================================
FAIL: c-c++-common/asan/heap-overflow-1.c  -Os  output pattern test, is =================================================================
FAIL: c-c++-common/asan/heap-overflow-1.c  -O2 -flto -fno-use-linker-plugin -flto-partition=none  output pattern test, is =================================================================
FAIL: c-c++-common/asan/heap-overflow-1.c  -O2 -flto -fuse-linker-plugin -fno-fat-lto-objects  output pattern test, is =================================================================
FAIL: c-c++-common/asan/memcmp-1.c  -O0  output pattern test, is =================================================================
FAIL: c-c++-common/asan/memcmp-1.c  -O1  output pattern test, is =================================================================
FAIL: c-c++-common/asan/memcmp-1.c  -O2  output pattern test, is =================================================================
FAIL: c-c++-common/asan/memcmp-1.c  -O3 -fomit-frame-pointer  output pattern test, is =================================================================
FAIL: c-c++-common/asan/memcmp-1.c  -O3 -g  output pattern test, is =================================================================
FAIL: c-c++-common/asan/memcmp-1.c  -Os  output pattern test, is =================================================================
FAIL: c-c++-common/asan/memcmp-1.c  -O2 -flto -fno-use-linker-plugin -flto-partition=none  output pattern test, is =================================================================
FAIL: c-c++-common/asan/memcmp-1.c  -O2 -flto -fuse-linker-plugin -fno-fat-lto-objects  output pattern test, is =================================================================
FAIL: c-c++-common/asan/null-deref-1.c  -O0  output pattern test, is ASAN:SIGSEGV
FAIL: c-c++-common/asan/null-deref-1.c  -O1  output pattern test, is ASAN:SIGSEGV
FAIL: c-c++-common/asan/null-deref-1.c  -O2  output pattern test, is ASAN:SIGSEGV
FAIL: c-c++-common/asan/null-deref-1.c  -O3 -fomit-frame-pointer  output pattern test, is ASAN:SIGSEGV
FAIL: c-c++-common/asan/null-deref-1.c  -O3 -g  output pattern test, is ASAN:SIGSEGV
FAIL: c-c++-common/asan/null-deref-1.c  -Os  output pattern test, is ASAN:SIGSEGV
FAIL: c-c++-common/asan/null-deref-1.c  -O2 -flto -fno-use-linker-plugin -flto-partition=none  output pattern test, is ASAN:SIGSEGV
FAIL: c-c++-common/asan/null-deref-1.c  -O2 -flto -fuse-linker-plugin -fno-fat-lto-objects  output pattern test, is ASAN:SIGSEGV
FAIL: c-c++-common/asan/sanity-check-pure-c-1.c  -O0  output pattern test, is =================================================================
FAIL: c-c++-common/asan/sanity-check-pure-c-1.c  -O1  output pattern test, is =================================================================
FAIL: c-c++-common/asan/sanity-check-pure-c-1.c  -O2  output pattern test, is =================================================================
FAIL: c-c++-common/asan/sanity-check-pure-c-1.c  -O3 -fomit-frame-pointer  output pattern test, is =================================================================
FAIL: c-c++-common/asan/sanity-check-pure-c-1.c  -O3 -g  output pattern test, is =================================================================
FAIL: c-c++-common/asan/sanity-check-pure-c-1.c  -Os  output pattern test, is =================================================================
FAIL: c-c++-common/asan/sanity-check-pure-c-1.c  -O2 -flto -fno-use-linker-plugin -flto-partition=none  output pattern test, is =================================================================
FAIL: c-c++-common/asan/sanity-check-pure-c-1.c  -O2 -flto -fuse-linker-plugin -fno-fat-lto-objects  output pattern test, is =================================================================
FAIL: c-c++-common/asan/sleep-before-dying-1.c  -O2  output pattern test, is =================================================================
FAIL: c-c++-common/asan/sleep-before-dying-1.c  -O2 -flto -fno-use-linker-plugin -flto-partition=none  output pattern test, is =================================================================
FAIL: c-c++-common/asan/sleep-before-dying-1.c  -O2 -flto -fuse-linker-plugin -fno-fat-lto-objects  output pattern test, is =================================================================
FAIL: c-c++-common/asan/strip-path-prefix-1.c  -O2  output pattern test, is =================================================================
FAIL: c-c++-common/asan/strip-path-prefix-1.c  -O2 -flto -fno-use-linker-plugin -flto-partition=none  output pattern test, is =================================================================
FAIL: c-c++-common/asan/strip-path-prefix-1.c  -O2 -flto -fuse-linker-plugin -fno-fat-lto-objects  output pattern test, is =================================================================
FAIL: c-c++-common/asan/strncpy-overflow-1.c  -O0  output pattern test, is =================================================================
FAIL: c-c++-common/asan/strncpy-overflow-1.c  -O1  output pattern test, is =================================================================
FAIL: c-c++-common/asan/strncpy-overflow-1.c  -O2  output pattern test, is =================================================================
FAIL: c-c++-common/asan/strncpy-overflow-1.c  -O3 -fomit-frame-pointer  output pattern test, is =================================================================
FAIL: c-c++-common/asan/strncpy-overflow-1.c  -O3 -g  output pattern test, is =================================================================
FAIL: c-c++-common/asan/strncpy-overflow-1.c  -Os  output pattern test, is =================================================================
FAIL: c-c++-common/asan/strncpy-overflow-1.c  -O2 -flto -fno-use-linker-plugin -flto-partition=none  output pattern test, is =================================================================
FAIL: c-c++-common/asan/strncpy-overflow-1.c  -O2 -flto -fuse-linker-plugin -fno-fat-lto-objects  output pattern test, is =================================================================
FAIL: c-c++-common/asan/use-after-free-1.c  -O0  output pattern test, is =================================================================
FAIL: c-c++-common/asan/use-after-free-1.c  -O1  output pattern test, is =================================================================
FAIL: c-c++-common/asan/use-after-free-1.c  -O2  output pattern test, is =================================================================
FAIL: c-c++-common/asan/use-after-free-1.c  -O3 -fomit-frame-pointer  output pattern test, is =================================================================
FAIL: c-c++-common/asan/use-after-free-1.c  -O3 -g  output pattern test, is =================================================================
FAIL: c-c++-common/asan/use-after-free-1.c  -Os  output pattern test, is =================================================================
FAIL: c-c++-common/asan/use-after-free-1.c  -O2 -flto -fno-use-linker-plugin -flto-partition=none  output pattern test, is =================================================================
FAIL: c-c++-common/asan/use-after-free-1.c  -O2 -flto -fuse-linker-plugin -fno-fat-lto-objects  output pattern test, is =================================================================
FAIL: c-c++-common/cilk-plus/AN/sec_implicit.c  -fcilkplus  (test for errors, line 23)
FAIL: c-c++-common/cilk-plus/AN/sec_implicit_ex.c  -fcilkplus execution test
FAIL: c-c++-common/cilk-plus/AN/sec_implicit.c  -O0 -fcilkplus  (test for errors, line 23)
FAIL: c-c++-common/cilk-plus/AN/sec_implicit_ex.c  -O0 -fcilkplus execution test
FAIL: c-c++-common/cilk-plus/AN/sec_implicit.c  -O1 -fcilkplus  (test for errors, line 23)
FAIL: c-c++-common/cilk-plus/AN/sec_implicit_ex.c  -O1 -fcilkplus execution test
FAIL: c-c++-common/cilk-plus/AN/sec_implicit.c  -O2 -ftree-vectorize -fcilkplus  (test for errors, line 23)
FAIL: c-c++-common/cilk-plus/AN/sec_implicit_ex.c  -O2 -ftree-vectorize -fcilkplus execution test
FAIL: c-c++-common/cilk-plus/AN/sec_implicit.c  -O3 -fcilkplus  (test for errors, line 23)
FAIL: c-c++-common/cilk-plus/AN/sec_implicit_ex.c  -O3 -fcilkplus execution test
FAIL: c-c++-common/cilk-plus/AN/sec_implicit.c  -g -fcilkplus  (test for errors, line 23)
FAIL: c-c++-common/cilk-plus/AN/sec_implicit_ex.c  -g -fcilkplus execution test
FAIL: c-c++-common/cilk-plus/AN/sec_implicit.c  -g -O0 -fcilkplus  (test for errors, line 23)
FAIL: c-c++-common/cilk-plus/AN/sec_implicit_ex.c  -g -O0 -fcilkplus execution test
FAIL: c-c++-common/cilk-plus/AN/sec_implicit.c  -g -O1 -fcilkplus  (test for errors, line 23)
FAIL: c-c++-common/cilk-plus/AN/sec_implicit_ex.c  -g -O1 -fcilkplus execution test
FAIL: c-c++-common/cilk-plus/AN/sec_implicit.c  -g -O2 -ftree-vectorize -fcilkplus  (test for errors, line 23)
FAIL: c-c++-common/cilk-plus/AN/sec_implicit_ex.c  -g -O2 -ftree-vectorize -fcilkplus execution test
FAIL: c-c++-common/cilk-plus/AN/sec_implicit.c  -g -O3 -fcilkplus  (test for errors, line 23)
FAIL: c-c++-common/cilk-plus/AN/sec_implicit_ex.c  -g -O3 -fcilkplus execution test
FAIL: c-c++-common/cilk-plus/AN/sec_implicit.c  -O3 -ftree-vectorize -fcilkplus -g  (test for errors, line 23)
FAIL: c-c++-common/cilk-plus/AN/sec_implicit_ex.c  -O3 -ftree-vectorize -fcilkplus -g execution test
FAIL: c-c++-common/cilk-plus/AN/sec_implicit.c  -fcilkplus -std=c99  (test for errors, line 23)
FAIL: c-c++-common/cilk-plus/AN/sec_implicit_ex.c  -fcilkplus -std=c99 execution test
FAIL: c-c++-common/cilk-plus/AN/sec_implicit.c  -fcilkplus -O0 -std=c99  (test for errors, line 23)
FAIL: c-c++-common/cilk-plus/AN/sec_implicit_ex.c  -fcilkplus -O0 -std=c99 execution test
FAIL: c-c++-common/cilk-plus/AN/sec_implicit.c  -fcilkplus -O1 -std=c99  (test for errors, line 23)
FAIL: c-c++-common/cilk-plus/AN/sec_implicit_ex.c  -fcilkplus -O1 -std=c99 execution test
FAIL: c-c++-common/cilk-plus/AN/sec_implicit.c  -fcilkplus -O2 -ftree-vectorize -std=c99  (test for errors, line 23)
FAIL: c-c++-common/cilk-plus/AN/sec_implicit_ex.c  -fcilkplus -O2 -ftree-vectorize -std=c99 execution test
FAIL: c-c++-common/cilk-plus/AN/sec_implicit.c  -fcilkplus -O3 -std=c99  (test for errors, line 23)
FAIL: c-c++-common/cilk-plus/AN/sec_implicit_ex.c  -fcilkplus -O3 -std=c99 execution test
FAIL: c-c++-common/cilk-plus/AN/sec_implicit.c  -fcilkplus -g -std=c99  (test for errors, line 23)
FAIL: c-c++-common/cilk-plus/AN/sec_implicit_ex.c  -fcilkplus -g -std=c99 execution test
FAIL: c-c++-common/cilk-plus/AN/sec_implicit.c  -fcilkplus -g -O0 -std=c99  (test for errors, line 23)
FAIL: c-c++-common/cilk-plus/AN/sec_implicit_ex.c  -fcilkplus -g -O0 -std=c99 execution test
FAIL: c-c++-common/cilk-plus/AN/sec_implicit.c  -fcilkplus -g -O1 -std=c99  (test for errors, line 23)
FAIL: c-c++-common/cilk-plus/AN/sec_implicit_ex.c  -fcilkplus -g -O1 -std=c99 execution test
FAIL: c-c++-common/cilk-plus/AN/sec_implicit.c  -fcilkplus -g -O2 -ftree-vectorize -std=c99  (test for errors, line 23)
FAIL: c-c++-common/cilk-plus/AN/sec_implicit_ex.c  -fcilkplus -g -O2 -ftree-vectorize -std=c99 execution test
FAIL: c-c++-common/cilk-plus/AN/sec_implicit.c  -fcilkplus -g -O3 -std=c99  (test for errors, line 23)
FAIL: c-c++-common/cilk-plus/AN/sec_implicit_ex.c  -fcilkplus -g -O3 -std=c99 execution test
FAIL: c-c++-common/cilk-plus/AN/sec_implicit.c  -O3 -ftree-vectorize -std=c99 -g -fcilkplus  (test for errors, line 23)
FAIL: c-c++-common/cilk-plus/AN/sec_implicit_ex.c  -O3 -ftree-vectorize -std=c99 -g -fcilkplus execution test
FAIL: gcc.dg/debug/dwarf2/discriminator.c scan-assembler loc [0-9] 11 [0-9]( is_stmt [0-9])?\\n
FAIL: gcc.dg/debug/dwarf2/discriminator.c scan-assembler loc [0-9] 11 [0-9]( is_stmt [0-9])? discriminator 2\\n
FAIL: gcc.dg/debug/dwarf2/discriminator.c scan-assembler loc [0-9] 11 [0-9]( is_stmt [0-9])? discriminator 1\\n
FAIL: gcc.dg/and-1.c scan-assembler-not nand
FAIL: gcc.dg/cproj-fails-with-broken-glibc.c execution test
FAIL: gcc.dg/pr44194-1.c scan-rtl-dump dse1 "global deletions = (2|3)"
FAIL: gcc.dg/tree-ssa/ssa-dom-thread-4.c scan-tree-dump-times dom1 "Threaded" 3
FAIL: gcc.dg/tree-ssa/vrp47.c scan-tree-dump-times vrp1 "[xy][^ ]* !=" 0
FAIL: gcc.dg/vect/pr56787.c scan-tree-dump vect "vectorized 1 loops"
FAIL: gcc.dg/vect/vect-96.c scan-tree-dump-times vect "Vectorizing an unaligned access" 1
FAIL: gcc.dg/vect/vect-96.c scan-tree-dump-times vect "Alignment of access forced using peeling" 1
FAIL: gcc.dg/vect/pr56787.c -flto  scan-tree-dump vect "vectorized 1 loops"
FAIL: gcc.dg/vect/vect-96.c -flto  scan-tree-dump-times vect "Vectorizing an unaligned access" 1
FAIL: gcc.dg/vect/vect-96.c -flto  scan-tree-dump-times vect "Alignment of access forced using peeling" 1
FAIL: gcc.target/powerpc/crypto-builtin-1.c (test for excess errors)
UNRESOLVED: gcc.target/powerpc/crypto-builtin-1.c scan-assembler-times vcipher  1
UNRESOLVED: gcc.target/powerpc/crypto-builtin-1.c scan-assembler-times vcipherlast  1
UNRESOLVED: gcc.target/powerpc/crypto-builtin-1.c scan-assembler-times vncipher  1
UNRESOLVED: gcc.target/powerpc/crypto-builtin-1.c scan-assembler-times vncipherlast  1
UNRESOLVED: gcc.target/powerpc/crypto-builtin-1.c scan-assembler-times vpermxor  4
UNRESOLVED: gcc.target/powerpc/crypto-builtin-1.c scan-assembler-times vpmsumb  2
UNRESOLVED: gcc.target/powerpc/crypto-builtin-1.c scan-assembler-times vpmsumd  2
UNRESOLVED: gcc.target/powerpc/crypto-builtin-1.c scan-assembler-times vpmsumh  2
UNRESOLVED: gcc.target/powerpc/crypto-builtin-1.c scan-assembler-times vpmsumw  2
UNRESOLVED: gcc.target/powerpc/crypto-builtin-1.c scan-assembler-times vsbox  1
UNRESOLVED: gcc.target/powerpc/crypto-builtin-1.c scan-assembler-times vshasigmad  2
UNRESOLVED: gcc.target/powerpc/crypto-builtin-1.c scan-assembler-times vshasigmaw  2
FAIL: gcc.target/powerpc/ppc-vector-memcpy.c scan-assembler lvx

		=== gcc Summary for unix/-m64 ===

# of expected passes		90259
# of unexpected failures	114
# of expected failures		232
# of unresolved testcases	12
# of unsupported tests		1481

		=== gcc Summary ===

# of expected passes		179885
# of unexpected failures	186
# of expected failures		451
# of unresolved testcases	24
# of unsupported tests		2928
/home/gccbuild/build/nightly/build-gcc-trunk/gcc/xgcc  version 4.9.0 20130531 (experimental) [trunk revision 199561] (GCC) 

		=== gfortran tests ===


Running target unix/-m32
XPASS: gfortran.dg/default_format_denormal_2.f90  -O0  execution test
XPASS: gfortran.dg/default_format_denormal_2.f90  -O1  execution test
XPASS: gfortran.dg/default_format_denormal_2.f90  -O2  execution test
XPASS: gfortran.dg/default_format_denormal_2.f90  -O3 -fomit-frame-pointer  execution test
XPASS: gfortran.dg/default_format_denormal_2.f90  -O3 -fomit-frame-pointer -funroll-loops  execution test
XPASS: gfortran.dg/default_format_denormal_2.f90  -O3 -fomit-frame-pointer -funroll-all-loops -finline-functions  execution test
XPASS: gfortran.dg/default_format_denormal_2.f90  -O3 -g  execution test
XPASS: gfortran.dg/default_format_denormal_2.f90  -Os  execution test
FAIL: gfortran.dg/power_6.f90  -O   scan-tree-dump-not optimized "__builtin_powif"
FAIL: gfortran.dg/power_6.f90  -O   scan-tree-dump optimized "powi_cond_[0-9] = k_[0-9]\\\\(D\\\\) & 1;"
FAIL: gfortran.dg/power_6.f90  -O   scan-tree-dump optimized "powi_[0-9] = powi_cond_[0-9] \\\\? -1.0e\\\\+0 : 1.0e\\\\+0;"
FAIL: gfortran.dg/lto/pr45586-2 f_lto_pr45586-2_0.o-f_lto_pr45586-2_0.o link, -O0 -flto -flto-partition=none -fuse-linker-plugin (internal compiler error)
UNRESOLVED: gfortran.dg/lto/pr45586-2 f_lto_pr45586-2_0.o-f_lto_pr45586-2_0.o execute -O0 -flto -flto-partition=none -fuse-linker-plugin
FAIL: gfortran.dg/lto/pr45586-2 f_lto_pr45586-2_0.o-f_lto_pr45586-2_0.o link, -O0 -flto -flto-partition=1to1 -fno-use-linker-plugin  (internal compiler error)
UNRESOLVED: gfortran.dg/lto/pr45586-2 f_lto_pr45586-2_0.o-f_lto_pr45586-2_0.o execute -O0 -flto -flto-partition=1to1 -fno-use-linker-plugin 
FAIL: gfortran.dg/lto/pr45586-2 f_lto_pr45586-2_0.o-f_lto_pr45586-2_0.o link, -O0 -flto -fuse-linker-plugin -fno-fat-lto-objects  (internal compiler error)
UNRESOLVED: gfortran.dg/lto/pr45586-2 f_lto_pr45586-2_0.o-f_lto_pr45586-2_0.o execute -O0 -flto -fuse-linker-plugin -fno-fat-lto-objects 
FAIL: gfortran.dg/lto/pr45586 f_lto_pr45586_0.o-f_lto_pr45586_0.o link, -O0 -flto -flto-partition=none -fuse-linker-plugin (internal compiler error)
UNRESOLVED: gfortran.dg/lto/pr45586 f_lto_pr45586_0.o-f_lto_pr45586_0.o execute -O0 -flto -flto-partition=none -fuse-linker-plugin
FAIL: gfortran.dg/lto/pr45586 f_lto_pr45586_0.o-f_lto_pr45586_0.o link, -O0 -flto -flto-partition=1to1 -fno-use-linker-plugin  (internal compiler error)
UNRESOLVED: gfortran.dg/lto/pr45586 f_lto_pr45586_0.o-f_lto_pr45586_0.o execute -O0 -flto -flto-partition=1to1 -fno-use-linker-plugin 
FAIL: gfortran.dg/lto/pr45586 f_lto_pr45586_0.o-f_lto_pr45586_0.o link, -O0 -flto -fuse-linker-plugin -fno-fat-lto-objects  (internal compiler error)
UNRESOLVED: gfortran.dg/lto/pr45586 f_lto_pr45586_0.o-f_lto_pr45586_0.o execute -O0 -flto -fuse-linker-plugin -fno-fat-lto-objects 

		=== gfortran Summary for unix/-m32 ===

# of expected passes		43381
# of unexpected failures	9
# of unexpected successes	8
# of expected failures		56
# of unresolved testcases	6
# of unsupported tests		245

Running target unix/-m64
XPASS: gfortran.dg/default_format_denormal_2.f90  -O0  execution test
XPASS: gfortran.dg/default_format_denormal_2.f90  -O1  execution test
XPASS: gfortran.dg/default_format_denormal_2.f90  -O2  execution test
XPASS: gfortran.dg/default_format_denormal_2.f90  -O3 -fomit-frame-pointer  execution test
XPASS: gfortran.dg/default_format_denormal_2.f90  -O3 -fomit-frame-pointer -funroll-loops  execution test
XPASS: gfortran.dg/default_format_denormal_2.f90  -O3 -fomit-frame-pointer -funroll-all-loops -finline-functions  execution test
XPASS: gfortran.dg/default_format_denormal_2.f90  -O3 -g  execution test
XPASS: gfortran.dg/default_format_denormal_2.f90  -Os  execution test
FAIL: gfortran.dg/power_6.f90  -O   scan-tree-dump-not optimized "__builtin_powif"
FAIL: gfortran.dg/power_6.f90  -O   scan-tree-dump optimized "powi_cond_[0-9] = k_[0-9]\\\\(D\\\\) & 1;"
FAIL: gfortran.dg/power_6.f90  -O   scan-tree-dump optimized "powi_[0-9] = powi_cond_[0-9] \\\\? -1.0e\\\\+0 : 1.0e\\\\+0;"
FAIL: gfortran.dg/lto/pr45586-2 f_lto_pr45586-2_0.o-f_lto_pr45586-2_0.o link, -O0 -flto -flto-partition=none -fuse-linker-plugin (internal compiler error)
UNRESOLVED: gfortran.dg/lto/pr45586-2 f_lto_pr45586-2_0.o-f_lto_pr45586-2_0.o execute -O0 -flto -flto-partition=none -fuse-linker-plugin
FAIL: gfortran.dg/lto/pr45586-2 f_lto_pr45586-2_0.o-f_lto_pr45586-2_0.o link, -O0 -flto -flto-partition=1to1 -fno-use-linker-plugin  (internal compiler error)
UNRESOLVED: gfortran.dg/lto/pr45586-2 f_lto_pr45586-2_0.o-f_lto_pr45586-2_0.o execute -O0 -flto -flto-partition=1to1 -fno-use-linker-plugin 
FAIL: gfortran.dg/lto/pr45586-2 f_lto_pr45586-2_0.o-f_lto_pr45586-2_0.o link, -O0 -flto -fuse-linker-plugin -fno-fat-lto-objects  (internal compiler error)
UNRESOLVED: gfortran.dg/lto/pr45586-2 f_lto_pr45586-2_0.o-f_lto_pr45586-2_0.o execute -O0 -flto -fuse-linker-plugin -fno-fat-lto-objects 
FAIL: gfortran.dg/lto/pr45586 f_lto_pr45586_0.o-f_lto_pr45586_0.o link, -O0 -flto -flto-partition=none -fuse-linker-plugin (internal compiler error)
UNRESOLVED: gfortran.dg/lto/pr45586 f_lto_pr45586_0.o-f_lto_pr45586_0.o execute -O0 -flto -flto-partition=none -fuse-linker-plugin
FAIL: gfortran.dg/lto/pr45586 f_lto_pr45586_0.o-f_lto_pr45586_0.o link, -O0 -flto -flto-partition=1to1 -fno-use-linker-plugin  (internal compiler error)
UNRESOLVED: gfortran.dg/lto/pr45586 f_lto_pr45586_0.o-f_lto_pr45586_0.o execute -O0 -flto -flto-partition=1to1 -fno-use-linker-plugin 
FAIL: gfortran.dg/lto/pr45586 f_lto_pr45586_0.o-f_lto_pr45586_0.o link, -O0 -flto -fuse-linker-plugin -fno-fat-lto-objects  (internal compiler error)
UNRESOLVED: gfortran.dg/lto/pr45586 f_lto_pr45586_0.o-f_lto_pr45586_0.o execute -O0 -flto -fuse-linker-plugin -fno-fat-lto-objects 

		=== gfortran Summary for unix/-m64 ===

# of expected passes		43708
# of unexpected failures	9
# of unexpected successes	8
# of expected failures		56
# of unresolved testcases	6
# of unsupported tests		84

		=== gfortran Summary ===

# of expected passes		87089
# of unexpected failures	18
# of unexpected successes	16
# of expected failures		112
# of unresolved testcases	12
# of unsupported tests		329
/home/gccbuild/build/nightly/build-gcc-trunk/gcc/testsuite/gfortran/../../gfortran  version 4.9.0 20130531 (experimental) [trunk revision 199561] (GCC) 

		=== g++ tests ===


Running target unix/-m32
FAIL: c-c++-common/asan/null-deref-1.c  -O0  output pattern test, is ASAN:SIGSEGV
FAIL: c-c++-common/asan/null-deref-1.c  -O1  output pattern test, is ASAN:SIGSEGV
FAIL: c-c++-common/asan/null-deref-1.c  -O2  output pattern test, is ASAN:SIGSEGV
FAIL: c-c++-common/asan/null-deref-1.c  -O3 -fomit-frame-pointer  output pattern test, is ASAN:SIGSEGV
FAIL: c-c++-common/asan/null-deref-1.c  -O3 -g  output pattern test, is ASAN:SIGSEGV
FAIL: c-c++-common/asan/null-deref-1.c  -Os  output pattern test, is ASAN:SIGSEGV
FAIL: c-c++-common/asan/null-deref-1.c  -O2 -flto -fno-use-linker-plugin -flto-partition=none  output pattern test, is ASAN:SIGSEGV
FAIL: c-c++-common/asan/null-deref-1.c  -O2 -flto -fuse-linker-plugin -fno-fat-lto-objects  output pattern test, is ASAN:SIGSEGV
FAIL: c-c++-common/asan/sleep-before-dying-1.c  -O2  output pattern test, is =================================================================
FAIL: c-c++-common/asan/sleep-before-dying-1.c  -O2 -flto -fno-use-linker-plugin -flto-partition=none  output pattern test, is =================================================================
FAIL: c-c++-common/asan/sleep-before-dying-1.c  -O2 -flto -fuse-linker-plugin -fno-fat-lto-objects  output pattern test, is =================================================================
FAIL: c-c++-common/asan/strip-path-prefix-1.c  -O2  output pattern test, is =================================================================
FAIL: c-c++-common/asan/strip-path-prefix-1.c  -O2 -flto -fno-use-linker-plugin -flto-partition=none  output pattern test, is =================================================================
FAIL: c-c++-common/asan/strip-path-prefix-1.c  -O2 -flto -fuse-linker-plugin -fno-fat-lto-objects  output pattern test, is =================================================================
FAIL: g++.dg/asan/deep-stack-uaf-1.C  -O0  output pattern test, is =================================================================
FAIL: g++.dg/asan/deep-stack-uaf-1.C  -O1  output pattern test, is =================================================================
FAIL: g++.dg/asan/deep-stack-uaf-1.C  -O2  output pattern test, is =================================================================
FAIL: g++.dg/asan/deep-stack-uaf-1.C  -O3 -fomit-frame-pointer  output pattern test, is =================================================================
FAIL: g++.dg/asan/deep-stack-uaf-1.C  -O3 -g  output pattern test, is =================================================================
FAIL: g++.dg/asan/deep-stack-uaf-1.C  -Os  output pattern test, is =================================================================
FAIL: g++.dg/asan/deep-tail-call-1.C  -O0  output pattern test, is =================================================================
FAIL: g++.dg/asan/deep-tail-call-1.C  -O1  output pattern test, is =================================================================
FAIL: g++.dg/asan/deep-tail-call-1.C  -O2  output pattern test, is =================================================================
FAIL: g++.dg/asan/deep-tail-call-1.C  -O3 -fomit-frame-pointer  output pattern test, is =================================================================
FAIL: g++.dg/asan/deep-tail-call-1.C  -O3 -g  output pattern test, is =================================================================
FAIL: g++.dg/asan/deep-tail-call-1.C  -Os  output pattern test, is =================================================================
FAIL: g++.dg/asan/deep-tail-call-1.C  -O2 -flto -fno-use-linker-plugin -flto-partition=none  output pattern test, is =================================================================
FAIL: g++.dg/asan/deep-tail-call-1.C  -O2 -flto -fuse-linker-plugin -fno-fat-lto-objects  output pattern test, is =================================================================
FAIL: g++.dg/ext/altivec-cell-2.C -std=gnu++98 (internal compiler error)
FAIL: g++.dg/ext/altivec-cell-2.C -std=gnu++98 (test for excess errors)
FAIL: g++.dg/ext/altivec-cell-2.C -std=gnu++11 (internal compiler error)
FAIL: g++.dg/ext/altivec-cell-2.C -std=gnu++11 (test for excess errors)

		=== g++ Summary for unix/-m32 ===

# of expected passes		51992
# of unexpected failures	32
# of expected failures		294
# of unsupported tests		999

Running target unix/-m64
FAIL: c-c++-common/asan/heap-overflow-1.c  -O0  output pattern test, is =================================================================
FAIL: c-c++-common/asan/heap-overflow-1.c  -O1  output pattern test, is =================================================================
FAIL: c-c++-common/asan/heap-overflow-1.c  -O2  output pattern test, is =================================================================
FAIL: c-c++-common/asan/heap-overflow-1.c  -O3 -fomit-frame-pointer  output pattern test, is =================================================================
FAIL: c-c++-common/asan/heap-overflow-1.c  -O3 -g  output pattern test, is =================================================================
FAIL: c-c++-common/asan/heap-overflow-1.c  -Os  output pattern test, is =================================================================
FAIL: c-c++-common/asan/heap-overflow-1.c  -O2 -flto -fno-use-linker-plugin -flto-partition=none  output pattern test, is =================================================================
FAIL: c-c++-common/asan/heap-overflow-1.c  -O2 -flto -fuse-linker-plugin -fno-fat-lto-objects  output pattern test, is =================================================================
FAIL: c-c++-common/asan/memcmp-1.c  -O0  output pattern test, is =================================================================
FAIL: c-c++-common/asan/memcmp-1.c  -O1  output pattern test, is =================================================================
FAIL: c-c++-common/asan/memcmp-1.c  -O2  output pattern test, is =================================================================
FAIL: c-c++-common/asan/memcmp-1.c  -O3 -fomit-frame-pointer  output pattern test, is =================================================================
FAIL: c-c++-common/asan/memcmp-1.c  -O3 -g  output pattern test, is =================================================================
FAIL: c-c++-common/asan/memcmp-1.c  -Os  output pattern test, is =================================================================
FAIL: c-c++-common/asan/memcmp-1.c  -O2 -flto -fno-use-linker-plugin -flto-partition=none  output pattern test, is =================================================================
FAIL: c-c++-common/asan/memcmp-1.c  -O2 -flto -fuse-linker-plugin -fno-fat-lto-objects  output pattern test, is =================================================================
FAIL: c-c++-common/asan/null-deref-1.c  -O0  output pattern test, is ASAN:SIGSEGV
FAIL: c-c++-common/asan/null-deref-1.c  -O1  output pattern test, is ASAN:SIGSEGV
FAIL: c-c++-common/asan/null-deref-1.c  -O2  output pattern test, is ASAN:SIGSEGV
FAIL: c-c++-common/asan/null-deref-1.c  -O3 -fomit-frame-pointer  output pattern test, is ASAN:SIGSEGV
FAIL: c-c++-common/asan/null-deref-1.c  -O3 -g  output pattern test, is ASAN:SIGSEGV
FAIL: c-c++-common/asan/null-deref-1.c  -Os  output pattern test, is ASAN:SIGSEGV
FAIL: c-c++-common/asan/null-deref-1.c  -O2 -flto -fno-use-linker-plugin -flto-partition=none  output pattern test, is ASAN:SIGSEGV
FAIL: c-c++-common/asan/null-deref-1.c  -O2 -flto -fuse-linker-plugin -fno-fat-lto-objects  output pattern test, is ASAN:SIGSEGV
FAIL: c-c++-common/asan/sanity-check-pure-c-1.c  -O0  output pattern test, is =================================================================
FAIL: c-c++-common/asan/sanity-check-pure-c-1.c  -O1  output pattern test, is =================================================================
FAIL: c-c++-common/asan/sanity-check-pure-c-1.c  -O2  output pattern test, is =================================================================
FAIL: c-c++-common/asan/sanity-check-pure-c-1.c  -O3 -fomit-frame-pointer  output pattern test, is =================================================================
FAIL: c-c++-common/asan/sanity-check-pure-c-1.c  -O3 -g  output pattern test, is =================================================================
FAIL: c-c++-common/asan/sanity-check-pure-c-1.c  -Os  output pattern test, is =================================================================
FAIL: c-c++-common/asan/sanity-check-pure-c-1.c  -O2 -flto -fno-use-linker-plugin -flto-partition=none  output pattern test, is =================================================================
FAIL: c-c++-common/asan/sanity-check-pure-c-1.c  -O2 -flto -fuse-linker-plugin -fno-fat-lto-objects  output pattern test, is =================================================================
FAIL: c-c++-common/asan/sleep-before-dying-1.c  -O2  output pattern test, is =================================================================
FAIL: c-c++-common/asan/sleep-before-dying-1.c  -O2 -flto -fno-use-linker-plugin -flto-partition=none  output pattern test, is =================================================================
FAIL: c-c++-common/asan/sleep-before-dying-1.c  -O2 -flto -fuse-linker-plugin -fno-fat-lto-objects  output pattern test, is =================================================================
FAIL: c-c++-common/asan/strip-path-prefix-1.c  -O2  output pattern test, is =================================================================
FAIL: c-c++-common/asan/strip-path-prefix-1.c  -O2 -flto -fno-use-linker-plugin -flto-partition=none  output pattern test, is =================================================================
FAIL: c-c++-common/asan/strip-path-prefix-1.c  -O2 -flto -fuse-linker-plugin -fno-fat-lto-objects  output pattern test, is =================================================================
FAIL: c-c++-common/asan/strncpy-overflow-1.c  -O0  output pattern test, is =================================================================
FAIL: c-c++-common/asan/strncpy-overflow-1.c  -O1  output pattern test, is =================================================================
FAIL: c-c++-common/asan/strncpy-overflow-1.c  -O2  output pattern test, is =================================================================
FAIL: c-c++-common/asan/strncpy-overflow-1.c  -O3 -fomit-frame-pointer  output pattern test, is =================================================================
FAIL: c-c++-common/asan/strncpy-overflow-1.c  -O3 -g  output pattern test, is =================================================================
FAIL: c-c++-common/asan/strncpy-overflow-1.c  -Os  output pattern test, is =================================================================
FAIL: c-c++-common/asan/strncpy-overflow-1.c  -O2 -flto -fno-use-linker-plugin -flto-partition=none  output pattern test, is =================================================================
FAIL: c-c++-common/asan/strncpy-overflow-1.c  -O2 -flto -fuse-linker-plugin -fno-fat-lto-objects  output pattern test, is =================================================================
FAIL: c-c++-common/asan/use-after-free-1.c  -O0  output pattern test, is =================================================================
FAIL: c-c++-common/asan/use-after-free-1.c  -O1  output pattern test, is =================================================================
FAIL: c-c++-common/asan/use-after-free-1.c  -O2  output pattern test, is =================================================================
FAIL: c-c++-common/asan/use-after-free-1.c  -O3 -fomit-frame-pointer  output pattern test, is =================================================================
FAIL: c-c++-common/asan/use-after-free-1.c  -O3 -g  output pattern test, is =================================================================
FAIL: c-c++-common/asan/use-after-free-1.c  -Os  output pattern test, is =================================================================
FAIL: c-c++-common/asan/use-after-free-1.c  -O2 -flto -fno-use-linker-plugin -flto-partition=none  output pattern test, is =================================================================
FAIL: c-c++-common/asan/use-after-free-1.c  -O2 -flto -fuse-linker-plugin -fno-fat-lto-objects  output pattern test, is =================================================================
FAIL: g++.dg/asan/deep-stack-uaf-1.C  -O0  output pattern test, is =================================================================
FAIL: g++.dg/asan/deep-stack-uaf-1.C  -O1  output pattern test, is =================================================================
FAIL: g++.dg/asan/deep-stack-uaf-1.C  -O2  output pattern test, is =================================================================
FAIL: g++.dg/asan/deep-stack-uaf-1.C  -O3 -fomit-frame-pointer  output pattern test, is =================================================================
FAIL: g++.dg/asan/deep-stack-uaf-1.C  -O3 -g  output pattern test, is =================================================================
FAIL: g++.dg/asan/deep-stack-uaf-1.C  -Os  output pattern test, is =================================================================
FAIL: g++.dg/asan/deep-tail-call-1.C  -O0  output pattern test, is =================================================================
FAIL: g++.dg/asan/deep-tail-call-1.C  -O1  output pattern test, is =================================================================
FAIL: g++.dg/asan/deep-tail-call-1.C  -O2  output pattern test, is =================================================================
FAIL: g++.dg/asan/deep-tail-call-1.C  -O3 -fomit-frame-pointer  output pattern test, is =================================================================
FAIL: g++.dg/asan/deep-tail-call-1.C  -O3 -g  output pattern test, is =================================================================
FAIL: g++.dg/asan/deep-tail-call-1.C  -Os  output pattern test, is =================================================================
FAIL: g++.dg/asan/deep-tail-call-1.C  -O2 -flto -fno-use-linker-plugin -flto-partition=none  output pattern test, is =================================================================
FAIL: g++.dg/asan/deep-tail-call-1.C  -O2 -flto -fuse-linker-plugin -fno-fat-lto-objects  output pattern test, is =================================================================
FAIL: g++.dg/asan/large-func-test-1.C  -O0  output pattern test, is =================================================================
FAIL: g++.dg/asan/large-func-test-1.C  -O1  output pattern test, is =================================================================
FAIL: g++.dg/asan/large-func-test-1.C  -O2  output pattern test, is =================================================================
FAIL: g++.dg/asan/large-func-test-1.C  -O3 -fomit-frame-pointer  output pattern test, is =================================================================
FAIL: g++.dg/asan/large-func-test-1.C  -O3 -g  output pattern test, is =================================================================
FAIL: g++.dg/asan/large-func-test-1.C  -Os  output pattern test, is =================================================================
FAIL: g++.dg/asan/large-func-test-1.C  -O2 -flto -fno-use-linker-plugin -flto-partition=none  output pattern test, is =================================================================
FAIL: g++.dg/asan/large-func-test-1.C  -O2 -flto -fuse-linker-plugin -fno-fat-lto-objects  output pattern test, is =================================================================
FAIL: g++.dg/ext/altivec-cell-2.C -std=gnu++98 (internal compiler error)
FAIL: g++.dg/ext/altivec-cell-2.C -std=gnu++98 (test for excess errors)
FAIL: g++.dg/ext/altivec-cell-2.C -std=gnu++11 (internal compiler error)
FAIL: g++.dg/ext/altivec-cell-2.C -std=gnu++11 (test for excess errors)

		=== g++ Summary for unix/-m64 ===

# of expected passes		53142
# of unexpected failures	80
# of expected failures		294
# of unsupported tests		1031

		=== g++ Summary ===

# of expected passes		105134
# of unexpected failures	112
# of expected failures		588
# of unsupported tests		2030
/home/gccbuild/build/nightly/build-gcc-trunk/gcc/testsuite/g++/../../xg++  version 4.9.0 20130531 (experimental) [trunk revision 199561] (GCC) 

		=== go tests ===


Running target unix/-m32
FAIL: go.test/test/chan/doubleselect.go execution,  -O2 -g 

		=== go Summary for unix/-m32 ===

# of expected passes		5080
# of unexpected failures	1
# of expected failures		1
# of untested testcases		6

Running target unix/-m64
FAIL: go.test/test/chan/doubleselect.go execution,  -O2 -g 

		=== go Summary for unix/-m64 ===

# of expected passes		4960
# of unexpected failures	1
# of expected failures		1
# of untested testcases		6

		=== go Summary ===

# of expected passes		10040
# of unexpected failures	2
# of expected failures		2
# of untested testcases		12
/home/gccbuild/build/nightly/build-gcc-trunk/gcc/testsuite/go/../../gccgo  version 4.9.0 20130531 (experimental) [trunk revision 199561] (GCC) 

		=== obj-c++ tests ===


Running target unix/-m32

		=== obj-c++ Summary for unix/-m32 ===

# of expected passes		1450
# of expected failures		2
# of unsupported tests		86

Running target unix/-m64

		=== obj-c++ Summary for unix/-m64 ===

# of expected passes		1442
# of expected failures		10
# of unsupported tests		86

		=== obj-c++ Summary ===

# of expected passes		2892
# of expected failures		12
# of unsupported tests		172
/home/gccbuild/build/nightly/build-gcc-trunk/gcc/testsuite/obj-c++/../../xg++  version 4.9.0 20130531 (experimental) [trunk revision 199561] (GCC) 

		=== objc tests ===


Running target unix/-m32

		=== objc Summary for unix/-m32 ===

# of expected passes		2994
# of unsupported tests		74

Running target unix/-m64

		=== objc Summary for unix/-m64 ===

# of expected passes		2994
# of unsupported tests		74

		=== objc Summary ===

# of expected passes		5988
# of unsupported tests		148
/home/gccbuild/build/nightly/build-gcc-trunk/gcc/xgcc  version 4.9.0 20130531 (experimental) [trunk revision 199561] (GCC) 

		=== libatomic tests ===


Running target unix/-m32

		=== libatomic Summary for unix/-m32 ===

# of expected passes		34
# of unsupported tests		10

Running target unix/-m64

		=== libatomic Summary for unix/-m64 ===

# of expected passes		44
# of unsupported tests		5

		=== libatomic Summary ===

# of expected passes		78
# of unsupported tests		15
		=== libffi tests ===


Running target unix/-m32

		=== libffi Summary for unix/-m32 ===

# of expected passes		1819
# of unsupported tests		55

Running target unix/-m64

		=== libffi Summary for unix/-m64 ===

# of expected passes		1819
# of unsupported tests		55

		=== libffi Summary ===

# of expected passes		3638
# of unsupported tests		110
		=== libgo tests ===


Running target unix
FAIL: math
FAIL: net/http
FAIL: sync/atomic
FAIL: testing/quick

		=== libgo Summary for unix ===

# of expected passes		127
# of unexpected failures	4

Running target unix/-m64 -fPIC
FAIL: math
FAIL: sync
FAIL: math/big
FAIL: net/http
FAIL: net/http/httputil
FAIL: net/smtp
FAIL: os/exec
FAIL: testing/quick

		=== libgo Summary for unix/-m64 -fPIC ===

# of expected passes		123
# of unexpected failures	8

		=== libgo Summary ===

# of expected passes		250
# of unexpected failures	12
/home/gccbuild/build/nightly/build-gcc-trunk/./gcc/gccgo version 4.9.0 20130531 (experimental) [trunk revision 199561] (GCC)

		=== libgomp tests ===


Running target unix/-m32

		=== libgomp Summary for unix/-m32 ===

# of expected passes		3001
# of unsupported tests		1

Running target unix/-m64

		=== libgomp Summary for unix/-m64 ===

# of expected passes		3001
# of unsupported tests		1

		=== libgomp Summary ===

# of expected passes		6002
# of unsupported tests		2
		=== libitm tests ===


Running target unix/-m32

		=== libitm Summary for unix/-m32 ===

# of expected passes		26
# of expected failures		3
# of unsupported tests		1

Running target unix/-m64

		=== libitm Summary for unix/-m64 ===

# of expected passes		26
# of expected failures		3
# of unsupported tests		1

		=== libitm Summary ===

# of expected passes		52
# of expected failures		6
# of unsupported tests		2
		=== libmudflap tests ===


Running target unix/-m32
FAIL: libmudflap.c++/pass41-frag.cxx (-static) execution test
FAIL: libmudflap.c++/pass41-frag.cxx ( -O) execution test
FAIL: libmudflap.c++/pass41-frag.cxx (-O2) execution test
FAIL: libmudflap.c++/pass41-frag.cxx (-O3) execution test

		=== libmudflap Summary for unix/-m32 ===

# of expected passes		1902
# of unexpected failures	4

Running target unix/-m64
FAIL: libmudflap.c++/pass41-frag.cxx (-static) execution test
FAIL: libmudflap.c++/pass41-frag.cxx ( -O) execution test
FAIL: libmudflap.c++/pass41-frag.cxx (-O2) execution test
FAIL: libmudflap.c++/pass41-frag.cxx (-O3) execution test

		=== libmudflap Summary for unix/-m64 ===

# of expected passes		1902
# of unexpected failures	4

		=== libmudflap Summary ===

# of expected passes		3804
# of unexpected failures	8
		=== libstdc++ tests ===


Running target unix/-m32
FAIL: libstdc++-abi/abi_check

		=== libstdc++ Summary for unix/-m32 ===

# of expected passes		9311
# of unexpected failures	1
# of expected failures		45
# of unsupported tests		226

Running target unix/-m64

		=== libstdc++ Summary for unix/-m64 ===

# of expected passes		9312
# of expected failures		45
# of unsupported tests		226

		=== libstdc++ Summary ===

# of expected passes		18623
# of unexpected failures	1
# of expected failures		90
# of unsupported tests		452

Compiler version: 4.9.0 20130531 (experimental) [trunk revision 199561] (GCC) 
Platform: powerpc64-unknown-linux-gnu
configure flags: --prefix=/opt/gcc-nightly/trunk-20130531 --build=powerpc64-linux --host=powerpc64-linux --target=powerpc64-linux --with-cpu=default32 --with-as=/opt/gcc-nightly/binutils-2.21.1/bin/as --with-ld=/opt/gcc-nightly/binutils-2.21.1/bin/ld --enable-threads=posix --enable-shared --enable-__cxa_atexit --enable-languages=c,c++,fortran,objc,obj-c++,go --with-long-double-128 --enable-secureplt --enable-checking --disable-alsa --enable-decimal-float --with-gmp=/opt/gcc-nightly/gcc-host-libs --with-mpfr=/opt/gcc-nightly/gcc-host-libs --with-mpc=/opt/gcc-nightly/gcc-host-libs --with-libelf=/opt/gcc-nightly/gcc-host-libs --without-ppl --without-cloog

		=== Test Framework Summary ===

# of expected passes		2531



More information about the Gcc-testresults mailing list