Results for 4.9.0 20130531 (experimental) [trunk revision 199537] (GCC) testsuite on i386-pc-solaris2.9

Rainer Orth ro@CeBiTec.Uni-Bielefeld.DE
Sat Jun 1 06:22:00 GMT 2013


LAST_UPDATED: Fri May 31 13:34:35 UTC 2013 (revision 199537)

		=== acats tests ===
FAIL:	cxg2021

		=== acats Summary ===
# of expected passes		2319
# of unexpected failures	1
Native configuration is i386-pc-solaris2.9

		=== g++ tests ===


Running target unix
WARNING: g++.dg/cpp0x/nsdmi-union2.C -std=c++11 compilation failed to produce executable
FAIL: g++.dg/gomp/tls-wrap4.C scan-assembler-not _ZTW1i@PLT
FAIL: g++.dg/lto/20091219 cp_lto_20091219_0.o-cp_lto_20091219_0.o link, -O3 -flto (internal compiler error)
UNRESOLVED: g++.dg/lto/20091219 cp_lto_20091219_0.o-cp_lto_20091219_0.o execute -O3 -flto
FAIL: g++.dg/tls/thread_local-wrap4.C scan-assembler-not _ZTW1i@PLT
FAIL: g++.dg/torture/pr31863.C  -O2 -flto  (test for excess errors)

		=== g++ Summary ===

# of expected passes		50956
# of unexpected failures	4
# of expected failures		296
# of unresolved testcases	1
# of unsupported tests		808
/var/gcc/regression/trunk/9-gcc/build/gcc/testsuite/g++/../../xg++  version 4.9.0 20130531 (experimental) [trunk revision 199537] (GCC) 

		=== gcc tests ===


Running target unix
FAIL: c-c++-common/cilk-plus/AN/an-if.c  -fcilkplus (internal compiler error)
FAIL: c-c++-common/cilk-plus/AN/an-if.c  -fcilkplus (test for excess errors)
WARNING: c-c++-common/cilk-plus/AN/an-if.c  -fcilkplus compilation failed to produce executable
FAIL: c-c++-common/cilk-plus/AN/an-if.c  -O0 -fcilkplus (internal compiler error)
FAIL: c-c++-common/cilk-plus/AN/an-if.c  -O0 -fcilkplus (test for excess errors)
WARNING: c-c++-common/cilk-plus/AN/an-if.c  -O0 -fcilkplus compilation failed to produce executable
FAIL: c-c++-common/cilk-plus/AN/an-if.c  -O1 -fcilkplus (internal compiler error)
FAIL: c-c++-common/cilk-plus/AN/an-if.c  -O1 -fcilkplus (test for excess errors)
WARNING: c-c++-common/cilk-plus/AN/an-if.c  -O1 -fcilkplus compilation failed to produce executable
FAIL: c-c++-common/cilk-plus/AN/an-if.c  -O2 -ftree-vectorize -fcilkplus (internal compiler error)
FAIL: c-c++-common/cilk-plus/AN/an-if.c  -O2 -ftree-vectorize -fcilkplus (test for excess errors)
WARNING: c-c++-common/cilk-plus/AN/an-if.c  -O2 -ftree-vectorize -fcilkplus compilation failed to produce executable
FAIL: c-c++-common/cilk-plus/AN/an-if.c  -O3 -fcilkplus (internal compiler error)
FAIL: c-c++-common/cilk-plus/AN/an-if.c  -O3 -fcilkplus (test for excess errors)
WARNING: c-c++-common/cilk-plus/AN/an-if.c  -O3 -fcilkplus compilation failed to produce executable
FAIL: c-c++-common/cilk-plus/AN/builtin_fn_mutating.c  -O3 -fcilkplus execution test
FAIL: c-c++-common/cilk-plus/AN/an-if.c  -g -fcilkplus (internal compiler error)
FAIL: c-c++-common/cilk-plus/AN/an-if.c  -g -fcilkplus (test for excess errors)
WARNING: c-c++-common/cilk-plus/AN/an-if.c  -g -fcilkplus compilation failed to produce executable
FAIL: c-c++-common/cilk-plus/AN/an-if.c  -g -O0 -fcilkplus (internal compiler error)
FAIL: c-c++-common/cilk-plus/AN/an-if.c  -g -O0 -fcilkplus (test for excess errors)
WARNING: c-c++-common/cilk-plus/AN/an-if.c  -g -O0 -fcilkplus compilation failed to produce executable
FAIL: c-c++-common/cilk-plus/AN/an-if.c  -g -O1 -fcilkplus (internal compiler error)
FAIL: c-c++-common/cilk-plus/AN/an-if.c  -g -O1 -fcilkplus (test for excess errors)
WARNING: c-c++-common/cilk-plus/AN/an-if.c  -g -O1 -fcilkplus compilation failed to produce executable
FAIL: c-c++-common/cilk-plus/AN/an-if.c  -g -O2 -ftree-vectorize -fcilkplus (internal compiler error)
FAIL: c-c++-common/cilk-plus/AN/an-if.c  -g -O2 -ftree-vectorize -fcilkplus (test for excess errors)
WARNING: c-c++-common/cilk-plus/AN/an-if.c  -g -O2 -ftree-vectorize -fcilkplus compilation failed to produce executable
FAIL: c-c++-common/cilk-plus/AN/an-if.c  -g -O3 -fcilkplus (internal compiler error)
FAIL: c-c++-common/cilk-plus/AN/an-if.c  -g -O3 -fcilkplus (test for excess errors)
WARNING: c-c++-common/cilk-plus/AN/an-if.c  -g -O3 -fcilkplus compilation failed to produce executable
FAIL: c-c++-common/cilk-plus/AN/builtin_fn_mutating.c  -g -O3 -fcilkplus execution test
FAIL: c-c++-common/cilk-plus/AN/an-if.c  -O3 -ftree-vectorize -fcilkplus -g (internal compiler error)
FAIL: c-c++-common/cilk-plus/AN/an-if.c  -O3 -ftree-vectorize -fcilkplus -g (test for excess errors)
WARNING: c-c++-common/cilk-plus/AN/an-if.c  -O3 -ftree-vectorize -fcilkplus -g compilation failed to produce executable
FAIL: c-c++-common/cilk-plus/AN/builtin_fn_mutating.c  -O3 -ftree-vectorize -fcilkplus -g execution test
FAIL: c-c++-common/cilk-plus/AN/an-if.c  -fcilkplus -std=c99 (internal compiler error)
FAIL: c-c++-common/cilk-plus/AN/an-if.c  -fcilkplus -std=c99 (test for excess errors)
WARNING: c-c++-common/cilk-plus/AN/an-if.c  -fcilkplus -std=c99 compilation failed to produce executable
FAIL: c-c++-common/cilk-plus/AN/builtin_fn_custom.c  -fcilkplus -std=c99 execution test
FAIL: c-c++-common/cilk-plus/AN/builtin_fn_mutating.c  -fcilkplus -std=c99 execution test
FAIL: c-c++-common/cilk-plus/AN/builtin_func_double.c  -fcilkplus -std=c99 (internal compiler error)
FAIL: c-c++-common/cilk-plus/AN/builtin_func_double.c  -fcilkplus -std=c99 (test for excess errors)
FAIL: c-c++-common/cilk-plus/AN/an-if.c  -fcilkplus -O0 -std=c99 (internal compiler error)
FAIL: c-c++-common/cilk-plus/AN/an-if.c  -fcilkplus -O0 -std=c99 (test for excess errors)
WARNING: c-c++-common/cilk-plus/AN/an-if.c  -fcilkplus -O0 -std=c99 compilation failed to produce executable
FAIL: c-c++-common/cilk-plus/AN/builtin_fn_custom.c  -fcilkplus -O0 -std=c99 execution test
FAIL: c-c++-common/cilk-plus/AN/builtin_fn_mutating.c  -fcilkplus -O0 -std=c99 execution test
FAIL: c-c++-common/cilk-plus/AN/builtin_func_double.c  -fcilkplus -O0 -std=c99 (internal compiler error)
FAIL: c-c++-common/cilk-plus/AN/builtin_func_double.c  -fcilkplus -O0 -std=c99 (test for excess errors)
FAIL: c-c++-common/cilk-plus/AN/an-if.c  -fcilkplus -O1 -std=c99 (internal compiler error)
FAIL: c-c++-common/cilk-plus/AN/an-if.c  -fcilkplus -O1 -std=c99 (test for excess errors)
WARNING: c-c++-common/cilk-plus/AN/an-if.c  -fcilkplus -O1 -std=c99 compilation failed to produce executable
FAIL: c-c++-common/cilk-plus/AN/builtin_func_double.c  -fcilkplus -O1 -std=c99 (internal compiler error)
FAIL: c-c++-common/cilk-plus/AN/builtin_func_double.c  -fcilkplus -O1 -std=c99 (test for excess errors)
FAIL: c-c++-common/cilk-plus/AN/an-if.c  -fcilkplus -O2 -ftree-vectorize -std=c99 (internal compiler error)
FAIL: c-c++-common/cilk-plus/AN/an-if.c  -fcilkplus -O2 -ftree-vectorize -std=c99 (test for excess errors)
WARNING: c-c++-common/cilk-plus/AN/an-if.c  -fcilkplus -O2 -ftree-vectorize -std=c99 compilation failed to produce executable
FAIL: c-c++-common/cilk-plus/AN/builtin_func_double.c  -fcilkplus -O2 -ftree-vectorize -std=c99 (internal compiler error)
FAIL: c-c++-common/cilk-plus/AN/builtin_func_double.c  -fcilkplus -O2 -ftree-vectorize -std=c99 (test for excess errors)
FAIL: c-c++-common/cilk-plus/AN/an-if.c  -fcilkplus -O3 -std=c99 (internal compiler error)
FAIL: c-c++-common/cilk-plus/AN/an-if.c  -fcilkplus -O3 -std=c99 (test for excess errors)
WARNING: c-c++-common/cilk-plus/AN/an-if.c  -fcilkplus -O3 -std=c99 compilation failed to produce executable
FAIL: c-c++-common/cilk-plus/AN/builtin_func_double.c  -fcilkplus -O3 -std=c99 (internal compiler error)
FAIL: c-c++-common/cilk-plus/AN/builtin_func_double.c  -fcilkplus -O3 -std=c99 (test for excess errors)
FAIL: c-c++-common/cilk-plus/AN/an-if.c  -fcilkplus -g -std=c99 (internal compiler error)
FAIL: c-c++-common/cilk-plus/AN/an-if.c  -fcilkplus -g -std=c99 (test for excess errors)
WARNING: c-c++-common/cilk-plus/AN/an-if.c  -fcilkplus -g -std=c99 compilation failed to produce executable
FAIL: c-c++-common/cilk-plus/AN/builtin_fn_custom.c  -fcilkplus -g -std=c99 execution test
FAIL: c-c++-common/cilk-plus/AN/builtin_fn_mutating.c  -fcilkplus -g -std=c99 execution test
FAIL: c-c++-common/cilk-plus/AN/builtin_func_double.c  -fcilkplus -g -std=c99 (internal compiler error)
FAIL: c-c++-common/cilk-plus/AN/builtin_func_double.c  -fcilkplus -g -std=c99 (test for excess errors)
FAIL: c-c++-common/cilk-plus/AN/an-if.c  -fcilkplus -g -O0 -std=c99 (internal compiler error)
FAIL: c-c++-common/cilk-plus/AN/an-if.c  -fcilkplus -g -O0 -std=c99 (test for excess errors)
WARNING: c-c++-common/cilk-plus/AN/an-if.c  -fcilkplus -g -O0 -std=c99 compilation failed to produce executable
FAIL: c-c++-common/cilk-plus/AN/builtin_fn_custom.c  -fcilkplus -g -O0 -std=c99 execution test
FAIL: c-c++-common/cilk-plus/AN/builtin_fn_mutating.c  -fcilkplus -g -O0 -std=c99 execution test
FAIL: c-c++-common/cilk-plus/AN/builtin_func_double.c  -fcilkplus -g -O0 -std=c99 (internal compiler error)
FAIL: c-c++-common/cilk-plus/AN/builtin_func_double.c  -fcilkplus -g -O0 -std=c99 (test for excess errors)
FAIL: c-c++-common/cilk-plus/AN/an-if.c  -fcilkplus -g -O1 -std=c99 (internal compiler error)
FAIL: c-c++-common/cilk-plus/AN/an-if.c  -fcilkplus -g -O1 -std=c99 (test for excess errors)
WARNING: c-c++-common/cilk-plus/AN/an-if.c  -fcilkplus -g -O1 -std=c99 compilation failed to produce executable
FAIL: c-c++-common/cilk-plus/AN/builtin_func_double.c  -fcilkplus -g -O1 -std=c99 (internal compiler error)
FAIL: c-c++-common/cilk-plus/AN/builtin_func_double.c  -fcilkplus -g -O1 -std=c99 (test for excess errors)
FAIL: c-c++-common/cilk-plus/AN/an-if.c  -fcilkplus -g -O2 -ftree-vectorize -std=c99 (internal compiler error)
FAIL: c-c++-common/cilk-plus/AN/an-if.c  -fcilkplus -g -O2 -ftree-vectorize -std=c99 (test for excess errors)
WARNING: c-c++-common/cilk-plus/AN/an-if.c  -fcilkplus -g -O2 -ftree-vectorize -std=c99 compilation failed to produce executable
FAIL: c-c++-common/cilk-plus/AN/builtin_func_double.c  -fcilkplus -g -O2 -ftree-vectorize -std=c99 (internal compiler error)
FAIL: c-c++-common/cilk-plus/AN/builtin_func_double.c  -fcilkplus -g -O2 -ftree-vectorize -std=c99 (test for excess errors)
FAIL: c-c++-common/cilk-plus/AN/an-if.c  -fcilkplus -g -O3 -std=c99 (internal compiler error)
FAIL: c-c++-common/cilk-plus/AN/an-if.c  -fcilkplus -g -O3 -std=c99 (test for excess errors)
WARNING: c-c++-common/cilk-plus/AN/an-if.c  -fcilkplus -g -O3 -std=c99 compilation failed to produce executable
FAIL: c-c++-common/cilk-plus/AN/builtin_func_double.c  -fcilkplus -g -O3 -std=c99 (internal compiler error)
FAIL: c-c++-common/cilk-plus/AN/builtin_func_double.c  -fcilkplus -g -O3 -std=c99 (test for excess errors)
FAIL: c-c++-common/cilk-plus/AN/an-if.c  -O3 -ftree-vectorize -std=c99 -g -fcilkplus (internal compiler error)
FAIL: c-c++-common/cilk-plus/AN/an-if.c  -O3 -ftree-vectorize -std=c99 -g -fcilkplus (test for excess errors)
WARNING: c-c++-common/cilk-plus/AN/an-if.c  -O3 -ftree-vectorize -std=c99 -g -fcilkplus compilation failed to produce executable
FAIL: c-c++-common/cilk-plus/AN/builtin_func_double.c  -O3 -ftree-vectorize -std=c99 -g -fcilkplus (internal compiler error)
FAIL: c-c++-common/cilk-plus/AN/builtin_func_double.c  -O3 -ftree-vectorize -std=c99 -g -fcilkplus (test for excess errors)
FAIL: gcc.dg/gomp/pr57412.c (internal compiler error)
FAIL: gcc.dg/gomp/pr57412.c (test for excess errors)
FAIL: gcc.dg/lto/attr-weakref-1 c_lto_attr-weakref-1_0.o-c_lto_attr-weakref-1_2.o link, -O0 -flto -flto-partition=none 
UNRESOLVED: gcc.dg/lto/attr-weakref-1 c_lto_attr-weakref-1_0.o-c_lto_attr-weakref-1_2.o execute -O0 -flto -flto-partition=none 
FAIL: gcc.dg/lto/attr-weakref-1 c_lto_attr-weakref-1_0.o-c_lto_attr-weakref-1_2.o link, -O2 -flto -flto-partition=none 
UNRESOLVED: gcc.dg/lto/attr-weakref-1 c_lto_attr-weakref-1_0.o-c_lto_attr-weakref-1_2.o execute -O2 -flto -flto-partition=none 
FAIL: gcc.dg/lto/attr-weakref-1 c_lto_attr-weakref-1_0.o-c_lto_attr-weakref-1_2.o link, -O0 -flto -flto-partition=1to1  (internal compiler error)
UNRESOLVED: gcc.dg/lto/attr-weakref-1 c_lto_attr-weakref-1_0.o-c_lto_attr-weakref-1_2.o execute -O0 -flto -flto-partition=1to1 
FAIL: gcc.dg/lto/attr-weakref-1 c_lto_attr-weakref-1_0.o-c_lto_attr-weakref-1_2.o link, -O2 -flto -flto-partition=1to1 
UNRESOLVED: gcc.dg/lto/attr-weakref-1 c_lto_attr-weakref-1_0.o-c_lto_attr-weakref-1_2.o execute -O2 -flto -flto-partition=1to1 
FAIL: gcc.dg/lto/attr-weakref-1 c_lto_attr-weakref-1_0.o-c_lto_attr-weakref-1_2.o link, -O0 -flto 
UNRESOLVED: gcc.dg/lto/attr-weakref-1 c_lto_attr-weakref-1_0.o-c_lto_attr-weakref-1_2.o execute -O0 -flto 
FAIL: gcc.dg/lto/attr-weakref-1 c_lto_attr-weakref-1_0.o-c_lto_attr-weakref-1_2.o link, -O2 -flto
UNRESOLVED: gcc.dg/lto/attr-weakref-1 c_lto_attr-weakref-1_0.o-c_lto_attr-weakref-1_2.o execute -O2 -flto
FAIL: gcc.dg/tls/emutls-2.c (internal compiler error)
FAIL: gcc.dg/tls/emutls-2.c (test for excess errors)

		=== gcc Summary ===

# of expected passes		92699
# of unexpected failures	87
# of expected failures		254
# of unresolved testcases	6
# of unsupported tests		2217
/var/gcc/regression/trunk/9-gcc/build/gcc/xgcc  version 4.9.0 20130531 (experimental) [trunk revision 199537] (GCC) 

		=== gfortran tests ===


Running target unix
FAIL: gfortran.dg/power_6.f90  -O   scan-tree-dump-not optimized "__builtin_powif"
FAIL: gfortran.dg/power_6.f90  -O   scan-tree-dump optimized "powi_cond_[0-9] = k_[0-9]\\\\(D\\\\) & 1;"
FAIL: gfortran.dg/power_6.f90  -O   scan-tree-dump optimized "powi_[0-9] = powi_cond_[0-9] \\\\? -1.0e\\\\+0 : 1.0e\\\\+0;"
FAIL: gfortran.dg/gomp/appendix-a/a.22.1.f90  -O  (internal compiler error)
FAIL: gfortran.dg/gomp/appendix-a/a.22.1.f90  -O  (test for excess errors)
FAIL: gfortran.dg/gomp/appendix-a/a.22.6.f90  -O  (internal compiler error)
FAIL: gfortran.dg/gomp/appendix-a/a.22.6.f90  -O  (test for excess errors)
FAIL: gfortran.dg/gomp/appendix-a/a.33.1.f90  -O  (internal compiler error)
FAIL: gfortran.dg/gomp/appendix-a/a.33.1.f90  -O  (test for excess errors)
FAIL: gfortran.dg/lto/pr45586-2 f_lto_pr45586-2_0.o-f_lto_pr45586-2_0.o link, -O0 -flto -flto-partition=none  (internal compiler error)
UNRESOLVED: gfortran.dg/lto/pr45586-2 f_lto_pr45586-2_0.o-f_lto_pr45586-2_0.o execute -O0 -flto -flto-partition=none 
FAIL: gfortran.dg/lto/pr45586-2 f_lto_pr45586-2_0.o-f_lto_pr45586-2_0.o link, -O0 -flto -flto-partition=1to1  (internal compiler error)
UNRESOLVED: gfortran.dg/lto/pr45586-2 f_lto_pr45586-2_0.o-f_lto_pr45586-2_0.o execute -O0 -flto -flto-partition=1to1 
FAIL: gfortran.dg/lto/pr45586-2 f_lto_pr45586-2_0.o-f_lto_pr45586-2_0.o link, -O0 -flto  (internal compiler error)
UNRESOLVED: gfortran.dg/lto/pr45586-2 f_lto_pr45586-2_0.o-f_lto_pr45586-2_0.o execute -O0 -flto 
FAIL: gfortran.dg/lto/pr45586 f_lto_pr45586_0.o-f_lto_pr45586_0.o link, -O0 -flto -flto-partition=none  (internal compiler error)
UNRESOLVED: gfortran.dg/lto/pr45586 f_lto_pr45586_0.o-f_lto_pr45586_0.o execute -O0 -flto -flto-partition=none 
FAIL: gfortran.dg/lto/pr45586 f_lto_pr45586_0.o-f_lto_pr45586_0.o link, -O0 -flto -flto-partition=1to1  (internal compiler error)
UNRESOLVED: gfortran.dg/lto/pr45586 f_lto_pr45586_0.o-f_lto_pr45586_0.o execute -O0 -flto -flto-partition=1to1 
FAIL: gfortran.dg/lto/pr45586 f_lto_pr45586_0.o-f_lto_pr45586_0.o link, -O0 -flto  (internal compiler error)
UNRESOLVED: gfortran.dg/lto/pr45586 f_lto_pr45586_0.o-f_lto_pr45586_0.o execute -O0 -flto 

		=== gfortran Summary ===

# of expected passes		43777
# of unexpected failures	15
# of expected failures		52
# of unresolved testcases	6
# of unsupported tests		366
/var/gcc/regression/trunk/9-gcc/build/gcc/testsuite/gfortran/../../gfortran  version 4.9.0 20130531 (experimental) [trunk revision 199537] (GCC) 

		=== gnat tests ===


Running target unix

		=== gnat Summary ===

# of expected passes		1176
# of expected failures		18
# of unsupported tests		6
/var/gcc/regression/trunk/9-gcc/build/gcc/gnatmake version 4.9.0 20130531 (experimental) [trunk revision 199537]

		=== go tests ===


Running target unix

		=== go Summary ===

# of expected passes		5083
# of expected failures		1
# of untested testcases		5
/var/gcc/regression/trunk/9-gcc/build/gcc/testsuite/go/../../gccgo  version 4.9.0 20130531 (experimental) [trunk revision 199537] (GCC) 

		=== obj-c++ tests ===


Running target unix

		=== obj-c++ Summary ===

# of expected passes		1450
# of expected failures		2
# of unsupported tests		86
/var/gcc/regression/trunk/9-gcc/build/gcc/testsuite/obj-c++/../../xg++  version 4.9.0 20130531 (experimental) [trunk revision 199537] (GCC) 

		=== objc tests ===


Running target unix

		=== objc Summary ===

# of expected passes		2988
# of expected failures		6
# of unsupported tests		74
/var/gcc/regression/trunk/9-gcc/build/gcc/xgcc  version 4.9.0 20130531 (experimental) [trunk revision 199537] (GCC) 

		=== boehm-gc tests ===


Running target unix

		=== boehm-gc Summary ===

# of expected passes		12
# of unsupported tests		1
		=== libatomic tests ===


Running target unix

		=== libatomic Summary ===

# of expected passes		44
# of unsupported tests		5
		=== libffi tests ===


Running target unix

		=== libffi Summary ===

# of expected passes		1819
# of unsupported tests		55
		=== libgo tests ===


Running target unix

		=== libgo Summary ===

# of expected passes		131
		=== libgomp tests ===


Running target unix
FAIL: libgomp.c/copyin-3.c (internal compiler error)
FAIL: libgomp.c/copyin-3.c (test for excess errors)
WARNING: libgomp.c/copyin-3.c compilation failed to produce executable
FAIL: libgomp.c/nqueens-1.c (internal compiler error)
FAIL: libgomp.c/nqueens-1.c (test for excess errors)
WARNING: libgomp.c/nqueens-1.c compilation failed to produce executable
FAIL: libgomp.c/pr24455-1.c (internal compiler error)
FAIL: libgomp.c/pr24455-1.c (test for excess errors)
FAIL: libgomp.c/pr24455.c (internal compiler error)
FAIL: libgomp.c/pr24455.c (test for excess errors)
WARNING: libgomp.c/pr24455.c compilation failed to produce executable
FAIL: libgomp.fortran/omp_parse3.f90  -O0  (internal compiler error)
FAIL: libgomp.fortran/omp_parse3.f90  -O0  (test for excess errors)
WARNING: libgomp.fortran/omp_parse3.f90  -O0  compilation failed to produce executable
FAIL: libgomp.fortran/omp_parse3.f90  -O1  (internal compiler error)
FAIL: libgomp.fortran/omp_parse3.f90  -O1  (test for excess errors)
WARNING: libgomp.fortran/omp_parse3.f90  -O1  compilation failed to produce executable
FAIL: libgomp.fortran/omp_parse3.f90  -O2  (internal compiler error)
FAIL: libgomp.fortran/omp_parse3.f90  -O2  (test for excess errors)
WARNING: libgomp.fortran/omp_parse3.f90  -O2  compilation failed to produce executable
FAIL: libgomp.fortran/omp_parse3.f90  -O3 -fomit-frame-pointer  (internal compiler error)
FAIL: libgomp.fortran/omp_parse3.f90  -O3 -fomit-frame-pointer  (test for excess errors)
WARNING: libgomp.fortran/omp_parse3.f90  -O3 -fomit-frame-pointer  compilation failed to produce executable
FAIL: libgomp.fortran/omp_parse3.f90  -O3 -fomit-frame-pointer -funroll-loops  (internal compiler error)
FAIL: libgomp.fortran/omp_parse3.f90  -O3 -fomit-frame-pointer -funroll-loops  (test for excess errors)
WARNING: libgomp.fortran/omp_parse3.f90  -O3 -fomit-frame-pointer -funroll-loops  compilation failed to produce executable
FAIL: libgomp.fortran/omp_parse3.f90  -O3 -fomit-frame-pointer -funroll-all-loops -finline-functions  (internal compiler error)
FAIL: libgomp.fortran/omp_parse3.f90  -O3 -fomit-frame-pointer -funroll-all-loops -finline-functions  (test for excess errors)
WARNING: libgomp.fortran/omp_parse3.f90  -O3 -fomit-frame-pointer -funroll-all-loops -finline-functions  compilation failed to produce executable
FAIL: libgomp.fortran/omp_parse3.f90  -O3 -g  (internal compiler error)
FAIL: libgomp.fortran/omp_parse3.f90  -O3 -g  (test for excess errors)
WARNING: libgomp.fortran/omp_parse3.f90  -O3 -g  compilation failed to produce executable
FAIL: libgomp.fortran/omp_parse3.f90  -Os  (internal compiler error)
FAIL: libgomp.fortran/omp_parse3.f90  -Os  (test for excess errors)
WARNING: libgomp.fortran/omp_parse3.f90  -Os  compilation failed to produce executable
FAIL: libgomp.fortran/pr25162.f  -O0  (internal compiler error)
FAIL: libgomp.fortran/pr25162.f  -O0  (test for excess errors)
WARNING: libgomp.fortran/pr25162.f  -O0  compilation failed to produce executable
FAIL: libgomp.fortran/pr25162.f  -O1  (internal compiler error)
FAIL: libgomp.fortran/pr25162.f  -O1  (test for excess errors)
WARNING: libgomp.fortran/pr25162.f  -O1  compilation failed to produce executable
FAIL: libgomp.fortran/pr25162.f  -O2  (internal compiler error)
FAIL: libgomp.fortran/pr25162.f  -O2  (test for excess errors)
WARNING: libgomp.fortran/pr25162.f  -O2  compilation failed to produce executable
FAIL: libgomp.fortran/pr25162.f  -O3 -fomit-frame-pointer  (internal compiler error)
FAIL: libgomp.fortran/pr25162.f  -O3 -fomit-frame-pointer  (test for excess errors)
WARNING: libgomp.fortran/pr25162.f  -O3 -fomit-frame-pointer  compilation failed to produce executable
FAIL: libgomp.fortran/pr25162.f  -O3 -fomit-frame-pointer -funroll-loops  (internal compiler error)
FAIL: libgomp.fortran/pr25162.f  -O3 -fomit-frame-pointer -funroll-loops  (test for excess errors)
WARNING: libgomp.fortran/pr25162.f  -O3 -fomit-frame-pointer -funroll-loops  compilation failed to produce executable
FAIL: libgomp.fortran/pr25162.f  -O3 -fomit-frame-pointer -funroll-all-loops -finline-functions  (internal compiler error)
FAIL: libgomp.fortran/pr25162.f  -O3 -fomit-frame-pointer -funroll-all-loops -finline-functions  (test for excess errors)
WARNING: libgomp.fortran/pr25162.f  -O3 -fomit-frame-pointer -funroll-all-loops -finline-functions  compilation failed to produce executable
FAIL: libgomp.fortran/pr25162.f  -O3 -g  (internal compiler error)
FAIL: libgomp.fortran/pr25162.f  -O3 -g  (test for excess errors)
WARNING: libgomp.fortran/pr25162.f  -O3 -g  compilation failed to produce executable
FAIL: libgomp.fortran/pr25162.f  -Os  (internal compiler error)
FAIL: libgomp.fortran/pr25162.f  -Os  (test for excess errors)
WARNING: libgomp.fortran/pr25162.f  -Os  compilation failed to produce executable
FAIL: libgomp.fortran/threadprivate2.f90  -O0  (internal compiler error)
FAIL: libgomp.fortran/threadprivate2.f90  -O0  (test for excess errors)
WARNING: libgomp.fortran/threadprivate2.f90  -O0  compilation failed to produce executable
FAIL: libgomp.fortran/threadprivate2.f90  -O1  (internal compiler error)
FAIL: libgomp.fortran/threadprivate2.f90  -O1  (test for excess errors)
WARNING: libgomp.fortran/threadprivate2.f90  -O1  compilation failed to produce executable
FAIL: libgomp.fortran/threadprivate2.f90  -O2  (internal compiler error)
FAIL: libgomp.fortran/threadprivate2.f90  -O2  (test for excess errors)
WARNING: libgomp.fortran/threadprivate2.f90  -O2  compilation failed to produce executable
FAIL: libgomp.fortran/threadprivate2.f90  -O3 -fomit-frame-pointer  (internal compiler error)
FAIL: libgomp.fortran/threadprivate2.f90  -O3 -fomit-frame-pointer  (test for excess errors)
WARNING: libgomp.fortran/threadprivate2.f90  -O3 -fomit-frame-pointer  compilation failed to produce executable
FAIL: libgomp.fortran/threadprivate2.f90  -O3 -fomit-frame-pointer -funroll-loops  (internal compiler error)
FAIL: libgomp.fortran/threadprivate2.f90  -O3 -fomit-frame-pointer -funroll-loops  (test for excess errors)
WARNING: libgomp.fortran/threadprivate2.f90  -O3 -fomit-frame-pointer -funroll-loops  compilation failed to produce executable
FAIL: libgomp.fortran/threadprivate2.f90  -O3 -fomit-frame-pointer -funroll-all-loops -finline-functions  (internal compiler error)
FAIL: libgomp.fortran/threadprivate2.f90  -O3 -fomit-frame-pointer -funroll-all-loops -finline-functions  (test for excess errors)
WARNING: libgomp.fortran/threadprivate2.f90  -O3 -fomit-frame-pointer -funroll-all-loops -finline-functions  compilation failed to produce executable
FAIL: libgomp.fortran/threadprivate2.f90  -O3 -g  (internal compiler error)
FAIL: libgomp.fortran/threadprivate2.f90  -O3 -g  (test for excess errors)
WARNING: libgomp.fortran/threadprivate2.f90  -O3 -g  compilation failed to produce executable
FAIL: libgomp.fortran/threadprivate2.f90  -Os  (internal compiler error)
FAIL: libgomp.fortran/threadprivate2.f90  -Os  (test for excess errors)
WARNING: libgomp.fortran/threadprivate2.f90  -Os  compilation failed to produce executable
FAIL: libgomp.fortran/threadprivate3.f90  -O0  (internal compiler error)
FAIL: libgomp.fortran/threadprivate3.f90  -O0  (test for excess errors)
WARNING: libgomp.fortran/threadprivate3.f90  -O0  compilation failed to produce executable
FAIL: libgomp.fortran/threadprivate3.f90  -O1  (internal compiler error)
FAIL: libgomp.fortran/threadprivate3.f90  -O1  (test for excess errors)
WARNING: libgomp.fortran/threadprivate3.f90  -O1  compilation failed to produce executable
FAIL: libgomp.fortran/threadprivate3.f90  -O2  (internal compiler error)
FAIL: libgomp.fortran/threadprivate3.f90  -O2  (test for excess errors)
WARNING: libgomp.fortran/threadprivate3.f90  -O2  compilation failed to produce executable
FAIL: libgomp.fortran/threadprivate3.f90  -O3 -fomit-frame-pointer  (internal compiler error)
FAIL: libgomp.fortran/threadprivate3.f90  -O3 -fomit-frame-pointer  (test for excess errors)
WARNING: libgomp.fortran/threadprivate3.f90  -O3 -fomit-frame-pointer  compilation failed to produce executable
FAIL: libgomp.fortran/threadprivate3.f90  -O3 -fomit-frame-pointer -funroll-loops  (internal compiler error)
FAIL: libgomp.fortran/threadprivate3.f90  -O3 -fomit-frame-pointer -funroll-loops  (test for excess errors)
WARNING: libgomp.fortran/threadprivate3.f90  -O3 -fomit-frame-pointer -funroll-loops  compilation failed to produce executable
FAIL: libgomp.fortran/threadprivate3.f90  -O3 -fomit-frame-pointer -funroll-all-loops -finline-functions  (internal compiler error)
FAIL: libgomp.fortran/threadprivate3.f90  -O3 -fomit-frame-pointer -funroll-all-loops -finline-functions  (test for excess errors)
WARNING: libgomp.fortran/threadprivate3.f90  -O3 -fomit-frame-pointer -funroll-all-loops -finline-functions  compilation failed to produce executable
FAIL: libgomp.fortran/threadprivate3.f90  -O3 -g  (internal compiler error)
FAIL: libgomp.fortran/threadprivate3.f90  -O3 -g  (test for excess errors)
WARNING: libgomp.fortran/threadprivate3.f90  -O3 -g  compilation failed to produce executable
FAIL: libgomp.fortran/threadprivate3.f90  -Os  (internal compiler error)
FAIL: libgomp.fortran/threadprivate3.f90  -Os  (test for excess errors)
WARNING: libgomp.fortran/threadprivate3.f90  -Os  compilation failed to produce executable
FAIL: libgomp.fortran/threadprivate4.f90  -O0  (internal compiler error)
FAIL: libgomp.fortran/threadprivate4.f90  -O0  (test for excess errors)
WARNING: libgomp.fortran/threadprivate4.f90  -O0  compilation failed to produce executable
FAIL: libgomp.fortran/threadprivate4.f90  -O1  (internal compiler error)
FAIL: libgomp.fortran/threadprivate4.f90  -O1  (test for excess errors)
WARNING: libgomp.fortran/threadprivate4.f90  -O1  compilation failed to produce executable
FAIL: libgomp.fortran/threadprivate4.f90  -O2  (internal compiler error)
FAIL: libgomp.fortran/threadprivate4.f90  -O2  (test for excess errors)
WARNING: libgomp.fortran/threadprivate4.f90  -O2  compilation failed to produce executable
FAIL: libgomp.fortran/threadprivate4.f90  -O3 -fomit-frame-pointer  (internal compiler error)
FAIL: libgomp.fortran/threadprivate4.f90  -O3 -fomit-frame-pointer  (test for excess errors)
WARNING: libgomp.fortran/threadprivate4.f90  -O3 -fomit-frame-pointer  compilation failed to produce executable
FAIL: libgomp.fortran/threadprivate4.f90  -O3 -fomit-frame-pointer -funroll-loops  (internal compiler error)
FAIL: libgomp.fortran/threadprivate4.f90  -O3 -fomit-frame-pointer -funroll-loops  (test for excess errors)
WARNING: libgomp.fortran/threadprivate4.f90  -O3 -fomit-frame-pointer -funroll-loops  compilation failed to produce executable
FAIL: libgomp.fortran/threadprivate4.f90  -O3 -fomit-frame-pointer -funroll-all-loops -finline-functions  (internal compiler error)
FAIL: libgomp.fortran/threadprivate4.f90  -O3 -fomit-frame-pointer -funroll-all-loops -finline-functions  (test for excess errors)
WARNING: libgomp.fortran/threadprivate4.f90  -O3 -fomit-frame-pointer -funroll-all-loops -finline-functions  compilation failed to produce executable
FAIL: libgomp.fortran/threadprivate4.f90  -O3 -g  (internal compiler error)
FAIL: libgomp.fortran/threadprivate4.f90  -O3 -g  (test for excess errors)
WARNING: libgomp.fortran/threadprivate4.f90  -O3 -g  compilation failed to produce executable
FAIL: libgomp.fortran/threadprivate4.f90  -Os  (internal compiler error)
FAIL: libgomp.fortran/threadprivate4.f90  -Os  (test for excess errors)
WARNING: libgomp.fortran/threadprivate4.f90  -Os  compilation failed to produce executable

		=== libgomp Summary ===

# of expected passes		2959
# of unexpected failures	88
# of unsupported tests		3
		=== libitm tests ===


Running target unix

		=== libitm Summary ===

# of expected passes		26
# of expected failures		3
# of unsupported tests		1
		=== libjava tests ===


Running target unix
FAIL: Divide_1 output - source compiled test
FAIL: Divide_1 -findirect-dispatch output - source compiled test
FAIL: Divide_1 -O3 output - source compiled test
FAIL: Divide_1 -O3 -findirect-dispatch output - source compiled test
FAIL: InvokeInterface execution - source compiled test
FAIL: InvokeInterface -O3 execution - source compiled test
FAIL: sourcelocation output - source compiled test
FAIL: sourcelocation -findirect-dispatch output - source compiled test
FAIL: sourcelocation -O3 output - source compiled test
FAIL: sourcelocation -O3 -findirect-dispatch output - source compiled test

		=== libjava Summary ===

# of expected passes		2574
# of unexpected failures	10
# of untested testcases		2
		=== libstdc++ tests ===


Running target unix
XPASS: 22_locale/num_put/put/char/14220.cc execution test
XPASS: 22_locale/num_put/put/wchar_t/14220.cc execution test

		=== libstdc++ Summary ===

# of expected passes		7770
# of unexpected successes	2
# of expected failures		47
# of unsupported tests		882

Compiler version: 4.9.0 20130531 (experimental) [trunk revision 199537] (GCC) 
Platform: i386-pc-solaris2.9
configure flags: --prefix=/vol/gcc --target=i386-pc-solaris2.9 --enable-obsolete --enable-objc-gc --with-gmp-include=/vol/gcc/include --with-gmp-lib=/vol/gcc/lib --with-mpfr-include=/vol/gcc/include --with-mpfr-lib=/vol/gcc/lib --with-mpc-include=/vol/gcc/include --with-mpc-lib=/vol/gcc/lib --enable-languages=all,ada,obj-c++,go --with-isl-include=/vol/gcc/include --with-isl-lib=/vol/gcc/lib --with-cloog-include=/vol/gcc/include --with-cloog-lib=/vol/gcc/lib --enable-cloog-backend=isl
BOOT_CFLAGS=-g -O2



More information about the Gcc-testresults mailing list