Results for 4.9.0 20130722 (experimental) [trunk revision 201131] (GCC) testsuite on hppa64-hp-hpux11.11
John David Anglin
dave@hiauly3.hia.nrc.ca
Thu Jul 25 13:58:00 GMT 2013
Native configuration is hppa64-hp-hpux11.11
=== g++ tests ===
Running target unix
FAIL: g++.dg/debug/dwarf2/non-virtual-thunk.C -std=gnu++98 scan-assembler thunk.C:30
FAIL: g++.dg/debug/dwarf2/non-virtual-thunk.C -std=gnu++11 scan-assembler thunk.C:30
FAIL: g++.dg/opt/pr56999.C -std=gnu++98 (test for excess errors)
FAIL: g++.dg/opt/pr56999.C -std=gnu++11 (test for excess errors)
WARNING: program timed out.
FAIL: g++.dg/torture/vshuf-v2sf.C -O3 -fomit-frame-pointer execution test
FAIL: g++.dg/torture/vshuf-v2sf.C -O3 -g execution test
FAIL: g++.dg/torture/vshuf-v2si.C -O3 -fomit-frame-pointer execution test
FAIL: g++.dg/torture/vshuf-v2si.C -O3 -g execution test
=== g++ Summary ===
# of expected passes 50667
# of unexpected failures 8
# of expected failures 291
# of unsupported tests 1282
/test/gnu/gcc/objdir/gcc/testsuite/g++/../../xg++ version 4.9.0 20130722 (experimental) [trunk revision 201131] (GCC)
=== gcc tests ===
Running target unix
FAIL: gcc.dg/pr53265.c (test for warnings, line 88)
WARNING: program timed out.
=== gcc Summary ===
# of expected passes 81641
# of unexpected failures 1
# of expected failures 120
# of unsupported tests 1573
/test/gnu/gcc/objdir/gcc/xgcc version 4.9.0 20130722 (experimental) [trunk revision 201131] (GCC)
=== gfortran tests ===
Running target unix
FAIL: gfortran.dg/round_4.f90 -O0 (test for excess errors)
FAIL: gfortran.dg/round_4.f90 -O0 execution test
FAIL: gfortran.dg/round_4.f90 -O1 (test for excess errors)
FAIL: gfortran.dg/round_4.f90 -O1 execution test
FAIL: gfortran.dg/round_4.f90 -O2 (test for excess errors)
FAIL: gfortran.dg/round_4.f90 -O2 execution test
FAIL: gfortran.dg/round_4.f90 -O3 -fomit-frame-pointer (test for excess errors)
FAIL: gfortran.dg/round_4.f90 -O3 -fomit-frame-pointer execution test
FAIL: gfortran.dg/round_4.f90 -O3 -fomit-frame-pointer -funroll-loops (test for excess errors)
FAIL: gfortran.dg/round_4.f90 -O3 -fomit-frame-pointer -funroll-loops execution test
FAIL: gfortran.dg/round_4.f90 -O3 -fomit-frame-pointer -funroll-all-loops -finline-functions (test for excess errors)
FAIL: gfortran.dg/round_4.f90 -O3 -fomit-frame-pointer -funroll-all-loops -finline-functions execution test
FAIL: gfortran.dg/round_4.f90 -O3 -g (test for excess errors)
FAIL: gfortran.dg/round_4.f90 -O3 -g execution test
FAIL: gfortran.dg/round_4.f90 -Os (test for excess errors)
FAIL: gfortran.dg/round_4.f90 -Os execution test
FAIL: gfortran.dg/lto/pr45586-2 f_lto_pr45586-2_0.o-f_lto_pr45586-2_0.o link, -O0 -flto -flto-partition=none (internal compiler error)
UNRESOLVED: gfortran.dg/lto/pr45586-2 f_lto_pr45586-2_0.o-f_lto_pr45586-2_0.o execute -O0 -flto -flto-partition=none
FAIL: gfortran.dg/lto/pr45586-2 f_lto_pr45586-2_0.o-f_lto_pr45586-2_0.o link, -O0 -flto -flto-partition=1to1 (internal compiler error)
UNRESOLVED: gfortran.dg/lto/pr45586-2 f_lto_pr45586-2_0.o-f_lto_pr45586-2_0.o execute -O0 -flto -flto-partition=1to1
FAIL: gfortran.dg/lto/pr45586-2 f_lto_pr45586-2_0.o-f_lto_pr45586-2_0.o link, -O0 -flto (internal compiler error)
UNRESOLVED: gfortran.dg/lto/pr45586-2 f_lto_pr45586-2_0.o-f_lto_pr45586-2_0.o execute -O0 -flto
FAIL: gfortran.dg/lto/pr45586 f_lto_pr45586_0.o-f_lto_pr45586_0.o link, -O0 -flto -flto-partition=none (internal compiler error)
UNRESOLVED: gfortran.dg/lto/pr45586 f_lto_pr45586_0.o-f_lto_pr45586_0.o execute -O0 -flto -flto-partition=none
FAIL: gfortran.dg/lto/pr45586 f_lto_pr45586_0.o-f_lto_pr45586_0.o link, -O0 -flto -flto-partition=1to1 (internal compiler error)
UNRESOLVED: gfortran.dg/lto/pr45586 f_lto_pr45586_0.o-f_lto_pr45586_0.o execute -O0 -flto -flto-partition=1to1
FAIL: gfortran.dg/lto/pr45586 f_lto_pr45586_0.o-f_lto_pr45586_0.o link, -O0 -flto (internal compiler error)
UNRESOLVED: gfortran.dg/lto/pr45586 f_lto_pr45586_0.o-f_lto_pr45586_0.o execute -O0 -flto
=== gfortran Summary ===
# of expected passes 43338
# of unexpected failures 22
# of expected failures 38
# of unresolved testcases 6
# of unsupported tests 398
/test/gnu/gcc/objdir/gcc/testsuite/gfortran/../../gfortran version 4.9.0 20130722 (experimental) [trunk revision 201131] (GCC)
=== obj-c++ tests ===
Running target unix
=== obj-c++ Summary ===
# of expected passes 1441
# of expected failures 10
# of unsupported tests 86
/test/gnu/gcc/objdir/gcc/testsuite/obj-c++/../../xg++ version 4.9.0 20130722 (experimental) [trunk revision 201131] (GCC)
=== objc tests ===
Running target unix
=== objc Summary ===
# of expected passes 2992
# of unsupported tests 75
/test/gnu/gcc/objdir/gcc/xgcc version 4.9.0 20130722 (experimental) [trunk revision 201131] (GCC)
=== libatomic tests ===
Running target unix
=== libatomic Summary ===
# of expected passes 4
# of unsupported tests 25
=== libgomp tests ===
Running target unix
=== libgomp Summary ===
# of expected passes 2129
# of unsupported tests 10
=== libstdc++ tests ===
Running target unix
FAIL: 30_threads/thread/native_handle/cancel.cc (test for excess errors)
UNRESOLVED: 30_threads/thread/native_handle/cancel.cc compilation failed to produce executable
FAIL: 30_threads/thread/native_handle/typesizes.cc (test for excess errors)
UNRESOLVED: 30_threads/thread/native_handle/typesizes.cc compilation failed to produce executable
=== libstdc++ Summary ===
# of expected passes 7801
# of unexpected failures 2
# of expected failures 42
# of unresolved testcases 2
# of unsupported tests 902
Compiler version: 4.9.0 20130722 (experimental) [trunk revision 201131] (GCC)
Platform: hppa64-hp-hpux11.11
configure flags:Test Run By dave on Tue Jul 23 07:47:03 2013
More information about the Gcc-testresults
mailing list