gcc test results 11th of July 2013
Rares Aioanei
arch.listen@gmail.com
Fri Jul 12 18:31:00 GMT 2013
Begin forwarded message:
Date: Thu, 11 Jul 2013 22:40:31 +0300
From: Rares Aioanei <arch.listen@gmail.com>
To: gcc-testresults@gcc.gnu.org
cat <<'EOF' |
Native configuration is x86_64-unknown-linux-gnu
=== g++ tests ===
Running target unix
FAIL: g++.dg/ext/mv12.C -std=gnu++98 execution test
FAIL: g++.dg/ext/mv12.C -std=gnu++11 execution test
FAIL: g++.dg/ext/mv2.C -std=gnu++98 execution test
FAIL: g++.dg/ext/mv2.C -std=gnu++11 execution test
FAIL: g++.dg/ext/mv5.C -std=gnu++98 execution test
FAIL: g++.dg/ext/mv5.C -std=gnu++11 execution test
=== g++ Summary ===
# of expected passes 56304
# of unexpected failures 6
# of expected failures 293
# of unsupported tests 951
/home/arares/src/gcc/host-x86_64-unknown-linux-gnu/gcc/testsuite/g++/../../xg++
version 4.9.0 20130710 (experimental) (GCC)
=== gcc tests ===
Running target unix
FAIL: gcc.dg/lto/pr56297 c_lto_pr56297_0.o-c_lto_pr56297_1.o link,
-flto -fno-common (internal compiler error) UNRESOLVED:
gcc.dg/lto/pr56297 c_lto_pr56297_0.o-c_lto_pr56297_1.o execute -flto
-fno-common
=== gcc Summary ===
# of expected passes 97375
# of unexpected failures 1
# of expected failures 251
# of unresolved testcases 1
# of unsupported tests 1377
/home/arares/src/gcc/host-x86_64-unknown-linux-gnu/gcc/xgcc version
4.9.0 20130710 (experimental) (GCC)
=== libatomic tests ===
Running target unix
=== libatomic Summary ===
# of expected passes 54
=== libgomp tests ===
Running target unix
=== libgomp Summary ===
# of expected passes 459
=== libitm tests ===
Running target unix
=== libitm Summary ===
# of expected passes 26
# of expected failures 3
# of unsupported tests 1
=== libmudflap tests ===
Running target unix
ERROR: tcl error
sourcing /home/arares/src/gcc/libmudflap/testsuite/libmudflap.c/cfrags.exp.
ERROR: couldn't execute "/xgcc": no such file or directory ERROR: tcl
error
sourcing /home/arares/src/gcc/libmudflap/testsuite/libmudflap.c/externs.exp.
ERROR: couldn't execute "/xgcc": no such file or directory ERROR: tcl
error
sourcing /home/arares/src/gcc/libmudflap/testsuite/libmudflap.c++/c++frags.exp.
ERROR: couldn't execute "/xgcc": no such file or directory ERROR: tcl
error
sourcing /home/arares/src/gcc/libmudflap/testsuite/libmudflap.c++/ctors.exp.
ERROR: couldn't execute "/xgcc": no such file or directory ERROR: tcl
error
sourcing /home/arares/src/gcc/libmudflap/testsuite/libmudflap.cth/cthfrags.exp.
ERROR: couldn't execute "/xgcc": no such file or directory
=== libmudflap Summary ===
=== libstdc++ tests ===
Running target unix
=== libstdc++ Summary ===
# of expected passes 8864
# of expected failures 41
# of unsupported tests 498
Compiler version: 4.9.0 20130710 (experimental) (GCC)
Platform: x86_64-unknown-linux-gnu
configure flags: --enable-languages=c,c++ --disable-nls
EOF
Mail -s "Results for 4.9.0 20130710 (experimental) (GCC) testsuite on
x86_64-unknown-linux-gnu" gcc-testresults@gcc.gnu.org &&
mv /home/arares/src/gcc/./host-x86_64-unknown-linux-gnu/gcc/testsuite/g++/g++.sum /home/arares/src/gcc/./host-x86_64-unknown-linux-gnu/gcc/testsuite/g++/g++.sum.sent
&&
mv /home/arares/src/gcc/./host-x86_64-unknown-linux-gnu/gcc/testsuite/gcc/gcc.sum /home/arares/src/gcc/./host-x86_64-unknown-linux-gnu/gcc/testsuite/gcc/gcc.sum.sent
&&
mv /home/arares/src/gcc/./x86_64-unknown-linux-gnu/libatomic/testsuite/libatomic.sum /home/arares/src/gcc/./x86_64-unknown-linux-gnu/libatomic/testsuite/libatomic.sum.sent
&&
mv /home/arares/src/gcc/./x86_64-unknown-linux-gnu/libgomp/testsuite/libgomp.sum /home/arares/src/gcc/./x86_64-unknown-linux-gnu/libgomp/testsuite/libgomp.sum.sent
&&
mv /home/arares/src/gcc/./x86_64-unknown-linux-gnu/libitm/testsuite/libitm.sum /home/arares/src/gcc/./x86_64-unknown-linux-gnu/libitm/testsuite/libitm.sum.sent
&&
mv /home/arares/src/gcc/./x86_64-unknown-linux-gnu/libmudflap/testsuite/libmudflap.sum /home/arares/src/gcc/./x86_64-unknown-linux-gnu/libmudflap/testsuite/libmudflap.sum.sent
&&
mv /home/arares/src/gcc/./x86_64-unknown-linux-gnu/libstdc++-v3/testsuite/libstdc++.sum /home/arares/src/gcc/./x86_64-unknown-linux-gnu/libstdc++-v3/testsuite/libstdc++.sum.sent
&&
mv /home/arares/src/gcc/./host-x86_64-unknown-linux-gnu/gcc/testsuite/g++/g++.log /home/arares/src/gcc/./host-x86_64-unknown-linux-gnu/gcc/testsuite/g++/g++.log.sent
&&
mv /home/arares/src/gcc/./host-x86_64-unknown-linux-gnu/gcc/testsuite/gcc/gcc.log /home/arares/src/gcc/./host-x86_64-unknown-linux-gnu/gcc/testsuite/gcc/gcc.log.sent
&&
mv /home/arares/src/gcc/./x86_64-unknown-linux-gnu/libatomic/testsuite/libatomic.log /home/arares/src/gcc/./x86_64-unknown-linux-gnu/libatomic/testsuite/libatomic.log.sent
&&
mv /home/arares/src/gcc/./x86_64-unknown-linux-gnu/libgomp/testsuite/libgomp.log /home/arares/src/gcc/./x86_64-unknown-linux-gnu/libgomp/testsuite/libgomp.log.sent
&&
mv /home/arares/src/gcc/./x86_64-unknown-linux-gnu/libitm/testsuite/libitm.log /home/arares/src/gcc/./x86_64-unknown-linux-gnu/libitm/testsuite/libitm.log.sent
&&
mv /home/arares/src/gcc/./x86_64-unknown-linux-gnu/libmudflap/testsuite/libmudflap.log /home/arares/src/gcc/./x86_64-unknown-linux-gnu/libmudflap/testsuite/libmudflap.log.sent
&&
mv /home/arares/src/gcc/./x86_64-unknown-linux-gnu/libstdc++-v3/testsuite/libstdc++.log /home/arares/src/gcc/./x86_64-unknown-linux-gnu/libstdc++-v3/testsuite/libstdc++.log.sent
&& true
--
Rares Aioanei
--
Rares Aioanei
More information about the Gcc-testresults
mailing list