Results for 4.9.0 20130708 (experimental) [trunk revision 200785] testsuite on x86_64-unknown-linux-gnu
Laurent GUERBY gcc13
guerby@gcc13.fsffrance.org
Tue Jul 9 05:54:00 GMT 2013
LAST_UPDATED: Mon Jul 8 13:29:57 UTC 2013 (revision 200785)
=== acats tests ===
FAIL: c34005p
FAIL: c34005r
FAIL: c34005s
FAIL: c34005u
FAIL: c34005v
FAIL: c34006g
FAIL: c34006j
FAIL: c34006l
FAIL: c34008a
FAIL: c3a0014
FAIL: c41103b
FAIL: c41203b
FAIL: c41306a
FAIL: c452001
FAIL: c650001
FAIL: c74302b
FAIL: c74306a
FAIL: c85014a
FAIL: c85014b
FAIL: c85014c
FAIL: c87b26b
FAIL: c87b41a
FAIL: c99004a
FAIL: cb40005
FAIL: cc3019c
FAIL: cd10002
FAIL: cdd2a03
FAIL: cxac005
=== acats Summary ===
# of expected passes 2292
# of unexpected failures 28
Native configuration is x86_64-unknown-linux-gnu
=== gcc tests ===
Running target unix/-m32
FAIL: gcc.c-torture/execute/arith-rand-ll.c execution, -O2
FAIL: gcc.c-torture/execute/arith-rand-ll.c execution, -O3 -fomit-frame-pointer
FAIL: gcc.c-torture/execute/arith-rand-ll.c execution, -O3 -fomit-frame-pointer -funroll-loops
FAIL: gcc.c-torture/execute/arith-rand-ll.c execution, -O3 -fomit-frame-pointer -funroll-all-loops -finline-functions
FAIL: gcc.c-torture/execute/arith-rand-ll.c execution, -O3 -g
FAIL: gcc.c-torture/execute/arith-rand-ll.c execution, -O2 -flto -flto-partition=none
FAIL: gcc.c-torture/execute/arith-rand-ll.c execution, -O2 -flto
FAIL: gcc.dg/debug/dwarf2/asm-line1.c scan-assembler is_stmt 1
FAIL: gcc.dg/debug/dwarf2/discriminator.c scan-assembler loc [0-9] 11 [0-9]( is_stmt [0-9])? discriminator 2\\n
FAIL: gcc.dg/debug/dwarf2/discriminator.c scan-assembler loc [0-9] 11 [0-9]( is_stmt [0-9])? discriminator 1\\n
FAIL: gcc.dg/cproj-fails-with-broken-glibc.c execution test
FAIL: gcc.dg/lto/pr56297 c_lto_pr56297_0.o-c_lto_pr56297_1.o link, -flto -fno-common (internal compiler error)
UNRESOLVED: gcc.dg/lto/pr56297 c_lto_pr56297_0.o-c_lto_pr56297_1.o execute -flto -fno-common
FAIL: gcc.dg/torture/tls/run-gd.c -O0 (test for excess errors)
FAIL: gcc.dg/torture/tls/run-gd.c -O1 (test for excess errors)
FAIL: gcc.dg/torture/tls/run-gd.c -O2 (test for excess errors)
FAIL: gcc.dg/torture/tls/run-gd.c -O3 -fomit-frame-pointer (test for excess errors)
FAIL: gcc.dg/torture/tls/run-gd.c -O3 -g (test for excess errors)
FAIL: gcc.dg/torture/tls/run-gd.c -Os (test for excess errors)
FAIL: gcc.dg/torture/tls/run-gd.c -O2 -flto -flto-partition=none (test for excess errors)
FAIL: gcc.dg/torture/tls/run-gd.c -O2 -flto (test for excess errors)
FAIL: gcc.dg/torture/tls/run-ld.c -O0 (test for excess errors)
FAIL: gcc.dg/torture/tls/run-ld.c -O1 (test for excess errors)
FAIL: gcc.dg/torture/tls/run-ld.c -O2 (test for excess errors)
FAIL: gcc.dg/torture/tls/run-ld.c -O3 -fomit-frame-pointer (test for excess errors)
FAIL: gcc.dg/torture/tls/run-ld.c -O3 -g (test for excess errors)
FAIL: gcc.dg/torture/tls/run-ld.c -Os (test for excess errors)
FAIL: gcc.dg/torture/tls/run-ld.c -O2 -flto -flto-partition=none (test for excess errors)
FAIL: gcc.dg/torture/tls/run-ld.c -O2 -flto (test for excess errors)
=== gcc Summary for unix/-m32 ===
# of expected passes 95312
# of unexpected failures 28
# of expected failures 249
# of unresolved testcases 1
# of unsupported tests 1962
Running target unix/-m64
FAIL: c-c++-common/asan/clone-test-1.c -O0 execution test
FAIL: c-c++-common/asan/clone-test-1.c -O1 execution test
FAIL: c-c++-common/asan/clone-test-1.c -O2 execution test
FAIL: c-c++-common/asan/clone-test-1.c -O3 -fomit-frame-pointer execution test
FAIL: c-c++-common/asan/clone-test-1.c -O3 -fomit-frame-pointer -funroll-loops execution test
FAIL: c-c++-common/asan/clone-test-1.c -O3 -fomit-frame-pointer -funroll-all-loops -finline-functions execution test
FAIL: c-c++-common/asan/clone-test-1.c -O3 -g execution test
FAIL: c-c++-common/asan/clone-test-1.c -Os execution test
FAIL: c-c++-common/asan/clone-test-1.c -O2 -flto -flto-partition=none execution test
FAIL: c-c++-common/asan/clone-test-1.c -O2 -flto execution test
FAIL: c-c++-common/asan/global-overflow-1.c -O0 output pattern test, is ==28764== ERROR: AddressSanitizer failed to allocate 0xdfff0001000 (15392894357504) bytes at address 0x02008fff7000 (12)
FAIL: c-c++-common/asan/global-overflow-1.c -O1 output pattern test, is ==28776== ERROR: AddressSanitizer failed to allocate 0xdfff0001000 (15392894357504) bytes at address 0x02008fff7000 (12)
FAIL: c-c++-common/asan/global-overflow-1.c -O2 output pattern test, is ==28788== ERROR: AddressSanitizer failed to allocate 0xdfff0001000 (15392894357504) bytes at address 0x02008fff7000 (12)
FAIL: c-c++-common/asan/global-overflow-1.c -O3 -fomit-frame-pointer output pattern test, is ==28800== ERROR: AddressSanitizer failed to allocate 0xdfff0001000 (15392894357504) bytes at address 0x02008fff7000 (12)
FAIL: c-c++-common/asan/global-overflow-1.c -O3 -g output pattern test, is ==28812== ERROR: AddressSanitizer failed to allocate 0xdfff0001000 (15392894357504) bytes at address 0x02008fff7000 (12)
FAIL: c-c++-common/asan/global-overflow-1.c -Os output pattern test, is ==28824== ERROR: AddressSanitizer failed to allocate 0xdfff0001000 (15392894357504) bytes at address 0x02008fff7000 (12)
FAIL: c-c++-common/asan/global-overflow-1.c -O2 -flto -flto-partition=none output pattern test, is ==28857== ERROR: AddressSanitizer failed to allocate 0xdfff0001000 (15392894357504) bytes at address 0x02008fff7000 (12)
FAIL: c-c++-common/asan/global-overflow-1.c -O2 -flto output pattern test, is ==28892== ERROR: AddressSanitizer failed to allocate 0xdfff0001000 (15392894357504) bytes at address 0x02008fff7000 (12)
FAIL: c-c++-common/asan/heap-overflow-1.c -O0 output pattern test, is ==28904== ERROR: AddressSanitizer failed to allocate 0xdfff0001000 (15392894357504) bytes at address 0x02008fff7000 (12)
FAIL: c-c++-common/asan/heap-overflow-1.c -O1 output pattern test, is ==28916== ERROR: AddressSanitizer failed to allocate 0xdfff0001000 (15392894357504) bytes at address 0x02008fff7000 (12)
FAIL: c-c++-common/asan/heap-overflow-1.c -O2 output pattern test, is ==28928== ERROR: AddressSanitizer failed to allocate 0xdfff0001000 (15392894357504) bytes at address 0x02008fff7000 (12)
FAIL: c-c++-common/asan/heap-overflow-1.c -O3 -fomit-frame-pointer output pattern test, is ==28940== ERROR: AddressSanitizer failed to allocate 0xdfff0001000 (15392894357504) bytes at address 0x02008fff7000 (12)
FAIL: c-c++-common/asan/heap-overflow-1.c -O3 -g output pattern test, is ==28952== ERROR: AddressSanitizer failed to allocate 0xdfff0001000 (15392894357504) bytes at address 0x02008fff7000 (12)
FAIL: c-c++-common/asan/heap-overflow-1.c -Os output pattern test, is ==28964== ERROR: AddressSanitizer failed to allocate 0xdfff0001000 (15392894357504) bytes at address 0x02008fff7000 (12)
FAIL: c-c++-common/asan/heap-overflow-1.c -O2 -flto -flto-partition=none output pattern test, is ==28997== ERROR: AddressSanitizer failed to allocate 0xdfff0001000 (15392894357504) bytes at address 0x02008fff7000 (12)
FAIL: c-c++-common/asan/heap-overflow-1.c -O2 -flto output pattern test, is ==29032== ERROR: AddressSanitizer failed to allocate 0xdfff0001000 (15392894357504) bytes at address 0x02008fff7000 (12)
FAIL: c-c++-common/asan/memcmp-1.c -O0 output pattern test, is ==29050== ERROR: AddressSanitizer failed to allocate 0xdfff0001000 (15392894357504) bytes at address 0x02008fff7000 (12)
FAIL: c-c++-common/asan/memcmp-1.c -O1 output pattern test, is ==29062== ERROR: AddressSanitizer failed to allocate 0xdfff0001000 (15392894357504) bytes at address 0x02008fff7000 (12)
FAIL: c-c++-common/asan/memcmp-1.c -O2 output pattern test, is ==29074== ERROR: AddressSanitizer failed to allocate 0xdfff0001000 (15392894357504) bytes at address 0x02008fff7000 (12)
FAIL: c-c++-common/asan/memcmp-1.c -O3 -fomit-frame-pointer output pattern test, is ==29086== ERROR: AddressSanitizer failed to allocate 0xdfff0001000 (15392894357504) bytes at address 0x02008fff7000 (12)
FAIL: c-c++-common/asan/memcmp-1.c -O3 -g output pattern test, is ==29098== ERROR: AddressSanitizer failed to allocate 0xdfff0001000 (15392894357504) bytes at address 0x02008fff7000 (12)
FAIL: c-c++-common/asan/memcmp-1.c -Os output pattern test, is ==29115== ERROR: AddressSanitizer failed to allocate 0xdfff0001000 (15392894357504) bytes at address 0x02008fff7000 (12)
FAIL: c-c++-common/asan/memcmp-1.c -O2 -flto -flto-partition=none output pattern test, is ==29148== ERROR: AddressSanitizer failed to allocate 0xdfff0001000 (15392894357504) bytes at address 0x02008fff7000 (12)
FAIL: c-c++-common/asan/memcmp-1.c -O2 -flto output pattern test, is ==29183== ERROR: AddressSanitizer failed to allocate 0xdfff0001000 (15392894357504) bytes at address 0x02008fff7000 (12)
FAIL: c-c++-common/asan/null-deref-1.c -O0 output pattern test, is ==29287== ERROR: AddressSanitizer failed to allocate 0xdfff0001000 (15392894357504) bytes at address 0x02008fff7000 (12)
FAIL: c-c++-common/asan/null-deref-1.c -O1 output pattern test, is ==29299== ERROR: AddressSanitizer failed to allocate 0xdfff0001000 (15392894357504) bytes at address 0x02008fff7000 (12)
FAIL: c-c++-common/asan/null-deref-1.c -O2 output pattern test, is ==29311== ERROR: AddressSanitizer failed to allocate 0xdfff0001000 (15392894357504) bytes at address 0x02008fff7000 (12)
FAIL: c-c++-common/asan/null-deref-1.c -O3 -fomit-frame-pointer output pattern test, is ==29323== ERROR: AddressSanitizer failed to allocate 0xdfff0001000 (15392894357504) bytes at address 0x02008fff7000 (12)
FAIL: c-c++-common/asan/null-deref-1.c -O3 -g output pattern test, is ==29335== ERROR: AddressSanitizer failed to allocate 0xdfff0001000 (15392894357504) bytes at address 0x02008fff7000 (12)
FAIL: c-c++-common/asan/null-deref-1.c -Os output pattern test, is ==29347== ERROR: AddressSanitizer failed to allocate 0xdfff0001000 (15392894357504) bytes at address 0x02008fff7000 (12)
FAIL: c-c++-common/asan/null-deref-1.c -O2 -flto -flto-partition=none output pattern test, is ==29380== ERROR: AddressSanitizer failed to allocate 0xdfff0001000 (15392894357504) bytes at address 0x02008fff7000 (12)
FAIL: c-c++-common/asan/null-deref-1.c -O2 -flto output pattern test, is ==29415== ERROR: AddressSanitizer failed to allocate 0xdfff0001000 (15392894357504) bytes at address 0x02008fff7000 (12)
FAIL: c-c++-common/asan/rlimit-mmap-test-1.c -O0 output pattern test, is ==29482== ERROR: AddressSanitizer failed to allocate 0xdfff0001000 (15392894357504) bytes at address 0x02008fff7000 (12)
FAIL: c-c++-common/asan/sanity-check-pure-c-1.c -O0 output pattern test, is ==29494== ERROR: AddressSanitizer failed to allocate 0xdfff0001000 (15392894357504) bytes at address 0x02008fff7000 (12)
FAIL: c-c++-common/asan/sanity-check-pure-c-1.c -O1 output pattern test, is ==29506== ERROR: AddressSanitizer failed to allocate 0xdfff0001000 (15392894357504) bytes at address 0x02008fff7000 (12)
FAIL: c-c++-common/asan/sanity-check-pure-c-1.c -O2 output pattern test, is ==29518== ERROR: AddressSanitizer failed to allocate 0xdfff0001000 (15392894357504) bytes at address 0x02008fff7000 (12)
FAIL: c-c++-common/asan/sanity-check-pure-c-1.c -O3 -fomit-frame-pointer output pattern test, is ==29530== ERROR: AddressSanitizer failed to allocate 0xdfff0001000 (15392894357504) bytes at address 0x02008fff7000 (12)
FAIL: c-c++-common/asan/sanity-check-pure-c-1.c -O3 -g output pattern test, is ==29542== ERROR: AddressSanitizer failed to allocate 0xdfff0001000 (15392894357504) bytes at address 0x02008fff7000 (12)
FAIL: c-c++-common/asan/sanity-check-pure-c-1.c -Os output pattern test, is ==29554== ERROR: AddressSanitizer failed to allocate 0xdfff0001000 (15392894357504) bytes at address 0x02008fff7000 (12)
FAIL: c-c++-common/asan/sanity-check-pure-c-1.c -O2 -flto -flto-partition=none output pattern test, is ==29587== ERROR: AddressSanitizer failed to allocate 0xdfff0001000 (15392894357504) bytes at address 0x02008fff7000 (12)
FAIL: c-c++-common/asan/sanity-check-pure-c-1.c -O2 -flto output pattern test, is ==29622== ERROR: AddressSanitizer failed to allocate 0xdfff0001000 (15392894357504) bytes at address 0x02008fff7000 (12)
FAIL: c-c++-common/asan/sleep-before-dying-1.c -O2 output pattern test, is ==29634== ERROR: AddressSanitizer failed to allocate 0xdfff0001000 (15392894357504) bytes at address 0x02008fff7000 (12)
FAIL: c-c++-common/asan/sleep-before-dying-1.c -O2 -flto -flto-partition=none output pattern test, is ==29667== ERROR: AddressSanitizer failed to allocate 0xdfff0001000 (15392894357504) bytes at address 0x02008fff7000 (12)
FAIL: c-c++-common/asan/sleep-before-dying-1.c -O2 -flto output pattern test, is ==29707== ERROR: AddressSanitizer failed to allocate 0xdfff0001000 (15392894357504) bytes at address 0x02008fff7000 (12)
FAIL: c-c++-common/asan/stack-overflow-1.c -O0 output pattern test, is ==29719== ERROR: AddressSanitizer failed to allocate 0xdfff0001000 (15392894357504) bytes at address 0x02008fff7000 (12)
FAIL: c-c++-common/asan/stack-overflow-1.c -O1 output pattern test, is ==29731== ERROR: AddressSanitizer failed to allocate 0xdfff0001000 (15392894357504) bytes at address 0x02008fff7000 (12)
FAIL: c-c++-common/asan/stack-overflow-1.c -O2 output pattern test, is ==29743== ERROR: AddressSanitizer failed to allocate 0xdfff0001000 (15392894357504) bytes at address 0x02008fff7000 (12)
FAIL: c-c++-common/asan/stack-overflow-1.c -O3 -fomit-frame-pointer output pattern test, is ==29755== ERROR: AddressSanitizer failed to allocate 0xdfff0001000 (15392894357504) bytes at address 0x02008fff7000 (12)
FAIL: c-c++-common/asan/stack-overflow-1.c -O3 -g output pattern test, is ==29767== ERROR: AddressSanitizer failed to allocate 0xdfff0001000 (15392894357504) bytes at address 0x02008fff7000 (12)
FAIL: c-c++-common/asan/stack-overflow-1.c -Os output pattern test, is ==29779== ERROR: AddressSanitizer failed to allocate 0xdfff0001000 (15392894357504) bytes at address 0x02008fff7000 (12)
FAIL: c-c++-common/asan/stack-overflow-1.c -O2 -flto -flto-partition=none output pattern test, is ==29812== ERROR: AddressSanitizer failed to allocate 0xdfff0001000 (15392894357504) bytes at address 0x02008fff7000 (12)
FAIL: c-c++-common/asan/stack-overflow-1.c -O2 -flto output pattern test, is ==29847== ERROR: AddressSanitizer failed to allocate 0xdfff0001000 (15392894357504) bytes at address 0x02008fff7000 (12)
FAIL: c-c++-common/asan/strip-path-prefix-1.c -O2 output pattern test, is ==29859== ERROR: AddressSanitizer failed to allocate 0xdfff0001000 (15392894357504) bytes at address 0x02008fff7000 (12)
FAIL: c-c++-common/asan/strip-path-prefix-1.c -O2 -flto -flto-partition=none output pattern test, is ==29892== ERROR: AddressSanitizer failed to allocate 0xdfff0001000 (15392894357504) bytes at address 0x02008fff7000 (12)
FAIL: c-c++-common/asan/strip-path-prefix-1.c -O2 -flto output pattern test, is ==29927== ERROR: AddressSanitizer failed to allocate 0xdfff0001000 (15392894357504) bytes at address 0x02008fff7000 (12)
FAIL: c-c++-common/asan/strncpy-overflow-1.c -O0 output pattern test, is ==29939== ERROR: AddressSanitizer failed to allocate 0xdfff0001000 (15392894357504) bytes at address 0x02008fff7000 (12)
FAIL: c-c++-common/asan/strncpy-overflow-1.c -O1 output pattern test, is ==29951== ERROR: AddressSanitizer failed to allocate 0xdfff0001000 (15392894357504) bytes at address 0x02008fff7000 (12)
FAIL: c-c++-common/asan/strncpy-overflow-1.c -O2 output pattern test, is ==29963== ERROR: AddressSanitizer failed to allocate 0xdfff0001000 (15392894357504) bytes at address 0x02008fff7000 (12)
FAIL: c-c++-common/asan/strncpy-overflow-1.c -O3 -fomit-frame-pointer output pattern test, is ==29975== ERROR: AddressSanitizer failed to allocate 0xdfff0001000 (15392894357504) bytes at address 0x02008fff7000 (12)
FAIL: c-c++-common/asan/strncpy-overflow-1.c -O3 -g output pattern test, is ==29987== ERROR: AddressSanitizer failed to allocate 0xdfff0001000 (15392894357504) bytes at address 0x02008fff7000 (12)
FAIL: c-c++-common/asan/strncpy-overflow-1.c -Os output pattern test, is ==29999== ERROR: AddressSanitizer failed to allocate 0xdfff0001000 (15392894357504) bytes at address 0x02008fff7000 (12)
FAIL: c-c++-common/asan/strncpy-overflow-1.c -O2 -flto -flto-partition=none output pattern test, is ==30032== ERROR: AddressSanitizer failed to allocate 0xdfff0001000 (15392894357504) bytes at address 0x02008fff7000 (12)
FAIL: c-c++-common/asan/strncpy-overflow-1.c -O2 -flto output pattern test, is ==30067== ERROR: AddressSanitizer failed to allocate 0xdfff0001000 (15392894357504) bytes at address 0x02008fff7000 (12)
FAIL: c-c++-common/asan/swapcontext-test-1.c -O0 execution test
FAIL: c-c++-common/asan/swapcontext-test-1.c -O1 execution test
FAIL: c-c++-common/asan/swapcontext-test-1.c -O2 execution test
FAIL: c-c++-common/asan/swapcontext-test-1.c -O3 -fomit-frame-pointer execution test
FAIL: c-c++-common/asan/swapcontext-test-1.c -O3 -fomit-frame-pointer -funroll-loops execution test
FAIL: c-c++-common/asan/swapcontext-test-1.c -O3 -fomit-frame-pointer -funroll-all-loops -finline-functions execution test
FAIL: c-c++-common/asan/swapcontext-test-1.c -O3 -g execution test
FAIL: c-c++-common/asan/swapcontext-test-1.c -Os execution test
FAIL: c-c++-common/asan/swapcontext-test-1.c -O2 -flto -flto-partition=none execution test
FAIL: c-c++-common/asan/swapcontext-test-1.c -O2 -flto execution test
FAIL: c-c++-common/asan/use-after-free-1.c -O0 output pattern test, is ==30268== ERROR: AddressSanitizer failed to allocate 0xdfff0001000 (15392894357504) bytes at address 0x02008fff7000 (12)
FAIL: c-c++-common/asan/use-after-free-1.c -O1 output pattern test, is ==30280== ERROR: AddressSanitizer failed to allocate 0xdfff0001000 (15392894357504) bytes at address 0x02008fff7000 (12)
FAIL: c-c++-common/asan/use-after-free-1.c -O2 output pattern test, is ==30292== ERROR: AddressSanitizer failed to allocate 0xdfff0001000 (15392894357504) bytes at address 0x02008fff7000 (12)
FAIL: c-c++-common/asan/use-after-free-1.c -O3 -fomit-frame-pointer output pattern test, is ==30304== ERROR: AddressSanitizer failed to allocate 0xdfff0001000 (15392894357504) bytes at address 0x02008fff7000 (12)
FAIL: c-c++-common/asan/use-after-free-1.c -O3 -g output pattern test, is ==30316== ERROR: AddressSanitizer failed to allocate 0xdfff0001000 (15392894357504) bytes at address 0x02008fff7000 (12)
FAIL: c-c++-common/asan/use-after-free-1.c -Os output pattern test, is ==30328== ERROR: AddressSanitizer failed to allocate 0xdfff0001000 (15392894357504) bytes at address 0x02008fff7000 (12)
FAIL: c-c++-common/asan/use-after-free-1.c -O2 -flto -flto-partition=none output pattern test, is ==30366== ERROR: AddressSanitizer failed to allocate 0xdfff0001000 (15392894357504) bytes at address 0x02008fff7000 (12)
FAIL: c-c++-common/asan/use-after-free-1.c -O2 -flto output pattern test, is ==30401== ERROR: AddressSanitizer failed to allocate 0xdfff0001000 (15392894357504) bytes at address 0x02008fff7000 (12)
FAIL: gcc.dg/debug/dwarf2/asm-line1.c scan-assembler is_stmt 1
FAIL: gcc.dg/debug/dwarf2/discriminator.c scan-assembler loc [0-9] 11 [0-9]( is_stmt [0-9])? discriminator 2\\n
FAIL: gcc.dg/debug/dwarf2/discriminator.c scan-assembler loc [0-9] 11 [0-9]( is_stmt [0-9])? discriminator 1\\n
FAIL: gcc.dg/cproj-fails-with-broken-glibc.c execution test
FAIL: gcc.dg/lto/pr56297 c_lto_pr56297_0.o-c_lto_pr56297_1.o link, -flto -fno-common (internal compiler error)
UNRESOLVED: gcc.dg/lto/pr56297 c_lto_pr56297_0.o-c_lto_pr56297_1.o execute -flto -fno-common
FAIL: gcc.dg/torture/tls/run-gd.c -O0 (test for excess errors)
FAIL: gcc.dg/torture/tls/run-gd.c -O1 (test for excess errors)
FAIL: gcc.dg/torture/tls/run-gd.c -O2 (test for excess errors)
FAIL: gcc.dg/torture/tls/run-gd.c -O3 -fomit-frame-pointer (test for excess errors)
FAIL: gcc.dg/torture/tls/run-gd.c -O3 -g (test for excess errors)
FAIL: gcc.dg/torture/tls/run-gd.c -Os (test for excess errors)
FAIL: gcc.dg/torture/tls/run-gd.c -O2 -flto -flto-partition=none (test for excess errors)
FAIL: gcc.dg/torture/tls/run-gd.c -O2 -flto (test for excess errors)
FAIL: gcc.dg/torture/tls/run-ld.c -O0 (test for excess errors)
FAIL: gcc.dg/torture/tls/run-ld.c -O1 (test for excess errors)
FAIL: gcc.dg/torture/tls/run-ld.c -O2 (test for excess errors)
FAIL: gcc.dg/torture/tls/run-ld.c -O3 -fomit-frame-pointer (test for excess errors)
FAIL: gcc.dg/torture/tls/run-ld.c -O3 -g (test for excess errors)
FAIL: gcc.dg/torture/tls/run-ld.c -Os (test for excess errors)
FAIL: gcc.dg/torture/tls/run-ld.c -O2 -flto -flto-partition=none (test for excess errors)
FAIL: gcc.dg/torture/tls/run-ld.c -O2 -flto (test for excess errors)
FAIL: gcc.dg/torture/tls/run-le.c -O0 -pie -fpie (test for excess errors)
UNRESOLVED: gcc.dg/torture/tls/run-le.c -O0 -pie -fpie compilation failed to produce executable
FAIL: gcc.dg/torture/tls/run-le.c -O1 -pie -fpie (test for excess errors)
UNRESOLVED: gcc.dg/torture/tls/run-le.c -O1 -pie -fpie compilation failed to produce executable
FAIL: gcc.dg/torture/tls/run-le.c -O2 -pie -fpie (test for excess errors)
UNRESOLVED: gcc.dg/torture/tls/run-le.c -O2 -pie -fpie compilation failed to produce executable
FAIL: gcc.dg/torture/tls/run-le.c -O3 -fomit-frame-pointer -pie -fpie (test for excess errors)
UNRESOLVED: gcc.dg/torture/tls/run-le.c -O3 -fomit-frame-pointer -pie -fpie compilation failed to produce executable
FAIL: gcc.dg/torture/tls/run-le.c -O3 -g -pie -fpie (test for excess errors)
UNRESOLVED: gcc.dg/torture/tls/run-le.c -O3 -g -pie -fpie compilation failed to produce executable
FAIL: gcc.dg/torture/tls/run-le.c -Os -pie -fpie (test for excess errors)
UNRESOLVED: gcc.dg/torture/tls/run-le.c -Os -pie -fpie compilation failed to produce executable
FAIL: gcc.dg/torture/tls/run-le.c -O0 -pie -fPIE (test for excess errors)
UNRESOLVED: gcc.dg/torture/tls/run-le.c -O0 -pie -fPIE compilation failed to produce executable
FAIL: gcc.dg/torture/tls/run-le.c -O1 -pie -fPIE (test for excess errors)
UNRESOLVED: gcc.dg/torture/tls/run-le.c -O1 -pie -fPIE compilation failed to produce executable
FAIL: gcc.dg/torture/tls/run-le.c -O2 -pie -fPIE (test for excess errors)
UNRESOLVED: gcc.dg/torture/tls/run-le.c -O2 -pie -fPIE compilation failed to produce executable
FAIL: gcc.dg/torture/tls/run-le.c -O3 -fomit-frame-pointer -pie -fPIE (test for excess errors)
UNRESOLVED: gcc.dg/torture/tls/run-le.c -O3 -fomit-frame-pointer -pie -fPIE compilation failed to produce executable
FAIL: gcc.dg/torture/tls/run-le.c -O3 -g -pie -fPIE (test for excess errors)
UNRESOLVED: gcc.dg/torture/tls/run-le.c -O3 -g -pie -fPIE compilation failed to produce executable
FAIL: gcc.dg/torture/tls/run-le.c -Os -pie -fPIE (test for excess errors)
UNRESOLVED: gcc.dg/torture/tls/run-le.c -Os -pie -fPIE compilation failed to produce executable
FAIL: gcc.dg/torture/tls/thr-init-1.c -O0 -pie -fpie (test for excess errors)
UNRESOLVED: gcc.dg/torture/tls/thr-init-1.c -O0 -pie -fpie compilation failed to produce executable
FAIL: gcc.dg/torture/tls/thr-init-1.c -O1 -pie -fpie (test for excess errors)
UNRESOLVED: gcc.dg/torture/tls/thr-init-1.c -O1 -pie -fpie compilation failed to produce executable
FAIL: gcc.dg/torture/tls/thr-init-1.c -O2 -pie -fpie (test for excess errors)
UNRESOLVED: gcc.dg/torture/tls/thr-init-1.c -O2 -pie -fpie compilation failed to produce executable
FAIL: gcc.dg/torture/tls/thr-init-1.c -O3 -fomit-frame-pointer -pie -fpie (test for excess errors)
UNRESOLVED: gcc.dg/torture/tls/thr-init-1.c -O3 -fomit-frame-pointer -pie -fpie compilation failed to produce executable
FAIL: gcc.dg/torture/tls/thr-init-1.c -O3 -g -pie -fpie (test for excess errors)
UNRESOLVED: gcc.dg/torture/tls/thr-init-1.c -O3 -g -pie -fpie compilation failed to produce executable
FAIL: gcc.dg/torture/tls/thr-init-1.c -Os -pie -fpie (test for excess errors)
UNRESOLVED: gcc.dg/torture/tls/thr-init-1.c -Os -pie -fpie compilation failed to produce executable
FAIL: gcc.dg/torture/tls/thr-init-1.c -O0 -pie -fPIE (test for excess errors)
UNRESOLVED: gcc.dg/torture/tls/thr-init-1.c -O0 -pie -fPIE compilation failed to produce executable
FAIL: gcc.dg/torture/tls/thr-init-1.c -O1 -pie -fPIE (test for excess errors)
UNRESOLVED: gcc.dg/torture/tls/thr-init-1.c -O1 -pie -fPIE compilation failed to produce executable
FAIL: gcc.dg/torture/tls/thr-init-1.c -O2 -pie -fPIE (test for excess errors)
UNRESOLVED: gcc.dg/torture/tls/thr-init-1.c -O2 -pie -fPIE compilation failed to produce executable
FAIL: gcc.dg/torture/tls/thr-init-1.c -O3 -fomit-frame-pointer -pie -fPIE (test for excess errors)
UNRESOLVED: gcc.dg/torture/tls/thr-init-1.c -O3 -fomit-frame-pointer -pie -fPIE compilation failed to produce executable
FAIL: gcc.dg/torture/tls/thr-init-1.c -O3 -g -pie -fPIE (test for excess errors)
UNRESOLVED: gcc.dg/torture/tls/thr-init-1.c -O3 -g -pie -fPIE compilation failed to produce executable
FAIL: gcc.dg/torture/tls/thr-init-1.c -Os -pie -fPIE (test for excess errors)
UNRESOLVED: gcc.dg/torture/tls/thr-init-1.c -Os -pie -fPIE compilation failed to produce executable
FAIL: gcc.dg/torture/tls/thr-init-2.c -O0 -pie -fpie (test for excess errors)
UNRESOLVED: gcc.dg/torture/tls/thr-init-2.c -O0 -pie -fpie compilation failed to produce executable
FAIL: gcc.dg/torture/tls/thr-init-2.c -O1 -pie -fpie (test for excess errors)
UNRESOLVED: gcc.dg/torture/tls/thr-init-2.c -O1 -pie -fpie compilation failed to produce executable
FAIL: gcc.dg/torture/tls/thr-init-2.c -O2 -pie -fpie (test for excess errors)
UNRESOLVED: gcc.dg/torture/tls/thr-init-2.c -O2 -pie -fpie compilation failed to produce executable
FAIL: gcc.dg/torture/tls/thr-init-2.c -O3 -fomit-frame-pointer -pie -fpie (test for excess errors)
UNRESOLVED: gcc.dg/torture/tls/thr-init-2.c -O3 -fomit-frame-pointer -pie -fpie compilation failed to produce executable
FAIL: gcc.dg/torture/tls/thr-init-2.c -O3 -g -pie -fpie (test for excess errors)
UNRESOLVED: gcc.dg/torture/tls/thr-init-2.c -O3 -g -pie -fpie compilation failed to produce executable
FAIL: gcc.dg/torture/tls/thr-init-2.c -Os -pie -fpie (test for excess errors)
UNRESOLVED: gcc.dg/torture/tls/thr-init-2.c -Os -pie -fpie compilation failed to produce executable
FAIL: gcc.dg/torture/tls/thr-init-2.c -O0 -pie -fPIE (test for excess errors)
UNRESOLVED: gcc.dg/torture/tls/thr-init-2.c -O0 -pie -fPIE compilation failed to produce executable
FAIL: gcc.dg/torture/tls/thr-init-2.c -O1 -pie -fPIE (test for excess errors)
UNRESOLVED: gcc.dg/torture/tls/thr-init-2.c -O1 -pie -fPIE compilation failed to produce executable
FAIL: gcc.dg/torture/tls/thr-init-2.c -O2 -pie -fPIE (test for excess errors)
UNRESOLVED: gcc.dg/torture/tls/thr-init-2.c -O2 -pie -fPIE compilation failed to produce executable
FAIL: gcc.dg/torture/tls/thr-init-2.c -O3 -fomit-frame-pointer -pie -fPIE (test for excess errors)
UNRESOLVED: gcc.dg/torture/tls/thr-init-2.c -O3 -fomit-frame-pointer -pie -fPIE compilation failed to produce executable
FAIL: gcc.dg/torture/tls/thr-init-2.c -O3 -g -pie -fPIE (test for excess errors)
UNRESOLVED: gcc.dg/torture/tls/thr-init-2.c -O3 -g -pie -fPIE compilation failed to produce executable
FAIL: gcc.dg/torture/tls/thr-init-2.c -Os -pie -fPIE (test for excess errors)
UNRESOLVED: gcc.dg/torture/tls/thr-init-2.c -Os -pie -fPIE compilation failed to produce executable
FAIL: gcc.dg/torture/tls/tls-reload-1.c -O0 -pie -fpie (test for excess errors)
UNRESOLVED: gcc.dg/torture/tls/tls-reload-1.c -O0 -pie -fpie compilation failed to produce executable
FAIL: gcc.dg/torture/tls/tls-reload-1.c -O1 -pie -fpie (test for excess errors)
UNRESOLVED: gcc.dg/torture/tls/tls-reload-1.c -O1 -pie -fpie compilation failed to produce executable
FAIL: gcc.dg/torture/tls/tls-reload-1.c -O2 -pie -fpie (test for excess errors)
UNRESOLVED: gcc.dg/torture/tls/tls-reload-1.c -O2 -pie -fpie compilation failed to produce executable
FAIL: gcc.dg/torture/tls/tls-reload-1.c -O3 -fomit-frame-pointer -pie -fpie (test for excess errors)
UNRESOLVED: gcc.dg/torture/tls/tls-reload-1.c -O3 -fomit-frame-pointer -pie -fpie compilation failed to produce executable
FAIL: gcc.dg/torture/tls/tls-reload-1.c -O3 -g -pie -fpie (test for excess errors)
UNRESOLVED: gcc.dg/torture/tls/tls-reload-1.c -O3 -g -pie -fpie compilation failed to produce executable
FAIL: gcc.dg/torture/tls/tls-reload-1.c -Os -pie -fpie (test for excess errors)
UNRESOLVED: gcc.dg/torture/tls/tls-reload-1.c -Os -pie -fpie compilation failed to produce executable
FAIL: gcc.dg/torture/tls/tls-reload-1.c -O0 -pie -fPIE (test for excess errors)
UNRESOLVED: gcc.dg/torture/tls/tls-reload-1.c -O0 -pie -fPIE compilation failed to produce executable
FAIL: gcc.dg/torture/tls/tls-reload-1.c -O1 -pie -fPIE (test for excess errors)
UNRESOLVED: gcc.dg/torture/tls/tls-reload-1.c -O1 -pie -fPIE compilation failed to produce executable
FAIL: gcc.dg/torture/tls/tls-reload-1.c -O2 -pie -fPIE (test for excess errors)
UNRESOLVED: gcc.dg/torture/tls/tls-reload-1.c -O2 -pie -fPIE compilation failed to produce executable
FAIL: gcc.dg/torture/tls/tls-reload-1.c -O3 -fomit-frame-pointer -pie -fPIE (test for excess errors)
UNRESOLVED: gcc.dg/torture/tls/tls-reload-1.c -O3 -fomit-frame-pointer -pie -fPIE compilation failed to produce executable
FAIL: gcc.dg/torture/tls/tls-reload-1.c -O3 -g -pie -fPIE (test for excess errors)
UNRESOLVED: gcc.dg/torture/tls/tls-reload-1.c -O3 -g -pie -fPIE compilation failed to produce executable
FAIL: gcc.dg/torture/tls/tls-reload-1.c -Os -pie -fPIE (test for excess errors)
UNRESOLVED: gcc.dg/torture/tls/tls-reload-1.c -Os -pie -fPIE compilation failed to produce executable
FAIL: gcc.dg/torture/tls/tls-test.c -O0 -pie -fpie (test for excess errors)
UNRESOLVED: gcc.dg/torture/tls/tls-test.c -O0 -pie -fpie compilation failed to produce executable
FAIL: gcc.dg/torture/tls/tls-test.c -O1 -pie -fpie (test for excess errors)
UNRESOLVED: gcc.dg/torture/tls/tls-test.c -O1 -pie -fpie compilation failed to produce executable
FAIL: gcc.dg/torture/tls/tls-test.c -O2 -pie -fpie (test for excess errors)
UNRESOLVED: gcc.dg/torture/tls/tls-test.c -O2 -pie -fpie compilation failed to produce executable
FAIL: gcc.dg/torture/tls/tls-test.c -O3 -fomit-frame-pointer -pie -fpie (test for excess errors)
UNRESOLVED: gcc.dg/torture/tls/tls-test.c -O3 -fomit-frame-pointer -pie -fpie compilation failed to produce executable
FAIL: gcc.dg/torture/tls/tls-test.c -O3 -g -pie -fpie (test for excess errors)
UNRESOLVED: gcc.dg/torture/tls/tls-test.c -O3 -g -pie -fpie compilation failed to produce executable
FAIL: gcc.dg/torture/tls/tls-test.c -Os -pie -fpie (test for excess errors)
UNRESOLVED: gcc.dg/torture/tls/tls-test.c -Os -pie -fpie compilation failed to produce executable
FAIL: gcc.dg/torture/tls/tls-test.c -O0 -pie -fPIE (test for excess errors)
UNRESOLVED: gcc.dg/torture/tls/tls-test.c -O0 -pie -fPIE compilation failed to produce executable
FAIL: gcc.dg/torture/tls/tls-test.c -O1 -pie -fPIE (test for excess errors)
UNRESOLVED: gcc.dg/torture/tls/tls-test.c -O1 -pie -fPIE compilation failed to produce executable
FAIL: gcc.dg/torture/tls/tls-test.c -O2 -pie -fPIE (test for excess errors)
UNRESOLVED: gcc.dg/torture/tls/tls-test.c -O2 -pie -fPIE compilation failed to produce executable
FAIL: gcc.dg/torture/tls/tls-test.c -O3 -fomit-frame-pointer -pie -fPIE (test for excess errors)
UNRESOLVED: gcc.dg/torture/tls/tls-test.c -O3 -fomit-frame-pointer -pie -fPIE compilation failed to produce executable
FAIL: gcc.dg/torture/tls/tls-test.c -O3 -g -pie -fPIE (test for excess errors)
UNRESOLVED: gcc.dg/torture/tls/tls-test.c -O3 -g -pie -fPIE compilation failed to produce executable
FAIL: gcc.dg/torture/tls/tls-test.c -Os -pie -fPIE (test for excess errors)
UNRESOLVED: gcc.dg/torture/tls/tls-test.c -Os -pie -fPIE compilation failed to produce executable
FAIL: gcc.target/i386/pr56114.c (test for excess errors)
=== gcc Summary for unix/-m64 ===
# of expected passes 95422
# of unexpected failures 173
# of expected failures 251
# of unresolved testcases 61
# of unsupported tests 2271
=== gcc Summary ===
# of expected passes 190734
# of unexpected failures 201
# of expected failures 500
# of unresolved testcases 62
# of unsupported tests 4233
/home/guerby/build/gcc/xgcc version 4.9.0 20130708 (experimental) [trunk revision 200785] (GCC)
=== g++ tests ===
Running target unix/-m32
FAIL: g++.dg/asan/asan_test.C -O2 AddressSanitizer_pread64 pread64(fd, x, 15, 0) execution test
FAIL: g++.dg/asan/asan_test.C -O2 AddressSanitizer_pread pread(fd, x, 15, 0) execution test
FAIL: g++.dg/other/anon5.C -std=gnu++98 (test for excess errors)
FAIL: g++.dg/other/anon5.C -std=gnu++11 (test for excess errors)
=== g++ Summary for unix/-m32 ===
# of expected passes 55480
# of unexpected failures 4
# of expected failures 294
# of unsupported tests 764
Running target unix/-m64
FAIL: c-c++-common/asan/clone-test-1.c -O0 execution test
FAIL: c-c++-common/asan/clone-test-1.c -O1 execution test
FAIL: c-c++-common/asan/clone-test-1.c -O2 execution test
FAIL: c-c++-common/asan/clone-test-1.c -O3 -fomit-frame-pointer execution test
FAIL: c-c++-common/asan/clone-test-1.c -O3 -fomit-frame-pointer -funroll-loops execution test
FAIL: c-c++-common/asan/clone-test-1.c -O3 -fomit-frame-pointer -funroll-all-loops -finline-functions execution test
FAIL: c-c++-common/asan/clone-test-1.c -O3 -g execution test
FAIL: c-c++-common/asan/clone-test-1.c -Os execution test
FAIL: c-c++-common/asan/clone-test-1.c -O2 -flto -flto-partition=none execution test
FAIL: c-c++-common/asan/clone-test-1.c -O2 -flto execution test
FAIL: c-c++-common/asan/global-overflow-1.c -O0 output pattern test, is ==1849== ERROR: AddressSanitizer failed to allocate 0xdfff0001000 (15392894357504) bytes at address 0x02008fff7000 (12)
FAIL: c-c++-common/asan/global-overflow-1.c -O1 output pattern test, is ==1861== ERROR: AddressSanitizer failed to allocate 0xdfff0001000 (15392894357504) bytes at address 0x02008fff7000 (12)
FAIL: c-c++-common/asan/global-overflow-1.c -O2 output pattern test, is ==1873== ERROR: AddressSanitizer failed to allocate 0xdfff0001000 (15392894357504) bytes at address 0x02008fff7000 (12)
FAIL: c-c++-common/asan/global-overflow-1.c -O3 -fomit-frame-pointer output pattern test, is ==1885== ERROR: AddressSanitizer failed to allocate 0xdfff0001000 (15392894357504) bytes at address 0x02008fff7000 (12)
FAIL: c-c++-common/asan/global-overflow-1.c -O3 -g output pattern test, is ==1901== ERROR: AddressSanitizer failed to allocate 0xdfff0001000 (15392894357504) bytes at address 0x02008fff7000 (12)
FAIL: c-c++-common/asan/global-overflow-1.c -Os output pattern test, is ==1915== ERROR: AddressSanitizer failed to allocate 0xdfff0001000 (15392894357504) bytes at address 0x02008fff7000 (12)
FAIL: c-c++-common/asan/global-overflow-1.c -O2 -flto -flto-partition=none output pattern test, is ==1952== ERROR: AddressSanitizer failed to allocate 0xdfff0001000 (15392894357504) bytes at address 0x02008fff7000 (12)
FAIL: c-c++-common/asan/global-overflow-1.c -O2 -flto output pattern test, is ==1989== ERROR: AddressSanitizer failed to allocate 0xdfff0001000 (15392894357504) bytes at address 0x02008fff7000 (12)
FAIL: c-c++-common/asan/heap-overflow-1.c -O0 output pattern test, is ==2001== ERROR: AddressSanitizer failed to allocate 0xdfff0001000 (15392894357504) bytes at address 0x02008fff7000 (12)
FAIL: c-c++-common/asan/heap-overflow-1.c -O1 output pattern test, is ==2013== ERROR: AddressSanitizer failed to allocate 0xdfff0001000 (15392894357504) bytes at address 0x02008fff7000 (12)
FAIL: c-c++-common/asan/heap-overflow-1.c -O2 output pattern test, is ==2031== ERROR: AddressSanitizer failed to allocate 0xdfff0001000 (15392894357504) bytes at address 0x02008fff7000 (12)
FAIL: c-c++-common/asan/heap-overflow-1.c -O3 -fomit-frame-pointer output pattern test, is ==2043== ERROR: AddressSanitizer failed to allocate 0xdfff0001000 (15392894357504) bytes at address 0x02008fff7000 (12)
FAIL: c-c++-common/asan/heap-overflow-1.c -O3 -g output pattern test, is ==2055== ERROR: AddressSanitizer failed to allocate 0xdfff0001000 (15392894357504) bytes at address 0x02008fff7000 (12)
FAIL: c-c++-common/asan/heap-overflow-1.c -Os output pattern test, is ==2067== ERROR: AddressSanitizer failed to allocate 0xdfff0001000 (15392894357504) bytes at address 0x02008fff7000 (12)
FAIL: c-c++-common/asan/heap-overflow-1.c -O2 -flto -flto-partition=none output pattern test, is ==2106== ERROR: AddressSanitizer failed to allocate 0xdfff0001000 (15392894357504) bytes at address 0x02008fff7000 (12)
FAIL: c-c++-common/asan/heap-overflow-1.c -O2 -flto output pattern test, is ==2141== ERROR: AddressSanitizer failed to allocate 0xdfff0001000 (15392894357504) bytes at address 0x02008fff7000 (12)
FAIL: c-c++-common/asan/memcmp-1.c -O0 output pattern test, is ==2159== ERROR: AddressSanitizer failed to allocate 0xdfff0001000 (15392894357504) bytes at address 0x02008fff7000 (12)
FAIL: c-c++-common/asan/memcmp-1.c -O1 output pattern test, is ==2171== ERROR: AddressSanitizer failed to allocate 0xdfff0001000 (15392894357504) bytes at address 0x02008fff7000 (12)
FAIL: c-c++-common/asan/memcmp-1.c -O2 output pattern test, is ==2186== ERROR: AddressSanitizer failed to allocate 0xdfff0001000 (15392894357504) bytes at address 0x02008fff7000 (12)
FAIL: c-c++-common/asan/memcmp-1.c -O3 -fomit-frame-pointer output pattern test, is ==2199== ERROR: AddressSanitizer failed to allocate 0xdfff0001000 (15392894357504) bytes at address 0x02008fff7000 (12)
FAIL: c-c++-common/asan/memcmp-1.c -O3 -g output pattern test, is ==2213== ERROR: AddressSanitizer failed to allocate 0xdfff0001000 (15392894357504) bytes at address 0x02008fff7000 (12)
FAIL: c-c++-common/asan/memcmp-1.c -Os output pattern test, is ==2225== ERROR: AddressSanitizer failed to allocate 0xdfff0001000 (15392894357504) bytes at address 0x02008fff7000 (12)
FAIL: c-c++-common/asan/memcmp-1.c -O2 -flto -flto-partition=none output pattern test, is ==2258== ERROR: AddressSanitizer failed to allocate 0xdfff0001000 (15392894357504) bytes at address 0x02008fff7000 (12)
FAIL: c-c++-common/asan/memcmp-1.c -O2 -flto output pattern test, is ==2296== ERROR: AddressSanitizer failed to allocate 0xdfff0001000 (15392894357504) bytes at address 0x02008fff7000 (12)
FAIL: c-c++-common/asan/null-deref-1.c -O0 output pattern test, is ==2404== ERROR: AddressSanitizer failed to allocate 0xdfff0001000 (15392894357504) bytes at address 0x02008fff7000 (12)
FAIL: c-c++-common/asan/null-deref-1.c -O1 output pattern test, is ==2416== ERROR: AddressSanitizer failed to allocate 0xdfff0001000 (15392894357504) bytes at address 0x02008fff7000 (12)
FAIL: c-c++-common/asan/null-deref-1.c -O2 output pattern test, is ==2428== ERROR: AddressSanitizer failed to allocate 0xdfff0001000 (15392894357504) bytes at address 0x02008fff7000 (12)
FAIL: c-c++-common/asan/null-deref-1.c -O3 -fomit-frame-pointer output pattern test, is ==2440== ERROR: AddressSanitizer failed to allocate 0xdfff0001000 (15392894357504) bytes at address 0x02008fff7000 (12)
FAIL: c-c++-common/asan/null-deref-1.c -O3 -g output pattern test, is ==2455== ERROR: AddressSanitizer failed to allocate 0xdfff0001000 (15392894357504) bytes at address 0x02008fff7000 (12)
FAIL: c-c++-common/asan/null-deref-1.c -Os output pattern test, is ==2467== ERROR: AddressSanitizer failed to allocate 0xdfff0001000 (15392894357504) bytes at address 0x02008fff7000 (12)
FAIL: c-c++-common/asan/null-deref-1.c -O2 -flto -flto-partition=none output pattern test, is ==2500== ERROR: AddressSanitizer failed to allocate 0xdfff0001000 (15392894357504) bytes at address 0x02008fff7000 (12)
FAIL: c-c++-common/asan/null-deref-1.c -O2 -flto output pattern test, is ==2538== ERROR: AddressSanitizer failed to allocate 0xdfff0001000 (15392894357504) bytes at address 0x02008fff7000 (12)
FAIL: c-c++-common/asan/rlimit-mmap-test-1.c -O0 output pattern test, is ==2603== ERROR: AddressSanitizer failed to allocate 0xdfff0001000 (15392894357504) bytes at address 0x02008fff7000 (12)
FAIL: c-c++-common/asan/sanity-check-pure-c-1.c -O0 output pattern test, is ==2616== ERROR: AddressSanitizer failed to allocate 0xdfff0001000 (15392894357504) bytes at address 0x02008fff7000 (12)
FAIL: c-c++-common/asan/sanity-check-pure-c-1.c -O1 output pattern test, is ==2628== ERROR: AddressSanitizer failed to allocate 0xdfff0001000 (15392894357504) bytes at address 0x02008fff7000 (12)
FAIL: c-c++-common/asan/sanity-check-pure-c-1.c -O2 output pattern test, is ==2640== ERROR: AddressSanitizer failed to allocate 0xdfff0001000 (15392894357504) bytes at address 0x02008fff7000 (12)
FAIL: c-c++-common/asan/sanity-check-pure-c-1.c -O3 -fomit-frame-pointer output pattern test, is ==2652== ERROR: AddressSanitizer failed to allocate 0xdfff0001000 (15392894357504) bytes at address 0x02008fff7000 (12)
FAIL: c-c++-common/asan/sanity-check-pure-c-1.c -O3 -g output pattern test, is ==2664== ERROR: AddressSanitizer failed to allocate 0xdfff0001000 (15392894357504) bytes at address 0x02008fff7000 (12)
FAIL: c-c++-common/asan/sanity-check-pure-c-1.c -Os output pattern test, is ==2676== ERROR: AddressSanitizer failed to allocate 0xdfff0001000 (15392894357504) bytes at address 0x02008fff7000 (12)
FAIL: c-c++-common/asan/sanity-check-pure-c-1.c -O2 -flto -flto-partition=none output pattern test, is ==2715== ERROR: AddressSanitizer failed to allocate 0xdfff0001000 (15392894357504) bytes at address 0x02008fff7000 (12)
FAIL: c-c++-common/asan/sanity-check-pure-c-1.c -O2 -flto output pattern test, is ==2750== ERROR: AddressSanitizer failed to allocate 0xdfff0001000 (15392894357504) bytes at address 0x02008fff7000 (12)
FAIL: c-c++-common/asan/sleep-before-dying-1.c -O2 output pattern test, is ==2764== ERROR: AddressSanitizer failed to allocate 0xdfff0001000 (15392894357504) bytes at address 0x02008fff7000 (12)
FAIL: c-c++-common/asan/sleep-before-dying-1.c -O2 -flto -flto-partition=none output pattern test, is ==2801== ERROR: AddressSanitizer failed to allocate 0xdfff0001000 (15392894357504) bytes at address 0x02008fff7000 (12)
FAIL: c-c++-common/asan/sleep-before-dying-1.c -O2 -flto output pattern test, is ==2840== ERROR: AddressSanitizer failed to allocate 0xdfff0001000 (15392894357504) bytes at address 0x02008fff7000 (12)
FAIL: c-c++-common/asan/stack-overflow-1.c -O0 output pattern test, is ==2854== ERROR: AddressSanitizer failed to allocate 0xdfff0001000 (15392894357504) bytes at address 0x02008fff7000 (12)
FAIL: c-c++-common/asan/stack-overflow-1.c -O1 output pattern test, is ==2866== ERROR: AddressSanitizer failed to allocate 0xdfff0001000 (15392894357504) bytes at address 0x02008fff7000 (12)
FAIL: c-c++-common/asan/stack-overflow-1.c -O2 output pattern test, is ==2884== ERROR: AddressSanitizer failed to allocate 0xdfff0001000 (15392894357504) bytes at address 0x02008fff7000 (12)
FAIL: c-c++-common/asan/stack-overflow-1.c -O3 -fomit-frame-pointer output pattern test, is ==2900== ERROR: AddressSanitizer failed to allocate 0xdfff0001000 (15392894357504) bytes at address 0x02008fff7000 (12)
FAIL: c-c++-common/asan/stack-overflow-1.c -O3 -g output pattern test, is ==2917== ERROR: AddressSanitizer failed to allocate 0xdfff0001000 (15392894357504) bytes at address 0x02008fff7000 (12)
FAIL: c-c++-common/asan/stack-overflow-1.c -Os output pattern test, is ==2932== ERROR: AddressSanitizer failed to allocate 0xdfff0001000 (15392894357504) bytes at address 0x02008fff7000 (12)
FAIL: c-c++-common/asan/stack-overflow-1.c -O2 -flto -flto-partition=none output pattern test, is ==2968== ERROR: AddressSanitizer failed to allocate 0xdfff0001000 (15392894357504) bytes at address 0x02008fff7000 (12)
FAIL: c-c++-common/asan/stack-overflow-1.c -O2 -flto output pattern test, is ==3009== ERROR: AddressSanitizer failed to allocate 0xdfff0001000 (15392894357504) bytes at address 0x02008fff7000 (12)
FAIL: c-c++-common/asan/strip-path-prefix-1.c -O2 output pattern test, is ==3027== ERROR: AddressSanitizer failed to allocate 0xdfff0001000 (15392894357504) bytes at address 0x02008fff7000 (12)
FAIL: c-c++-common/asan/strip-path-prefix-1.c -O2 -flto -flto-partition=none output pattern test, is ==3063== ERROR: AddressSanitizer failed to allocate 0xdfff0001000 (15392894357504) bytes at address 0x02008fff7000 (12)
FAIL: c-c++-common/asan/strip-path-prefix-1.c -O2 -flto output pattern test, is ==3110== ERROR: AddressSanitizer failed to allocate 0xdfff0001000 (15392894357504) bytes at address 0x02008fff7000 (12)
FAIL: c-c++-common/asan/strncpy-overflow-1.c -O0 output pattern test, is ==3123== ERROR: AddressSanitizer failed to allocate 0xdfff0001000 (15392894357504) bytes at address 0x02008fff7000 (12)
FAIL: c-c++-common/asan/strncpy-overflow-1.c -O1 output pattern test, is ==3140== ERROR: AddressSanitizer failed to allocate 0xdfff0001000 (15392894357504) bytes at address 0x02008fff7000 (12)
FAIL: c-c++-common/asan/strncpy-overflow-1.c -O2 output pattern test, is ==3152== ERROR: AddressSanitizer failed to allocate 0xdfff0001000 (15392894357504) bytes at address 0x02008fff7000 (12)
FAIL: c-c++-common/asan/strncpy-overflow-1.c -O3 -fomit-frame-pointer output pattern test, is ==3167== ERROR: AddressSanitizer failed to allocate 0xdfff0001000 (15392894357504) bytes at address 0x02008fff7000 (12)
FAIL: c-c++-common/asan/strncpy-overflow-1.c -O3 -g output pattern test, is ==3179== ERROR: AddressSanitizer failed to allocate 0xdfff0001000 (15392894357504) bytes at address 0x02008fff7000 (12)
FAIL: c-c++-common/asan/strncpy-overflow-1.c -Os output pattern test, is ==3191== ERROR: AddressSanitizer failed to allocate 0xdfff0001000 (15392894357504) bytes at address 0x02008fff7000 (12)
FAIL: c-c++-common/asan/strncpy-overflow-1.c -O2 -flto -flto-partition=none output pattern test, is ==3225== ERROR: AddressSanitizer failed to allocate 0xdfff0001000 (15392894357504) bytes at address 0x02008fff7000 (12)
FAIL: c-c++-common/asan/strncpy-overflow-1.c -O2 -flto output pattern test, is ==3262== ERROR: AddressSanitizer failed to allocate 0xdfff0001000 (15392894357504) bytes at address 0x02008fff7000 (12)
FAIL: c-c++-common/asan/swapcontext-test-1.c -O0 execution test
FAIL: c-c++-common/asan/swapcontext-test-1.c -O1 execution test
FAIL: c-c++-common/asan/swapcontext-test-1.c -O2 execution test
FAIL: c-c++-common/asan/swapcontext-test-1.c -O3 -fomit-frame-pointer execution test
FAIL: c-c++-common/asan/swapcontext-test-1.c -O3 -fomit-frame-pointer -funroll-loops execution test
FAIL: c-c++-common/asan/swapcontext-test-1.c -O3 -fomit-frame-pointer -funroll-all-loops -finline-functions execution test
FAIL: c-c++-common/asan/swapcontext-test-1.c -O3 -g execution test
FAIL: c-c++-common/asan/swapcontext-test-1.c -Os execution test
FAIL: c-c++-common/asan/swapcontext-test-1.c -O2 -flto -flto-partition=none execution test
FAIL: c-c++-common/asan/swapcontext-test-1.c -O2 -flto execution test
FAIL: c-c++-common/asan/use-after-free-1.c -O0 output pattern test, is ==3454== ERROR: AddressSanitizer failed to allocate 0xdfff0001000 (15392894357504) bytes at address 0x02008fff7000 (12)
FAIL: c-c++-common/asan/use-after-free-1.c -O1 output pattern test, is ==3466== ERROR: AddressSanitizer failed to allocate 0xdfff0001000 (15392894357504) bytes at address 0x02008fff7000 (12)
FAIL: c-c++-common/asan/use-after-free-1.c -O2 output pattern test, is ==3478== ERROR: AddressSanitizer failed to allocate 0xdfff0001000 (15392894357504) bytes at address 0x02008fff7000 (12)
FAIL: c-c++-common/asan/use-after-free-1.c -O3 -fomit-frame-pointer output pattern test, is ==3490== ERROR: AddressSanitizer failed to allocate 0xdfff0001000 (15392894357504) bytes at address 0x02008fff7000 (12)
FAIL: c-c++-common/asan/use-after-free-1.c -O3 -g output pattern test, is ==3502== ERROR: AddressSanitizer failed to allocate 0xdfff0001000 (15392894357504) bytes at address 0x02008fff7000 (12)
FAIL: c-c++-common/asan/use-after-free-1.c -Os output pattern test, is ==3514== ERROR: AddressSanitizer failed to allocate 0xdfff0001000 (15392894357504) bytes at address 0x02008fff7000 (12)
FAIL: c-c++-common/asan/use-after-free-1.c -O2 -flto -flto-partition=none output pattern test, is ==3547== ERROR: AddressSanitizer failed to allocate 0xdfff0001000 (15392894357504) bytes at address 0x02008fff7000 (12)
FAIL: c-c++-common/asan/use-after-free-1.c -O2 -flto output pattern test, is ==3583== ERROR: AddressSanitizer failed to allocate 0xdfff0001000 (15392894357504) bytes at address 0x02008fff7000 (12)
FAIL: g++.dg/asan/deep-stack-uaf-1.C -O0 output pattern test, is ==3616== ERROR: AddressSanitizer failed to allocate 0xdfff0001000 (15392894357504) bytes at address 0x02008fff7000 (12)
FAIL: g++.dg/asan/deep-stack-uaf-1.C -O1 output pattern test, is ==3631== ERROR: AddressSanitizer failed to allocate 0xdfff0001000 (15392894357504) bytes at address 0x02008fff7000 (12)
FAIL: g++.dg/asan/deep-stack-uaf-1.C -O2 output pattern test, is ==3643== ERROR: AddressSanitizer failed to allocate 0xdfff0001000 (15392894357504) bytes at address 0x02008fff7000 (12)
FAIL: g++.dg/asan/deep-stack-uaf-1.C -O3 -fomit-frame-pointer output pattern test, is ==3655== ERROR: AddressSanitizer failed to allocate 0xdfff0001000 (15392894357504) bytes at address 0x02008fff7000 (12)
FAIL: g++.dg/asan/deep-stack-uaf-1.C -O3 -g output pattern test, is ==3670== ERROR: AddressSanitizer failed to allocate 0xdfff0001000 (15392894357504) bytes at address 0x02008fff7000 (12)
FAIL: g++.dg/asan/deep-stack-uaf-1.C -Os output pattern test, is ==3683== ERROR: AddressSanitizer failed to allocate 0xdfff0001000 (15392894357504) bytes at address 0x02008fff7000 (12)
FAIL: g++.dg/asan/deep-tail-call-1.C -O0 output pattern test, is ==3697== ERROR: AddressSanitizer failed to allocate 0xdfff0001000 (15392894357504) bytes at address 0x02008fff7000 (12)
FAIL: g++.dg/asan/deep-tail-call-1.C -O1 output pattern test, is ==3709== ERROR: AddressSanitizer failed to allocate 0xdfff0001000 (15392894357504) bytes at address 0x02008fff7000 (12)
FAIL: g++.dg/asan/deep-tail-call-1.C -O2 output pattern test, is ==3721== ERROR: AddressSanitizer failed to allocate 0xdfff0001000 (15392894357504) bytes at address 0x02008fff7000 (12)
FAIL: g++.dg/asan/deep-tail-call-1.C -O3 -fomit-frame-pointer output pattern test, is ==3733== ERROR: AddressSanitizer failed to allocate 0xdfff0001000 (15392894357504) bytes at address 0x02008fff7000 (12)
FAIL: g++.dg/asan/deep-tail-call-1.C -O3 -g output pattern test, is ==3746== ERROR: AddressSanitizer failed to allocate 0xdfff0001000 (15392894357504) bytes at address 0x02008fff7000 (12)
FAIL: g++.dg/asan/deep-tail-call-1.C -Os output pattern test, is ==3760== ERROR: AddressSanitizer failed to allocate 0xdfff0001000 (15392894357504) bytes at address 0x02008fff7000 (12)
FAIL: g++.dg/asan/deep-tail-call-1.C -O2 -flto -flto-partition=none output pattern test, is ==3799== ERROR: AddressSanitizer failed to allocate 0xdfff0001000 (15392894357504) bytes at address 0x02008fff7000 (12)
FAIL: g++.dg/asan/deep-tail-call-1.C -O2 -flto output pattern test, is ==3840== ERROR: AddressSanitizer failed to allocate 0xdfff0001000 (15392894357504) bytes at address 0x02008fff7000 (12)
FAIL: g++.dg/asan/deep-thread-stack-1.C -O0 output pattern test, is ==3863== ERROR: AddressSanitizer failed to allocate 0xdfff0001000 (15392894357504) bytes at address 0x02008fff7000 (12)
FAIL: g++.dg/asan/deep-thread-stack-1.C -O1 output pattern test, is ==3875== ERROR: AddressSanitizer failed to allocate 0xdfff0001000 (15392894357504) bytes at address 0x02008fff7000 (12)
FAIL: g++.dg/asan/deep-thread-stack-1.C -O2 output pattern test, is ==3888== ERROR: AddressSanitizer failed to allocate 0xdfff0001000 (15392894357504) bytes at address 0x02008fff7000 (12)
FAIL: g++.dg/asan/deep-thread-stack-1.C -O3 -fomit-frame-pointer output pattern test, is ==3902== ERROR: AddressSanitizer failed to allocate 0xdfff0001000 (15392894357504) bytes at address 0x02008fff7000 (12)
FAIL: g++.dg/asan/deep-thread-stack-1.C -O3 -g output pattern test, is ==3915== ERROR: AddressSanitizer failed to allocate 0xdfff0001000 (15392894357504) bytes at address 0x02008fff7000 (12)
FAIL: g++.dg/asan/deep-thread-stack-1.C -Os output pattern test, is ==3927== ERROR: AddressSanitizer failed to allocate 0xdfff0001000 (15392894357504) bytes at address 0x02008fff7000 (12)
FAIL: g++.dg/asan/deep-thread-stack-1.C -O2 -flto -flto-partition=none output pattern test, is ==3960== ERROR: AddressSanitizer failed to allocate 0xdfff0001000 (15392894357504) bytes at address 0x02008fff7000 (12)
FAIL: g++.dg/asan/deep-thread-stack-1.C -O2 -flto output pattern test, is ==3995== ERROR: AddressSanitizer failed to allocate 0xdfff0001000 (15392894357504) bytes at address 0x02008fff7000 (12)
FAIL: g++.dg/asan/default-options-1.C -O0 execution test
FAIL: g++.dg/asan/default-options-1.C -O1 execution test
FAIL: g++.dg/asan/default-options-1.C -O2 execution test
FAIL: g++.dg/asan/default-options-1.C -O3 -fomit-frame-pointer execution test
FAIL: g++.dg/asan/default-options-1.C -O3 -g execution test
FAIL: g++.dg/asan/default-options-1.C -Os execution test
FAIL: g++.dg/asan/default-options-1.C -O2 -flto -flto-partition=none execution test
FAIL: g++.dg/asan/default-options-1.C -O2 -flto execution test
FAIL: g++.dg/asan/interception-failure-test-1.C -O0 execution test
FAIL: g++.dg/asan/interception-failure-test-1.C -O1 execution test
FAIL: g++.dg/asan/interception-failure-test-1.C -O2 execution test
FAIL: g++.dg/asan/interception-failure-test-1.C -O3 -fomit-frame-pointer execution test
FAIL: g++.dg/asan/interception-failure-test-1.C -O3 -g execution test
FAIL: g++.dg/asan/interception-failure-test-1.C -Os execution test
FAIL: g++.dg/asan/interception-failure-test-1.C -O2 -flto -flto-partition=none execution test
FAIL: g++.dg/asan/interception-failure-test-1.C -O2 -flto execution test
FAIL: g++.dg/asan/interception-malloc-test-1.C -O0 output pattern test, is ==4315== ERROR: AddressSanitizer failed to allocate 0xdfff0001000 (15392894357504) bytes at address 0x02008fff7000 (12)
FAIL: g++.dg/asan/interception-malloc-test-1.C -O1 output pattern test, is ==4330== ERROR: AddressSanitizer failed to allocate 0xdfff0001000 (15392894357504) bytes at address 0x02008fff7000 (12)
FAIL: g++.dg/asan/interception-malloc-test-1.C -O2 output pattern test, is ==4342== ERROR: AddressSanitizer failed to allocate 0xdfff0001000 (15392894357504) bytes at address 0x02008fff7000 (12)
FAIL: g++.dg/asan/interception-malloc-test-1.C -O3 -fomit-frame-pointer output pattern test, is ==4354== ERROR: AddressSanitizer failed to allocate 0xdfff0001000 (15392894357504) bytes at address 0x02008fff7000 (12)
FAIL: g++.dg/asan/interception-malloc-test-1.C -O3 -g output pattern test, is ==4366== ERROR: AddressSanitizer failed to allocate 0xdfff0001000 (15392894357504) bytes at address 0x02008fff7000 (12)
FAIL: g++.dg/asan/interception-malloc-test-1.C -Os output pattern test, is ==4378== ERROR: AddressSanitizer failed to allocate 0xdfff0001000 (15392894357504) bytes at address 0x02008fff7000 (12)
FAIL: g++.dg/asan/interception-malloc-test-1.C -O2 -flto -flto-partition=none output pattern test, is ==4411== ERROR: AddressSanitizer failed to allocate 0xdfff0001000 (15392894357504) bytes at address 0x02008fff7000 (12)
FAIL: g++.dg/asan/interception-malloc-test-1.C -O2 -flto output pattern test, is ==4447== ERROR: AddressSanitizer failed to allocate 0xdfff0001000 (15392894357504) bytes at address 0x02008fff7000 (12)
FAIL: g++.dg/asan/interception-test-1.C -O0 output pattern test, is ==4460== ERROR: AddressSanitizer failed to allocate 0xdfff0001000 (15392894357504) bytes at address 0x02008fff7000 (12)
FAIL: g++.dg/asan/interception-test-1.C -O1 output pattern test, is ==4472== ERROR: AddressSanitizer failed to allocate 0xdfff0001000 (15392894357504) bytes at address 0x02008fff7000 (12)
FAIL: g++.dg/asan/interception-test-1.C -O2 output pattern test, is ==4487== ERROR: AddressSanitizer failed to allocate 0xdfff0001000 (15392894357504) bytes at address 0x02008fff7000 (12)
FAIL: g++.dg/asan/interception-test-1.C -O3 -fomit-frame-pointer output pattern test, is ==4501== ERROR: AddressSanitizer failed to allocate 0xdfff0001000 (15392894357504) bytes at address 0x02008fff7000 (12)
FAIL: g++.dg/asan/interception-test-1.C -O3 -g output pattern test, is ==4514== ERROR: AddressSanitizer failed to allocate 0xdfff0001000 (15392894357504) bytes at address 0x02008fff7000 (12)
FAIL: g++.dg/asan/interception-test-1.C -Os output pattern test, is ==4528== ERROR: AddressSanitizer failed to allocate 0xdfff0001000 (15392894357504) bytes at address 0x02008fff7000 (12)
FAIL: g++.dg/asan/interception-test-1.C -O2 -flto -flto-partition=none output pattern test, is ==4569== ERROR: AddressSanitizer failed to allocate 0xdfff0001000 (15392894357504) bytes at address 0x02008fff7000 (12)
FAIL: g++.dg/asan/interception-test-1.C -O2 -flto output pattern test, is ==4610== ERROR: AddressSanitizer failed to allocate 0xdfff0001000 (15392894357504) bytes at address 0x02008fff7000 (12)
FAIL: g++.dg/asan/large-func-test-1.C -O0 output pattern test, is ==4622== ERROR: AddressSanitizer failed to allocate 0xdfff0001000 (15392894357504) bytes at address 0x02008fff7000 (12)
FAIL: g++.dg/asan/large-func-test-1.C -O1 output pattern test, is ==4637== ERROR: AddressSanitizer failed to allocate 0xdfff0001000 (15392894357504) bytes at address 0x02008fff7000 (12)
FAIL: g++.dg/asan/large-func-test-1.C -O2 output pattern test, is ==4651== ERROR: AddressSanitizer failed to allocate 0xdfff0001000 (15392894357504) bytes at address 0x02008fff7000 (12)
FAIL: g++.dg/asan/large-func-test-1.C -O3 -fomit-frame-pointer output pattern test, is ==4667== ERROR: AddressSanitizer failed to allocate 0xdfff0001000 (15392894357504) bytes at address 0x02008fff7000 (12)
FAIL: g++.dg/asan/large-func-test-1.C -O3 -g output pattern test, is ==4679== ERROR: AddressSanitizer failed to allocate 0xdfff0001000 (15392894357504) bytes at address 0x02008fff7000 (12)
FAIL: g++.dg/asan/large-func-test-1.C -Os output pattern test, is ==4691== ERROR: AddressSanitizer failed to allocate 0xdfff0001000 (15392894357504) bytes at address 0x02008fff7000 (12)
FAIL: g++.dg/asan/large-func-test-1.C -O2 -flto -flto-partition=none output pattern test, is ==4727== ERROR: AddressSanitizer failed to allocate 0xdfff0001000 (15392894357504) bytes at address 0x02008fff7000 (12)
FAIL: g++.dg/asan/large-func-test-1.C -O2 -flto output pattern test, is ==4765== ERROR: AddressSanitizer failed to allocate 0xdfff0001000 (15392894357504) bytes at address 0x02008fff7000 (12)
FAIL: g++.dg/asan/pr55617.C -O0 execution test
FAIL: g++.dg/asan/pr55617.C -O1 execution test
FAIL: g++.dg/asan/pr55617.C -O2 execution test
FAIL: g++.dg/asan/pr55617.C -O3 -fomit-frame-pointer execution test
FAIL: g++.dg/asan/pr55617.C -O3 -g execution test
FAIL: g++.dg/asan/pr55617.C -Os execution test
FAIL: g++.dg/asan/pr55617.C -O2 -flto -flto-partition=none execution test
FAIL: g++.dg/asan/pr55617.C -O2 -flto execution test
FAIL: g++.dg/asan/symbolize-callback-1.C -O2 output pattern test, is ==4954== ERROR: AddressSanitizer failed to allocate 0xdfff0001000 (15392894357504) bytes at address 0x02008fff7000 (12)
FAIL: g++.dg/asan/symbolize-callback-1.C -O2 -flto -flto-partition=none output pattern test, is ==4995== ERROR: AddressSanitizer failed to allocate 0xdfff0001000 (15392894357504) bytes at address 0x02008fff7000 (12)
FAIL: g++.dg/asan/symbolize-callback-1.C -O2 -flto output pattern test, is ==5034== ERROR: AddressSanitizer failed to allocate 0xdfff0001000 (15392894357504) bytes at address 0x02008fff7000 (12)
FAIL: g++.dg/other/anon5.C -std=gnu++98 (test for excess errors)
FAIL: g++.dg/other/anon5.C -std=gnu++11 (test for excess errors)
=== g++ Summary for unix/-m64 ===
# of expected passes 54801
# of unexpected failures 166
# of expected failures 294
# of unsupported tests 1015
=== g++ Summary ===
# of expected passes 110281
# of unexpected failures 170
# of expected failures 588
# of unsupported tests 1779
/home/guerby/build/gcc/testsuite/g++/../../xg++ version 4.9.0 20130708 (experimental) [trunk revision 200785] (GCC)
=== gnat tests ===
Running target unix/-m32
=== gnat Summary for unix/-m32 ===
# of expected passes 1181
# of expected failures 18
# of unsupported tests 3
Running target unix/-m64
=== gnat Summary for unix/-m64 ===
# of expected passes 1181
# of expected failures 18
# of unsupported tests 3
=== gnat Summary ===
# of expected passes 2362
# of expected failures 36
# of unsupported tests 6
/home/guerby/build/gcc/gnatmake version 4.9.0 20130708 (experimental) [trunk revision 200785]
=== libatomic tests ===
Running target unix/-m32
=== libatomic Summary for unix/-m32 ===
# of expected passes 44
# of unsupported tests 5
Running target unix/-m64
=== libatomic Summary for unix/-m64 ===
# of expected passes 54
=== libatomic Summary ===
# of expected passes 98
# of unsupported tests 5
=== libgomp tests ===
Running target unix/-m32
=== libgomp Summary for unix/-m32 ===
# of expected passes 459
Running target unix/-m64
=== libgomp Summary for unix/-m64 ===
# of expected passes 459
=== libgomp Summary ===
# of expected passes 918
=== libitm tests ===
Running target unix/-m32
=== libitm Summary for unix/-m32 ===
# of expected passes 26
# of expected failures 3
# of unsupported tests 1
Running target unix/-m64
=== libitm Summary for unix/-m64 ===
# of expected passes 26
# of expected failures 3
# of unsupported tests 1
=== libitm Summary ===
# of expected passes 52
# of expected failures 6
# of unsupported tests 2
=== libmudflap tests ===
Running target unix/-m32
FAIL: libmudflap.c/fail17-frag.c (-static) (test for excess errors)
FAIL: libmudflap.c/fail23-frag.c (-static) (test for excess errors)
FAIL: libmudflap.c/fail25-frag.c (-static) (test for excess errors)
FAIL: libmudflap.c/fail4-frag.c (-static) (test for excess errors)
FAIL: libmudflap.c/fail5-frag.c (-static) (test for excess errors)
FAIL: libmudflap.c/fail6-frag.c (-static) (test for excess errors)
FAIL: libmudflap.c/fail7-frag.c (-static) (test for excess errors)
FAIL: libmudflap.c/fail8-frag.c (-static) (test for excess errors)
FAIL: libmudflap.c/fail9-frag.c (-static) (test for excess errors)
FAIL: libmudflap.c/heap-scalestress.c (-static) (test for excess errors)
FAIL: libmudflap.c/hook-allocstuff.c (-static) (test for excess errors)
FAIL: libmudflap.c/pass-stratcliff.c (-static) (test for excess errors)
FAIL: libmudflap.c/pass30-frag.c (-static) (test for excess errors)
FAIL: libmudflap.c/pass30-frag.c (-static) (test for excess errors)
FAIL: libmudflap.c/pass4-frag.c (-static) (test for excess errors)
FAIL: libmudflap.c/pass4-frag.c (-static) (test for excess errors)
FAIL: libmudflap.c/pass45-frag.c (-static) (test for excess errors)
FAIL: libmudflap.c/pass45-frag.c (-static) (test for excess errors)
FAIL: libmudflap.c/pass46-frag.c (-static) (test for excess errors)
FAIL: libmudflap.c/pass46-frag.c (-static) (test for excess errors)
FAIL: libmudflap.c/pass47-frag.c (-static) (test for excess errors)
FAIL: libmudflap.c/pass47-frag.c (-static) (test for excess errors)
FAIL: libmudflap.c/pass49-frag.c (-static) (test for excess errors)
FAIL: libmudflap.c/pass49-frag.c (-static) (test for excess errors)
FAIL: libmudflap.c/pass5-frag.c (-static) (test for excess errors)
FAIL: libmudflap.c/pass5-frag.c (-static) (test for excess errors)
FAIL: libmudflap.c/pass51-frag.c (-static) (test for excess errors)
FAIL: libmudflap.c/pass51-frag.c (-static) (test for excess errors)
FAIL: libmudflap.c/pass52-frag.c (-static) (test for excess errors)
FAIL: libmudflap.c/pass52-frag.c (-static) (test for excess errors)
FAIL: libmudflap.c/pass6-frag.c (-static) (test for excess errors)
FAIL: libmudflap.c/pass6-frag.c (-static) (test for excess errors)
FAIL: libmudflap.c/pass7-frag.c (-static) (test for excess errors)
FAIL: libmudflap.c/pass7-frag.c (-static) (test for excess errors)
FAIL: libmudflap.c/pass8-frag.c (-static) (test for excess errors)
FAIL: libmudflap.c/pass8-frag.c (-static) (test for excess errors)
FAIL: libmudflap.c/pass9-frag.c (-static) (test for excess errors)
FAIL: libmudflap.c/pass9-frag.c (-static) (test for excess errors)
FAIL: libmudflap.c++/fail24-frag.cxx (-static) (test for excess errors)
FAIL: libmudflap.c++/pass31-frag.cxx (-static) (test for excess errors)
FAIL: libmudflap.c++/pass41-frag.cxx (-static) execution test
FAIL: libmudflap.c++/pass41-frag.cxx ( -O) execution test
FAIL: libmudflap.c++/pass41-frag.cxx (-O2) execution test
FAIL: libmudflap.c++/pass41-frag.cxx (-O3) execution test
FAIL: libmudflap.cth/pass37-frag.c (-static -DSTATIC) (test for excess errors)
FAIL: libmudflap.cth/pass39-frag.c (-static -DSTATIC) (test for excess errors)
FAIL: libmudflap.cth/pass40-frag.c (-static -DSTATIC) (test for excess errors)
FAIL: libmudflap.cth/pass59-frag.c (-static -DSTATIC) (test for excess errors)
=== libmudflap Summary for unix/-m32 ===
# of expected passes 1858
# of unexpected failures 48
Running target unix/-m64
FAIL: libmudflap.c/fail17-frag.c (-static) (test for excess errors)
FAIL: libmudflap.c/fail23-frag.c (-static) (test for excess errors)
FAIL: libmudflap.c/fail25-frag.c (-static) (test for excess errors)
FAIL: libmudflap.c/fail4-frag.c (-static) (test for excess errors)
FAIL: libmudflap.c/fail5-frag.c (-static) (test for excess errors)
FAIL: libmudflap.c/fail6-frag.c (-static) (test for excess errors)
FAIL: libmudflap.c/fail7-frag.c (-static) (test for excess errors)
FAIL: libmudflap.c/fail8-frag.c (-static) (test for excess errors)
FAIL: libmudflap.c/fail9-frag.c (-static) (test for excess errors)
FAIL: libmudflap.c/heap-scalestress.c (-static) (test for excess errors)
FAIL: libmudflap.c/hook-allocstuff.c (-static) (test for excess errors)
FAIL: libmudflap.c/pass-stratcliff.c (-static) (test for excess errors)
FAIL: libmudflap.c/pass30-frag.c (-static) (test for excess errors)
FAIL: libmudflap.c/pass30-frag.c (-static) (test for excess errors)
FAIL: libmudflap.c/pass4-frag.c (-static) (test for excess errors)
FAIL: libmudflap.c/pass4-frag.c (-static) (test for excess errors)
FAIL: libmudflap.c/pass45-frag.c (-static) (test for excess errors)
FAIL: libmudflap.c/pass45-frag.c (-static) (test for excess errors)
FAIL: libmudflap.c/pass46-frag.c (-static) (test for excess errors)
FAIL: libmudflap.c/pass46-frag.c (-static) (test for excess errors)
FAIL: libmudflap.c/pass47-frag.c (-static) (test for excess errors)
FAIL: libmudflap.c/pass47-frag.c (-static) (test for excess errors)
FAIL: libmudflap.c/pass49-frag.c (-static) (test for excess errors)
FAIL: libmudflap.c/pass49-frag.c (-static) (test for excess errors)
FAIL: libmudflap.c/pass5-frag.c (-static) (test for excess errors)
FAIL: libmudflap.c/pass5-frag.c (-static) (test for excess errors)
FAIL: libmudflap.c/pass51-frag.c (-static) (test for excess errors)
FAIL: libmudflap.c/pass51-frag.c (-static) (test for excess errors)
FAIL: libmudflap.c/pass52-frag.c (-static) (test for excess errors)
FAIL: libmudflap.c/pass52-frag.c (-static) (test for excess errors)
FAIL: libmudflap.c/pass6-frag.c (-static) (test for excess errors)
FAIL: libmudflap.c/pass6-frag.c (-static) (test for excess errors)
FAIL: libmudflap.c/pass7-frag.c (-static) (test for excess errors)
FAIL: libmudflap.c/pass7-frag.c (-static) (test for excess errors)
FAIL: libmudflap.c/pass8-frag.c (-static) (test for excess errors)
FAIL: libmudflap.c/pass8-frag.c (-static) (test for excess errors)
FAIL: libmudflap.c/pass9-frag.c (-static) (test for excess errors)
FAIL: libmudflap.c/pass9-frag.c (-static) (test for excess errors)
FAIL: libmudflap.c++/fail24-frag.cxx (-static) (test for excess errors)
FAIL: libmudflap.c++/pass31-frag.cxx (-static) (test for excess errors)
FAIL: libmudflap.c++/pass41-frag.cxx (-static) execution test
FAIL: libmudflap.c++/pass41-frag.cxx ( -O) execution test
FAIL: libmudflap.c++/pass41-frag.cxx (-O2) execution test
FAIL: libmudflap.c++/pass41-frag.cxx (-O3) execution test
FAIL: libmudflap.cth/pass37-frag.c (-static -DSTATIC) (test for excess errors)
FAIL: libmudflap.cth/pass39-frag.c (-static -DSTATIC) (test for excess errors)
FAIL: libmudflap.cth/pass40-frag.c (-static -DSTATIC) (test for excess errors)
FAIL: libmudflap.cth/pass59-frag.c (-static -DSTATIC) (test for excess errors)
=== libmudflap Summary for unix/-m64 ===
# of expected passes 1858
# of unexpected failures 48
=== libmudflap Summary ===
# of expected passes 3716
# of unexpected failures 96
=== libstdc++ tests ===
Running target unix/-m32
FAIL: 22_locale/time_get/get_date/wchar_t/4.cc execution test
=== libstdc++ Summary for unix/-m32 ===
# of expected passes 9409
# of unexpected failures 1
# of expected failures 45
# of unsupported tests 215
Running target unix/-m64
FAIL: 22_locale/time_get/get_date/wchar_t/4.cc execution test
=== libstdc++ Summary for unix/-m64 ===
# of expected passes 9401
# of unexpected failures 1
# of expected failures 45
# of unsupported tests 219
=== libstdc++ Summary ===
# of expected passes 18810
# of unexpected failures 2
# of expected failures 90
# of unsupported tests 434
Compiler version: 4.9.0 20130708 (experimental) [trunk revision 200785]
Platform: x86_64-unknown-linux-gnu
configure flags: --prefix=/n/13/guerby/install-trunk --enable-languages=c,ada --enable-__cxa_atexit --disable-nls --enable-threads=posix --with-mpfr=/opt/cfarm/mpfr-2.4.1 --with-gmp=/opt/cfarm/gmp-4.2.4 --with-libelf=/opt/cfarm/libelf-0.8.12 --with-mpc=/opt/cfarm/mpc-0.8
More information about the Gcc-testresults
mailing list