Results for 4.8.2 20130704 (prerelease) testsuite on sparc-unknown-linux-gnu
Mikael Pettersson
mikpe@it.uu.se
Fri Jul 5 19:42:00 GMT 2013
LAST_UPDATED: Obtained from SVN: branches/gcc-4_8-branch revision 200683
=== acats tests ===
FAIL: c52103x
FAIL: c52104x
FAIL: c52104y
=== acats Summary ===
# of expected passes 2317
# of unexpected failures 3
Native configuration is sparc-unknown-linux-gnu
=== g++ tests ===
Running target unix
=== g++ Summary ===
# of expected passes 48448
# of expected failures 288
# of unsupported tests 972
/mnt/scratch/objdir48/gcc/testsuite/g++/../../xg++ version 4.8.2 20130704 (prerelease) (GCC)
=== gcc tests ===
Running target unix
FAIL: gcc.dg/pr57518.c scan-rtl-dump-not ira "REG_EQUIV.*mem.*"ip""
=== gcc Summary ===
# of expected passes 69396
# of unexpected failures 1
# of expected failures 231
# of unsupported tests 1313
/mnt/scratch/objdir48/gcc/xgcc version 4.8.2 20130704 (prerelease) (GCC)
=== gfortran tests ===
Running target unix
=== gfortran Summary ===
# of expected passes 42879
# of expected failures 44
# of unsupported tests 275
/mnt/scratch/objdir48/gcc/testsuite/gfortran/../../gfortran version 4.8.2 20130704 (prerelease) (GCC)
=== gnat tests ===
Running target unix
FAIL: gnat.dg/null_pointer_deref1.adb execution test
FAIL: gnat.dg/null_pointer_deref3.adb execution test
=== gnat Summary ===
# of expected passes 1150
# of unexpected failures 2
# of expected failures 17
# of unsupported tests 10
/mnt/scratch/objdir48/gcc/gnatmake version 4.8.2 20130704 (prerelease)
=== libatomic tests ===
Running target unix
=== libatomic Summary ===
# of expected passes 34
# of unsupported tests 10
=== libgomp tests ===
Running target unix
=== libgomp Summary ===
# of expected passes 3001
# of unsupported tests 1
=== libitm tests ===
Running target unix
=== libitm Summary ===
# of expected passes 26
# of expected failures 3
# of unsupported tests 1
=== libstdc++ tests ===
Running target unix
FAIL: libstdc++-abi/abi_check
FAIL: 22_locale/messages/members/char/1.cc execution test
FAIL: 22_locale/messages/members/char/2.cc execution test
FAIL: 22_locale/messages/members/char/wrapped_env.cc execution test
FAIL: 22_locale/messages/members/char/wrapped_locale.cc execution test
FAIL: 22_locale/messages_byname/named_equivalence.cc execution test
=== libstdc++ Summary ===
# of expected passes 9001
# of unexpected failures 6
# of expected failures 45
# of unsupported tests 250
Compiler version: 4.8.2 20130704 (prerelease)
Platform: sparc-unknown-linux-gnu
configure flags: --prefix=/mnt/scratch/install48 --with-gmp=/home/mikpe/pkgs/linux-sparc64/gmp-5.1.2 --with-mpfr=/home/mikpe/pkgs/linux-sparc64/mpfr-3.1.2 --with-mpc=/home/mikpe/pkgs/linux-sparc64/mpc-1.0.1 --enable-multilib --disable-plugin --disable-lto --disable-nls --enable-threads=posix --enable-checking=release --disable-libmudflap --enable-languages=c,c++,fortran,ada --build=sparc-unknown-linux --target=sparc-unknown-linux --with-cpu=ultrasparc --enable-targets=all
BOOT_CFLAGS=-g -O2
More information about the Gcc-testresults
mailing list