Results for 4.9.0 20130702 (experimental) (GCC) testsuite on nds32le-unknown-elf v3
Shiva Chen
shiva0217@gmail.com
Fri Jul 5 13:09:00 GMT 2013
LAST_UPDATED: Tue Jul 2 19:13:26 UTC 2013 (revision 200621)
Target is nds32le-unknown-elf
Host is i686-pc-linux-gnu
=== g++ tests ===
Running target nds32-sim
FAIL: c-c++-common/cilk-plus/AN/gather_scatter.c -fcilkplus (test for
excess errors)
UNRESOLVED: c-c++-common/cilk-plus/AN/gather_scatter.c -fcilkplus
compilation failed to produce executable
FAIL: c-c++-common/cilk-plus/AN/gather_scatter.c -O0 -fcilkplus (test
for excess errors)
UNRESOLVED: c-c++-common/cilk-plus/AN/gather_scatter.c -O0 -fcilkplus
compilation failed to produce executable
FAIL: c-c++-common/cilk-plus/AN/gather_scatter.c -O1 -fcilkplus (test
for excess errors)
UNRESOLVED: c-c++-common/cilk-plus/AN/gather_scatter.c -O1 -fcilkplus
compilation failed to produce executable
FAIL: c-c++-common/cilk-plus/AN/gather_scatter.c -O2 -ftree-vectorize
-fcilkplus (test for excess errors)
UNRESOLVED: c-c++-common/cilk-plus/AN/gather_scatter.c -O2
-ftree-vectorize -fcilkplus compilation failed to produce executable
FAIL: c-c++-common/cilk-plus/AN/gather_scatter.c -O3 -fcilkplus (test
for excess errors)
UNRESOLVED: c-c++-common/cilk-plus/AN/gather_scatter.c -O3 -fcilkplus
compilation failed to produce executable
FAIL: c-c++-common/cilk-plus/AN/gather_scatter.c -g -fcilkplus (test
for excess errors)
UNRESOLVED: c-c++-common/cilk-plus/AN/gather_scatter.c -g -fcilkplus
compilation failed to produce executable
FAIL: c-c++-common/cilk-plus/AN/gather_scatter.c -g -O0 -fcilkplus
(test for excess errors)
UNRESOLVED: c-c++-common/cilk-plus/AN/gather_scatter.c -g -O0
-fcilkplus compilation failed to produce executable
FAIL: c-c++-common/cilk-plus/AN/gather_scatter.c -g -O1 -fcilkplus
(test for excess errors)
UNRESOLVED: c-c++-common/cilk-plus/AN/gather_scatter.c -g -O1
-fcilkplus compilation failed to produce executable
FAIL: c-c++-common/cilk-plus/AN/gather_scatter.c -g -O2
-ftree-vectorize -fcilkplus (test for excess errors)
UNRESOLVED: c-c++-common/cilk-plus/AN/gather_scatter.c -g -O2
-ftree-vectorize -fcilkplus compilation failed to produce executable
FAIL: c-c++-common/cilk-plus/AN/gather_scatter.c -g -O3 -fcilkplus
(test for excess errors)
UNRESOLVED: c-c++-common/cilk-plus/AN/gather_scatter.c -g -O3
-fcilkplus compilation failed to produce executable
FAIL: c-c++-common/cilk-plus/AN/gather_scatter.c -O3 -ftree-vectorize
-fcilkplus -g (test for excess errors)
UNRESOLVED: c-c++-common/cilk-plus/AN/gather_scatter.c -O3
-ftree-vectorize -fcilkplus -g compilation failed to produce
executable
FAIL: g++.dg/init/array15.C -std=c++98 (test for excess errors)
UNRESOLVED: g++.dg/init/array15.C -std=c++98 compilation failed to
produce executable
FAIL: g++.dg/init/array15.C -std=c++11 (test for excess errors)
UNRESOLVED: g++.dg/init/array15.C -std=c++11 compilation failed to
produce executable
FAIL: g++.dg/init/array16.C -std=gnu++98 (test for excess errors)
UNRESOLVED: g++.dg/init/array16.C -std=gnu++98 compilation failed to
produce executable
FAIL: g++.dg/init/array16.C -std=gnu++11 (test for excess errors)
UNRESOLVED: g++.dg/init/array16.C -std=gnu++11 compilation failed to
produce executable
=== g++ Summary ===
# of expected passes 50146
# of unexpected failures 15
# of expected failures 288
# of unresolved testcases 15
# of unsupported tests 1174
/playground/shiva/build-system-3/build/build-nds32le-elf-newlib-v3/build-gcc-final/gcc/testsuite/g++/../../xg++
version 4.9.0 20130702 (experimental) (2013-07-02
nds32le-elf-newlib-v3)
=== gcc tests ===
Running target nds32-sim
FAIL: c-c++-common/cilk-plus/AN/gather_scatter.c -fcilkplus (test for
excess errors)
UNRESOLVED: c-c++-common/cilk-plus/AN/gather_scatter.c -fcilkplus
compilation failed to produce executable
FAIL: c-c++-common/cilk-plus/AN/gather_scatter.c -O0 -fcilkplus (test
for excess errors)
UNRESOLVED: c-c++-common/cilk-plus/AN/gather_scatter.c -O0 -fcilkplus
compilation failed to produce executable
FAIL: c-c++-common/cilk-plus/AN/gather_scatter.c -O1 -fcilkplus (test
for excess errors)
UNRESOLVED: c-c++-common/cilk-plus/AN/gather_scatter.c -O1 -fcilkplus
compilation failed to produce executable
FAIL: c-c++-common/cilk-plus/AN/gather_scatter.c -O2 -ftree-vectorize
-fcilkplus (test for excess errors)
UNRESOLVED: c-c++-common/cilk-plus/AN/gather_scatter.c -O2
-ftree-vectorize -fcilkplus compilation failed to produce executable
FAIL: c-c++-common/cilk-plus/AN/gather_scatter.c -O3 -fcilkplus (test
for excess errors)
UNRESOLVED: c-c++-common/cilk-plus/AN/gather_scatter.c -O3 -fcilkplus
compilation failed to produce executable
FAIL: c-c++-common/cilk-plus/AN/gather_scatter.c -g -fcilkplus (test
for excess errors)
UNRESOLVED: c-c++-common/cilk-plus/AN/gather_scatter.c -g -fcilkplus
compilation failed to produce executable
FAIL: c-c++-common/cilk-plus/AN/gather_scatter.c -g -O0 -fcilkplus
(test for excess errors)
UNRESOLVED: c-c++-common/cilk-plus/AN/gather_scatter.c -g -O0
-fcilkplus compilation failed to produce executable
FAIL: c-c++-common/cilk-plus/AN/gather_scatter.c -g -O1 -fcilkplus
(test for excess errors)
UNRESOLVED: c-c++-common/cilk-plus/AN/gather_scatter.c -g -O1
-fcilkplus compilation failed to produce executable
FAIL: c-c++-common/cilk-plus/AN/gather_scatter.c -g -O2
-ftree-vectorize -fcilkplus (test for excess errors)
UNRESOLVED: c-c++-common/cilk-plus/AN/gather_scatter.c -g -O2
-ftree-vectorize -fcilkplus compilation failed to produce executable
FAIL: c-c++-common/cilk-plus/AN/gather_scatter.c -g -O3 -fcilkplus
(test for excess errors)
UNRESOLVED: c-c++-common/cilk-plus/AN/gather_scatter.c -g -O3
-fcilkplus compilation failed to produce executable
FAIL: c-c++-common/cilk-plus/AN/gather_scatter.c -O3 -ftree-vectorize
-fcilkplus -g (test for excess errors)
UNRESOLVED: c-c++-common/cilk-plus/AN/gather_scatter.c -O3
-ftree-vectorize -fcilkplus -g compilation failed to produce
executable
FAIL: c-c++-common/cilk-plus/AN/gather_scatter.c -fcilkplus -std=c99
(test for excess errors)
UNRESOLVED: c-c++-common/cilk-plus/AN/gather_scatter.c -fcilkplus
-std=c99 compilation failed to produce executable
FAIL: c-c++-common/cilk-plus/AN/gather_scatter.c -fcilkplus -O0
-std=c99 (test for excess errors)
UNRESOLVED: c-c++-common/cilk-plus/AN/gather_scatter.c -fcilkplus -O0
-std=c99 compilation failed to produce executable
FAIL: c-c++-common/cilk-plus/AN/gather_scatter.c -fcilkplus -O1
-std=c99 (test for excess errors)
UNRESOLVED: c-c++-common/cilk-plus/AN/gather_scatter.c -fcilkplus -O1
-std=c99 compilation failed to produce executable
FAIL: c-c++-common/cilk-plus/AN/gather_scatter.c -fcilkplus -O2
-ftree-vectorize -std=c99 (test for excess errors)
UNRESOLVED: c-c++-common/cilk-plus/AN/gather_scatter.c -fcilkplus -O2
-ftree-vectorize -std=c99 compilation failed to produce executable
FAIL: c-c++-common/cilk-plus/AN/gather_scatter.c -fcilkplus -O3
-std=c99 (test for excess errors)
UNRESOLVED: c-c++-common/cilk-plus/AN/gather_scatter.c -fcilkplus -O3
-std=c99 compilation failed to produce executable
FAIL: c-c++-common/cilk-plus/AN/gather_scatter.c -fcilkplus -g
-std=c99 (test for excess errors)
UNRESOLVED: c-c++-common/cilk-plus/AN/gather_scatter.c -fcilkplus -g
-std=c99 compilation failed to produce executable
FAIL: c-c++-common/cilk-plus/AN/gather_scatter.c -fcilkplus -g -O0
-std=c99 (test for excess errors)
UNRESOLVED: c-c++-common/cilk-plus/AN/gather_scatter.c -fcilkplus -g
-O0 -std=c99 compilation failed to produce executable
FAIL: c-c++-common/cilk-plus/AN/gather_scatter.c -fcilkplus -g -O1
-std=c99 (test for excess errors)
UNRESOLVED: c-c++-common/cilk-plus/AN/gather_scatter.c -fcilkplus -g
-O1 -std=c99 compilation failed to produce executable
FAIL: c-c++-common/cilk-plus/AN/gather_scatter.c -fcilkplus -g -O2
-ftree-vectorize -std=c99 (test for excess errors)
UNRESOLVED: c-c++-common/cilk-plus/AN/gather_scatter.c -fcilkplus -g
-O2 -ftree-vectorize -std=c99 compilation failed to produce executable
FAIL: c-c++-common/cilk-plus/AN/gather_scatter.c -fcilkplus -g -O3
-std=c99 (test for excess errors)
UNRESOLVED: c-c++-common/cilk-plus/AN/gather_scatter.c -fcilkplus -g
-O3 -std=c99 compilation failed to produce executable
FAIL: c-c++-common/cilk-plus/AN/gather_scatter.c -O3 -ftree-vectorize
-std=c99 -g -fcilkplus (test for excess errors)
UNRESOLVED: c-c++-common/cilk-plus/AN/gather_scatter.c -O3
-ftree-vectorize -std=c99 -g -fcilkplus compilation failed to produce
executable
FAIL: gcc.dg/graphite/interchange-0.c (test for excess errors)
UNRESOLVED: gcc.dg/graphite/interchange-0.c compilation failed to
produce executable
FAIL: gcc.dg/graphite/interchange-1.c (test for excess errors)
UNRESOLVED: gcc.dg/graphite/interchange-1.c compilation failed to
produce executable
FAIL: gcc.dg/graphite/interchange-10.c (test for excess errors)
UNRESOLVED: gcc.dg/graphite/interchange-10.c compilation failed to
produce executable
FAIL: gcc.dg/graphite/interchange-11.c (test for excess errors)
UNRESOLVED: gcc.dg/graphite/interchange-11.c compilation failed to
produce executable
FAIL: gcc.dg/graphite/interchange-15.c (test for excess errors)
UNRESOLVED: gcc.dg/graphite/interchange-15.c compilation failed to
produce executable
FAIL: gcc.dg/graphite/interchange-2.c (test for excess errors)
UNRESOLVED: gcc.dg/graphite/interchange-2.c compilation failed to
produce executable
FAIL: gcc.dg/graphite/interchange-3.c (test for excess errors)
UNRESOLVED: gcc.dg/graphite/interchange-3.c compilation failed to
produce executable
FAIL: gcc.dg/graphite/interchange-4.c (test for excess errors)
UNRESOLVED: gcc.dg/graphite/interchange-4.c compilation failed to
produce executable
FAIL: gcc.dg/graphite/interchange-mvt.c (test for excess errors)
UNRESOLVED: gcc.dg/graphite/interchange-mvt.c compilation failed to
produce executable
FAIL: gcc.dg/graphite/pr46185.c (test for excess errors)
UNRESOLVED: gcc.dg/graphite/pr46185.c compilation failed to produce executable
=== gcc Summary ===
# of expected passes 81452
# of unexpected failures 32
# of expected failures 102
# of unresolved testcases 32
# of unsupported tests 1455
/playground/shiva/build-system-3/build/build-nds32le-elf-newlib-v3/build-gcc-final/gcc/xgcc
version 4.9.0 20130702 (experimental) (2013-07-02
nds32le-elf-newlib-v3)
Compiler version: 4.9.0 20130702 (experimental) (GCC)
Platform: i686-pc-linux-gnu
configure flags: --target=nds32le-elf --with-arch=v3
--with-nds32-lib=newlib
--prefix=/playground/shiva/build-system-3/toolchain/nds32le-elf-newlib-v3
--with-pkgversion=2013-07-02 nds32le-elf-newlib-v3 --disable-nls
--disable-shared --enable-__cxa_atexit --enable-c99 --enable-long-long
--enable-threads=single --enable-lto --enable-libstdcxx-debug
--enable-clocale=generic --with-newlib
--with-headers=/playground/shiva/build-system-3/toolchain/nds32le-elf-newlib-v3/nds32le-elf/include
--disable-libssp --disable-libgomp --disable-decimal-float
--disable-libffi --disable-libmudflap
--with-gmp=/playground/shiva/build-system-3/host-tools
--with-mpfr=/playground/shiva/build-system-3/host-tools
--with-mpc=/playground/shiva/build-system-3/host-tools
--with-isl=/playground/shiva/build-system-3/host-tools
--with-cloog=/playground/shiva/build-system-3/host-tools
target_alias=nds32le-elf --enable-languages=c,c++
More information about the Gcc-testresults
mailing list