Results for 4.9.0 20130628 (experimental) [trunk revision 200538] (GCC) testsuite on i386-pc-solaris2.10
Rainer Orth
ro@CeBiTec.Uni-Bielefeld.DE
Mon Jul 1 13:53:00 GMT 2013
LAST_UPDATED: Mon Jul 1 12:44:46 UTC 2013 (revision 200576)
=== acats tests ===
=== acats Summary ===
# of expected passes 2320
# of unexpected failures 0
Native configuration is i386-pc-solaris2.10
=== g++ tests ===
Running target unix
FAIL: c-c++-common/cilk-plus/AN/an-if.c -fcilkplus (internal compiler error)
FAIL: c-c++-common/cilk-plus/AN/an-if.c -fcilkplus (test for excess errors)
WARNING: c-c++-common/cilk-plus/AN/an-if.c -fcilkplus compilation failed to produce executable
FAIL: c-c++-common/cilk-plus/AN/comma_exp.c -fcilkplus (test for excess errors)
WARNING: c-c++-common/cilk-plus/AN/comma_exp.c -fcilkplus compilation failed to produce executable
FAIL: c-c++-common/cilk-plus/AN/an-if.c -O0 -fcilkplus (internal compiler error)
FAIL: c-c++-common/cilk-plus/AN/an-if.c -O0 -fcilkplus (test for excess errors)
WARNING: c-c++-common/cilk-plus/AN/an-if.c -O0 -fcilkplus compilation failed to produce executable
FAIL: c-c++-common/cilk-plus/AN/comma_exp.c -O0 -fcilkplus (test for excess errors)
WARNING: c-c++-common/cilk-plus/AN/comma_exp.c -O0 -fcilkplus compilation failed to produce executable
FAIL: c-c++-common/cilk-plus/AN/an-if.c -O1 -fcilkplus (internal compiler error)
FAIL: c-c++-common/cilk-plus/AN/an-if.c -O1 -fcilkplus (test for excess errors)
WARNING: c-c++-common/cilk-plus/AN/an-if.c -O1 -fcilkplus compilation failed to produce executable
FAIL: c-c++-common/cilk-plus/AN/comma_exp.c -O1 -fcilkplus (test for excess errors)
WARNING: c-c++-common/cilk-plus/AN/comma_exp.c -O1 -fcilkplus compilation failed to produce executable
FAIL: c-c++-common/cilk-plus/AN/an-if.c -O2 -ftree-vectorize -fcilkplus (internal compiler error)
FAIL: c-c++-common/cilk-plus/AN/an-if.c -O2 -ftree-vectorize -fcilkplus (test for excess errors)
WARNING: c-c++-common/cilk-plus/AN/an-if.c -O2 -ftree-vectorize -fcilkplus compilation failed to produce executable
FAIL: c-c++-common/cilk-plus/AN/comma_exp.c -O2 -ftree-vectorize -fcilkplus (test for excess errors)
WARNING: c-c++-common/cilk-plus/AN/comma_exp.c -O2 -ftree-vectorize -fcilkplus compilation failed to produce executable
FAIL: c-c++-common/cilk-plus/AN/an-if.c -O3 -fcilkplus (internal compiler error)
FAIL: c-c++-common/cilk-plus/AN/an-if.c -O3 -fcilkplus (test for excess errors)
WARNING: c-c++-common/cilk-plus/AN/an-if.c -O3 -fcilkplus compilation failed to produce executable
FAIL: c-c++-common/cilk-plus/AN/comma_exp.c -O3 -fcilkplus (test for excess errors)
WARNING: c-c++-common/cilk-plus/AN/comma_exp.c -O3 -fcilkplus compilation failed to produce executable
FAIL: c-c++-common/cilk-plus/AN/an-if.c -g -fcilkplus (internal compiler error)
FAIL: c-c++-common/cilk-plus/AN/an-if.c -g -fcilkplus (test for excess errors)
WARNING: c-c++-common/cilk-plus/AN/an-if.c -g -fcilkplus compilation failed to produce executable
FAIL: c-c++-common/cilk-plus/AN/comma_exp.c -g -fcilkplus (test for excess errors)
WARNING: c-c++-common/cilk-plus/AN/comma_exp.c -g -fcilkplus compilation failed to produce executable
FAIL: c-c++-common/cilk-plus/AN/an-if.c -g -O0 -fcilkplus (internal compiler error)
FAIL: c-c++-common/cilk-plus/AN/an-if.c -g -O0 -fcilkplus (test for excess errors)
WARNING: c-c++-common/cilk-plus/AN/an-if.c -g -O0 -fcilkplus compilation failed to produce executable
FAIL: c-c++-common/cilk-plus/AN/comma_exp.c -g -O0 -fcilkplus (test for excess errors)
WARNING: c-c++-common/cilk-plus/AN/comma_exp.c -g -O0 -fcilkplus compilation failed to produce executable
FAIL: c-c++-common/cilk-plus/AN/an-if.c -g -O1 -fcilkplus (internal compiler error)
FAIL: c-c++-common/cilk-plus/AN/an-if.c -g -O1 -fcilkplus (test for excess errors)
WARNING: c-c++-common/cilk-plus/AN/an-if.c -g -O1 -fcilkplus compilation failed to produce executable
FAIL: c-c++-common/cilk-plus/AN/comma_exp.c -g -O1 -fcilkplus (test for excess errors)
WARNING: c-c++-common/cilk-plus/AN/comma_exp.c -g -O1 -fcilkplus compilation failed to produce executable
FAIL: c-c++-common/cilk-plus/AN/an-if.c -g -O2 -ftree-vectorize -fcilkplus (internal compiler error)
FAIL: c-c++-common/cilk-plus/AN/an-if.c -g -O2 -ftree-vectorize -fcilkplus (test for excess errors)
WARNING: c-c++-common/cilk-plus/AN/an-if.c -g -O2 -ftree-vectorize -fcilkplus compilation failed to produce executable
FAIL: c-c++-common/cilk-plus/AN/comma_exp.c -g -O2 -ftree-vectorize -fcilkplus (test for excess errors)
WARNING: c-c++-common/cilk-plus/AN/comma_exp.c -g -O2 -ftree-vectorize -fcilkplus compilation failed to produce executable
FAIL: c-c++-common/cilk-plus/AN/an-if.c -g -O3 -fcilkplus (internal compiler error)
FAIL: c-c++-common/cilk-plus/AN/an-if.c -g -O3 -fcilkplus (test for excess errors)
WARNING: c-c++-common/cilk-plus/AN/an-if.c -g -O3 -fcilkplus compilation failed to produce executable
FAIL: c-c++-common/cilk-plus/AN/comma_exp.c -g -O3 -fcilkplus (test for excess errors)
WARNING: c-c++-common/cilk-plus/AN/comma_exp.c -g -O3 -fcilkplus compilation failed to produce executable
FAIL: c-c++-common/cilk-plus/AN/an-if.c -O3 -ftree-vectorize -fcilkplus -g (internal compiler error)
FAIL: c-c++-common/cilk-plus/AN/an-if.c -O3 -ftree-vectorize -fcilkplus -g (test for excess errors)
WARNING: c-c++-common/cilk-plus/AN/an-if.c -O3 -ftree-vectorize -fcilkplus -g compilation failed to produce executable
FAIL: c-c++-common/cilk-plus/AN/comma_exp.c -O3 -ftree-vectorize -fcilkplus -g (test for excess errors)
WARNING: c-c++-common/cilk-plus/AN/comma_exp.c -O3 -ftree-vectorize -fcilkplus -g compilation failed to produce executable
FAIL: g++.dg/init/cleanup3.C -std=c++98 scan-assembler-not _tcf
FAIL: g++.dg/init/cleanup3.C -std=c++11 scan-assembler-not _tcf
FAIL: g++.dg/tls/thread_local-order1.C execution test
FAIL: g++.dg/tls/thread_local3g.C -std=gnu++11 execution test
FAIL: g++.dg/tls/thread_local4g.C -std=gnu++11 execution test
FAIL: g++.dg/tls/thread_local5g.C -std=gnu++11 execution test
FAIL: g++.dg/tls/thread_local6g.C execution test
FAIL: g++.old-deja/g++.other/init5.C -std=c++98 execution test
FAIL: g++.old-deja/g++.other/init5.C -std=c++11 execution test
=== g++ Summary for unix ===
# of expected passes 53177
# of unexpected failures 42
# of expected failures 294
# of unsupported tests 683
Running target unix/-m64
FAIL: c-c++-common/cilk-plus/AN/an-if.c -fcilkplus (internal compiler error)
FAIL: c-c++-common/cilk-plus/AN/an-if.c -fcilkplus (test for excess errors)
WARNING: c-c++-common/cilk-plus/AN/an-if.c -fcilkplus compilation failed to produce executable
FAIL: c-c++-common/cilk-plus/AN/comma_exp.c -fcilkplus (test for excess errors)
WARNING: c-c++-common/cilk-plus/AN/comma_exp.c -fcilkplus compilation failed to produce executable
FAIL: c-c++-common/cilk-plus/AN/fn_ptr.c -fcilkplus (test for excess errors)
FAIL: c-c++-common/cilk-plus/AN/rank_mismatch.c -fcilkplus (test for errors, line 12)
FAIL: c-c++-common/cilk-plus/AN/an-if.c -O0 -fcilkplus (internal compiler error)
FAIL: c-c++-common/cilk-plus/AN/an-if.c -O0 -fcilkplus (test for excess errors)
WARNING: c-c++-common/cilk-plus/AN/an-if.c -O0 -fcilkplus compilation failed to produce executable
FAIL: c-c++-common/cilk-plus/AN/comma_exp.c -O0 -fcilkplus (test for excess errors)
WARNING: c-c++-common/cilk-plus/AN/comma_exp.c -O0 -fcilkplus compilation failed to produce executable
FAIL: c-c++-common/cilk-plus/AN/fn_ptr.c -O0 -fcilkplus (test for excess errors)
FAIL: c-c++-common/cilk-plus/AN/rank_mismatch.c -O0 -fcilkplus (test for errors, line 12)
FAIL: c-c++-common/cilk-plus/AN/an-if.c -O1 -fcilkplus (internal compiler error)
FAIL: c-c++-common/cilk-plus/AN/an-if.c -O1 -fcilkplus (test for excess errors)
WARNING: c-c++-common/cilk-plus/AN/an-if.c -O1 -fcilkplus compilation failed to produce executable
FAIL: c-c++-common/cilk-plus/AN/comma_exp.c -O1 -fcilkplus (test for excess errors)
WARNING: c-c++-common/cilk-plus/AN/comma_exp.c -O1 -fcilkplus compilation failed to produce executable
FAIL: c-c++-common/cilk-plus/AN/fn_ptr.c -O1 -fcilkplus (test for excess errors)
FAIL: c-c++-common/cilk-plus/AN/rank_mismatch.c -O1 -fcilkplus (test for errors, line 12)
FAIL: c-c++-common/cilk-plus/AN/an-if.c -O2 -ftree-vectorize -fcilkplus (internal compiler error)
FAIL: c-c++-common/cilk-plus/AN/an-if.c -O2 -ftree-vectorize -fcilkplus (test for excess errors)
WARNING: c-c++-common/cilk-plus/AN/an-if.c -O2 -ftree-vectorize -fcilkplus compilation failed to produce executable
FAIL: c-c++-common/cilk-plus/AN/comma_exp.c -O2 -ftree-vectorize -fcilkplus (test for excess errors)
WARNING: c-c++-common/cilk-plus/AN/comma_exp.c -O2 -ftree-vectorize -fcilkplus compilation failed to produce executable
FAIL: c-c++-common/cilk-plus/AN/fn_ptr.c -O2 -ftree-vectorize -fcilkplus (test for excess errors)
FAIL: c-c++-common/cilk-plus/AN/rank_mismatch.c -O2 -ftree-vectorize -fcilkplus (test for errors, line 12)
FAIL: c-c++-common/cilk-plus/AN/an-if.c -O3 -fcilkplus (internal compiler error)
FAIL: c-c++-common/cilk-plus/AN/an-if.c -O3 -fcilkplus (test for excess errors)
WARNING: c-c++-common/cilk-plus/AN/an-if.c -O3 -fcilkplus compilation failed to produce executable
FAIL: c-c++-common/cilk-plus/AN/comma_exp.c -O3 -fcilkplus (test for excess errors)
WARNING: c-c++-common/cilk-plus/AN/comma_exp.c -O3 -fcilkplus compilation failed to produce executable
FAIL: c-c++-common/cilk-plus/AN/fn_ptr.c -O3 -fcilkplus (test for excess errors)
FAIL: c-c++-common/cilk-plus/AN/rank_mismatch.c -O3 -fcilkplus (test for errors, line 12)
FAIL: c-c++-common/cilk-plus/AN/an-if.c -g -fcilkplus (internal compiler error)
FAIL: c-c++-common/cilk-plus/AN/an-if.c -g -fcilkplus (test for excess errors)
WARNING: c-c++-common/cilk-plus/AN/an-if.c -g -fcilkplus compilation failed to produce executable
FAIL: c-c++-common/cilk-plus/AN/comma_exp.c -g -fcilkplus (test for excess errors)
WARNING: c-c++-common/cilk-plus/AN/comma_exp.c -g -fcilkplus compilation failed to produce executable
FAIL: c-c++-common/cilk-plus/AN/fn_ptr.c -g -fcilkplus (test for excess errors)
FAIL: c-c++-common/cilk-plus/AN/rank_mismatch.c -g -fcilkplus (test for errors, line 12)
FAIL: c-c++-common/cilk-plus/AN/an-if.c -g -O0 -fcilkplus (internal compiler error)
FAIL: c-c++-common/cilk-plus/AN/an-if.c -g -O0 -fcilkplus (test for excess errors)
WARNING: c-c++-common/cilk-plus/AN/an-if.c -g -O0 -fcilkplus compilation failed to produce executable
FAIL: c-c++-common/cilk-plus/AN/comma_exp.c -g -O0 -fcilkplus (test for excess errors)
WARNING: c-c++-common/cilk-plus/AN/comma_exp.c -g -O0 -fcilkplus compilation failed to produce executable
FAIL: c-c++-common/cilk-plus/AN/fn_ptr.c -g -O0 -fcilkplus (test for excess errors)
FAIL: c-c++-common/cilk-plus/AN/rank_mismatch.c -g -O0 -fcilkplus (test for errors, line 12)
FAIL: c-c++-common/cilk-plus/AN/an-if.c -g -O1 -fcilkplus (internal compiler error)
FAIL: c-c++-common/cilk-plus/AN/an-if.c -g -O1 -fcilkplus (test for excess errors)
WARNING: c-c++-common/cilk-plus/AN/an-if.c -g -O1 -fcilkplus compilation failed to produce executable
FAIL: c-c++-common/cilk-plus/AN/comma_exp.c -g -O1 -fcilkplus (test for excess errors)
WARNING: c-c++-common/cilk-plus/AN/comma_exp.c -g -O1 -fcilkplus compilation failed to produce executable
FAIL: c-c++-common/cilk-plus/AN/fn_ptr.c -g -O1 -fcilkplus (test for excess errors)
FAIL: c-c++-common/cilk-plus/AN/rank_mismatch.c -g -O1 -fcilkplus (test for errors, line 12)
FAIL: c-c++-common/cilk-plus/AN/an-if.c -g -O2 -ftree-vectorize -fcilkplus (internal compiler error)
FAIL: c-c++-common/cilk-plus/AN/an-if.c -g -O2 -ftree-vectorize -fcilkplus (test for excess errors)
WARNING: c-c++-common/cilk-plus/AN/an-if.c -g -O2 -ftree-vectorize -fcilkplus compilation failed to produce executable
FAIL: c-c++-common/cilk-plus/AN/comma_exp.c -g -O2 -ftree-vectorize -fcilkplus (test for excess errors)
WARNING: c-c++-common/cilk-plus/AN/comma_exp.c -g -O2 -ftree-vectorize -fcilkplus compilation failed to produce executable
FAIL: c-c++-common/cilk-plus/AN/fn_ptr.c -g -O2 -ftree-vectorize -fcilkplus (test for excess errors)
FAIL: c-c++-common/cilk-plus/AN/rank_mismatch.c -g -O2 -ftree-vectorize -fcilkplus (test for errors, line 12)
FAIL: c-c++-common/cilk-plus/AN/an-if.c -g -O3 -fcilkplus (internal compiler error)
FAIL: c-c++-common/cilk-plus/AN/an-if.c -g -O3 -fcilkplus (test for excess errors)
WARNING: c-c++-common/cilk-plus/AN/an-if.c -g -O3 -fcilkplus compilation failed to produce executable
FAIL: c-c++-common/cilk-plus/AN/comma_exp.c -g -O3 -fcilkplus (test for excess errors)
WARNING: c-c++-common/cilk-plus/AN/comma_exp.c -g -O3 -fcilkplus compilation failed to produce executable
FAIL: c-c++-common/cilk-plus/AN/fn_ptr.c -g -O3 -fcilkplus (test for excess errors)
FAIL: c-c++-common/cilk-plus/AN/rank_mismatch.c -g -O3 -fcilkplus (test for errors, line 12)
FAIL: c-c++-common/cilk-plus/AN/an-if.c -O3 -ftree-vectorize -fcilkplus -g (internal compiler error)
FAIL: c-c++-common/cilk-plus/AN/an-if.c -O3 -ftree-vectorize -fcilkplus -g (test for excess errors)
WARNING: c-c++-common/cilk-plus/AN/an-if.c -O3 -ftree-vectorize -fcilkplus -g compilation failed to produce executable
FAIL: c-c++-common/cilk-plus/AN/comma_exp.c -O3 -ftree-vectorize -fcilkplus -g (test for excess errors)
WARNING: c-c++-common/cilk-plus/AN/comma_exp.c -O3 -ftree-vectorize -fcilkplus -g compilation failed to produce executable
FAIL: c-c++-common/cilk-plus/AN/fn_ptr.c -O3 -ftree-vectorize -fcilkplus -g (test for excess errors)
FAIL: c-c++-common/cilk-plus/AN/rank_mismatch.c -O3 -ftree-vectorize -fcilkplus -g (test for errors, line 12)
FAIL: g++.dg/cpp0x/noexcept21.C -std=c++11 (test for excess errors)
FAIL: g++.dg/cpp0x/udlit-nospace-neg.C (test for excess errors)
FAIL: g++.dg/cpp1y/udlit-enc-prefix-neg.C (test for errors, line 4)
FAIL: g++.dg/cpp1y/udlit-enc-prefix-neg.C (test for errors, line 8)
FAIL: g++.dg/cpp1y/udlit-enc-prefix-neg.C (test for errors, line 12)
FAIL: g++.dg/cpp1y/udlit-enc-prefix-neg.C (test for errors, line 16)
FAIL: g++.dg/cpp1y/udlit-enc-prefix-neg.C (test for excess errors)
FAIL: g++.dg/cpp1y/udlit-userdef-string.C (test for excess errors)
FAIL: g++.dg/init/cleanup3.C -std=c++98 scan-assembler-not _tcf
FAIL: g++.dg/init/cleanup3.C -std=c++11 scan-assembler-not _tcf
FAIL: g++.dg/tls/thread_local-order1.C execution test
FAIL: g++.dg/tls/thread_local3g.C -std=gnu++11 execution test
FAIL: g++.dg/tls/thread_local4g.C -std=gnu++11 execution test
FAIL: g++.dg/tls/thread_local5g.C -std=gnu++11 execution test
FAIL: g++.dg/tls/thread_local6g.C execution test
FAIL: g++.old-deja/g++.other/init5.C -std=c++98 execution test
FAIL: g++.old-deja/g++.other/init5.C -std=c++11 execution test
=== g++ Summary for unix/-m64 ===
# of expected passes 53811
# of unexpected failures 72
# of expected failures 294
# of unsupported tests 938
=== g++ Summary ===
# of expected passes 106988
# of unexpected failures 114
# of expected failures 588
# of unsupported tests 1621
/var/gcc/regression/trunk/10-gcc-gas-gld/build/gcc/testsuite/g++/../../xg++ version 4.9.0 20130628 (experimental) [trunk revision 200538] (GCC)
=== gcc tests ===
Running target unix
FAIL: c-c++-common/cilk-plus/AN/an-if.c -fcilkplus (internal compiler error)
FAIL: c-c++-common/cilk-plus/AN/an-if.c -fcilkplus (test for excess errors)
WARNING: c-c++-common/cilk-plus/AN/an-if.c -fcilkplus compilation failed to produce executable
FAIL: c-c++-common/cilk-plus/AN/an-if.c -O0 -fcilkplus (internal compiler error)
FAIL: c-c++-common/cilk-plus/AN/an-if.c -O0 -fcilkplus (test for excess errors)
WARNING: c-c++-common/cilk-plus/AN/an-if.c -O0 -fcilkplus compilation failed to produce executable
FAIL: c-c++-common/cilk-plus/AN/an-if.c -O1 -fcilkplus (internal compiler error)
FAIL: c-c++-common/cilk-plus/AN/an-if.c -O1 -fcilkplus (test for excess errors)
WARNING: c-c++-common/cilk-plus/AN/an-if.c -O1 -fcilkplus compilation failed to produce executable
FAIL: c-c++-common/cilk-plus/AN/an-if.c -O2 -ftree-vectorize -fcilkplus (internal compiler error)
FAIL: c-c++-common/cilk-plus/AN/an-if.c -O2 -ftree-vectorize -fcilkplus (test for excess errors)
WARNING: c-c++-common/cilk-plus/AN/an-if.c -O2 -ftree-vectorize -fcilkplus compilation failed to produce executable
FAIL: c-c++-common/cilk-plus/AN/an-if.c -O3 -fcilkplus (internal compiler error)
FAIL: c-c++-common/cilk-plus/AN/an-if.c -O3 -fcilkplus (test for excess errors)
WARNING: c-c++-common/cilk-plus/AN/an-if.c -O3 -fcilkplus compilation failed to produce executable
FAIL: c-c++-common/cilk-plus/AN/an-if.c -g -fcilkplus (internal compiler error)
FAIL: c-c++-common/cilk-plus/AN/an-if.c -g -fcilkplus (test for excess errors)
WARNING: c-c++-common/cilk-plus/AN/an-if.c -g -fcilkplus compilation failed to produce executable
FAIL: c-c++-common/cilk-plus/AN/an-if.c -g -O0 -fcilkplus (internal compiler error)
FAIL: c-c++-common/cilk-plus/AN/an-if.c -g -O0 -fcilkplus (test for excess errors)
WARNING: c-c++-common/cilk-plus/AN/an-if.c -g -O0 -fcilkplus compilation failed to produce executable
FAIL: c-c++-common/cilk-plus/AN/an-if.c -g -O1 -fcilkplus (internal compiler error)
FAIL: c-c++-common/cilk-plus/AN/an-if.c -g -O1 -fcilkplus (test for excess errors)
WARNING: c-c++-common/cilk-plus/AN/an-if.c -g -O1 -fcilkplus compilation failed to produce executable
FAIL: c-c++-common/cilk-plus/AN/an-if.c -g -O2 -ftree-vectorize -fcilkplus (internal compiler error)
FAIL: c-c++-common/cilk-plus/AN/an-if.c -g -O2 -ftree-vectorize -fcilkplus (test for excess errors)
WARNING: c-c++-common/cilk-plus/AN/an-if.c -g -O2 -ftree-vectorize -fcilkplus compilation failed to produce executable
FAIL: c-c++-common/cilk-plus/AN/an-if.c -g -O3 -fcilkplus (internal compiler error)
FAIL: c-c++-common/cilk-plus/AN/an-if.c -g -O3 -fcilkplus (test for excess errors)
WARNING: c-c++-common/cilk-plus/AN/an-if.c -g -O3 -fcilkplus compilation failed to produce executable
FAIL: c-c++-common/cilk-plus/AN/an-if.c -O3 -ftree-vectorize -fcilkplus -g (internal compiler error)
FAIL: c-c++-common/cilk-plus/AN/an-if.c -O3 -ftree-vectorize -fcilkplus -g (test for excess errors)
WARNING: c-c++-common/cilk-plus/AN/an-if.c -O3 -ftree-vectorize -fcilkplus -g compilation failed to produce executable
FAIL: c-c++-common/cilk-plus/AN/an-if.c -fcilkplus -std=c99 (internal compiler error)
FAIL: c-c++-common/cilk-plus/AN/an-if.c -fcilkplus -std=c99 (test for excess errors)
WARNING: c-c++-common/cilk-plus/AN/an-if.c -fcilkplus -std=c99 compilation failed to produce executable
FAIL: c-c++-common/cilk-plus/AN/an-if.c -fcilkplus -O0 -std=c99 (internal compiler error)
FAIL: c-c++-common/cilk-plus/AN/an-if.c -fcilkplus -O0 -std=c99 (test for excess errors)
WARNING: c-c++-common/cilk-plus/AN/an-if.c -fcilkplus -O0 -std=c99 compilation failed to produce executable
FAIL: c-c++-common/cilk-plus/AN/an-if.c -fcilkplus -O1 -std=c99 (internal compiler error)
FAIL: c-c++-common/cilk-plus/AN/an-if.c -fcilkplus -O1 -std=c99 (test for excess errors)
WARNING: c-c++-common/cilk-plus/AN/an-if.c -fcilkplus -O1 -std=c99 compilation failed to produce executable
FAIL: c-c++-common/cilk-plus/AN/an-if.c -fcilkplus -O2 -ftree-vectorize -std=c99 (internal compiler error)
FAIL: c-c++-common/cilk-plus/AN/an-if.c -fcilkplus -O2 -ftree-vectorize -std=c99 (test for excess errors)
WARNING: c-c++-common/cilk-plus/AN/an-if.c -fcilkplus -O2 -ftree-vectorize -std=c99 compilation failed to produce executable
FAIL: c-c++-common/cilk-plus/AN/an-if.c -fcilkplus -O3 -std=c99 (internal compiler error)
FAIL: c-c++-common/cilk-plus/AN/an-if.c -fcilkplus -O3 -std=c99 (test for excess errors)
WARNING: c-c++-common/cilk-plus/AN/an-if.c -fcilkplus -O3 -std=c99 compilation failed to produce executable
FAIL: c-c++-common/cilk-plus/AN/an-if.c -fcilkplus -g -std=c99 (internal compiler error)
FAIL: c-c++-common/cilk-plus/AN/an-if.c -fcilkplus -g -std=c99 (test for excess errors)
WARNING: c-c++-common/cilk-plus/AN/an-if.c -fcilkplus -g -std=c99 compilation failed to produce executable
FAIL: c-c++-common/cilk-plus/AN/an-if.c -fcilkplus -g -O0 -std=c99 (internal compiler error)
FAIL: c-c++-common/cilk-plus/AN/an-if.c -fcilkplus -g -O0 -std=c99 (test for excess errors)
WARNING: c-c++-common/cilk-plus/AN/an-if.c -fcilkplus -g -O0 -std=c99 compilation failed to produce executable
FAIL: c-c++-common/cilk-plus/AN/an-if.c -fcilkplus -g -O1 -std=c99 (internal compiler error)
FAIL: c-c++-common/cilk-plus/AN/an-if.c -fcilkplus -g -O1 -std=c99 (test for excess errors)
WARNING: c-c++-common/cilk-plus/AN/an-if.c -fcilkplus -g -O1 -std=c99 compilation failed to produce executable
FAIL: c-c++-common/cilk-plus/AN/an-if.c -fcilkplus -g -O2 -ftree-vectorize -std=c99 (internal compiler error)
FAIL: c-c++-common/cilk-plus/AN/an-if.c -fcilkplus -g -O2 -ftree-vectorize -std=c99 (test for excess errors)
WARNING: c-c++-common/cilk-plus/AN/an-if.c -fcilkplus -g -O2 -ftree-vectorize -std=c99 compilation failed to produce executable
FAIL: c-c++-common/cilk-plus/AN/an-if.c -fcilkplus -g -O3 -std=c99 (internal compiler error)
FAIL: c-c++-common/cilk-plus/AN/an-if.c -fcilkplus -g -O3 -std=c99 (test for excess errors)
WARNING: c-c++-common/cilk-plus/AN/an-if.c -fcilkplus -g -O3 -std=c99 compilation failed to produce executable
FAIL: c-c++-common/cilk-plus/AN/an-if.c -O3 -ftree-vectorize -std=c99 -g -fcilkplus (internal compiler error)
FAIL: c-c++-common/cilk-plus/AN/an-if.c -O3 -ftree-vectorize -std=c99 -g -fcilkplus (test for excess errors)
WARNING: c-c++-common/cilk-plus/AN/an-if.c -O3 -ftree-vectorize -std=c99 -g -fcilkplus compilation failed to produce executable
FAIL: gcc.dg/lto/pr56297 c_lto_pr56297_0.o-c_lto_pr56297_1.o link, -flto -fno-common (internal compiler error)
UNRESOLVED: gcc.dg/lto/pr56297 c_lto_pr56297_0.o-c_lto_pr56297_1.o execute -flto -fno-common
=== gcc Summary for unix ===
# of expected passes 95335
# of unexpected failures 45
# of expected failures 253
# of unresolved testcases 1
# of unsupported tests 1199
Running target unix/-m64
FAIL: c-c++-common/cilk-plus/AN/an-if.c -fcilkplus (internal compiler error)
FAIL: c-c++-common/cilk-plus/AN/an-if.c -fcilkplus (test for excess errors)
WARNING: c-c++-common/cilk-plus/AN/an-if.c -fcilkplus compilation failed to produce executable
FAIL: c-c++-common/cilk-plus/AN/fn_ptr.c -fcilkplus (test for excess errors)
FAIL: c-c++-common/cilk-plus/AN/an-if.c -O0 -fcilkplus (internal compiler error)
FAIL: c-c++-common/cilk-plus/AN/an-if.c -O0 -fcilkplus (test for excess errors)
WARNING: c-c++-common/cilk-plus/AN/an-if.c -O0 -fcilkplus compilation failed to produce executable
FAIL: c-c++-common/cilk-plus/AN/fn_ptr.c -O0 -fcilkplus (test for excess errors)
FAIL: c-c++-common/cilk-plus/AN/an-if.c -O1 -fcilkplus (internal compiler error)
FAIL: c-c++-common/cilk-plus/AN/an-if.c -O1 -fcilkplus (test for excess errors)
WARNING: c-c++-common/cilk-plus/AN/an-if.c -O1 -fcilkplus compilation failed to produce executable
FAIL: c-c++-common/cilk-plus/AN/fn_ptr.c -O1 -fcilkplus (test for excess errors)
FAIL: c-c++-common/cilk-plus/AN/an-if.c -O2 -ftree-vectorize -fcilkplus (internal compiler error)
FAIL: c-c++-common/cilk-plus/AN/an-if.c -O2 -ftree-vectorize -fcilkplus (test for excess errors)
WARNING: c-c++-common/cilk-plus/AN/an-if.c -O2 -ftree-vectorize -fcilkplus compilation failed to produce executable
FAIL: c-c++-common/cilk-plus/AN/fn_ptr.c -O2 -ftree-vectorize -fcilkplus (test for excess errors)
FAIL: c-c++-common/cilk-plus/AN/an-if.c -O3 -fcilkplus (internal compiler error)
FAIL: c-c++-common/cilk-plus/AN/an-if.c -O3 -fcilkplus (test for excess errors)
WARNING: c-c++-common/cilk-plus/AN/an-if.c -O3 -fcilkplus compilation failed to produce executable
FAIL: c-c++-common/cilk-plus/AN/fn_ptr.c -O3 -fcilkplus (test for excess errors)
FAIL: c-c++-common/cilk-plus/AN/an-if.c -g -fcilkplus (internal compiler error)
FAIL: c-c++-common/cilk-plus/AN/an-if.c -g -fcilkplus (test for excess errors)
WARNING: c-c++-common/cilk-plus/AN/an-if.c -g -fcilkplus compilation failed to produce executable
FAIL: c-c++-common/cilk-plus/AN/fn_ptr.c -g -fcilkplus (test for excess errors)
FAIL: c-c++-common/cilk-plus/AN/an-if.c -g -O0 -fcilkplus (internal compiler error)
FAIL: c-c++-common/cilk-plus/AN/an-if.c -g -O0 -fcilkplus (test for excess errors)
WARNING: c-c++-common/cilk-plus/AN/an-if.c -g -O0 -fcilkplus compilation failed to produce executable
FAIL: c-c++-common/cilk-plus/AN/fn_ptr.c -g -O0 -fcilkplus (test for excess errors)
FAIL: c-c++-common/cilk-plus/AN/an-if.c -g -O1 -fcilkplus (internal compiler error)
FAIL: c-c++-common/cilk-plus/AN/an-if.c -g -O1 -fcilkplus (test for excess errors)
WARNING: c-c++-common/cilk-plus/AN/an-if.c -g -O1 -fcilkplus compilation failed to produce executable
FAIL: c-c++-common/cilk-plus/AN/fn_ptr.c -g -O1 -fcilkplus (test for excess errors)
FAIL: c-c++-common/cilk-plus/AN/an-if.c -g -O2 -ftree-vectorize -fcilkplus (internal compiler error)
FAIL: c-c++-common/cilk-plus/AN/an-if.c -g -O2 -ftree-vectorize -fcilkplus (test for excess errors)
WARNING: c-c++-common/cilk-plus/AN/an-if.c -g -O2 -ftree-vectorize -fcilkplus compilation failed to produce executable
FAIL: c-c++-common/cilk-plus/AN/fn_ptr.c -g -O2 -ftree-vectorize -fcilkplus (test for excess errors)
FAIL: c-c++-common/cilk-plus/AN/an-if.c -g -O3 -fcilkplus (internal compiler error)
FAIL: c-c++-common/cilk-plus/AN/an-if.c -g -O3 -fcilkplus (test for excess errors)
WARNING: c-c++-common/cilk-plus/AN/an-if.c -g -O3 -fcilkplus compilation failed to produce executable
FAIL: c-c++-common/cilk-plus/AN/fn_ptr.c -g -O3 -fcilkplus (test for excess errors)
FAIL: c-c++-common/cilk-plus/AN/an-if.c -O3 -ftree-vectorize -fcilkplus -g (internal compiler error)
FAIL: c-c++-common/cilk-plus/AN/an-if.c -O3 -ftree-vectorize -fcilkplus -g (test for excess errors)
WARNING: c-c++-common/cilk-plus/AN/an-if.c -O3 -ftree-vectorize -fcilkplus -g compilation failed to produce executable
FAIL: c-c++-common/cilk-plus/AN/fn_ptr.c -O3 -ftree-vectorize -fcilkplus -g (test for excess errors)
FAIL: c-c++-common/cilk-plus/AN/an-if.c -fcilkplus -std=c99 (internal compiler error)
FAIL: c-c++-common/cilk-plus/AN/an-if.c -fcilkplus -std=c99 (test for excess errors)
WARNING: c-c++-common/cilk-plus/AN/an-if.c -fcilkplus -std=c99 compilation failed to produce executable
FAIL: c-c++-common/cilk-plus/AN/fn_ptr.c -fcilkplus -std=c99 (test for excess errors)
FAIL: c-c++-common/cilk-plus/AN/an-if.c -fcilkplus -O0 -std=c99 (internal compiler error)
FAIL: c-c++-common/cilk-plus/AN/an-if.c -fcilkplus -O0 -std=c99 (test for excess errors)
WARNING: c-c++-common/cilk-plus/AN/an-if.c -fcilkplus -O0 -std=c99 compilation failed to produce executable
FAIL: c-c++-common/cilk-plus/AN/fn_ptr.c -fcilkplus -O0 -std=c99 (test for excess errors)
FAIL: c-c++-common/cilk-plus/AN/an-if.c -fcilkplus -O1 -std=c99 (internal compiler error)
FAIL: c-c++-common/cilk-plus/AN/an-if.c -fcilkplus -O1 -std=c99 (test for excess errors)
WARNING: c-c++-common/cilk-plus/AN/an-if.c -fcilkplus -O1 -std=c99 compilation failed to produce executable
FAIL: c-c++-common/cilk-plus/AN/fn_ptr.c -fcilkplus -O1 -std=c99 (test for excess errors)
FAIL: c-c++-common/cilk-plus/AN/an-if.c -fcilkplus -O2 -ftree-vectorize -std=c99 (internal compiler error)
FAIL: c-c++-common/cilk-plus/AN/an-if.c -fcilkplus -O2 -ftree-vectorize -std=c99 (test for excess errors)
WARNING: c-c++-common/cilk-plus/AN/an-if.c -fcilkplus -O2 -ftree-vectorize -std=c99 compilation failed to produce executable
FAIL: c-c++-common/cilk-plus/AN/fn_ptr.c -fcilkplus -O2 -ftree-vectorize -std=c99 (test for excess errors)
FAIL: c-c++-common/cilk-plus/AN/an-if.c -fcilkplus -O3 -std=c99 (internal compiler error)
FAIL: c-c++-common/cilk-plus/AN/an-if.c -fcilkplus -O3 -std=c99 (test for excess errors)
WARNING: c-c++-common/cilk-plus/AN/an-if.c -fcilkplus -O3 -std=c99 compilation failed to produce executable
FAIL: c-c++-common/cilk-plus/AN/fn_ptr.c -fcilkplus -O3 -std=c99 (test for excess errors)
FAIL: c-c++-common/cilk-plus/AN/an-if.c -fcilkplus -g -std=c99 (internal compiler error)
FAIL: c-c++-common/cilk-plus/AN/an-if.c -fcilkplus -g -std=c99 (test for excess errors)
WARNING: c-c++-common/cilk-plus/AN/an-if.c -fcilkplus -g -std=c99 compilation failed to produce executable
FAIL: c-c++-common/cilk-plus/AN/fn_ptr.c -fcilkplus -g -std=c99 (test for excess errors)
FAIL: c-c++-common/cilk-plus/AN/an-if.c -fcilkplus -g -O0 -std=c99 (internal compiler error)
FAIL: c-c++-common/cilk-plus/AN/an-if.c -fcilkplus -g -O0 -std=c99 (test for excess errors)
WARNING: c-c++-common/cilk-plus/AN/an-if.c -fcilkplus -g -O0 -std=c99 compilation failed to produce executable
FAIL: c-c++-common/cilk-plus/AN/fn_ptr.c -fcilkplus -g -O0 -std=c99 (test for excess errors)
FAIL: c-c++-common/cilk-plus/AN/an-if.c -fcilkplus -g -O1 -std=c99 (internal compiler error)
FAIL: c-c++-common/cilk-plus/AN/an-if.c -fcilkplus -g -O1 -std=c99 (test for excess errors)
WARNING: c-c++-common/cilk-plus/AN/an-if.c -fcilkplus -g -O1 -std=c99 compilation failed to produce executable
FAIL: c-c++-common/cilk-plus/AN/fn_ptr.c -fcilkplus -g -O1 -std=c99 (test for excess errors)
FAIL: c-c++-common/cilk-plus/AN/an-if.c -fcilkplus -g -O2 -ftree-vectorize -std=c99 (internal compiler error)
FAIL: c-c++-common/cilk-plus/AN/an-if.c -fcilkplus -g -O2 -ftree-vectorize -std=c99 (test for excess errors)
WARNING: c-c++-common/cilk-plus/AN/an-if.c -fcilkplus -g -O2 -ftree-vectorize -std=c99 compilation failed to produce executable
FAIL: c-c++-common/cilk-plus/AN/fn_ptr.c -fcilkplus -g -O2 -ftree-vectorize -std=c99 (test for excess errors)
FAIL: c-c++-common/cilk-plus/AN/an-if.c -fcilkplus -g -O3 -std=c99 (internal compiler error)
FAIL: c-c++-common/cilk-plus/AN/an-if.c -fcilkplus -g -O3 -std=c99 (test for excess errors)
WARNING: c-c++-common/cilk-plus/AN/an-if.c -fcilkplus -g -O3 -std=c99 compilation failed to produce executable
FAIL: c-c++-common/cilk-plus/AN/fn_ptr.c -fcilkplus -g -O3 -std=c99 (test for excess errors)
FAIL: c-c++-common/cilk-plus/AN/an-if.c -O3 -ftree-vectorize -std=c99 -g -fcilkplus (internal compiler error)
FAIL: c-c++-common/cilk-plus/AN/an-if.c -O3 -ftree-vectorize -std=c99 -g -fcilkplus (test for excess errors)
WARNING: c-c++-common/cilk-plus/AN/an-if.c -O3 -ftree-vectorize -std=c99 -g -fcilkplus compilation failed to produce executable
FAIL: c-c++-common/cilk-plus/AN/fn_ptr.c -O3 -ftree-vectorize -std=c99 -g -fcilkplus (test for excess errors)
FAIL: gcc.dg/lto/pr56297 c_lto_pr56297_0.o-c_lto_pr56297_1.o link, -flto -fno-common (internal compiler error)
UNRESOLVED: gcc.dg/lto/pr56297 c_lto_pr56297_0.o-c_lto_pr56297_1.o execute -flto -fno-common
FAIL: gcc.misc-tests/linkage.c link
FAIL: gcc.target/i386/pr57736.c (internal compiler error)
FAIL: gcc.target/i386/pr57736.c (test for excess errors)
=== gcc Summary for unix/-m64 ===
# of expected passes 95646
# of unexpected failures 70
# of expected failures 255
# of unresolved testcases 1
# of unsupported tests 1484
=== gcc Summary ===
# of expected passes 190981
# of unexpected failures 115
# of expected failures 508
# of unresolved testcases 2
# of unsupported tests 2683
/var/gcc/regression/trunk/10-gcc-gas-gld/build/gcc/xgcc version 4.9.0 20130628 (experimental) [trunk revision 200538] (GCC)
=== gfortran tests ===
Running target unix
FAIL: gfortran.dg/lto/pr45586-2 f_lto_pr45586-2_0.o-f_lto_pr45586-2_0.o link, -O0 -flto -flto-partition=none -fuse-linker-plugin (internal compiler error)
UNRESOLVED: gfortran.dg/lto/pr45586-2 f_lto_pr45586-2_0.o-f_lto_pr45586-2_0.o execute -O0 -flto -flto-partition=none -fuse-linker-plugin
FAIL: gfortran.dg/lto/pr45586-2 f_lto_pr45586-2_0.o-f_lto_pr45586-2_0.o link, -O0 -flto -flto-partition=1to1 -fno-use-linker-plugin (internal compiler error)
UNRESOLVED: gfortran.dg/lto/pr45586-2 f_lto_pr45586-2_0.o-f_lto_pr45586-2_0.o execute -O0 -flto -flto-partition=1to1 -fno-use-linker-plugin
FAIL: gfortran.dg/lto/pr45586-2 f_lto_pr45586-2_0.o-f_lto_pr45586-2_0.o link, -O0 -flto -fuse-linker-plugin -fno-fat-lto-objects (internal compiler error)
UNRESOLVED: gfortran.dg/lto/pr45586-2 f_lto_pr45586-2_0.o-f_lto_pr45586-2_0.o execute -O0 -flto -fuse-linker-plugin -fno-fat-lto-objects
FAIL: gfortran.dg/lto/pr45586 f_lto_pr45586_0.o-f_lto_pr45586_0.o link, -O0 -flto -flto-partition=none -fuse-linker-plugin (internal compiler error)
UNRESOLVED: gfortran.dg/lto/pr45586 f_lto_pr45586_0.o-f_lto_pr45586_0.o execute -O0 -flto -flto-partition=none -fuse-linker-plugin
FAIL: gfortran.dg/lto/pr45586 f_lto_pr45586_0.o-f_lto_pr45586_0.o link, -O0 -flto -flto-partition=1to1 -fno-use-linker-plugin (internal compiler error)
UNRESOLVED: gfortran.dg/lto/pr45586 f_lto_pr45586_0.o-f_lto_pr45586_0.o execute -O0 -flto -flto-partition=1to1 -fno-use-linker-plugin
FAIL: gfortran.dg/lto/pr45586 f_lto_pr45586_0.o-f_lto_pr45586_0.o link, -O0 -flto -fuse-linker-plugin -fno-fat-lto-objects (internal compiler error)
UNRESOLVED: gfortran.dg/lto/pr45586 f_lto_pr45586_0.o-f_lto_pr45586_0.o execute -O0 -flto -fuse-linker-plugin -fno-fat-lto-objects
=== gfortran Summary for unix ===
# of expected passes 44419
# of unexpected failures 6
# of expected failures 52
# of unresolved testcases 6
# of unsupported tests 228
Running target unix/-m64
FAIL: gfortran.dg/lto/pr45586-2 f_lto_pr45586-2_0.o-f_lto_pr45586-2_0.o link, -O0 -flto -flto-partition=none -fuse-linker-plugin (internal compiler error)
UNRESOLVED: gfortran.dg/lto/pr45586-2 f_lto_pr45586-2_0.o-f_lto_pr45586-2_0.o execute -O0 -flto -flto-partition=none -fuse-linker-plugin
FAIL: gfortran.dg/lto/pr45586-2 f_lto_pr45586-2_0.o-f_lto_pr45586-2_0.o link, -O0 -flto -flto-partition=1to1 -fno-use-linker-plugin (internal compiler error)
UNRESOLVED: gfortran.dg/lto/pr45586-2 f_lto_pr45586-2_0.o-f_lto_pr45586-2_0.o execute -O0 -flto -flto-partition=1to1 -fno-use-linker-plugin
FAIL: gfortran.dg/lto/pr45586-2 f_lto_pr45586-2_0.o-f_lto_pr45586-2_0.o link, -O0 -flto -fuse-linker-plugin -fno-fat-lto-objects (internal compiler error)
UNRESOLVED: gfortran.dg/lto/pr45586-2 f_lto_pr45586-2_0.o-f_lto_pr45586-2_0.o execute -O0 -flto -fuse-linker-plugin -fno-fat-lto-objects
FAIL: gfortran.dg/lto/pr45586 f_lto_pr45586_0.o-f_lto_pr45586_0.o link, -O0 -flto -flto-partition=none -fuse-linker-plugin (internal compiler error)
UNRESOLVED: gfortran.dg/lto/pr45586 f_lto_pr45586_0.o-f_lto_pr45586_0.o execute -O0 -flto -flto-partition=none -fuse-linker-plugin
FAIL: gfortran.dg/lto/pr45586 f_lto_pr45586_0.o-f_lto_pr45586_0.o link, -O0 -flto -flto-partition=1to1 -fno-use-linker-plugin (internal compiler error)
UNRESOLVED: gfortran.dg/lto/pr45586 f_lto_pr45586_0.o-f_lto_pr45586_0.o execute -O0 -flto -flto-partition=1to1 -fno-use-linker-plugin
FAIL: gfortran.dg/lto/pr45586 f_lto_pr45586_0.o-f_lto_pr45586_0.o link, -O0 -flto -fuse-linker-plugin -fno-fat-lto-objects (internal compiler error)
UNRESOLVED: gfortran.dg/lto/pr45586 f_lto_pr45586_0.o-f_lto_pr45586_0.o execute -O0 -flto -fuse-linker-plugin -fno-fat-lto-objects
=== gfortran Summary for unix/-m64 ===
# of expected passes 44722
# of unexpected failures 6
# of expected failures 52
# of unresolved testcases 6
# of unsupported tests 82
=== gfortran Summary ===
# of expected passes 89141
# of unexpected failures 12
# of expected failures 104
# of unresolved testcases 12
# of unsupported tests 310
/var/gcc/regression/trunk/10-gcc-gas-gld/build/gcc/testsuite/gfortran/../../gfortran version 4.9.0 20130628 (experimental) [trunk revision 200538] (GCC)
=== gnat tests ===
Running target unix
=== gnat Summary for unix ===
# of expected passes 1176
# of expected failures 18
# of unsupported tests 6
Running target unix/-m64
=== gnat Summary for unix/-m64 ===
# of expected passes 1176
# of expected failures 18
# of unsupported tests 6
=== gnat Summary ===
# of expected passes 2352
# of expected failures 36
# of unsupported tests 12
/var/gcc/regression/trunk/10-gcc-gas-gld/build/gcc/gnatmake version 4.9.0 20130628 (experimental) [trunk revision 200538]
=== go tests ===
Running target unix
=== go Summary for unix ===
# of expected passes 5179
# of expected failures 1
# of untested testcases 5
Running target unix/-m64
=== go Summary for unix/-m64 ===
# of expected passes 5059
# of expected failures 1
# of untested testcases 5
=== go Summary ===
# of expected passes 10238
# of expected failures 2
# of untested testcases 10
/var/gcc/regression/trunk/10-gcc-gas-gld/build/gcc/testsuite/go/../../gccgo version 4.9.0 20130628 (experimental) [trunk revision 200538] (GCC)
=== obj-c++ tests ===
Running target unix
=== obj-c++ Summary for unix ===
# of expected passes 1449
# of expected failures 2
# of unsupported tests 86
Running target unix/-m64
=== obj-c++ Summary for unix/-m64 ===
# of expected passes 1441
# of expected failures 10
# of unsupported tests 86
=== obj-c++ Summary ===
# of expected passes 2890
# of expected failures 12
# of unsupported tests 172
/var/gcc/regression/trunk/10-gcc-gas-gld/build/gcc/testsuite/obj-c++/../../xg++ version 4.9.0 20130628 (experimental) [trunk revision 200538] (GCC)
=== objc tests ===
Running target unix
=== objc Summary for unix ===
# of expected passes 2988
# of expected failures 6
# of unsupported tests 74
Running target unix/-m64
=== objc Summary for unix/-m64 ===
# of expected passes 2988
# of expected failures 6
# of unsupported tests 74
=== objc Summary ===
# of expected passes 5976
# of expected failures 12
# of unsupported tests 148
/var/gcc/regression/trunk/10-gcc-gas-gld/build/gcc/xgcc version 4.9.0 20130628 (experimental) [trunk revision 200538] (GCC)
=== boehm-gc tests ===
Running target unix
FAIL: boehm-gc.c/gctest.c -O2 execution test
=== boehm-gc Summary for unix ===
# of expected passes 11
# of unexpected failures 1
# of unsupported tests 1
Running target unix/-m64
=== boehm-gc Summary for unix/-m64 ===
# of expected passes 12
# of unsupported tests 1
=== boehm-gc Summary ===
# of expected passes 23
# of unexpected failures 1
# of unsupported tests 2
=== libatomic tests ===
Running target unix
=== libatomic Summary for unix ===
# of expected passes 44
# of unsupported tests 5
Running target unix/-m64
=== libatomic Summary for unix/-m64 ===
# of expected passes 54
=== libatomic Summary ===
# of expected passes 98
# of unsupported tests 5
=== libffi tests ===
Running target unix
=== libffi Summary for unix ===
# of expected passes 1819
# of unsupported tests 55
Running target unix/-m64
=== libffi Summary for unix/-m64 ===
# of expected passes 1819
# of unsupported tests 55
=== libffi Summary ===
# of expected passes 3638
# of unsupported tests 110
=== libgo tests ===
Running target unix
=== libgo Summary for unix ===
# of expected passes 131
Running target unix/-m64
FAIL: os
FAIL: net/http
FAIL: net/http/cgi
=== libgo Summary for unix/-m64 ===
# of expected passes 128
# of unexpected failures 3
=== libgo Summary ===
# of expected passes 259
# of unexpected failures 3
/var/gcc/regression/trunk/10-gcc-gas-gld/build/./gcc/gccgo version 4.9.0 20130628 (experimental) [trunk revision 200538] (GCC)
=== libgomp tests ===
Running target unix
=== libgomp Summary for unix ===
# of expected passes 2192
# of unsupported tests 3
Running target unix/-m64
=== libgomp Summary for unix/-m64 ===
# of expected passes 2192
# of unsupported tests 3
=== libgomp Summary ===
# of expected passes 4384
# of unsupported tests 6
=== libitm tests ===
Running target unix
=== libitm Summary for unix ===
# of expected passes 26
# of expected failures 3
# of unsupported tests 1
Running target unix/-m64
=== libitm Summary for unix/-m64 ===
# of expected passes 26
# of expected failures 3
# of unsupported tests 1
=== libitm Summary ===
# of expected passes 52
# of expected failures 6
# of unsupported tests 2
=== libjava tests ===
Running target unix
FAIL: sourcelocation output - source compiled test
FAIL: sourcelocation -findirect-dispatch output - source compiled test
FAIL: sourcelocation -O3 output - source compiled test
FAIL: sourcelocation -O3 -findirect-dispatch output - source compiled test
=== libjava Summary for unix ===
# of expected passes 2582
# of unexpected failures 4
Running target unix/-m64
FAIL: sourcelocation output - source compiled test
FAIL: sourcelocation -findirect-dispatch output - source compiled test
FAIL: sourcelocation -O3 output - source compiled test
FAIL: sourcelocation -O3 -findirect-dispatch output - source compiled test
=== libjava Summary for unix/-m64 ===
# of expected passes 2582
# of unexpected failures 4
=== libjava Summary ===
# of expected passes 5164
# of unexpected failures 8
=== libstdc++ tests ===
Running target unix
FAIL: 23_containers/vector/requirements/dr438/assign_neg.cc (test for errors, line 1308)
FAIL: 23_containers/vector/requirements/dr438/assign_neg.cc (test for excess errors)
FAIL: 23_containers/vector/requirements/dr438/constructor_1_neg.cc (test for errors, line 1234)
FAIL: 23_containers/vector/requirements/dr438/constructor_1_neg.cc (test for excess errors)
FAIL: 23_containers/vector/requirements/dr438/constructor_2_neg.cc (test for errors, line 1234)
FAIL: 23_containers/vector/requirements/dr438/constructor_2_neg.cc (test for excess errors)
FAIL: 23_containers/vector/requirements/dr438/insert_neg.cc (test for errors, line 1349)
FAIL: 23_containers/vector/requirements/dr438/insert_neg.cc (test for excess errors)
=== libstdc++ Summary for unix ===
# of expected passes 8514
# of unexpected failures 8
# of expected failures 46
# of unsupported tests 571
Running target unix/-m64
FAIL: 23_containers/vector/requirements/dr438/assign_neg.cc (test for errors, line 1308)
FAIL: 23_containers/vector/requirements/dr438/assign_neg.cc (test for excess errors)
FAIL: 23_containers/vector/requirements/dr438/constructor_1_neg.cc (test for errors, line 1234)
FAIL: 23_containers/vector/requirements/dr438/constructor_1_neg.cc (test for excess errors)
FAIL: 23_containers/vector/requirements/dr438/constructor_2_neg.cc (test for errors, line 1234)
FAIL: 23_containers/vector/requirements/dr438/constructor_2_neg.cc (test for excess errors)
FAIL: 23_containers/vector/requirements/dr438/insert_neg.cc (test for errors, line 1349)
FAIL: 23_containers/vector/requirements/dr438/insert_neg.cc (test for excess errors)
=== libstdc++ Summary for unix/-m64 ===
# of expected passes 8516
# of unexpected failures 8
# of expected failures 46
# of unsupported tests 571
=== libstdc++ Summary ===
# of expected passes 17030
# of unexpected failures 16
# of expected failures 92
# of unsupported tests 1142
Compiler version: 4.9.0 20130628 (experimental) [trunk revision 200538] (GCC)
Platform: i386-pc-solaris2.10
configure flags: --prefix=/vol/gcc --target=i386-pc-solaris2.10 --enable-objc-gc --with-as=/vol/gcc/bin/gas-2.23.1 --with-gnu-as --with-ld=/vol/gcc/bin/gld-2.23.1 --with-gnu-ld --with-gmp-include=/vol/gcc/include --with-gmp-lib=/vol/gcc/lib --with-mpfr-include=/vol/gcc/include --with-mpfr-lib=/vol/gcc/lib --with-mpc-include=/vol/gcc/include --with-mpc-lib=/vol/gcc/lib --enable-languages=all,ada,obj-c++,go --with-isl-include=/vol/gcc/include --with-isl-lib=/vol/gcc/lib --with-cloog-include=/vol/gcc/include --with-cloog-lib=/vol/gcc/lib --enable-cloog-backend=isl
BOOT_CFLAGS=-g -O2
More information about the Gcc-testresults
mailing list