Results for 4.8.0 20130124 (experimental) (GCC) testsuite on arm-none-linux-gnueabi
CodeSourcery Automatic Testing System
gcc@codesourcery.com
Fri Jan 25 21:00:00 GMT 2013
LAST_UPDATED: Thu Jan 24 08:28:57 UTC 2013 (/trunk revision 195417)
Target is arm-none-linux-gnueabi
Host is i686-pc-linux-gnu
=== g++ tests ===
Running target qemu-default
FAIL: g++.dg/debug/dwarf2/non-virtual-thunk.C -std=gnu++98 scan-assembler thunk.C:30
FAIL: g++.dg/debug/dwarf2/non-virtual-thunk.C -std=gnu++11 scan-assembler thunk.C:30
=== g++ Summary ===
# of expected passes 49660
# of unexpected failures 2
# of expected failures 288
# of unsupported tests 838
/scratch/gcc/nightly-2013-01-25-mainline/arm-none-linux-gnueabi/obj/test-mainline-0-arm-none-linux-gnueabi/host-i686-pc-linux-gnu/fsf-mainline/bin/arm-none-linux-gnueabi-g++ version 4.8.0 20130124 (experimental) (GCC)
=== Summary adjusted for local xfails ===
# of unexpected failures 2
# of expected passes 49660
# of expected failures 288
# of unsupported tests 838
Host is i686-pc-linux-gnu
=== gcc tests ===
Running target qemu-default
FAIL: gcc.dg/atomic-compare-exchange-1.c execution test
FAIL: gcc.dg/atomic-compare-exchange-2.c execution test
FAIL: gcc.dg/uninit-13.c unconditional (test for warnings, line 8)
FAIL: gcc.dg/uninit-13.c (test for excess errors)
FAIL: gcc.dg/tree-ssa/sra-12.c scan-tree-dump-times release_ssa "l;" 0
FAIL: gcc.target/arm/mmx-2.c (internal compiler error)
FAIL: gcc.target/arm/mmx-2.c (test for excess errors)
FAIL: gcc.target/arm/neon-vext-execute.c execution test
FAIL: gcc.target/arm/pr42172-1.c scan-assembler-times ldr 1
FAIL: gcc.target/arm/pr42575.c scan-assembler-not mov
=== gcc Summary ===
# of expected passes 87889
# of unexpected failures 10
# of expected failures 255
# of unsupported tests 1363
/scratch/gcc/nightly-2013-01-25-mainline/arm-none-linux-gnueabi/obj/test-mainline-0-arm-none-linux-gnueabi/host-i686-pc-linux-gnu/fsf-mainline/bin/arm-none-linux-gnueabi-gcc version 4.8.0 20130124 (experimental) (GCC)
=== Summary adjusted for local xfails ===
# of unexpected failures 10
# of expected passes 87889
# of expected failures 255
# of unsupported tests 1363
Host is i686-pc-linux-gnu
=== gfortran tests ===
Running target qemu-default
XPASS: gfortran.dg/do_1.f90 -O0 execution test
XPASS: gfortran.dg/do_1.f90 -O1 execution test
FAIL: gfortran.dg/select_type_4.f90 -O2 execution test
FAIL: gfortran.dg/select_type_4.f90 -O3 -fomit-frame-pointer execution test
FAIL: gfortran.dg/select_type_4.f90 -O3 -fomit-frame-pointer -funroll-loops execution test
FAIL: gfortran.dg/select_type_4.f90 -O3 -fomit-frame-pointer -funroll-all-loops -finline-functions execution test
FAIL: gfortran.dg/select_type_4.f90 -O3 -g execution test
FAIL: gfortran.dg/zero_sized_1.f90 -O0 execution test
FAIL: gfortran.dg/lto/pr45586-2 f_lto_pr45586-2_0.o-f_lto_pr45586-2_0.o link, -O0 -flto -flto-partition=none -fuse-linker-plugin (internal compiler error)
UNRESOLVED: gfortran.dg/lto/pr45586-2 f_lto_pr45586-2_0.o-f_lto_pr45586-2_0.o execute -O0 -flto -flto-partition=none -fuse-linker-plugin
FAIL: gfortran.dg/lto/pr45586-2 f_lto_pr45586-2_0.o-f_lto_pr45586-2_0.o link, -O0 -flto -flto-partition=1to1 -fno-use-linker-plugin (internal compiler error)
UNRESOLVED: gfortran.dg/lto/pr45586-2 f_lto_pr45586-2_0.o-f_lto_pr45586-2_0.o execute -O0 -flto -flto-partition=1to1 -fno-use-linker-plugin
FAIL: gfortran.dg/lto/pr45586-2 f_lto_pr45586-2_0.o-f_lto_pr45586-2_0.o link, -O0 -flto -fuse-linker-plugin -fno-fat-lto-objects (internal compiler error)
UNRESOLVED: gfortran.dg/lto/pr45586-2 f_lto_pr45586-2_0.o-f_lto_pr45586-2_0.o execute -O0 -flto -fuse-linker-plugin -fno-fat-lto-objects
FAIL: gfortran.dg/lto/pr45586 f_lto_pr45586_0.o-f_lto_pr45586_0.o link, -O0 -flto -flto-partition=none -fuse-linker-plugin (internal compiler error)
UNRESOLVED: gfortran.dg/lto/pr45586 f_lto_pr45586_0.o-f_lto_pr45586_0.o execute -O0 -flto -flto-partition=none -fuse-linker-plugin
FAIL: gfortran.dg/lto/pr45586 f_lto_pr45586_0.o-f_lto_pr45586_0.o link, -O0 -flto -flto-partition=1to1 -fno-use-linker-plugin (internal compiler error)
UNRESOLVED: gfortran.dg/lto/pr45586 f_lto_pr45586_0.o-f_lto_pr45586_0.o execute -O0 -flto -flto-partition=1to1 -fno-use-linker-plugin
FAIL: gfortran.dg/lto/pr45586 f_lto_pr45586_0.o-f_lto_pr45586_0.o link, -O0 -flto -fuse-linker-plugin -fno-fat-lto-objects (internal compiler error)
UNRESOLVED: gfortran.dg/lto/pr45586 f_lto_pr45586_0.o-f_lto_pr45586_0.o execute -O0 -flto -fuse-linker-plugin -fno-fat-lto-objects
FAIL: gfortran.dg/vect/pr32380.f -O scan-tree-dump-times vect "vectorized 6 loops" 1
=== gfortran Summary ===
# of expected passes 42045
# of unexpected failures 13
# of unexpected successes 2
# of expected failures 63
# of unresolved testcases 6
# of unsupported tests 391
/scratch/gcc/nightly-2013-01-25-mainline/arm-none-linux-gnueabi/obj/test-mainline-0-arm-none-linux-gnueabi/host-i686-pc-linux-gnu/fsf-mainline/bin/arm-none-linux-gnueabi-gfortran version 4.8.0 20130124 (experimental) (GCC)
=== Summary adjusted for local xfails ===
# of unexpected failures 13
# of expected passes 42045
# of unexpected successes 2
# of expected failures 63
# of unresolved testcases 6
# of unsupported tests 391
Host is i686-pc-linux-gnu
=== libstdc++ tests ===
Running target qemu-default
ERROR: tcl error sourcing /scratch/gcc/nightly-2013-01-25-mainline/src/gcc-mainline/libstdc++-v3/testsuite/libstdc++-abi/abi.exp.
ERROR: can't read "baseline_subdir_switch": no such variable
FAIL: 21_strings/basic_string/inserters_extractors/wchar_t/28277.cc execution test
FAIL: 22_locale/time_get/get_weekday/char/38081-1.cc execution test
FAIL: 22_locale/time_get/get_weekday/char/38081-2.cc execution test
FAIL: 27_io/basic_ostream/inserters_character/wchar_t/28277-3.cc execution test
FAIL: 27_io/basic_ostream/inserters_character/wchar_t/28277-4.cc execution test
FAIL: 29_atomics/atomic/operators/integral_assignment.cc execution test
FAIL: 29_atomics/atomic/operators/integral_conversion.cc execution test
FAIL: 29_atomics/atomic_integral/operators/integral_assignment.cc execution test
FAIL: 29_atomics/atomic_integral/operators/integral_conversion.cc execution test
FAIL: ext/vstring/inserters_extractors/wchar_t/28277.cc execution test
=== libstdc++ Summary ===
# of expected passes 8729
# of unexpected failures 10
# of expected failures 45
# of unsupported tests 338
=== Summary adjusted for local xfails ===
# of errors 2
# of unexpected failures 10
# of expected passes 8729
# of expected failures 45
# of unsupported tests 338
Host is i686-pc-linux-gnu
=== g++ tests ===
Running target qemu-default-thumb/-mthumb
FAIL: g++.dg/debug/dwarf2/non-virtual-thunk.C -std=gnu++98 scan-assembler thunk.C:30
FAIL: g++.dg/debug/dwarf2/non-virtual-thunk.C -std=gnu++11 scan-assembler thunk.C:30
FAIL: g++.dg/torture/covariant-1.C -O2 -flto -fno-use-linker-plugin -flto-partition=none execution test
FAIL: g++.dg/torture/covariant-1.C -O2 -flto -fuse-linker-plugin -fno-fat-lto-objects execution test
FAIL: g++.dg/torture/pr45699.C -O2 -flto -fuse-linker-plugin -fno-fat-lto-objects execution test
=== g++ Summary ===
# of expected passes 49517
# of unexpected failures 5
# of expected failures 288
# of unsupported tests 854
/scratch/gcc/nightly-2013-01-25-mainline/arm-none-linux-gnueabi/obj/test-mainline-0-arm-none-linux-gnueabi/host-i686-pc-linux-gnu/fsf-mainline/bin/arm-none-linux-gnueabi-g++ version 4.8.0 20130124 (experimental) (GCC)
=== Summary adjusted for local xfails ===
# of unexpected failures 5
# of expected passes 49517
# of expected failures 288
# of unsupported tests 854
Host is i686-pc-linux-gnu
=== gcc tests ===
Running target qemu-default-thumb/-mthumb
FAIL: gcc.dg/atomic-compare-exchange-1.c execution test
FAIL: gcc.dg/atomic-compare-exchange-2.c execution test
FAIL: gcc.dg/uninit-13.c unconditional (test for warnings, line 8)
FAIL: gcc.dg/uninit-13.c (test for excess errors)
FAIL: gcc.dg/torture/tls/tls-reload-1.c -O0 (internal compiler error)
FAIL: gcc.dg/torture/tls/tls-reload-1.c -O0 (test for excess errors)
UNRESOLVED: gcc.dg/torture/tls/tls-reload-1.c -O0 compilation failed to produce executable
FAIL: gcc.dg/torture/tls/tls-reload-1.c -O1 (internal compiler error)
FAIL: gcc.dg/torture/tls/tls-reload-1.c -O1 (test for excess errors)
UNRESOLVED: gcc.dg/torture/tls/tls-reload-1.c -O1 compilation failed to produce executable
FAIL: gcc.dg/torture/tls/tls-reload-1.c -O1 -pie -fpie execution test
FAIL: gcc.dg/torture/tls/tls-reload-1.c -O2 -pie -fpie execution test
FAIL: gcc.dg/torture/tls/tls-reload-1.c -O3 -fomit-frame-pointer -pie -fpie execution test
FAIL: gcc.dg/torture/tls/tls-reload-1.c -O3 -g -pie -fpie execution test
FAIL: gcc.dg/torture/tls/tls-reload-1.c -Os -pie -fpie execution test
FAIL: gcc.dg/torture/tls/tls-reload-1.c -O1 -pie -fPIE execution test
FAIL: gcc.dg/torture/tls/tls-reload-1.c -O2 -pie -fPIE execution test
FAIL: gcc.dg/torture/tls/tls-reload-1.c -O3 -fomit-frame-pointer -pie -fPIE execution test
FAIL: gcc.dg/torture/tls/tls-reload-1.c -O3 -g -pie -fPIE execution test
FAIL: gcc.dg/torture/tls/tls-reload-1.c -Os -pie -fPIE execution test
FAIL: gcc.dg/tree-ssa/sra-12.c scan-tree-dump-times release_ssa "l;" 0
FAIL: gcc.target/arm/pr42172-1.c scan-assembler-times ldr 1
FAIL: gcc.target/arm/pr43137.c scan-assembler-not mov\\tr1, r[1-9]
FAIL: gcc.target/arm/volatile-bitfields-1.c scan-assembler ldrb[\\\\t ]+[^\\n]*,[\\\\t ]*\\\\[[^\\n]*\\\\]
=== gcc Summary ===
# of expected passes 80882
# of unexpected failures 22
# of expected failures 113
# of unresolved testcases 2
# of unsupported tests 3310
/scratch/gcc/nightly-2013-01-25-mainline/arm-none-linux-gnueabi/obj/test-mainline-0-arm-none-linux-gnueabi/host-i686-pc-linux-gnu/fsf-mainline/bin/arm-none-linux-gnueabi-gcc version 4.8.0 20130124 (experimental) (GCC)
=== Summary adjusted for local xfails ===
# of unexpected failures 22
# of expected passes 80882
# of expected failures 113
# of unresolved testcases 2
# of unsupported tests 3310
Host is i686-pc-linux-gnu
=== gfortran tests ===
Running target qemu-default-thumb/-mthumb
XPASS: gfortran.dg/do_1.f90 -O0 execution test
XPASS: gfortran.dg/do_1.f90 -O1 execution test
FAIL: gfortran.dg/lto/pr45586-2 f_lto_pr45586-2_0.o-f_lto_pr45586-2_0.o link, -O0 -flto -flto-partition=none -fuse-linker-plugin (internal compiler error)
UNRESOLVED: gfortran.dg/lto/pr45586-2 f_lto_pr45586-2_0.o-f_lto_pr45586-2_0.o execute -O0 -flto -flto-partition=none -fuse-linker-plugin
FAIL: gfortran.dg/lto/pr45586-2 f_lto_pr45586-2_0.o-f_lto_pr45586-2_0.o link, -O0 -flto -flto-partition=1to1 -fno-use-linker-plugin (internal compiler error)
UNRESOLVED: gfortran.dg/lto/pr45586-2 f_lto_pr45586-2_0.o-f_lto_pr45586-2_0.o execute -O0 -flto -flto-partition=1to1 -fno-use-linker-plugin
FAIL: gfortran.dg/lto/pr45586-2 f_lto_pr45586-2_0.o-f_lto_pr45586-2_0.o link, -O0 -flto -fuse-linker-plugin -fno-fat-lto-objects (internal compiler error)
UNRESOLVED: gfortran.dg/lto/pr45586-2 f_lto_pr45586-2_0.o-f_lto_pr45586-2_0.o execute -O0 -flto -fuse-linker-plugin -fno-fat-lto-objects
FAIL: gfortran.dg/lto/pr45586 f_lto_pr45586_0.o-f_lto_pr45586_0.o link, -O0 -flto -flto-partition=none -fuse-linker-plugin (internal compiler error)
UNRESOLVED: gfortran.dg/lto/pr45586 f_lto_pr45586_0.o-f_lto_pr45586_0.o execute -O0 -flto -flto-partition=none -fuse-linker-plugin
FAIL: gfortran.dg/lto/pr45586 f_lto_pr45586_0.o-f_lto_pr45586_0.o link, -O0 -flto -flto-partition=1to1 -fno-use-linker-plugin (internal compiler error)
UNRESOLVED: gfortran.dg/lto/pr45586 f_lto_pr45586_0.o-f_lto_pr45586_0.o execute -O0 -flto -flto-partition=1to1 -fno-use-linker-plugin
FAIL: gfortran.dg/lto/pr45586 f_lto_pr45586_0.o-f_lto_pr45586_0.o link, -O0 -flto -fuse-linker-plugin -fno-fat-lto-objects (internal compiler error)
UNRESOLVED: gfortran.dg/lto/pr45586 f_lto_pr45586_0.o-f_lto_pr45586_0.o execute -O0 -flto -fuse-linker-plugin -fno-fat-lto-objects
=== gfortran Summary ===
# of expected passes 42002
# of unexpected failures 6
# of unexpected successes 2
# of expected failures 62
# of unresolved testcases 6
# of unsupported tests 380
/scratch/gcc/nightly-2013-01-25-mainline/arm-none-linux-gnueabi/obj/test-mainline-0-arm-none-linux-gnueabi/host-i686-pc-linux-gnu/fsf-mainline/bin/arm-none-linux-gnueabi-gfortran version 4.8.0 20130124 (experimental) (GCC)
=== Summary adjusted for local xfails ===
# of unexpected failures 6
# of expected passes 42002
# of unexpected successes 2
# of expected failures 62
# of unresolved testcases 6
# of unsupported tests 380
Host is i686-pc-linux-gnu
=== libstdc++ tests ===
Running target qemu-default-thumb/-mthumb
ERROR: tcl error sourcing /scratch/gcc/nightly-2013-01-25-mainline/src/gcc-mainline/libstdc++-v3/testsuite/libstdc++-abi/abi.exp.
ERROR: can't read "baseline_subdir_switch": no such variable
FAIL: 21_strings/basic_string/inserters_extractors/wchar_t/28277.cc execution test
FAIL: 22_locale/time_get/get_weekday/char/38081-1.cc execution test
FAIL: 22_locale/time_get/get_weekday/char/38081-2.cc execution test
FAIL: 27_io/basic_ostream/inserters_character/wchar_t/28277-3.cc execution test
FAIL: 27_io/basic_ostream/inserters_character/wchar_t/28277-4.cc execution test
FAIL: 29_atomics/atomic/operators/integral_assignment.cc execution test
FAIL: 29_atomics/atomic/operators/integral_conversion.cc execution test
FAIL: 29_atomics/atomic_integral/operators/integral_assignment.cc execution test
FAIL: 29_atomics/atomic_integral/operators/integral_conversion.cc execution test
FAIL: ext/vstring/inserters_extractors/wchar_t/28277.cc execution test
=== libstdc++ Summary ===
# of expected passes 8729
# of unexpected failures 10
# of expected failures 45
# of unsupported tests 338
=== Summary adjusted for local xfails ===
# of errors 2
# of unexpected failures 10
# of expected passes 8729
# of expected failures 45
# of unsupported tests 338
Compiler version: 4.8.0 20130124 (experimental) (GCC)
Platform: arm-none-linux-gnueabi
configure flags: --build=i686-pc-linux-gnu --host=i686-pc-linux-gnu --target=arm-none-linux-gnueabi --enable-threads --disable-libmudflap --disable-libssp --disable-libstdcxx-pch --with-gnu-as --with-gnu-ld --enable-languages=c,c++,fortran --enable-shared --enable-lto --enable-symvers=gnu --enable-__cxa_atexit --disable-nls --prefix=/opt/codesourcery --with-sysroot=/opt/codesourcery/arm-none-linux-gnueabi/libc --with-build-sysroot=/scratch/gcc/nightly-2013-01-25-mainline/arm-none-linux-gnueabi/install/arm-none-linux-gnueabi/libc --with-gmp=/scratch/gcc/nightly-2013-01-25-mainline/arm-none-linux-gnueabi/obj/pkg-mainline-0-arm-none-linux-gnueabi/fsf-mainline-0-arm-none-linux-gnueabi.extras/host-libs-i686-pc-linux-gnu/usr --with-mpfr=/scratch/gcc/nightly-2013-01-25-mainline/arm-none-linux-gnueabi/obj/pkg-mainline-0-arm-none-linux-gnueabi/fsf-mainline-0-arm-none-linux-gnueabi.extras/host-libs-i686-pc-linux-gnu/usr --with-mpc=/scratch/gcc/nightly-2013-01-25-mainline/arm-none-linux
-gnueabi/obj/pkg-mainline-0-arm-none-linux-gnueabi/fsf-mainline-0-arm-none-linux-gnueabi.extras/host-libs-i686-pc-linux-gnu/usr --with-host-libstdcxx='-static-libgcc -Wl,-Bstatic,-lstdc++,-Bdynamic -lm' --with-isl=/scratch/gcc/nightly-2013-01-25-mainline/arm-none-linux-gnueabi/obj/pkg-mainline-0-arm-none-linux-gnueabi/fsf-mainline-0-arm-none-linux-gnueabi.extras/host-libs-i686-pc-linux-gnu/usr --with-cloog=/scratch/gcc/nightly-2013-01-25-mainline/arm-none-linux-gnueabi/obj/pkg-mainline-0-arm-none-linux-gnueabi/fsf-mainline-0-arm-none-linux-gnueabi.extras/host-libs-i686-pc-linux-gnu/usr --with-libelf=/scratch/gcc/nightly-2013-01-25-mainline/arm-none-linux-gnueabi/obj/pkg-mainline-0-arm-none-linux-gnueabi/fsf-mainline-0-arm-none-linux-gnueabi.extras/host-libs-i686-pc-linux-gnu/usr --disable-libgomp --disable-libitm --enable-poison-system-directories --with-build-time-tools=/scratch/gcc/nightly-2013-01-25-mainline/arm-none-linux-gnueabi/install/arm-none-linux-gnueabi/bin --with
-build-time-tools=/scratch/gcc/nightly-2013-01-25-mainline/arm-none-linux-gnueabi/install/arm-none-linux-gnueabi/bin
More information about the Gcc-testresults
mailing list