Results for 4.8.0 20130106 (experimental) [trunk revision 194954] testsuite on hppa1.1-hp-hpux10.20
John David Anglin
dave@hiauly1.hia.nrc.ca
Fri Jan 11 17:30:00 GMT 2013
=== acats tests ===
FAIL: c34007j
FAIL: c380004
FAIL: c393a06
FAIL: c52008b
FAIL: c52104k
FAIL: c64201b
FAIL: c85018b
FAIL: c91004b
FAIL: c93004b
FAIL: c93004c
FAIL: c93004d
FAIL: c93005a
FAIL: c93005b
FAIL: c93005c
FAIL: c93005d
FAIL: c93005e
FAIL: c93005f
FAIL: c93005g
FAIL: c93005h
FAIL: c940010
FAIL: c940013
FAIL: c940014
FAIL: c940016
FAIL: c94001a
FAIL: c94001b
FAIL: c94001c
FAIL: c94002a
FAIL: c94002f
FAIL: c94002g
FAIL: c94007a
FAIL: c94008d
FAIL: c94010a
FAIL: c94011a
FAIL: c95008a
FAIL: c95022b
FAIL: c95040d
FAIL: c95065a
FAIL: c95065b
FAIL: c95065c
FAIL: c95065d
FAIL: c95065e
FAIL: c95065f
FAIL: c95085a
FAIL: c95085b
FAIL: c95085c
FAIL: c95085d
FAIL: c95085e
FAIL: c95085f
FAIL: c95085g
FAIL: c953001
FAIL: c954016
FAIL: c954017
FAIL: c954018
FAIL: c954019
FAIL: c954023
FAIL: c954025
FAIL: c97204b
FAIL: c97304b
FAIL: c97307a
FAIL: c974013
FAIL: c99004a
FAIL: c99005a
FAIL: c9a007a
FAIL: c9a009a
FAIL: c9a009c
FAIL: c9a009f
FAIL: c9a009g
FAIL: c9a009h
FAIL: cb1010a
FAIL: cb20001
FAIL: cb5002a
FAIL: cc3019c
FAIL: cc3120a
FAIL: cc3120b
FAIL: cxa4034
=== acats Summary ===
# of expected passes 2245
# of unexpected failures 75
Native configuration is hppa1.1-hp-hpux10.20
=== gcc tests ===
Running target unix
WARNING: program timed out.
FAIL: gcc.c-torture/compile/20001226-1.c -O2 (test for excess errors)
WARNING: program timed out.
FAIL: gcc.c-torture/compile/20001226-1.c -O3 -fomit-frame-pointer (test for excess errors)
WARNING: program timed out.
FAIL: gcc.c-torture/compile/20001226-1.c -O3 -g (test for excess errors)
WARNING: program timed out.
FAIL: gcc.c-torture/compile/20001226-1.c -Os (test for excess errors)
WARNING: program timed out.
FAIL: gcc.c-torture/compile/limits-externdecl.c -O0 (test for excess errors)
WARNING: program timed out.
FAIL: gcc.c-torture/compile/limits-externdecl.c -O1 (test for excess errors)
WARNING: program timed out.
FAIL: gcc.c-torture/compile/limits-externdecl.c -O2 (test for excess errors)
WARNING: program timed out.
FAIL: gcc.c-torture/compile/limits-externdecl.c -O3 -fomit-frame-pointer (test for excess errors)
WARNING: program timed out.
FAIL: gcc.c-torture/compile/limits-externdecl.c -O3 -g (test for excess errors)
WARNING: program timed out.
FAIL: gcc.c-torture/compile/limits-externdecl.c -Os (test for excess errors)
WARNING: program timed out.
FAIL: gcc.c-torture/compile/limits-fndefn.c -O1 (test for excess errors)
WARNING: program timed out.
FAIL: gcc.c-torture/compile/limits-fndefn.c -O2 (test for excess errors)
WARNING: program timed out.
FAIL: gcc.c-torture/compile/limits-fndefn.c -O3 -fomit-frame-pointer (test for excess errors)
WARNING: program timed out.
FAIL: gcc.c-torture/compile/limits-fndefn.c -O3 -g (test for excess errors)
WARNING: program timed out.
FAIL: gcc.c-torture/compile/limits-fndefn.c -Os (test for excess errors)
FAIL: gcc.c-torture/compile/limits-structnest.c -O2 (test for excess errors)
FAIL: gcc.c-torture/compile/limits-structnest.c -O3 -fomit-frame-pointer (test for excess errors)
FAIL: gcc.c-torture/compile/limits-structnest.c -O3 -g (test for excess errors)
FAIL: gcc.c-torture/compile/limits-structnest.c -Os (test for excess errors)
WARNING: program timed out.
FAIL: gcc.c-torture/compile/pr46534.c -O0 (test for excess errors)
WARNING: program timed out.
FAIL: gcc.c-torture/compile/pr46534.c -O1 (test for excess errors)
WARNING: program timed out.
FAIL: gcc.c-torture/compile/pr46534.c -O2 (test for excess errors)
WARNING: program timed out.
FAIL: gcc.c-torture/compile/pr46534.c -O3 -fomit-frame-pointer (test for excess errors)
WARNING: program timed out.
FAIL: gcc.c-torture/compile/pr46534.c -O3 -g (test for excess errors)
WARNING: program timed out.
FAIL: gcc.c-torture/compile/pr46534.c -Os (test for excess errors)
WARNING: program timed out.
FAIL: gcc.c-torture/execute/builtins/memset-chk.c compilation, -O3 -fomit-frame-pointer -funroll-loops
UNRESOLVED: gcc.c-torture/execute/builtins/memset-chk.c execution, -O3 -fomit-frame-pointer -funroll-loops
WARNING: program timed out.
FAIL: gcc.c-torture/execute/builtins/memset-chk.c compilation, -O3 -fomit-frame-pointer -funroll-all-loops -finline-functions
UNRESOLVED: gcc.c-torture/execute/builtins/memset-chk.c execution, -O3 -fomit-frame-pointer -funroll-all-loops -finline-functions
WARNING: program timed out.
FAIL: gcc.c-torture/unsorted/dump-noaddr.c, -O0 -dumpbase dump1/dump-noaddr.c -DMASK=1 -x c --param ggc-min-heapsize=1 -fdump-ipa-all -fdump-rtl-all -fdump-tree-all -fdump-noaddr
WARNING: program timed out.
FAIL: gcc.c-torture/unsorted/dump-noaddr.c, -O3 -fomit-frame-pointer -dumpbase dump1/dump-noaddr.c -DMASK=1 -x c --param ggc-min-heapsize=1 -fdump-ipa-all -fdump-rtl-all -fdump-tree-all -fdump-noaddr
WARNING: program timed out.
FAIL: gcc.c-torture/unsorted/dump-noaddr.c, -O3 -fomit-frame-pointer -funroll-loops -dumpbase dump1/dump-noaddr.c -DMASK=1 -x c --param ggc-min-heapsize=1 -fdump-ipa-all -fdump-rtl-all -fdump-tree-all -fdump-noaddr
FAIL: gcc.c-torture/unsorted/dump-noaddr.c.000i.cgraph, -O3 -fomit-frame-pointer -funroll-loops comparison
FAIL: gcc.c-torture/unsorted/dump-noaddr.c.034t.profile_estimate, -O3 -fomit-frame-pointer -funroll-loops comparison
FAIL: gcc.c-torture/unsorted/dump-noaddr.c.046i.cp, -O3 -fomit-frame-pointer -funroll-loops comparison
FAIL: gcc.c-torture/unsorted/dump-noaddr.c.048i.inline, -O3 -fomit-frame-pointer -funroll-loops comparison
FAIL: gcc.c-torture/unsorted/dump-noaddr.c.055t.copyrename2, -O3 -fomit-frame-pointer -funroll-loops comparison
FAIL: gcc.c-torture/unsorted/dump-noaddr.c.056t.cunrolli, -O3 -fomit-frame-pointer -funroll-loops comparison
FAIL: gcc.c-torture/unsorted/dump-noaddr.c.057t.ccp2, -O3 -fomit-frame-pointer -funroll-loops comparison
FAIL: gcc.c-torture/unsorted/dump-noaddr.c.058t.forwprop2, -O3 -fomit-frame-pointer -funroll-loops comparison
FAIL: gcc.c-torture/unsorted/dump-noaddr.c.059t.alias, -O3 -fomit-frame-pointer -funroll-loops comparison
FAIL: gcc.c-torture/unsorted/dump-noaddr.c.060t.retslot, -O3 -fomit-frame-pointer -funroll-loops comparison
FAIL: gcc.c-torture/unsorted/dump-noaddr.c.061t.phiprop, -O3 -fomit-frame-pointer -funroll-loops comparison
FAIL: gcc.c-torture/unsorted/dump-noaddr.c.062t.fre2, -O3 -fomit-frame-pointer -funroll-loops comparison
FAIL: gcc.c-torture/unsorted/dump-noaddr.c.063t.copyprop2, -O3 -fomit-frame-pointer -funroll-loops comparison
FAIL: gcc.c-torture/unsorted/dump-noaddr.c.064t.mergephi2, -O3 -fomit-frame-pointer -funroll-loops comparison
FAIL: gcc.c-torture/unsorted/dump-noaddr.c.065t.vrp1, -O3 -fomit-frame-pointer -funroll-loops comparison
FAIL: gcc.c-torture/unsorted/dump-noaddr.c.066t.dce1, -O3 -fomit-frame-pointer -funroll-loops comparison
FAIL: gcc.c-torture/unsorted/dump-noaddr.c.067t.cdce, -O3 -fomit-frame-pointer -funroll-loops comparison
FAIL: gcc.c-torture/unsorted/dump-noaddr.c.068t.cselim, -O3 -fomit-frame-pointer -funroll-loops comparison
FAIL: gcc.c-torture/unsorted/dump-noaddr.c.069t.ifcombine, -O3 -fomit-frame-pointer -funroll-loops comparison
FAIL: gcc.c-torture/unsorted/dump-noaddr.c.070t.phiopt1, -O3 -fomit-frame-pointer -funroll-loops comparison
FAIL: gcc.c-torture/unsorted/dump-noaddr.c.071t.tailr2, -O3 -fomit-frame-pointer -funroll-loops comparison
FAIL: gcc.c-torture/unsorted/dump-noaddr.c.072t.ch, -O3 -fomit-frame-pointer -funroll-loops comparison
FAIL: gcc.c-torture/unsorted/dump-noaddr.c.074t.cplxlower1, -O3 -fomit-frame-pointer -funroll-loops comparison
FAIL: gcc.c-torture/unsorted/dump-noaddr.c.075t.sra, -O3 -fomit-frame-pointer -funroll-loops comparison
FAIL: gcc.c-torture/unsorted/dump-noaddr.c.076t.copyrename3, -O3 -fomit-frame-pointer -funroll-loops comparison
FAIL: gcc.c-torture/unsorted/dump-noaddr.c.077t.dom1, -O3 -fomit-frame-pointer -funroll-loops comparison
FAIL: gcc.c-torture/unsorted/dump-noaddr.c.078t.phicprop1, -O3 -fomit-frame-pointer -funroll-loops comparison
FAIL: gcc.c-torture/unsorted/dump-noaddr.c.079t.dse1, -O3 -fomit-frame-pointer -funroll-loops comparison
FAIL: gcc.c-torture/unsorted/dump-noaddr.c.080t.reassoc1, -O3 -fomit-frame-pointer -funroll-loops comparison
FAIL: gcc.c-torture/unsorted/dump-noaddr.c.081t.dce2, -O3 -fomit-frame-pointer -funroll-loops comparison
FAIL: gcc.c-torture/unsorted/dump-noaddr.c.082t.forwprop3, -O3 -fomit-frame-pointer -funroll-loops comparison
FAIL: gcc.c-torture/unsorted/dump-noaddr.c.083t.phiopt2, -O3 -fomit-frame-pointer -funroll-loops comparison
FAIL: gcc.c-torture/unsorted/dump-noaddr.c.084t.objsz1, -O3 -fomit-frame-pointer -funroll-loops comparison
FAIL: gcc.c-torture/unsorted/dump-noaddr.c.085t.strlen, -O3 -fomit-frame-pointer -funroll-loops comparison
FAIL: gcc.c-torture/unsorted/dump-noaddr.c.086t.ccp3, -O3 -fomit-frame-pointer -funroll-loops comparison
FAIL: gcc.c-torture/unsorted/dump-noaddr.c.087t.copyprop3, -O3 -fomit-frame-pointer -funroll-loops comparison
FAIL: gcc.c-torture/unsorted/dump-noaddr.c.088t.sincos, -O3 -fomit-frame-pointer -funroll-loops comparison
FAIL: gcc.c-torture/unsorted/dump-noaddr.c.089t.bswap, -O3 -fomit-frame-pointer -funroll-loops comparison
FAIL: gcc.c-torture/unsorted/dump-noaddr.c.090t.crited, -O3 -fomit-frame-pointer -funroll-loops comparison
FAIL: gcc.c-torture/unsorted/dump-noaddr.c.091t.pre, -O3 -fomit-frame-pointer -funroll-loops comparison
FAIL: gcc.c-torture/unsorted/dump-noaddr.c.092t.sink, -O3 -fomit-frame-pointer -funroll-loops comparison
FAIL: gcc.c-torture/unsorted/dump-noaddr.c.095t.loop, -O3 -fomit-frame-pointer -funroll-loops comparison
FAIL: gcc.c-torture/unsorted/dump-noaddr.c.096t.loopinit, -O3 -fomit-frame-pointer -funroll-loops comparison
FAIL: gcc.c-torture/unsorted/dump-noaddr.c.097t.lim1, -O3 -fomit-frame-pointer -funroll-loops comparison
FAIL: gcc.c-torture/unsorted/dump-noaddr.c.098t.copyprop4, -O3 -fomit-frame-pointer -funroll-loops comparison
FAIL: gcc.c-torture/unsorted/dump-noaddr.c.099t.dceloop1, -O3 -fomit-frame-pointer -funroll-loops comparison
FAIL: gcc.c-torture/unsorted/dump-noaddr.c.100t.unswitch, -O3 -fomit-frame-pointer -funroll-loops comparison
FAIL: gcc.c-torture/unsorted/dump-noaddr.c.101t.sccp, -O3 -fomit-frame-pointer -funroll-loops comparison
FAIL: gcc.c-torture/unsorted/dump-noaddr.c.103t.ldist, -O3 -fomit-frame-pointer -funroll-loops comparison
FAIL: gcc.c-torture/unsorted/dump-noaddr.c.104t.copyprop5, -O3 -fomit-frame-pointer -funroll-loops comparison
FAIL: gcc.c-torture/unsorted/dump-noaddr.c.110t.ivcanon, -O3 -fomit-frame-pointer -funroll-loops comparison
FAIL: gcc.c-torture/unsorted/dump-noaddr.c.111t.ifcvt, -O3 -fomit-frame-pointer -funroll-loops comparison
FAIL: gcc.c-torture/unsorted/dump-noaddr.c.112t.vect, -O3 -fomit-frame-pointer -funroll-loops comparison
FAIL: gcc.c-torture/unsorted/dump-noaddr.c.113t.dceloop3, -O3 -fomit-frame-pointer -funroll-loops comparison
FAIL: gcc.c-torture/unsorted/dump-noaddr.c.114t.pcom, -O3 -fomit-frame-pointer -funroll-loops comparison
FAIL: gcc.c-torture/unsorted/dump-noaddr.c.115t.cunroll, -O3 -fomit-frame-pointer -funroll-loops comparison
FAIL: gcc.c-torture/unsorted/dump-noaddr.c.116t.slp, -O3 -fomit-frame-pointer -funroll-loops comparison
FAIL: gcc.c-torture/unsorted/dump-noaddr.c.119t.ivopts, -O3 -fomit-frame-pointer -funroll-loops comparison
FAIL: gcc.c-torture/unsorted/dump-noaddr.c.120t.lim3, -O3 -fomit-frame-pointer -funroll-loops comparison
FAIL: gcc.c-torture/unsorted/dump-noaddr.c.121t.loopdone, -O3 -fomit-frame-pointer -funroll-loops comparison
FAIL: gcc.c-torture/unsorted/dump-noaddr.c.122t.veclower21, -O3 -fomit-frame-pointer -funroll-loops comparison
FAIL: gcc.c-torture/unsorted/dump-noaddr.c.124t.reassoc2, -O3 -fomit-frame-pointer -funroll-loops comparison
FAIL: gcc.c-torture/unsorted/dump-noaddr.c.125t.vrp2, -O3 -fomit-frame-pointer -funroll-loops comparison
FAIL: gcc.c-torture/unsorted/dump-noaddr.c.126t.slsr, -O3 -fomit-frame-pointer -funroll-loops comparison
FAIL: gcc.c-torture/unsorted/dump-noaddr.c.127t.dom2, -O3 -fomit-frame-pointer -funroll-loops comparison
FAIL: gcc.c-torture/unsorted/dump-noaddr.c.128t.phicprop2, -O3 -fomit-frame-pointer -funroll-loops comparison
FAIL: gcc.c-torture/unsorted/dump-noaddr.c.129t.cddce2, -O3 -fomit-frame-pointer -funroll-loops comparison
FAIL: gcc.c-torture/unsorted/dump-noaddr.c.132t.dse2, -O3 -fomit-frame-pointer -funroll-loops comparison
FAIL: gcc.c-torture/unsorted/dump-noaddr.c.133t.forwprop4, -O3 -fomit-frame-pointer -funroll-loops comparison
FAIL: gcc.c-torture/unsorted/dump-noaddr.c.134t.phiopt3, -O3 -fomit-frame-pointer -funroll-loops comparison
FAIL: gcc.c-torture/unsorted/dump-noaddr.c.135t.fab1, -O3 -fomit-frame-pointer -funroll-loops comparison
FAIL: gcc.c-torture/unsorted/dump-noaddr.c.136t.widening_mul, -O3 -fomit-frame-pointer -funroll-loops comparison
FAIL: gcc.c-torture/unsorted/dump-noaddr.c.137t.tailc, -O3 -fomit-frame-pointer -funroll-loops comparison
FAIL: gcc.c-torture/unsorted/dump-noaddr.c.138t.copyrename4, -O3 -fomit-frame-pointer -funroll-loops comparison
FAIL: gcc.c-torture/unsorted/dump-noaddr.c.139t.uncprop1, -O3 -fomit-frame-pointer -funroll-loops comparison
FAIL: gcc.c-torture/unsorted/dump-noaddr.c.140t.local-pure-const2, -O3 -fomit-frame-pointer -funroll-loops comparison
FAIL: gcc.c-torture/unsorted/dump-noaddr.c.162t.nrv, -O3 -fomit-frame-pointer -funroll-loops comparison
FAIL: gcc.c-torture/unsorted/dump-noaddr.c.164t.optimized, -O3 -fomit-frame-pointer -funroll-loops comparison
FAIL: gcc.c-torture/unsorted/dump-noaddr.c.165r.expand, -O3 -fomit-frame-pointer -funroll-loops comparison
FAIL: gcc.c-torture/unsorted/dump-noaddr.c.166r.vregs, -O3 -fomit-frame-pointer -funroll-loops comparison
FAIL: gcc.c-torture/unsorted/dump-noaddr.c.167r.into_cfglayout, -O3 -fomit-frame-pointer -funroll-loops comparison
FAIL: gcc.c-torture/unsorted/dump-noaddr.c.168r.jump, -O3 -fomit-frame-pointer -funroll-loops comparison
FAIL: gcc.c-torture/unsorted/dump-noaddr.c.169r.subreg1, -O3 -fomit-frame-pointer -funroll-loops comparison
FAIL: gcc.c-torture/unsorted/dump-noaddr.c.170r.dfinit, -O3 -fomit-frame-pointer -funroll-loops comparison
FAIL: gcc.c-torture/unsorted/dump-noaddr.c.171r.cse1, -O3 -fomit-frame-pointer -funroll-loops comparison
FAIL: gcc.c-torture/unsorted/dump-noaddr.c.172r.fwprop1, -O3 -fomit-frame-pointer -funroll-loops comparison
FAIL: gcc.c-torture/unsorted/dump-noaddr.c.173r.cprop1, -O3 -fomit-frame-pointer -funroll-loops comparison
FAIL: gcc.c-torture/unsorted/dump-noaddr.c.174r.pre, -O3 -fomit-frame-pointer -funroll-loops comparison
FAIL: gcc.c-torture/unsorted/dump-noaddr.c.176r.cprop2, -O3 -fomit-frame-pointer -funroll-loops comparison
FAIL: gcc.c-torture/unsorted/dump-noaddr.c.179r.ce1, -O3 -fomit-frame-pointer -funroll-loops comparison
FAIL: gcc.c-torture/unsorted/dump-noaddr.c.180r.reginfo, -O3 -fomit-frame-pointer -funroll-loops comparison
FAIL: gcc.c-torture/unsorted/dump-noaddr.c.181r.loop2, -O3 -fomit-frame-pointer -funroll-loops comparison
FAIL: gcc.c-torture/unsorted/dump-noaddr.c.182r.loop2_init, -O3 -fomit-frame-pointer -funroll-loops comparison
FAIL: gcc.c-torture/unsorted/dump-noaddr.c.183r.loop2_invariant, -O3 -fomit-frame-pointer -funroll-loops comparison
FAIL: gcc.c-torture/unsorted/dump-noaddr.c.184r.loop2_unswitch, -O3 -fomit-frame-pointer -funroll-loops comparison
FAIL: gcc.c-torture/unsorted/dump-noaddr.c.185r.loop2_unroll, -O3 -fomit-frame-pointer -funroll-loops comparison
FAIL: gcc.c-torture/unsorted/dump-noaddr.c.187r.loop2_done, -O3 -fomit-frame-pointer -funroll-loops comparison
FAIL: gcc.c-torture/unsorted/dump-noaddr.c.188r.web, -O3 -fomit-frame-pointer -funroll-loops comparison
FAIL: gcc.c-torture/unsorted/dump-noaddr.c.189r.cprop3, -O3 -fomit-frame-pointer -funroll-loops comparison
FAIL: gcc.c-torture/unsorted/dump-noaddr.c.190r.cse2, -O3 -fomit-frame-pointer -funroll-loops comparison
FAIL: gcc.c-torture/unsorted/dump-noaddr.c.191r.dse1, -O3 -fomit-frame-pointer -funroll-loops comparison
FAIL: gcc.c-torture/unsorted/dump-noaddr.c.192r.fwprop2, -O3 -fomit-frame-pointer -funroll-loops comparison
FAIL: gcc.c-torture/unsorted/dump-noaddr.c.193r.auto_inc_dec, -O3 -fomit-frame-pointer -funroll-loops comparison
FAIL: gcc.c-torture/unsorted/dump-noaddr.c.194r.init-regs, -O3 -fomit-frame-pointer -funroll-loops comparison
FAIL: gcc.c-torture/unsorted/dump-noaddr.c.195r.ud_dce, -O3 -fomit-frame-pointer -funroll-loops comparison
FAIL: gcc.c-torture/unsorted/dump-noaddr.c.196r.combine, -O3 -fomit-frame-pointer -funroll-loops comparison
FAIL: gcc.c-torture/unsorted/dump-noaddr.c.197r.ce2, -O3 -fomit-frame-pointer -funroll-loops comparison
FAIL: gcc.c-torture/unsorted/dump-noaddr.c.199r.regmove, -O3 -fomit-frame-pointer -funroll-loops comparison
FAIL: gcc.c-torture/unsorted/dump-noaddr.c.200r.outof_cfglayout, -O3 -fomit-frame-pointer -funroll-loops comparison
FAIL: gcc.c-torture/unsorted/dump-noaddr.c.244t.statistics, -O3 -fomit-frame-pointer -funroll-loops comparison
WARNING: program timed out.
FAIL: gcc.c-torture/unsorted/dump-noaddr.c, -O3 -fomit-frame-pointer -funroll-all-loops -finline-functions -dumpbase dump1/dump-noaddr.c -DMASK=1 -x c --param ggc-min-heapsize=1 -fdump-ipa-all -fdump-rtl-all -fdump-tree-all -fdump-noaddr
FAIL: gcc.c-torture/unsorted/dump-noaddr.c.000i.cgraph, -O3 -fomit-frame-pointer -funroll-all-loops -finline-functions comparison
FAIL: gcc.c-torture/unsorted/dump-noaddr.c.003t.original, -O3 -fomit-frame-pointer -funroll-all-loops -finline-functions comparison
FAIL: gcc.c-torture/unsorted/dump-noaddr.c.244t.statistics, -O3 -fomit-frame-pointer -funroll-all-loops -finline-functions comparison
WARNING: program timed out.
FAIL: gcc.c-torture/unsorted/dump-noaddr.c, -Og -g -dumpbase dump1/dump-noaddr.c -DMASK=1 -x c --param ggc-min-heapsize=1 -fdump-ipa-all -fdump-rtl-all -fdump-tree-all -fdump-noaddr
FAIL: gcc.c-torture/unsorted/dump-noaddr.c.000i.cgraph, -Og -g comparison
FAIL: gcc.c-torture/unsorted/dump-noaddr.c.034t.profile_estimate, -Og -g comparison
FAIL: gcc.c-torture/unsorted/dump-noaddr.c.048i.inline, -Og -g comparison
FAIL: gcc.c-torture/unsorted/dump-noaddr.c.141t.cplxlower2, -Og -g comparison
FAIL: gcc.c-torture/unsorted/dump-noaddr.c.142t.veclower22, -Og -g comparison
FAIL: gcc.c-torture/unsorted/dump-noaddr.c.143t.ccp4, -Og -g comparison
FAIL: gcc.c-torture/unsorted/dump-noaddr.c.144t.objsz2, -Og -g comparison
FAIL: gcc.c-torture/unsorted/dump-noaddr.c.145t.copyprop7, -Og -g comparison
FAIL: gcc.c-torture/unsorted/dump-noaddr.c.148t.copyrename5, -Og -g comparison
FAIL: gcc.c-torture/unsorted/dump-noaddr.c.149t.dce3, -Og -g comparison
FAIL: gcc.c-torture/unsorted/dump-noaddr.c.150t.fab2, -Og -g comparison
FAIL: gcc.c-torture/unsorted/dump-noaddr.c.152t.uncprop2, -Og -g comparison
FAIL: gcc.c-torture/unsorted/dump-noaddr.c.153t.local-pure-const3, -Og -g comparison
FAIL: gcc.c-torture/unsorted/dump-noaddr.c.162t.nrv, -Og -g comparison
FAIL: gcc.c-torture/unsorted/dump-noaddr.c.164t.optimized, -Og -g comparison
FAIL: gcc.c-torture/unsorted/dump-noaddr.c.165r.expand, -Og -g comparison
FAIL: gcc.c-torture/unsorted/dump-noaddr.c.166r.vregs, -Og -g comparison
FAIL: gcc.c-torture/unsorted/dump-noaddr.c.167r.into_cfglayout, -Og -g comparison
FAIL: gcc.c-torture/unsorted/dump-noaddr.c.168r.jump, -Og -g comparison
FAIL: gcc.c-torture/unsorted/dump-noaddr.c.169r.subreg1, -Og -g comparison
FAIL: gcc.c-torture/unsorted/dump-noaddr.c.170r.dfinit, -Og -g comparison
FAIL: gcc.c-torture/unsorted/dump-noaddr.c.171r.cse1, -Og -g comparison
FAIL: gcc.c-torture/unsorted/dump-noaddr.c.172r.fwprop1, -Og -g comparison
FAIL: gcc.c-torture/unsorted/dump-noaddr.c.179r.ce1, -Og -g comparison
FAIL: gcc.c-torture/unsorted/dump-noaddr.c.180r.reginfo, -Og -g comparison
FAIL: gcc.c-torture/unsorted/dump-noaddr.c.181r.loop2, -Og -g comparison
FAIL: gcc.c-torture/unsorted/dump-noaddr.c.182r.loop2_init, -Og -g comparison
FAIL: gcc.c-torture/unsorted/dump-noaddr.c.183r.loop2_invariant, -Og -g comparison
FAIL: gcc.c-torture/unsorted/dump-noaddr.c.187r.loop2_done, -Og -g comparison
FAIL: gcc.c-torture/unsorted/dump-noaddr.c.191r.dse1, -Og -g comparison
FAIL: gcc.c-torture/unsorted/dump-noaddr.c.192r.fwprop2, -Og -g comparison
FAIL: gcc.c-torture/unsorted/dump-noaddr.c.193r.auto_inc_dec, -Og -g comparison
FAIL: gcc.c-torture/unsorted/dump-noaddr.c.194r.init-regs, -Og -g comparison
FAIL: gcc.c-torture/unsorted/dump-noaddr.c.196r.combine, -Og -g comparison
FAIL: gcc.c-torture/unsorted/dump-noaddr.c.197r.ce2, -Og -g comparison
FAIL: gcc.c-torture/unsorted/dump-noaddr.c.200r.outof_cfglayout, -Og -g comparison
FAIL: gcc.c-torture/unsorted/dump-noaddr.c.201r.split1, -Og -g comparison
FAIL: gcc.c-torture/unsorted/dump-noaddr.c.202r.subreg2, -Og -g comparison
FAIL: gcc.c-torture/unsorted/dump-noaddr.c.205r.asmcons, -Og -g comparison
FAIL: gcc.c-torture/unsorted/dump-noaddr.c.208r.ira, -Og -g comparison
FAIL: gcc.c-torture/unsorted/dump-noaddr.c.209r.reload, -Og -g comparison
FAIL: gcc.c-torture/unsorted/dump-noaddr.c.210r.postreload, -Og -g comparison
FAIL: gcc.c-torture/unsorted/dump-noaddr.c.212r.split2, -Og -g comparison
FAIL: gcc.c-torture/unsorted/dump-noaddr.c.216r.pro_and_epilogue, -Og -g comparison
FAIL: gcc.c-torture/unsorted/dump-noaddr.c.217r.dse2, -Og -g comparison
FAIL: gcc.c-torture/unsorted/dump-noaddr.c.219r.jump2, -Og -g comparison
FAIL: gcc.c-torture/unsorted/dump-noaddr.c.221r.ce3, -Og -g comparison
FAIL: gcc.c-torture/unsorted/dump-noaddr.c.223r.cprop_hardreg, -Og -g comparison
FAIL: gcc.c-torture/unsorted/dump-noaddr.c.224r.rtl_dce, -Og -g comparison
FAIL: gcc.c-torture/unsorted/dump-noaddr.c.231r.alignments, -Og -g comparison
FAIL: gcc.c-torture/unsorted/dump-noaddr.c.244t.statistics, -Og -g comparison
WARNING: program timed out.
FAIL: tmpdir-gcc.dg-struct-layout-1/t002 c_compat_y_tst.o compile
UNRESOLVED: tmpdir-gcc.dg-struct-layout-1/t002 c_compat_x_tst.o-c_compat_y_tst.o link
UNRESOLVED: tmpdir-gcc.dg-struct-layout-1/t002 c_compat_x_tst.o-c_compat_y_tst.o execute
WARNING: program timed out.
FAIL: tmpdir-gcc.dg-struct-layout-1/t003 c_compat_y_tst.o compile
UNRESOLVED: tmpdir-gcc.dg-struct-layout-1/t003 c_compat_x_tst.o-c_compat_y_tst.o link
UNRESOLVED: tmpdir-gcc.dg-struct-layout-1/t003 c_compat_x_tst.o-c_compat_y_tst.o execute
WARNING: program timed out.
FAIL: tmpdir-gcc.dg-struct-layout-1/t024 c_compat_y_tst.o compile
UNRESOLVED: tmpdir-gcc.dg-struct-layout-1/t024 c_compat_x_tst.o-c_compat_y_tst.o link
UNRESOLVED: tmpdir-gcc.dg-struct-layout-1/t024 c_compat_x_tst.o-c_compat_y_tst.o execute
WARNING: program timed out.
FAIL: tmpdir-gcc.dg-struct-layout-1/t025 c_compat_y_tst.o compile
UNRESOLVED: tmpdir-gcc.dg-struct-layout-1/t025 c_compat_x_tst.o-c_compat_y_tst.o link
UNRESOLVED: tmpdir-gcc.dg-struct-layout-1/t025 c_compat_x_tst.o-c_compat_y_tst.o execute
WARNING: program timed out.
FAIL: tmpdir-gcc.dg-struct-layout-1/t026 c_compat_y_tst.o compile
UNRESOLVED: tmpdir-gcc.dg-struct-layout-1/t026 c_compat_x_tst.o-c_compat_y_tst.o link
UNRESOLVED: tmpdir-gcc.dg-struct-layout-1/t026 c_compat_x_tst.o-c_compat_y_tst.o execute
WARNING: program timed out.
FAIL: tmpdir-gcc.dg-struct-layout-1/t027 c_compat_y_tst.o compile
UNRESOLVED: tmpdir-gcc.dg-struct-layout-1/t027 c_compat_x_tst.o-c_compat_y_tst.o link
UNRESOLVED: tmpdir-gcc.dg-struct-layout-1/t027 c_compat_x_tst.o-c_compat_y_tst.o execute
WARNING: program timed out.
FAIL: tmpdir-gcc.dg-struct-layout-1/t028 c_compat_y_tst.o compile
UNRESOLVED: tmpdir-gcc.dg-struct-layout-1/t028 c_compat_x_tst.o-c_compat_y_tst.o link
UNRESOLVED: tmpdir-gcc.dg-struct-layout-1/t028 c_compat_x_tst.o-c_compat_y_tst.o execute
WARNING: program timed out.
FAIL: gcc.dg/20020425-1.c (test for excess errors)
WARNING: program timed out.
FAIL: gcc.dg/binary-constants-1.c (test for excess errors)
WARNING: program timed out.
FAIL: gcc.dg/c99-intconst-1.c (test for excess errors)
WARNING: program timed out.
FAIL: gcc.dg/pr43058.c (test for excess errors)
WARNING: program timed out.
FAIL: gcc.dg/pr48141.c (test for excess errors)
WARNING: program timed out.
FAIL: gcc.dg/pch/decl-3.c -O0 -g assembly comparison
FAIL: gcc.dg/pch/decl-3.c -O3 -g assembly comparison
FAIL: gcc.dg/pch/decl-4.c -O0 -g assembly comparison
FAIL: gcc.dg/pch/decl-4.c -O3 -g assembly comparison
FAIL: gcc.dg/pch/struct-1.c -O0 -g assembly comparison
FAIL: gcc.dg/pch/struct-1.c -O3 -g assembly comparison
FAIL: gcc.dg/pch/system-1.c -O0 -g assembly comparison
FAIL: gcc.dg/pch/system-1.c -O3 -g assembly comparison
FAIL: gcc.dg/torture/builtin-complex-1.c -O0 execution test
FAIL: gcc.dg/torture/builtin-complex-1.c -O1 execution test
FAIL: gcc.dg/torture/builtin-complex-1.c -O2 execution test
FAIL: gcc.dg/torture/builtin-complex-1.c -Os execution test
FAIL: gcc.dg/torture/pr41094.c -O0 execution test
FAIL: gcc.dg/tree-ssa/ssa-dom-thread-4.c scan-tree-dump-times dom1 "Threaded" 3
FAIL: gcc.dg/tree-ssa/vector-4.c scan-tree-dump-times gimple "VEC_PERM_EXPR <a, b, { 0, 4, 1, 5 }>;" 1
FAIL: gcc.dg/tree-ssa/vrp47.c scan-tree-dump-times vrp1 "[xy][^ ]* !=" 0
FAIL: gcc.dg/tree-ssa/vrp47.c scan-tree-dump-times dom2 "x[^ ]* & y" 1
FAIL: gcc.dg/tree-ssa/vrp47.c scan-tree-dump-times vrp1 "x[^ ]* [|] y" 1
=== gcc Summary ===
# of expected passes 63466
# of unexpected failures 226
# of expected failures 115
# of unresolved testcases 16
# of unsupported tests 1531
/xxx/gnu/gcc/objdir/gcc/xgcc version 4.8.0 20130106 (experimental) [trunk revision 194954] (GCC)
=== gnat tests ===
Running target unix
FAIL: gnat.dg/null_pointer_deref2.adb execution test
FAIL: gnat.dg/stack_check1.adb execution test
FAIL: gnat.dg/stack_check2.adb execution test
FAIL: gnat.dg/test_image.adb execution test
FAIL: gnat.dg/timer_cancel.adb execution test
FAIL: gnat.dg/specs/atomic1.ads (test for errors, line 9)
FAIL: gnat.dg/specs/atomic1.ads (test for errors, line 13)
FAIL: gnat.dg/specs/weak1.ads (test for excess errors)
=== gnat Summary ===
# of expected passes 1132
# of unexpected failures 8
# of expected failures 17
# of unsupported tests 12
/xxx/gnu/gcc/objdir/gcc/gnatmake version 4.8.0 20130106 (experimental) [trunk revision 194954]
Compiler version: 4.8.0 20130106 (experimental) [trunk revision 194954]
Platform: hppa1.1-hp-hpux10.20
configure flags:Test Run By dave on Mon Jan 7 22:06:54 EST 2013
More information about the Gcc-testresults
mailing list