Results for 4.8.0 20130105 (experimental) [trunk revision 194930] (GCC) testsuite on x86_64-apple-darwin10.8.0
Dominique Dhumieres
dominiq@lps.ens.fr
Sun Jan 6 13:24:00 GMT 2013
LAST_UPDATED: Updated Sat Jan 5 14:30:52 CET 2013 to revision 194929.
=== acats tests ===
=== acats Summary ===
# of expected passes 2320
# of unexpected failures 0
Native configuration is x86_64-apple-darwin10.8.0
=== g++ tests ===
Running target unix/-m32
FAIL: c-c++-common/asan/rlimit-mmap-test-1.c -O0 execution test
FAIL: c-c++-common/asan/swapcontext-test-1.c -O0 (test for excess errors)
UNRESOLVED: c-c++-common/asan/swapcontext-test-1.c -O0 compilation failed to produce executable
FAIL: c-c++-common/asan/swapcontext-test-1.c -O1 (test for excess errors)
UNRESOLVED: c-c++-common/asan/swapcontext-test-1.c -O1 compilation failed to produce executable
FAIL: c-c++-common/asan/swapcontext-test-1.c -O2 (test for excess errors)
UNRESOLVED: c-c++-common/asan/swapcontext-test-1.c -O2 compilation failed to produce executable
FAIL: c-c++-common/asan/swapcontext-test-1.c -O3 -fomit-frame-pointer (test for excess errors)
UNRESOLVED: c-c++-common/asan/swapcontext-test-1.c -O3 -fomit-frame-pointer compilation failed to produce executable
FAIL: c-c++-common/asan/swapcontext-test-1.c -O3 -fomit-frame-pointer -funroll-loops (test for excess errors)
UNRESOLVED: c-c++-common/asan/swapcontext-test-1.c -O3 -fomit-frame-pointer -funroll-loops compilation failed to produce executable
FAIL: c-c++-common/asan/swapcontext-test-1.c -O3 -fomit-frame-pointer -funroll-all-loops -finline-functions (test for excess errors)
UNRESOLVED: c-c++-common/asan/swapcontext-test-1.c -O3 -fomit-frame-pointer -funroll-all-loops -finline-functions compilation failed to produce executable
FAIL: c-c++-common/asan/swapcontext-test-1.c -O3 -g (test for excess errors)
UNRESOLVED: c-c++-common/asan/swapcontext-test-1.c -O3 -g compilation failed to produce executable
FAIL: c-c++-common/asan/swapcontext-test-1.c -Os (test for excess errors)
UNRESOLVED: c-c++-common/asan/swapcontext-test-1.c -Os compilation failed to produce executable
FAIL: c-c++-common/asan/swapcontext-test-1.c -O2 -flto -flto-partition=none (test for excess errors)
UNRESOLVED: c-c++-common/asan/swapcontext-test-1.c -O2 -flto -flto-partition=none compilation failed to produce executable
FAIL: c-c++-common/asan/swapcontext-test-1.c -O2 -flto (test for excess errors)
UNRESOLVED: c-c++-common/asan/swapcontext-test-1.c -O2 -flto compilation failed to produce executable
FAIL: g++.dg/asan/interception-test-1.C -O0 (test for excess errors)
UNRESOLVED: g++.dg/asan/interception-test-1.C -O0 compilation failed to produce executable
FAIL: g++.dg/asan/interception-test-1.C -O1 (test for excess errors)
UNRESOLVED: g++.dg/asan/interception-test-1.C -O1 compilation failed to produce executable
FAIL: g++.dg/asan/interception-test-1.C -O2 (test for excess errors)
UNRESOLVED: g++.dg/asan/interception-test-1.C -O2 compilation failed to produce executable
FAIL: g++.dg/asan/interception-test-1.C -O3 -fomit-frame-pointer (test for excess errors)
UNRESOLVED: g++.dg/asan/interception-test-1.C -O3 -fomit-frame-pointer compilation failed to produce executable
FAIL: g++.dg/asan/interception-test-1.C -O3 -g (test for excess errors)
UNRESOLVED: g++.dg/asan/interception-test-1.C -O3 -g compilation failed to produce executable
FAIL: g++.dg/asan/interception-test-1.C -Os (test for excess errors)
UNRESOLVED: g++.dg/asan/interception-test-1.C -Os compilation failed to produce executable
FAIL: g++.dg/asan/interception-test-1.C -O2 -flto -flto-partition=none (test for excess errors)
UNRESOLVED: g++.dg/asan/interception-test-1.C -O2 -flto -flto-partition=none compilation failed to produce executable
FAIL: g++.dg/asan/interception-test-1.C -O2 -flto (test for excess errors)
UNRESOLVED: g++.dg/asan/interception-test-1.C -O2 -flto compilation failed to produce executable
FAIL: g++.dg/debug/dwarf2/nested-4.C -std=gnu++98 scan-assembler-times debug_types 2
FAIL: g++.dg/debug/dwarf2/nested-4.C -std=gnu++11 scan-assembler-times debug_types 2
UNRESOLVED: g++.dg/ext/label13.C -std=gnu++98 compilation failed to produce executable
UNRESOLVED: g++.dg/ext/label13.C -std=gnu++11 compilation failed to produce executable
FAIL: g++.dg/gomp/tls-5.C -std=c++11 (test for excess errors)
FAIL: g++.dg/tls/thread_local-cse.C (test for excess errors)
UNRESOLVED: g++.dg/tls/thread_local-cse.C compilation failed to produce executable
FAIL: g++.dg/tls/thread_local-order1.C (test for excess errors)
UNRESOLVED: g++.dg/tls/thread_local-order1.C compilation failed to produce executable
FAIL: g++.dg/tls/thread_local-order2.C (test for excess errors)
UNRESOLVED: g++.dg/tls/thread_local-order2.C compilation failed to produce executable
FAIL: g++.dg/tls/thread_local2g.C (test for excess errors)
UNRESOLVED: g++.dg/tls/thread_local2g.C compilation failed to produce executable
FAIL: g++.dg/tls/thread_local3g.C -std=gnu++11 (test for excess errors)
UNRESOLVED: g++.dg/tls/thread_local3g.C -std=gnu++11 compilation failed to produce executable
FAIL: g++.dg/tls/thread_local4g.C -std=gnu++11 (test for excess errors)
UNRESOLVED: g++.dg/tls/thread_local4g.C -std=gnu++11 compilation failed to produce executable
FAIL: g++.dg/tls/thread_local5g.C -std=gnu++11 (test for excess errors)
UNRESOLVED: g++.dg/tls/thread_local5g.C -std=gnu++11 compilation failed to produce executable
FAIL: g++.dg/tls/thread_local6g.C (test for excess errors)
UNRESOLVED: g++.dg/tls/thread_local6g.C compilation failed to produce executable
FAIL: g++.dg/tls/thread_local7g.C (test for excess errors)
=== g++ Summary for unix/-m32 ===
# of expected passes 50698
# of unexpected failures 31
# of expected failures 290
# of unresolved testcases 28
# of unsupported tests 603
Running target unix/-m64
FAIL: c-c++-common/asan/rlimit-mmap-test-1.c -O0 execution test
FAIL: c-c++-common/asan/swapcontext-test-1.c -O0 (test for excess errors)
UNRESOLVED: c-c++-common/asan/swapcontext-test-1.c -O0 compilation failed to produce executable
FAIL: c-c++-common/asan/swapcontext-test-1.c -O1 (test for excess errors)
UNRESOLVED: c-c++-common/asan/swapcontext-test-1.c -O1 compilation failed to produce executable
FAIL: c-c++-common/asan/swapcontext-test-1.c -O2 (test for excess errors)
UNRESOLVED: c-c++-common/asan/swapcontext-test-1.c -O2 compilation failed to produce executable
FAIL: c-c++-common/asan/swapcontext-test-1.c -O3 -fomit-frame-pointer (test for excess errors)
UNRESOLVED: c-c++-common/asan/swapcontext-test-1.c -O3 -fomit-frame-pointer compilation failed to produce executable
FAIL: c-c++-common/asan/swapcontext-test-1.c -O3 -fomit-frame-pointer -funroll-loops (test for excess errors)
UNRESOLVED: c-c++-common/asan/swapcontext-test-1.c -O3 -fomit-frame-pointer -funroll-loops compilation failed to produce executable
FAIL: c-c++-common/asan/swapcontext-test-1.c -O3 -fomit-frame-pointer -funroll-all-loops -finline-functions (test for excess errors)
UNRESOLVED: c-c++-common/asan/swapcontext-test-1.c -O3 -fomit-frame-pointer -funroll-all-loops -finline-functions compilation failed to produce executable
FAIL: c-c++-common/asan/swapcontext-test-1.c -O3 -g (test for excess errors)
UNRESOLVED: c-c++-common/asan/swapcontext-test-1.c -O3 -g compilation failed to produce executable
FAIL: c-c++-common/asan/swapcontext-test-1.c -Os (test for excess errors)
UNRESOLVED: c-c++-common/asan/swapcontext-test-1.c -Os compilation failed to produce executable
FAIL: c-c++-common/asan/swapcontext-test-1.c -O2 -flto -flto-partition=none (test for excess errors)
UNRESOLVED: c-c++-common/asan/swapcontext-test-1.c -O2 -flto -flto-partition=none compilation failed to produce executable
FAIL: c-c++-common/asan/swapcontext-test-1.c -O2 -flto (test for excess errors)
UNRESOLVED: c-c++-common/asan/swapcontext-test-1.c -O2 -flto compilation failed to produce executable
FAIL: g++.dg/asan/interception-test-1.C -O0 (test for excess errors)
UNRESOLVED: g++.dg/asan/interception-test-1.C -O0 compilation failed to produce executable
FAIL: g++.dg/asan/interception-test-1.C -O1 (test for excess errors)
UNRESOLVED: g++.dg/asan/interception-test-1.C -O1 compilation failed to produce executable
FAIL: g++.dg/asan/interception-test-1.C -O2 (test for excess errors)
UNRESOLVED: g++.dg/asan/interception-test-1.C -O2 compilation failed to produce executable
FAIL: g++.dg/asan/interception-test-1.C -O3 -fomit-frame-pointer (test for excess errors)
UNRESOLVED: g++.dg/asan/interception-test-1.C -O3 -fomit-frame-pointer compilation failed to produce executable
FAIL: g++.dg/asan/interception-test-1.C -O3 -g (test for excess errors)
UNRESOLVED: g++.dg/asan/interception-test-1.C -O3 -g compilation failed to produce executable
FAIL: g++.dg/asan/interception-test-1.C -Os (test for excess errors)
UNRESOLVED: g++.dg/asan/interception-test-1.C -Os compilation failed to produce executable
FAIL: g++.dg/asan/interception-test-1.C -O2 -flto -flto-partition=none (test for excess errors)
UNRESOLVED: g++.dg/asan/interception-test-1.C -O2 -flto -flto-partition=none compilation failed to produce executable
FAIL: g++.dg/asan/interception-test-1.C -O2 -flto (test for excess errors)
UNRESOLVED: g++.dg/asan/interception-test-1.C -O2 -flto compilation failed to produce executable
FAIL: g++.dg/debug/dwarf2/nested-4.C -std=gnu++98 scan-assembler-times debug_types 2
FAIL: g++.dg/debug/dwarf2/nested-4.C -std=gnu++11 scan-assembler-times debug_types 2
UNRESOLVED: g++.dg/ext/label13.C -std=gnu++98 compilation failed to produce executable
UNRESOLVED: g++.dg/ext/label13.C -std=gnu++11 compilation failed to produce executable
FAIL: g++.dg/gomp/tls-5.C -std=c++11 (test for excess errors)
FAIL: g++.dg/tls/thread_local-cse.C (test for excess errors)
UNRESOLVED: g++.dg/tls/thread_local-cse.C compilation failed to produce executable
FAIL: g++.dg/tls/thread_local-order1.C (test for excess errors)
UNRESOLVED: g++.dg/tls/thread_local-order1.C compilation failed to produce executable
FAIL: g++.dg/tls/thread_local-order2.C (test for excess errors)
UNRESOLVED: g++.dg/tls/thread_local-order2.C compilation failed to produce executable
FAIL: g++.dg/tls/thread_local2g.C (test for excess errors)
UNRESOLVED: g++.dg/tls/thread_local2g.C compilation failed to produce executable
FAIL: g++.dg/tls/thread_local3g.C -std=gnu++11 (test for excess errors)
UNRESOLVED: g++.dg/tls/thread_local3g.C -std=gnu++11 compilation failed to produce executable
FAIL: g++.dg/tls/thread_local4g.C -std=gnu++11 (test for excess errors)
UNRESOLVED: g++.dg/tls/thread_local4g.C -std=gnu++11 compilation failed to produce executable
FAIL: g++.dg/tls/thread_local5g.C -std=gnu++11 (test for excess errors)
UNRESOLVED: g++.dg/tls/thread_local5g.C -std=gnu++11 compilation failed to produce executable
FAIL: g++.dg/tls/thread_local6g.C (test for excess errors)
UNRESOLVED: g++.dg/tls/thread_local6g.C compilation failed to produce executable
FAIL: g++.dg/tls/thread_local7g.C (test for excess errors)
=== g++ Summary for unix/-m64 ===
# of expected passes 51495
# of unexpected failures 31
# of expected failures 290
# of unresolved testcases 28
# of unsupported tests 822
=== g++ Summary ===
# of expected passes 102193
# of unexpected failures 62
# of expected failures 580
# of unresolved testcases 56
# of unsupported tests 1425
/opt/gcc/build_c/gcc/testsuite/g++/../../xg++ version 4.8.0 20130105 (experimental) [trunk revision 194930] (GCC)
=== gcc tests ===
Running target unix/-m32
FAIL: gcc.c-torture/execute/pr51447.c execution, -O0
FAIL: gcc.c-torture/execute/pr51447.c execution, -O1
FAIL: gcc.c-torture/execute/pr51447.c execution, -O2
FAIL: gcc.c-torture/execute/pr51447.c execution, -O3 -fomit-frame-pointer
FAIL: gcc.c-torture/execute/pr51447.c execution, -O3 -g
FAIL: gcc.c-torture/execute/pr51447.c execution, -Os
FAIL: gcc.c-torture/execute/pr51447.c execution, -Og -g
FAIL: gcc.c-torture/execute/pr51447.c execution, -O2 -flto -flto-partition=none
FAIL: gcc.c-torture/execute/pr51447.c execution, -O2 -flto
FAIL: c-c++-common/asan/global-overflow-1.c -O1 execution test
FAIL: c-c++-common/asan/global-overflow-1.c -O2 execution test
FAIL: c-c++-common/asan/global-overflow-1.c -O3 -fomit-frame-pointer execution test
FAIL: c-c++-common/asan/global-overflow-1.c -O3 -g execution test
FAIL: c-c++-common/asan/global-overflow-1.c -Os execution test
FAIL: c-c++-common/asan/global-overflow-1.c -O2 -flto -flto-partition=none execution test
FAIL: c-c++-common/asan/global-overflow-1.c -O2 -flto execution test
FAIL: c-c++-common/asan/rlimit-mmap-test-1.c -O0 execution test
FAIL: c-c++-common/asan/stack-overflow-1.c -O1 execution test
FAIL: c-c++-common/asan/stack-overflow-1.c -O2 execution test
FAIL: c-c++-common/asan/stack-overflow-1.c -O3 -fomit-frame-pointer execution test
FAIL: c-c++-common/asan/stack-overflow-1.c -O3 -g execution test
FAIL: c-c++-common/asan/stack-overflow-1.c -Os execution test
FAIL: c-c++-common/asan/stack-overflow-1.c -O2 -flto -flto-partition=none execution test
FAIL: c-c++-common/asan/stack-overflow-1.c -O2 -flto execution test
FAIL: c-c++-common/asan/swapcontext-test-1.c -O0 (test for excess errors)
UNRESOLVED: c-c++-common/asan/swapcontext-test-1.c -O0 compilation failed to produce executable
FAIL: c-c++-common/asan/swapcontext-test-1.c -O1 (test for excess errors)
UNRESOLVED: c-c++-common/asan/swapcontext-test-1.c -O1 compilation failed to produce executable
FAIL: c-c++-common/asan/swapcontext-test-1.c -O2 (test for excess errors)
UNRESOLVED: c-c++-common/asan/swapcontext-test-1.c -O2 compilation failed to produce executable
FAIL: c-c++-common/asan/swapcontext-test-1.c -O3 -fomit-frame-pointer (test for excess errors)
UNRESOLVED: c-c++-common/asan/swapcontext-test-1.c -O3 -fomit-frame-pointer compilation failed to produce executable
FAIL: c-c++-common/asan/swapcontext-test-1.c -O3 -fomit-frame-pointer -funroll-loops (test for excess errors)
UNRESOLVED: c-c++-common/asan/swapcontext-test-1.c -O3 -fomit-frame-pointer -funroll-loops compilation failed to produce executable
FAIL: c-c++-common/asan/swapcontext-test-1.c -O3 -fomit-frame-pointer -funroll-all-loops -finline-functions (test for excess errors)
UNRESOLVED: c-c++-common/asan/swapcontext-test-1.c -O3 -fomit-frame-pointer -funroll-all-loops -finline-functions compilation failed to produce executable
FAIL: c-c++-common/asan/swapcontext-test-1.c -O3 -g (test for excess errors)
UNRESOLVED: c-c++-common/asan/swapcontext-test-1.c -O3 -g compilation failed to produce executable
FAIL: c-c++-common/asan/swapcontext-test-1.c -Os (test for excess errors)
UNRESOLVED: c-c++-common/asan/swapcontext-test-1.c -Os compilation failed to produce executable
FAIL: c-c++-common/asan/swapcontext-test-1.c -O2 -flto -flto-partition=none (test for excess errors)
UNRESOLVED: c-c++-common/asan/swapcontext-test-1.c -O2 -flto -flto-partition=none compilation failed to produce executable
FAIL: c-c++-common/asan/swapcontext-test-1.c -O2 -flto (test for excess errors)
UNRESOLVED: c-c++-common/asan/swapcontext-test-1.c -O2 -flto compilation failed to produce executable
=== gcc Summary for unix/-m32 ===
# of expected passes 89025
# of unexpected failures 34
# of expected failures 256
# of unresolved testcases 10
# of unsupported tests 2066
Running target unix/-m64
FAIL: c-c++-common/asan/global-overflow-1.c -O1 execution test
FAIL: c-c++-common/asan/global-overflow-1.c -O2 execution test
FAIL: c-c++-common/asan/global-overflow-1.c -O3 -fomit-frame-pointer execution test
FAIL: c-c++-common/asan/global-overflow-1.c -O3 -g execution test
FAIL: c-c++-common/asan/global-overflow-1.c -Os execution test
FAIL: c-c++-common/asan/global-overflow-1.c -O2 -flto -flto-partition=none execution test
FAIL: c-c++-common/asan/global-overflow-1.c -O2 -flto execution test
FAIL: c-c++-common/asan/rlimit-mmap-test-1.c -O0 execution test
FAIL: c-c++-common/asan/stack-overflow-1.c -O1 execution test
FAIL: c-c++-common/asan/stack-overflow-1.c -O2 execution test
FAIL: c-c++-common/asan/stack-overflow-1.c -O3 -fomit-frame-pointer execution test
FAIL: c-c++-common/asan/stack-overflow-1.c -O3 -g execution test
FAIL: c-c++-common/asan/stack-overflow-1.c -Os execution test
FAIL: c-c++-common/asan/stack-overflow-1.c -O2 -flto -flto-partition=none execution test
FAIL: c-c++-common/asan/stack-overflow-1.c -O2 -flto execution test
FAIL: c-c++-common/asan/swapcontext-test-1.c -O0 (test for excess errors)
UNRESOLVED: c-c++-common/asan/swapcontext-test-1.c -O0 compilation failed to produce executable
FAIL: c-c++-common/asan/swapcontext-test-1.c -O1 (test for excess errors)
UNRESOLVED: c-c++-common/asan/swapcontext-test-1.c -O1 compilation failed to produce executable
FAIL: c-c++-common/asan/swapcontext-test-1.c -O2 (test for excess errors)
UNRESOLVED: c-c++-common/asan/swapcontext-test-1.c -O2 compilation failed to produce executable
FAIL: c-c++-common/asan/swapcontext-test-1.c -O3 -fomit-frame-pointer (test for excess errors)
UNRESOLVED: c-c++-common/asan/swapcontext-test-1.c -O3 -fomit-frame-pointer compilation failed to produce executable
FAIL: c-c++-common/asan/swapcontext-test-1.c -O3 -fomit-frame-pointer -funroll-loops (test for excess errors)
UNRESOLVED: c-c++-common/asan/swapcontext-test-1.c -O3 -fomit-frame-pointer -funroll-loops compilation failed to produce executable
FAIL: c-c++-common/asan/swapcontext-test-1.c -O3 -fomit-frame-pointer -funroll-all-loops -finline-functions (test for excess errors)
UNRESOLVED: c-c++-common/asan/swapcontext-test-1.c -O3 -fomit-frame-pointer -funroll-all-loops -finline-functions compilation failed to produce executable
FAIL: c-c++-common/asan/swapcontext-test-1.c -O3 -g (test for excess errors)
UNRESOLVED: c-c++-common/asan/swapcontext-test-1.c -O3 -g compilation failed to produce executable
FAIL: c-c++-common/asan/swapcontext-test-1.c -Os (test for excess errors)
UNRESOLVED: c-c++-common/asan/swapcontext-test-1.c -Os compilation failed to produce executable
FAIL: c-c++-common/asan/swapcontext-test-1.c -O2 -flto -flto-partition=none (test for excess errors)
UNRESOLVED: c-c++-common/asan/swapcontext-test-1.c -O2 -flto -flto-partition=none compilation failed to produce executable
FAIL: c-c++-common/asan/swapcontext-test-1.c -O2 -flto (test for excess errors)
UNRESOLVED: c-c++-common/asan/swapcontext-test-1.c -O2 -flto compilation failed to produce executable
FAIL: gcc.target/i386/pr49866.c (test for excess errors)
=== gcc Summary for unix/-m64 ===
# of expected passes 89381
# of unexpected failures 26
# of expected failures 259
# of unresolved testcases 10
# of unsupported tests 2354
=== gcc Summary ===
# of expected passes 178406
# of unexpected failures 60
# of expected failures 515
# of unresolved testcases 20
# of unsupported tests 4420
/opt/gcc/build_c/gcc/xgcc version 4.8.0 20130105 (experimental) [trunk revision 194930] (GCC)
=== gfortran tests ===
Running target unix/-m32
XPASS: gfortran.dg/do_1.f90 -O0 execution test
XPASS: gfortran.dg/do_1.f90 -O1 execution test
FAIL: gfortran.dg/lto/pr45586-2 f_lto_pr45586-2_0.o-f_lto_pr45586-2_0.o link, -O0 -flto -flto-partition=none (internal compiler error)
UNRESOLVED: gfortran.dg/lto/pr45586-2 f_lto_pr45586-2_0.o-f_lto_pr45586-2_0.o execute -O0 -flto -flto-partition=none
FAIL: gfortran.dg/lto/pr45586-2 f_lto_pr45586-2_0.o-f_lto_pr45586-2_0.o link, -O0 -flto -flto-partition=1to1 (internal compiler error)
UNRESOLVED: gfortran.dg/lto/pr45586-2 f_lto_pr45586-2_0.o-f_lto_pr45586-2_0.o execute -O0 -flto -flto-partition=1to1
FAIL: gfortran.dg/lto/pr45586-2 f_lto_pr45586-2_0.o-f_lto_pr45586-2_0.o link, -O0 -flto (internal compiler error)
UNRESOLVED: gfortran.dg/lto/pr45586-2 f_lto_pr45586-2_0.o-f_lto_pr45586-2_0.o execute -O0 -flto
FAIL: gfortran.dg/lto/pr45586 f_lto_pr45586_0.o-f_lto_pr45586_0.o link, -O0 -flto -flto-partition=none (internal compiler error)
UNRESOLVED: gfortran.dg/lto/pr45586 f_lto_pr45586_0.o-f_lto_pr45586_0.o execute -O0 -flto -flto-partition=none
FAIL: gfortran.dg/lto/pr45586 f_lto_pr45586_0.o-f_lto_pr45586_0.o link, -O0 -flto -flto-partition=1to1 (internal compiler error)
UNRESOLVED: gfortran.dg/lto/pr45586 f_lto_pr45586_0.o-f_lto_pr45586_0.o execute -O0 -flto -flto-partition=1to1
FAIL: gfortran.dg/lto/pr45586 f_lto_pr45586_0.o-f_lto_pr45586_0.o link, -O0 -flto (internal compiler error)
UNRESOLVED: gfortran.dg/lto/pr45586 f_lto_pr45586_0.o-f_lto_pr45586_0.o execute -O0 -flto
=== gfortran Summary for unix/-m32 ===
# of expected passes 42464
# of unexpected failures 6
# of unexpected successes 2
# of expected failures 62
# of unresolved testcases 6
# of unsupported tests 210
Running target unix/-m64
XPASS: gfortran.dg/do_1.f90 -O0 execution test
XPASS: gfortran.dg/do_1.f90 -O1 execution test
FAIL: gfortran.dg/lto/pr45586-2 f_lto_pr45586-2_0.o-f_lto_pr45586-2_0.o link, -O0 -flto -flto-partition=none (internal compiler error)
UNRESOLVED: gfortran.dg/lto/pr45586-2 f_lto_pr45586-2_0.o-f_lto_pr45586-2_0.o execute -O0 -flto -flto-partition=none
FAIL: gfortran.dg/lto/pr45586-2 f_lto_pr45586-2_0.o-f_lto_pr45586-2_0.o link, -O0 -flto -flto-partition=1to1 (internal compiler error)
UNRESOLVED: gfortran.dg/lto/pr45586-2 f_lto_pr45586-2_0.o-f_lto_pr45586-2_0.o execute -O0 -flto -flto-partition=1to1
FAIL: gfortran.dg/lto/pr45586-2 f_lto_pr45586-2_0.o-f_lto_pr45586-2_0.o link, -O0 -flto (internal compiler error)
UNRESOLVED: gfortran.dg/lto/pr45586-2 f_lto_pr45586-2_0.o-f_lto_pr45586-2_0.o execute -O0 -flto
FAIL: gfortran.dg/lto/pr45586 f_lto_pr45586_0.o-f_lto_pr45586_0.o link, -O0 -flto -flto-partition=none (internal compiler error)
UNRESOLVED: gfortran.dg/lto/pr45586 f_lto_pr45586_0.o-f_lto_pr45586_0.o execute -O0 -flto -flto-partition=none
FAIL: gfortran.dg/lto/pr45586 f_lto_pr45586_0.o-f_lto_pr45586_0.o link, -O0 -flto -flto-partition=1to1 (internal compiler error)
UNRESOLVED: gfortran.dg/lto/pr45586 f_lto_pr45586_0.o-f_lto_pr45586_0.o execute -O0 -flto -flto-partition=1to1
FAIL: gfortran.dg/lto/pr45586 f_lto_pr45586_0.o-f_lto_pr45586_0.o link, -O0 -flto (internal compiler error)
UNRESOLVED: gfortran.dg/lto/pr45586 f_lto_pr45586_0.o-f_lto_pr45586_0.o execute -O0 -flto
=== gfortran Summary for unix/-m64 ===
# of expected passes 42751
# of unexpected failures 6
# of unexpected successes 2
# of expected failures 62
# of unresolved testcases 6
# of unsupported tests 72
=== gfortran Summary ===
# of expected passes 85215
# of unexpected failures 12
# of unexpected successes 4
# of expected failures 124
# of unresolved testcases 12
# of unsupported tests 282
/opt/gcc/build_c/gcc/testsuite/gfortran/../../gfortran version 4.8.0 20130105 (experimental) [trunk revision 194930] (GCC)
=== gnat tests ===
Running target unix/-m32
=== gnat Summary for unix/-m32 ===
# of expected passes 1146
# of expected failures 17
# of unsupported tests 4
Running target unix/-m64
=== gnat Summary for unix/-m64 ===
# of expected passes 1146
# of expected failures 17
# of unsupported tests 4
=== gnat Summary ===
# of expected passes 2292
# of expected failures 34
# of unsupported tests 8
/opt/gcc/build_c/gcc/gnatmake version 4.8.0 20130105 (experimental) [trunk revision 194930]
=== obj-c++ tests ===
Running target unix/-m32
=== obj-c++ Summary for unix/-m32 ===
# of expected passes 3159
# of expected failures 2
# of unsupported tests 68
Running target unix/-m64
=== obj-c++ Summary for unix/-m64 ===
# of expected passes 3109
# of expected failures 19
# of unsupported tests 73
=== obj-c++ Summary ===
# of expected passes 6268
# of expected failures 21
# of unsupported tests 141
/opt/gcc/build_c/gcc/testsuite/obj-c++/../../xg++ version 4.8.0 20130105 (experimental) [trunk revision 194930] (GCC)
=== objc tests ===
Running target unix/-m32
=== objc Summary for unix/-m32 ===
# of expected passes 6099
# of expected failures 6
# of unsupported tests 85
Running target unix/-m64
=== objc Summary for unix/-m64 ===
# of expected passes 6051
# of expected failures 14
# of unsupported tests 91
=== objc Summary ===
# of expected passes 12150
# of expected failures 20
# of unsupported tests 176
/opt/gcc/build_c/gcc/xgcc version 4.8.0 20130105 (experimental) [trunk revision 194930] (GCC)
=== boehm-gc tests ===
Running target unix/-m32
=== boehm-gc Summary for unix/-m32 ===
# of expected passes 12
# of unsupported tests 1
Running target unix/-m64
=== boehm-gc Summary for unix/-m64 ===
# of expected passes 12
# of unsupported tests 1
=== boehm-gc Summary ===
# of expected passes 24
# of unsupported tests 2
=== libatomic tests ===
Running target unix/-m32
=== libatomic Summary for unix/-m32 ===
# of expected passes 44
# of unsupported tests 5
Running target unix/-m64
=== libatomic Summary for unix/-m64 ===
# of expected passes 54
=== libatomic Summary ===
# of expected passes 98
# of unsupported tests 5
=== libffi tests ===
Running target unix/-m32
=== libffi Summary for unix/-m32 ===
# of expected passes 1819
# of unsupported tests 55
Running target unix/-m64
=== libffi Summary for unix/-m64 ===
# of expected passes 1819
# of unsupported tests 55
=== libffi Summary ===
# of expected passes 3638
# of unsupported tests 110
=== libgomp tests ===
Running target unix/-m32
FAIL: libgomp.c++/tls-init1.C -O (test for excess errors)
UNRESOLVED: libgomp.c++/tls-init1.C -O compilation failed to produce executable
=== libgomp Summary for unix/-m32 ===
# of expected passes 2974
# of unexpected failures 1
# of unresolved testcases 1
# of unsupported tests 3
Running target unix/-m64
FAIL: libgomp.c++/tls-init1.C -O (test for excess errors)
UNRESOLVED: libgomp.c++/tls-init1.C -O compilation failed to produce executable
=== libgomp Summary for unix/-m64 ===
# of expected passes 2974
# of unexpected failures 1
# of unresolved testcases 1
# of unsupported tests 3
=== libgomp Summary ===
# of expected passes 5948
# of unexpected failures 2
# of unresolved testcases 2
# of unsupported tests 6
=== libitm tests ===
Running target unix/-m32
FAIL: libitm.c++/eh-1.C execution test
=== libitm Summary for unix/-m32 ===
# of expected passes 25
# of unexpected failures 1
# of expected failures 3
# of unsupported tests 1
Running target unix/-m64
FAIL: libitm.c++/eh-1.C execution test
=== libitm Summary for unix/-m64 ===
# of expected passes 25
# of unexpected failures 1
# of expected failures 3
# of unsupported tests 1
=== libitm Summary ===
# of expected passes 50
# of unexpected failures 2
# of expected failures 6
# of unsupported tests 2
=== libjava tests ===
Running target unix/-m32
FAIL: sourcelocation output - source compiled test
FAIL: sourcelocation -findirect-dispatch output - source compiled test
FAIL: sourcelocation -O3 output - source compiled test
FAIL: sourcelocation -O3 -findirect-dispatch output - source compiled test
=== libjava Summary for unix/-m32 ===
# of expected passes 2582
# of unexpected failures 4
Running target unix/-m64
FAIL: Throw_2 execution - source compiled test
FAIL: Throw_2 -findirect-dispatch execution - source compiled test
FAIL: Throw_2 -O3 execution - source compiled test
FAIL: Throw_2 -O3 -findirect-dispatch execution - source compiled test
FAIL: sourcelocation output - source compiled test
FAIL: sourcelocation -findirect-dispatch output - source compiled test
FAIL: sourcelocation -O3 output - source compiled test
FAIL: sourcelocation -O3 -findirect-dispatch output - source compiled test
=== libjava Summary for unix/-m64 ===
# of expected passes 2574
# of unexpected failures 8
# of untested testcases 4
=== libjava Summary ===
# of expected passes 5156
# of unexpected failures 12
# of untested testcases 4
=== libstdc++ tests ===
Running target unix/-m32
WARNING: program timed out.
FAIL: 30_threads/condition_variable/54185.cc execution test
=== libstdc++ Summary for unix/-m32 ===
# of expected passes 8047
# of unexpected failures 1
# of expected failures 43
# of unsupported tests 639
Running target unix/-m64
WARNING: program timed out.
FAIL: 30_threads/condition_variable/54185.cc execution test
=== libstdc++ Summary for unix/-m64 ===
# of expected passes 8045
# of unexpected failures 1
# of expected failures 43
# of unsupported tests 640
=== libstdc++ Summary ===
# of expected passes 16092
# of unexpected failures 2
# of expected failures 86
# of unsupported tests 1279
Compiler version: 4.8.0 20130105 (experimental) [trunk revision 194930] (GCC)
Platform: x86_64-apple-darwin10.8.0
configure flags: --prefix=/opt/gcc/gcc4.8c --enable-languages=c,c++,fortran,objc,obj-c++,java,ada,lto --with-gmp=/opt/mp --with-system-zlib --with-isl=/opt/mp --enable-lto --enable-plugin --enable-build-with-cxx
More information about the Gcc-testresults
mailing list