Results for 4.8.0 20130104 (experimental) [trunk revision 194906] (GCC) testsuite on i386-pc-solaris2.10
Rainer Orth
ro@CeBiTec.Uni-Bielefeld.DE
Sat Jan 5 14:24:00 GMT 2013
LAST_UPDATED: Fri Jan 4 14:30:24 UTC 2013 (revision 194906)
=== acats tests ===
=== acats Summary ===
# of expected passes 2320
# of unexpected failures 0
Native configuration is i386-pc-solaris2.10
=== g++ tests ===
Running target unix
FAIL: g++.dg/debug/dwarf2/thunk1.C -std=gnu++98 scan-assembler-times LFB3 1
FAIL: g++.dg/debug/dwarf2/thunk1.C -std=gnu++11 scan-assembler-times LFB3 1
=== g++ Summary for unix ===
# of expected passes 50266
# of unexpected failures 2
# of expected failures 291
# of unsupported tests 557
Running target unix/-m64
FAIL: g++.dg/debug/dwarf2/thunk1.C -std=gnu++98 scan-assembler-times LFB3 1
FAIL: g++.dg/debug/dwarf2/thunk1.C -std=gnu++11 scan-assembler-times LFB3 1
=== g++ Summary for unix/-m64 ===
# of expected passes 51035
# of unexpected failures 2
# of expected failures 291
# of unsupported tests 801
=== g++ Summary ===
# of expected passes 101301
# of unexpected failures 4
# of expected failures 582
# of unsupported tests 1358
/var/gcc/regression/trunk/10-gcc-gas/build/gcc/testsuite/g++/../../xg++ version 4.8.0 20130104 (experimental) [trunk revision 194906] (GCC)
=== gcc tests ===
Running target unix
FAIL: gcc.dg/lto/20090210 c_lto_20090210_0.o-c_lto_20090210_1.o execute -O2 -flto -flto-partition=none
FAIL: gcc.dg/lto/20090210 c_lto_20090210_0.o-c_lto_20090210_1.o execute -O2 -flto -flto-partition=1to1
FAIL: gcc.dg/lto/20090210 c_lto_20090210_0.o-c_lto_20090210_1.o execute -O2 -flto
FAIL: gcc.dg/lto/pr55525 c_lto_pr55525_0.o-c_lto_pr55525_1.o link, -flto -w
UNRESOLVED: gcc.dg/lto/pr55525 c_lto_pr55525_0.o-c_lto_pr55525_1.o execute -flto -w
FAIL: gcc.dg/torture/tls/run-ld.c -O1 execution test
FAIL: gcc.dg/torture/tls/run-ld.c -O2 execution test
FAIL: gcc.dg/torture/tls/run-ld.c -O3 -fomit-frame-pointer execution test
FAIL: gcc.dg/torture/tls/run-ld.c -O3 -g execution test
FAIL: gcc.dg/torture/tls/run-ld.c -Os execution test
FAIL: gcc.dg/torture/tls/run-ld.c -O1 -fpic execution test
FAIL: gcc.dg/torture/tls/run-ld.c -O2 -fpic execution test
FAIL: gcc.dg/torture/tls/run-ld.c -O3 -fomit-frame-pointer -fpic execution test
FAIL: gcc.dg/torture/tls/run-ld.c -O3 -g -fpic execution test
FAIL: gcc.dg/torture/tls/run-ld.c -Os -fpic execution test
FAIL: gcc.dg/torture/tls/run-ld.c -O1 -fPIC execution test
FAIL: gcc.dg/torture/tls/run-ld.c -O2 -fPIC execution test
FAIL: gcc.dg/torture/tls/run-ld.c -O3 -fomit-frame-pointer -fPIC execution test
FAIL: gcc.dg/torture/tls/run-ld.c -O3 -g -fPIC execution test
FAIL: gcc.dg/torture/tls/run-ld.c -Os -fPIC execution test
FAIL: gcc.dg/torture/tls/run-ld.c -O2 -flto -flto-partition=none execution test
FAIL: gcc.dg/torture/tls/run-ld.c -O2 -flto execution test
FAIL: gcc.dg/torture/tls/thr-init-2.c -O2 -fpic execution test
FAIL: gcc.dg/torture/tls/thr-init-2.c -O3 -fomit-frame-pointer -fpic execution test
FAIL: gcc.dg/torture/tls/thr-init-2.c -O3 -g -fpic execution test
FAIL: gcc.dg/torture/tls/thr-init-2.c -Os -fpic execution test
FAIL: gcc.dg/torture/tls/thr-init-2.c -O2 -fPIC execution test
FAIL: gcc.dg/torture/tls/thr-init-2.c -O3 -fomit-frame-pointer -fPIC execution test
FAIL: gcc.dg/torture/tls/thr-init-2.c -O3 -g -fPIC execution test
FAIL: gcc.dg/torture/tls/thr-init-2.c -Os -fPIC execution test
FAIL: gcc.dg/vect/pr49093.c (internal compiler error)
FAIL: gcc.dg/vect/pr49093.c (test for excess errors)
FAIL: gcc.dg/vect/bb-slp-1.c (internal compiler error)
FAIL: gcc.dg/vect/bb-slp-1.c (test for excess errors)
WARNING: gcc.dg/vect/bb-slp-1.c compilation failed to produce executable
FAIL: gcc.dg/vect/bb-slp-1.c scan-tree-dump-times slp "basic block vectorized using SLP" 1
FAIL: gcc.dg/vect/bb-slp-10.c (internal compiler error)
FAIL: gcc.dg/vect/bb-slp-10.c (test for excess errors)
WARNING: gcc.dg/vect/bb-slp-10.c compilation failed to produce executable
FAIL: gcc.dg/vect/bb-slp-10.c scan-tree-dump-times slp "basic block vectorized using SLP" 1
FAIL: gcc.dg/vect/bb-slp-11.c (internal compiler error)
FAIL: gcc.dg/vect/bb-slp-11.c (test for excess errors)
WARNING: gcc.dg/vect/bb-slp-11.c compilation failed to produce executable
FAIL: gcc.dg/vect/bb-slp-13.c (internal compiler error)
FAIL: gcc.dg/vect/bb-slp-13.c (test for excess errors)
WARNING: gcc.dg/vect/bb-slp-13.c compilation failed to produce executable
FAIL: gcc.dg/vect/bb-slp-13.c scan-tree-dump-times slp "basic block vectorized using SLP" 1
FAIL: gcc.dg/vect/bb-slp-14.c (internal compiler error)
FAIL: gcc.dg/vect/bb-slp-14.c (test for excess errors)
WARNING: gcc.dg/vect/bb-slp-14.c compilation failed to produce executable
FAIL: gcc.dg/vect/bb-slp-15.c (internal compiler error)
FAIL: gcc.dg/vect/bb-slp-15.c (test for excess errors)
WARNING: gcc.dg/vect/bb-slp-15.c compilation failed to produce executable
FAIL: gcc.dg/vect/bb-slp-15.c scan-tree-dump-times slp "basic block vectorized using SLP" 1
FAIL: gcc.dg/vect/bb-slp-16.c (internal compiler error)
FAIL: gcc.dg/vect/bb-slp-16.c (test for excess errors)
WARNING: gcc.dg/vect/bb-slp-16.c compilation failed to produce executable
FAIL: gcc.dg/vect/bb-slp-16.c scan-tree-dump-times slp "basic block vectorized using SLP" 1
FAIL: gcc.dg/vect/bb-slp-17.c (internal compiler error)
FAIL: gcc.dg/vect/bb-slp-17.c (test for excess errors)
WARNING: gcc.dg/vect/bb-slp-17.c compilation failed to produce executable
FAIL: gcc.dg/vect/bb-slp-17.c scan-tree-dump-times slp "basic block vectorized using SLP" 1
FAIL: gcc.dg/vect/bb-slp-18.c (internal compiler error)
FAIL: gcc.dg/vect/bb-slp-18.c (test for excess errors)
WARNING: gcc.dg/vect/bb-slp-18.c compilation failed to produce executable
FAIL: gcc.dg/vect/bb-slp-18.c scan-tree-dump-times slp "basic block vectorized using SLP" 1
FAIL: gcc.dg/vect/bb-slp-19.c (internal compiler error)
FAIL: gcc.dg/vect/bb-slp-19.c (test for excess errors)
WARNING: gcc.dg/vect/bb-slp-19.c compilation failed to produce executable
FAIL: gcc.dg/vect/bb-slp-2.c (internal compiler error)
FAIL: gcc.dg/vect/bb-slp-2.c (test for excess errors)
WARNING: gcc.dg/vect/bb-slp-2.c compilation failed to produce executable
FAIL: gcc.dg/vect/bb-slp-2.c scan-tree-dump-times slp "basic block vectorized using SLP" 1
FAIL: gcc.dg/vect/bb-slp-20.c (internal compiler error)
FAIL: gcc.dg/vect/bb-slp-20.c (test for excess errors)
WARNING: gcc.dg/vect/bb-slp-20.c compilation failed to produce executable
FAIL: gcc.dg/vect/bb-slp-20.c scan-tree-dump-times slp "basic block vectorized using SLP" 1
FAIL: gcc.dg/vect/bb-slp-20.c scan-tree-dump-times slp "vectorizing stmts using SLP" 2
FAIL: gcc.dg/vect/bb-slp-21.c (internal compiler error)
FAIL: gcc.dg/vect/bb-slp-21.c (test for excess errors)
WARNING: gcc.dg/vect/bb-slp-21.c compilation failed to produce executable
FAIL: gcc.dg/vect/bb-slp-21.c scan-tree-dump-times slp "basic block vectorized using SLP" 1
FAIL: gcc.dg/vect/bb-slp-21.c scan-tree-dump-times slp "vectorizing stmts using SLP" 2
FAIL: gcc.dg/vect/bb-slp-22.c (internal compiler error)
FAIL: gcc.dg/vect/bb-slp-22.c (test for excess errors)
WARNING: gcc.dg/vect/bb-slp-22.c compilation failed to produce executable
FAIL: gcc.dg/vect/bb-slp-22.c scan-tree-dump-times slp "basic block vectorized using SLP" 2
FAIL: gcc.dg/vect/bb-slp-23.c (internal compiler error)
FAIL: gcc.dg/vect/bb-slp-23.c (test for excess errors)
WARNING: gcc.dg/vect/bb-slp-23.c compilation failed to produce executable
FAIL: gcc.dg/vect/bb-slp-23.c scan-tree-dump-times slp "basic block vectorized using SLP" 1
FAIL: gcc.dg/vect/bb-slp-24.c (internal compiler error)
FAIL: gcc.dg/vect/bb-slp-24.c (test for excess errors)
WARNING: gcc.dg/vect/bb-slp-24.c compilation failed to produce executable
FAIL: gcc.dg/vect/bb-slp-24.c scan-tree-dump-times slp "basic block vectorized using SLP" 1
FAIL: gcc.dg/vect/bb-slp-25.c (internal compiler error)
FAIL: gcc.dg/vect/bb-slp-25.c (test for excess errors)
WARNING: gcc.dg/vect/bb-slp-25.c compilation failed to produce executable
FAIL: gcc.dg/vect/bb-slp-25.c scan-tree-dump-times slp "basic block vectorized using SLP" 1
FAIL: gcc.dg/vect/bb-slp-26.c (internal compiler error)
FAIL: gcc.dg/vect/bb-slp-26.c (test for excess errors)
WARNING: gcc.dg/vect/bb-slp-26.c compilation failed to produce executable
FAIL: gcc.dg/vect/bb-slp-27.c (internal compiler error)
FAIL: gcc.dg/vect/bb-slp-27.c (test for excess errors)
WARNING: gcc.dg/vect/bb-slp-27.c compilation failed to produce executable
FAIL: gcc.dg/vect/bb-slp-27.c scan-tree-dump-times slp "basic block vectorized using SLP" 1
FAIL: gcc.dg/vect/bb-slp-28.c (internal compiler error)
FAIL: gcc.dg/vect/bb-slp-28.c (test for excess errors)
WARNING: gcc.dg/vect/bb-slp-28.c compilation failed to produce executable
FAIL: gcc.dg/vect/bb-slp-28.c scan-tree-dump-times slp "basic block vectorized using SLP" 1
FAIL: gcc.dg/vect/bb-slp-29.c (internal compiler error)
FAIL: gcc.dg/vect/bb-slp-29.c (test for excess errors)
WARNING: gcc.dg/vect/bb-slp-29.c compilation failed to produce executable
FAIL: gcc.dg/vect/bb-slp-29.c scan-tree-dump-times slp "basic block vectorized using SLP" 1
FAIL: gcc.dg/vect/bb-slp-3.c (internal compiler error)
FAIL: gcc.dg/vect/bb-slp-3.c (test for excess errors)
WARNING: gcc.dg/vect/bb-slp-3.c compilation failed to produce executable
FAIL: gcc.dg/vect/bb-slp-3.c scan-tree-dump-times slp "basic block vectorized using SLP" 1
FAIL: gcc.dg/vect/bb-slp-4.c (internal compiler error)
FAIL: gcc.dg/vect/bb-slp-4.c (test for excess errors)
WARNING: gcc.dg/vect/bb-slp-4.c compilation failed to produce executable
FAIL: gcc.dg/vect/bb-slp-5.c (internal compiler error)
FAIL: gcc.dg/vect/bb-slp-5.c (test for excess errors)
WARNING: gcc.dg/vect/bb-slp-5.c compilation failed to produce executable
FAIL: gcc.dg/vect/bb-slp-5.c scan-tree-dump-times slp "basic block vectorized using SLP" 1
FAIL: gcc.dg/vect/bb-slp-6.c (internal compiler error)
FAIL: gcc.dg/vect/bb-slp-6.c (test for excess errors)
WARNING: gcc.dg/vect/bb-slp-6.c compilation failed to produce executable
FAIL: gcc.dg/vect/bb-slp-6.c scan-tree-dump-times slp "basic block vectorized using SLP" 1
FAIL: gcc.dg/vect/bb-slp-7.c (internal compiler error)
FAIL: gcc.dg/vect/bb-slp-7.c (test for excess errors)
WARNING: gcc.dg/vect/bb-slp-7.c compilation failed to produce executable
FAIL: gcc.dg/vect/bb-slp-8.c (internal compiler error)
FAIL: gcc.dg/vect/bb-slp-8.c (test for excess errors)
WARNING: gcc.dg/vect/bb-slp-8.c compilation failed to produce executable
FAIL: gcc.dg/vect/bb-slp-8.c scan-tree-dump-times slp "basic block vectorized using SLP" 1
FAIL: gcc.dg/vect/bb-slp-8a.c (internal compiler error)
FAIL: gcc.dg/vect/bb-slp-8a.c (test for excess errors)
WARNING: gcc.dg/vect/bb-slp-8a.c compilation failed to produce executable
FAIL: gcc.dg/vect/bb-slp-8b.c (internal compiler error)
FAIL: gcc.dg/vect/bb-slp-8b.c (test for excess errors)
WARNING: gcc.dg/vect/bb-slp-8b.c compilation failed to produce executable
FAIL: gcc.dg/vect/bb-slp-8b.c scan-tree-dump-times slp "basic block vectorized using SLP" 1
FAIL: gcc.dg/vect/bb-slp-9.c (internal compiler error)
FAIL: gcc.dg/vect/bb-slp-9.c (test for excess errors)
WARNING: gcc.dg/vect/bb-slp-9.c compilation failed to produce executable
FAIL: gcc.dg/vect/bb-slp-9.c scan-tree-dump-times slp "basic block vectorized using SLP" 1
FAIL: gcc.dg/vect/bb-slp-cond-1.c (internal compiler error)
FAIL: gcc.dg/vect/bb-slp-cond-1.c (test for excess errors)
WARNING: gcc.dg/vect/bb-slp-cond-1.c compilation failed to produce executable
FAIL: gcc.dg/vect/bb-slp-cond-1.c scan-tree-dump-times slp "basic block vectorized using SLP" 1
FAIL: gcc.dg/vect/bb-slp-pattern-1.c (internal compiler error)
FAIL: gcc.dg/vect/bb-slp-pattern-1.c (test for excess errors)
WARNING: gcc.dg/vect/bb-slp-pattern-1.c compilation failed to produce executable
FAIL: gcc.dg/vect/bb-slp-pattern-1.c scan-tree-dump-times slp "vectorizing stmts using SLP" 1
FAIL: gcc.dg/vect/bb-slp-pattern-1.c scan-tree-dump-times slp "vect_recog_widen_mult_pattern: detected" 8
FAIL: gcc.dg/vect/bb-slp-pattern-1.c scan-tree-dump-times slp "pattern recognized" 8
FAIL: gcc.dg/vect/bb-slp-pattern-2.c (internal compiler error)
FAIL: gcc.dg/vect/bb-slp-pattern-2.c (test for excess errors)
WARNING: gcc.dg/vect/bb-slp-pattern-2.c compilation failed to produce executable
FAIL: gcc.dg/vect/bb-slp-pattern-2.c scan-tree-dump-times slp "basic block vectorized using SLP" 1
FAIL: gcc.dg/vect/pr49093.c -flto (internal compiler error)
FAIL: gcc.dg/vect/pr49093.c -flto (test for excess errors)
FAIL: gcc.dg/vect/bb-slp-1.c -flto (internal compiler error)
FAIL: gcc.dg/vect/bb-slp-1.c -flto (test for excess errors)
WARNING: gcc.dg/vect/bb-slp-1.c -flto compilation failed to produce executable
FAIL: gcc.dg/vect/bb-slp-1.c -flto scan-tree-dump-times slp "basic block vectorized using SLP" 1
FAIL: gcc.dg/vect/bb-slp-10.c -flto (internal compiler error)
FAIL: gcc.dg/vect/bb-slp-10.c -flto (test for excess errors)
WARNING: gcc.dg/vect/bb-slp-10.c -flto compilation failed to produce executable
FAIL: gcc.dg/vect/bb-slp-10.c -flto scan-tree-dump-times slp "basic block vectorized using SLP" 1
FAIL: gcc.dg/vect/bb-slp-11.c -flto (internal compiler error)
FAIL: gcc.dg/vect/bb-slp-11.c -flto (test for excess errors)
WARNING: gcc.dg/vect/bb-slp-11.c -flto compilation failed to produce executable
FAIL: gcc.dg/vect/bb-slp-13.c -flto (internal compiler error)
FAIL: gcc.dg/vect/bb-slp-13.c -flto (test for excess errors)
WARNING: gcc.dg/vect/bb-slp-13.c -flto compilation failed to produce executable
FAIL: gcc.dg/vect/bb-slp-13.c -flto scan-tree-dump-times slp "basic block vectorized using SLP" 1
FAIL: gcc.dg/vect/bb-slp-14.c -flto (internal compiler error)
FAIL: gcc.dg/vect/bb-slp-14.c -flto (test for excess errors)
WARNING: gcc.dg/vect/bb-slp-14.c -flto compilation failed to produce executable
FAIL: gcc.dg/vect/bb-slp-15.c -flto (internal compiler error)
FAIL: gcc.dg/vect/bb-slp-15.c -flto (test for excess errors)
WARNING: gcc.dg/vect/bb-slp-15.c -flto compilation failed to produce executable
FAIL: gcc.dg/vect/bb-slp-15.c -flto scan-tree-dump-times slp "basic block vectorized using SLP" 1
FAIL: gcc.dg/vect/bb-slp-16.c -flto (internal compiler error)
FAIL: gcc.dg/vect/bb-slp-16.c -flto (test for excess errors)
WARNING: gcc.dg/vect/bb-slp-16.c -flto compilation failed to produce executable
FAIL: gcc.dg/vect/bb-slp-16.c -flto scan-tree-dump-times slp "basic block vectorized using SLP" 1
FAIL: gcc.dg/vect/bb-slp-17.c -flto (internal compiler error)
FAIL: gcc.dg/vect/bb-slp-17.c -flto (test for excess errors)
WARNING: gcc.dg/vect/bb-slp-17.c -flto compilation failed to produce executable
FAIL: gcc.dg/vect/bb-slp-17.c -flto scan-tree-dump-times slp "basic block vectorized using SLP" 1
FAIL: gcc.dg/vect/bb-slp-18.c -flto (internal compiler error)
FAIL: gcc.dg/vect/bb-slp-18.c -flto (test for excess errors)
WARNING: gcc.dg/vect/bb-slp-18.c -flto compilation failed to produce executable
FAIL: gcc.dg/vect/bb-slp-18.c -flto scan-tree-dump-times slp "basic block vectorized using SLP" 1
FAIL: gcc.dg/vect/bb-slp-19.c -flto (internal compiler error)
FAIL: gcc.dg/vect/bb-slp-19.c -flto (test for excess errors)
WARNING: gcc.dg/vect/bb-slp-19.c -flto compilation failed to produce executable
FAIL: gcc.dg/vect/bb-slp-2.c -flto (internal compiler error)
FAIL: gcc.dg/vect/bb-slp-2.c -flto (test for excess errors)
WARNING: gcc.dg/vect/bb-slp-2.c -flto compilation failed to produce executable
FAIL: gcc.dg/vect/bb-slp-2.c -flto scan-tree-dump-times slp "basic block vectorized using SLP" 1
FAIL: gcc.dg/vect/bb-slp-20.c -flto (internal compiler error)
FAIL: gcc.dg/vect/bb-slp-20.c -flto (test for excess errors)
WARNING: gcc.dg/vect/bb-slp-20.c -flto compilation failed to produce executable
FAIL: gcc.dg/vect/bb-slp-20.c -flto scan-tree-dump-times slp "basic block vectorized using SLP" 1
FAIL: gcc.dg/vect/bb-slp-20.c -flto scan-tree-dump-times slp "vectorizing stmts using SLP" 2
FAIL: gcc.dg/vect/bb-slp-21.c -flto (internal compiler error)
FAIL: gcc.dg/vect/bb-slp-21.c -flto (test for excess errors)
WARNING: gcc.dg/vect/bb-slp-21.c -flto compilation failed to produce executable
FAIL: gcc.dg/vect/bb-slp-21.c -flto scan-tree-dump-times slp "basic block vectorized using SLP" 1
FAIL: gcc.dg/vect/bb-slp-21.c -flto scan-tree-dump-times slp "vectorizing stmts using SLP" 2
FAIL: gcc.dg/vect/bb-slp-22.c -flto (internal compiler error)
FAIL: gcc.dg/vect/bb-slp-22.c -flto (test for excess errors)
WARNING: gcc.dg/vect/bb-slp-22.c -flto compilation failed to produce executable
FAIL: gcc.dg/vect/bb-slp-22.c -flto scan-tree-dump-times slp "basic block vectorized using SLP" 2
FAIL: gcc.dg/vect/bb-slp-23.c -flto (internal compiler error)
FAIL: gcc.dg/vect/bb-slp-23.c -flto (test for excess errors)
WARNING: gcc.dg/vect/bb-slp-23.c -flto compilation failed to produce executable
FAIL: gcc.dg/vect/bb-slp-23.c -flto scan-tree-dump-times slp "basic block vectorized using SLP" 1
FAIL: gcc.dg/vect/bb-slp-24.c -flto (internal compiler error)
FAIL: gcc.dg/vect/bb-slp-24.c -flto (test for excess errors)
WARNING: gcc.dg/vect/bb-slp-24.c -flto compilation failed to produce executable
FAIL: gcc.dg/vect/bb-slp-24.c -flto scan-tree-dump-times slp "basic block vectorized using SLP" 1
FAIL: gcc.dg/vect/bb-slp-25.c -flto (internal compiler error)
FAIL: gcc.dg/vect/bb-slp-25.c -flto (test for excess errors)
WARNING: gcc.dg/vect/bb-slp-25.c -flto compilation failed to produce executable
FAIL: gcc.dg/vect/bb-slp-25.c -flto scan-tree-dump-times slp "basic block vectorized using SLP" 1
FAIL: gcc.dg/vect/bb-slp-26.c -flto (internal compiler error)
FAIL: gcc.dg/vect/bb-slp-26.c -flto (test for excess errors)
WARNING: gcc.dg/vect/bb-slp-26.c -flto compilation failed to produce executable
FAIL: gcc.dg/vect/bb-slp-27.c -flto (internal compiler error)
FAIL: gcc.dg/vect/bb-slp-27.c -flto (test for excess errors)
WARNING: gcc.dg/vect/bb-slp-27.c -flto compilation failed to produce executable
FAIL: gcc.dg/vect/bb-slp-27.c -flto scan-tree-dump-times slp "basic block vectorized using SLP" 1
FAIL: gcc.dg/vect/bb-slp-28.c -flto (internal compiler error)
FAIL: gcc.dg/vect/bb-slp-28.c -flto (test for excess errors)
WARNING: gcc.dg/vect/bb-slp-28.c -flto compilation failed to produce executable
FAIL: gcc.dg/vect/bb-slp-28.c -flto scan-tree-dump-times slp "basic block vectorized using SLP" 1
FAIL: gcc.dg/vect/bb-slp-29.c -flto (internal compiler error)
FAIL: gcc.dg/vect/bb-slp-29.c -flto (test for excess errors)
WARNING: gcc.dg/vect/bb-slp-29.c -flto compilation failed to produce executable
FAIL: gcc.dg/vect/bb-slp-29.c -flto scan-tree-dump-times slp "basic block vectorized using SLP" 1
FAIL: gcc.dg/vect/bb-slp-3.c -flto (internal compiler error)
FAIL: gcc.dg/vect/bb-slp-3.c -flto (test for excess errors)
WARNING: gcc.dg/vect/bb-slp-3.c -flto compilation failed to produce executable
FAIL: gcc.dg/vect/bb-slp-3.c -flto scan-tree-dump-times slp "basic block vectorized using SLP" 1
FAIL: gcc.dg/vect/bb-slp-4.c -flto (internal compiler error)
FAIL: gcc.dg/vect/bb-slp-4.c -flto (test for excess errors)
WARNING: gcc.dg/vect/bb-slp-4.c -flto compilation failed to produce executable
FAIL: gcc.dg/vect/bb-slp-5.c -flto (internal compiler error)
FAIL: gcc.dg/vect/bb-slp-5.c -flto (test for excess errors)
WARNING: gcc.dg/vect/bb-slp-5.c -flto compilation failed to produce executable
FAIL: gcc.dg/vect/bb-slp-5.c -flto scan-tree-dump-times slp "basic block vectorized using SLP" 1
FAIL: gcc.dg/vect/bb-slp-6.c -flto (internal compiler error)
FAIL: gcc.dg/vect/bb-slp-6.c -flto (test for excess errors)
WARNING: gcc.dg/vect/bb-slp-6.c -flto compilation failed to produce executable
FAIL: gcc.dg/vect/bb-slp-6.c -flto scan-tree-dump-times slp "basic block vectorized using SLP" 1
FAIL: gcc.dg/vect/bb-slp-7.c -flto (internal compiler error)
FAIL: gcc.dg/vect/bb-slp-7.c -flto (test for excess errors)
WARNING: gcc.dg/vect/bb-slp-7.c -flto compilation failed to produce executable
FAIL: gcc.dg/vect/bb-slp-8.c -flto (internal compiler error)
FAIL: gcc.dg/vect/bb-slp-8.c -flto (test for excess errors)
WARNING: gcc.dg/vect/bb-slp-8.c -flto compilation failed to produce executable
FAIL: gcc.dg/vect/bb-slp-8.c -flto scan-tree-dump-times slp "basic block vectorized using SLP" 1
FAIL: gcc.dg/vect/bb-slp-8a.c -flto (internal compiler error)
FAIL: gcc.dg/vect/bb-slp-8a.c -flto (test for excess errors)
WARNING: gcc.dg/vect/bb-slp-8a.c -flto compilation failed to produce executable
FAIL: gcc.dg/vect/bb-slp-8b.c -flto (internal compiler error)
FAIL: gcc.dg/vect/bb-slp-8b.c -flto (test for excess errors)
WARNING: gcc.dg/vect/bb-slp-8b.c -flto compilation failed to produce executable
FAIL: gcc.dg/vect/bb-slp-8b.c -flto scan-tree-dump-times slp "basic block vectorized using SLP" 1
FAIL: gcc.dg/vect/bb-slp-9.c -flto (internal compiler error)
FAIL: gcc.dg/vect/bb-slp-9.c -flto (test for excess errors)
WARNING: gcc.dg/vect/bb-slp-9.c -flto compilation failed to produce executable
FAIL: gcc.dg/vect/bb-slp-9.c -flto scan-tree-dump-times slp "basic block vectorized using SLP" 1
FAIL: gcc.dg/vect/bb-slp-cond-1.c -flto (internal compiler error)
FAIL: gcc.dg/vect/bb-slp-cond-1.c -flto (test for excess errors)
WARNING: gcc.dg/vect/bb-slp-cond-1.c -flto compilation failed to produce executable
FAIL: gcc.dg/vect/bb-slp-cond-1.c -flto scan-tree-dump-times slp "basic block vectorized using SLP" 1
FAIL: gcc.dg/vect/bb-slp-pattern-1.c -flto (internal compiler error)
FAIL: gcc.dg/vect/bb-slp-pattern-1.c -flto (test for excess errors)
WARNING: gcc.dg/vect/bb-slp-pattern-1.c -flto compilation failed to produce executable
FAIL: gcc.dg/vect/bb-slp-pattern-1.c -flto scan-tree-dump-times slp "vectorizing stmts using SLP" 1
FAIL: gcc.dg/vect/bb-slp-pattern-1.c -flto scan-tree-dump-times slp "vect_recog_widen_mult_pattern: detected" 8
FAIL: gcc.dg/vect/bb-slp-pattern-1.c -flto scan-tree-dump-times slp "pattern recognized" 8
FAIL: gcc.dg/vect/bb-slp-pattern-2.c -flto (internal compiler error)
FAIL: gcc.dg/vect/bb-slp-pattern-2.c -flto (test for excess errors)
WARNING: gcc.dg/vect/bb-slp-pattern-2.c -flto compilation failed to produce executable
FAIL: gcc.dg/vect/bb-slp-pattern-2.c -flto scan-tree-dump-times slp "basic block vectorized using SLP" 1
FAIL: gcc.dg/vect/fast-math-bb-slp-call-1.c (internal compiler error)
FAIL: gcc.dg/vect/fast-math-bb-slp-call-1.c (test for excess errors)
WARNING: gcc.dg/vect/fast-math-bb-slp-call-1.c compilation failed to produce executable
FAIL: gcc.dg/vect/fast-math-bb-slp-call-1.c scan-tree-dump-times slp "basic block vectorized using SLP" 1
FAIL: gcc.dg/vect/fast-math-bb-slp-call-2.c (internal compiler error)
FAIL: gcc.dg/vect/fast-math-bb-slp-call-2.c (test for excess errors)
WARNING: gcc.dg/vect/fast-math-bb-slp-call-2.c compilation failed to produce executable
FAIL: gcc.dg/vect/fast-math-bb-slp-call-2.c scan-tree-dump-times slp "basic block vectorized using SLP" 2
FAIL: gcc.dg/vect/no-tree-reassoc-bb-slp-12.c (internal compiler error)
FAIL: gcc.dg/vect/no-tree-reassoc-bb-slp-12.c (test for excess errors)
WARNING: gcc.dg/vect/no-tree-reassoc-bb-slp-12.c compilation failed to produce executable
FAIL: gcc.dg/vect/no-tree-reassoc-bb-slp-12.c scan-tree-dump-times slp "basic block vectorized using SLP" 1
=== gcc Summary for unix ===
# of expected passes 90247
# of unexpected failures 234
# of expected failures 258
# of unresolved testcases 1
# of unsupported tests 1134
Running target unix/-m64
FAIL: gcc.dg/vect/pr49093.c (internal compiler error)
FAIL: gcc.dg/vect/pr49093.c (test for excess errors)
FAIL: gcc.dg/vect/bb-slp-1.c (internal compiler error)
FAIL: gcc.dg/vect/bb-slp-1.c (test for excess errors)
WARNING: gcc.dg/vect/bb-slp-1.c compilation failed to produce executable
FAIL: gcc.dg/vect/bb-slp-1.c scan-tree-dump-times slp "basic block vectorized using SLP" 1
FAIL: gcc.dg/vect/bb-slp-10.c (internal compiler error)
FAIL: gcc.dg/vect/bb-slp-10.c (test for excess errors)
WARNING: gcc.dg/vect/bb-slp-10.c compilation failed to produce executable
FAIL: gcc.dg/vect/bb-slp-10.c scan-tree-dump-times slp "basic block vectorized using SLP" 1
FAIL: gcc.dg/vect/bb-slp-11.c (internal compiler error)
FAIL: gcc.dg/vect/bb-slp-11.c (test for excess errors)
WARNING: gcc.dg/vect/bb-slp-11.c compilation failed to produce executable
FAIL: gcc.dg/vect/bb-slp-13.c (internal compiler error)
FAIL: gcc.dg/vect/bb-slp-13.c (test for excess errors)
WARNING: gcc.dg/vect/bb-slp-13.c compilation failed to produce executable
FAIL: gcc.dg/vect/bb-slp-13.c scan-tree-dump-times slp "basic block vectorized using SLP" 1
FAIL: gcc.dg/vect/bb-slp-14.c (internal compiler error)
FAIL: gcc.dg/vect/bb-slp-14.c (test for excess errors)
WARNING: gcc.dg/vect/bb-slp-14.c compilation failed to produce executable
FAIL: gcc.dg/vect/bb-slp-15.c (internal compiler error)
FAIL: gcc.dg/vect/bb-slp-15.c (test for excess errors)
WARNING: gcc.dg/vect/bb-slp-15.c compilation failed to produce executable
FAIL: gcc.dg/vect/bb-slp-15.c scan-tree-dump-times slp "basic block vectorized using SLP" 1
FAIL: gcc.dg/vect/bb-slp-16.c (internal compiler error)
FAIL: gcc.dg/vect/bb-slp-16.c (test for excess errors)
WARNING: gcc.dg/vect/bb-slp-16.c compilation failed to produce executable
FAIL: gcc.dg/vect/bb-slp-16.c scan-tree-dump-times slp "basic block vectorized using SLP" 1
FAIL: gcc.dg/vect/bb-slp-17.c (internal compiler error)
FAIL: gcc.dg/vect/bb-slp-17.c (test for excess errors)
WARNING: gcc.dg/vect/bb-slp-17.c compilation failed to produce executable
FAIL: gcc.dg/vect/bb-slp-17.c scan-tree-dump-times slp "basic block vectorized using SLP" 1
FAIL: gcc.dg/vect/bb-slp-18.c (internal compiler error)
FAIL: gcc.dg/vect/bb-slp-18.c (test for excess errors)
WARNING: gcc.dg/vect/bb-slp-18.c compilation failed to produce executable
FAIL: gcc.dg/vect/bb-slp-18.c scan-tree-dump-times slp "basic block vectorized using SLP" 1
FAIL: gcc.dg/vect/bb-slp-19.c (internal compiler error)
FAIL: gcc.dg/vect/bb-slp-19.c (test for excess errors)
WARNING: gcc.dg/vect/bb-slp-19.c compilation failed to produce executable
FAIL: gcc.dg/vect/bb-slp-2.c (internal compiler error)
FAIL: gcc.dg/vect/bb-slp-2.c (test for excess errors)
WARNING: gcc.dg/vect/bb-slp-2.c compilation failed to produce executable
FAIL: gcc.dg/vect/bb-slp-2.c scan-tree-dump-times slp "basic block vectorized using SLP" 1
FAIL: gcc.dg/vect/bb-slp-20.c (internal compiler error)
FAIL: gcc.dg/vect/bb-slp-20.c (test for excess errors)
WARNING: gcc.dg/vect/bb-slp-20.c compilation failed to produce executable
FAIL: gcc.dg/vect/bb-slp-20.c scan-tree-dump-times slp "basic block vectorized using SLP" 1
FAIL: gcc.dg/vect/bb-slp-20.c scan-tree-dump-times slp "vectorizing stmts using SLP" 2
FAIL: gcc.dg/vect/bb-slp-21.c (internal compiler error)
FAIL: gcc.dg/vect/bb-slp-21.c (test for excess errors)
WARNING: gcc.dg/vect/bb-slp-21.c compilation failed to produce executable
FAIL: gcc.dg/vect/bb-slp-21.c scan-tree-dump-times slp "basic block vectorized using SLP" 1
FAIL: gcc.dg/vect/bb-slp-21.c scan-tree-dump-times slp "vectorizing stmts using SLP" 2
FAIL: gcc.dg/vect/bb-slp-22.c (internal compiler error)
FAIL: gcc.dg/vect/bb-slp-22.c (test for excess errors)
WARNING: gcc.dg/vect/bb-slp-22.c compilation failed to produce executable
FAIL: gcc.dg/vect/bb-slp-22.c scan-tree-dump-times slp "basic block vectorized using SLP" 2
FAIL: gcc.dg/vect/bb-slp-23.c (internal compiler error)
FAIL: gcc.dg/vect/bb-slp-23.c (test for excess errors)
WARNING: gcc.dg/vect/bb-slp-23.c compilation failed to produce executable
FAIL: gcc.dg/vect/bb-slp-23.c scan-tree-dump-times slp "basic block vectorized using SLP" 1
FAIL: gcc.dg/vect/bb-slp-24.c (internal compiler error)
FAIL: gcc.dg/vect/bb-slp-24.c (test for excess errors)
WARNING: gcc.dg/vect/bb-slp-24.c compilation failed to produce executable
FAIL: gcc.dg/vect/bb-slp-24.c scan-tree-dump-times slp "basic block vectorized using SLP" 1
FAIL: gcc.dg/vect/bb-slp-25.c (internal compiler error)
FAIL: gcc.dg/vect/bb-slp-25.c (test for excess errors)
WARNING: gcc.dg/vect/bb-slp-25.c compilation failed to produce executable
FAIL: gcc.dg/vect/bb-slp-25.c scan-tree-dump-times slp "basic block vectorized using SLP" 1
FAIL: gcc.dg/vect/bb-slp-26.c (internal compiler error)
FAIL: gcc.dg/vect/bb-slp-26.c (test for excess errors)
WARNING: gcc.dg/vect/bb-slp-26.c compilation failed to produce executable
FAIL: gcc.dg/vect/bb-slp-27.c (internal compiler error)
FAIL: gcc.dg/vect/bb-slp-27.c (test for excess errors)
WARNING: gcc.dg/vect/bb-slp-27.c compilation failed to produce executable
FAIL: gcc.dg/vect/bb-slp-27.c scan-tree-dump-times slp "basic block vectorized using SLP" 1
FAIL: gcc.dg/vect/bb-slp-28.c (internal compiler error)
FAIL: gcc.dg/vect/bb-slp-28.c (test for excess errors)
WARNING: gcc.dg/vect/bb-slp-28.c compilation failed to produce executable
FAIL: gcc.dg/vect/bb-slp-28.c scan-tree-dump-times slp "basic block vectorized using SLP" 1
FAIL: gcc.dg/vect/bb-slp-29.c (internal compiler error)
FAIL: gcc.dg/vect/bb-slp-29.c (test for excess errors)
WARNING: gcc.dg/vect/bb-slp-29.c compilation failed to produce executable
FAIL: gcc.dg/vect/bb-slp-29.c scan-tree-dump-times slp "basic block vectorized using SLP" 1
FAIL: gcc.dg/vect/bb-slp-3.c (internal compiler error)
FAIL: gcc.dg/vect/bb-slp-3.c (test for excess errors)
WARNING: gcc.dg/vect/bb-slp-3.c compilation failed to produce executable
FAIL: gcc.dg/vect/bb-slp-3.c scan-tree-dump-times slp "basic block vectorized using SLP" 1
FAIL: gcc.dg/vect/bb-slp-4.c (internal compiler error)
FAIL: gcc.dg/vect/bb-slp-4.c (test for excess errors)
WARNING: gcc.dg/vect/bb-slp-4.c compilation failed to produce executable
FAIL: gcc.dg/vect/bb-slp-5.c (internal compiler error)
FAIL: gcc.dg/vect/bb-slp-5.c (test for excess errors)
WARNING: gcc.dg/vect/bb-slp-5.c compilation failed to produce executable
FAIL: gcc.dg/vect/bb-slp-5.c scan-tree-dump-times slp "basic block vectorized using SLP" 1
FAIL: gcc.dg/vect/bb-slp-6.c (internal compiler error)
FAIL: gcc.dg/vect/bb-slp-6.c (test for excess errors)
WARNING: gcc.dg/vect/bb-slp-6.c compilation failed to produce executable
FAIL: gcc.dg/vect/bb-slp-6.c scan-tree-dump-times slp "basic block vectorized using SLP" 1
FAIL: gcc.dg/vect/bb-slp-7.c (internal compiler error)
FAIL: gcc.dg/vect/bb-slp-7.c (test for excess errors)
WARNING: gcc.dg/vect/bb-slp-7.c compilation failed to produce executable
FAIL: gcc.dg/vect/bb-slp-8.c (internal compiler error)
FAIL: gcc.dg/vect/bb-slp-8.c (test for excess errors)
WARNING: gcc.dg/vect/bb-slp-8.c compilation failed to produce executable
FAIL: gcc.dg/vect/bb-slp-8.c scan-tree-dump-times slp "basic block vectorized using SLP" 1
FAIL: gcc.dg/vect/bb-slp-8a.c (internal compiler error)
FAIL: gcc.dg/vect/bb-slp-8a.c (test for excess errors)
WARNING: gcc.dg/vect/bb-slp-8a.c compilation failed to produce executable
FAIL: gcc.dg/vect/bb-slp-8b.c (internal compiler error)
FAIL: gcc.dg/vect/bb-slp-8b.c (test for excess errors)
WARNING: gcc.dg/vect/bb-slp-8b.c compilation failed to produce executable
FAIL: gcc.dg/vect/bb-slp-8b.c scan-tree-dump-times slp "basic block vectorized using SLP" 1
FAIL: gcc.dg/vect/bb-slp-9.c (internal compiler error)
FAIL: gcc.dg/vect/bb-slp-9.c (test for excess errors)
WARNING: gcc.dg/vect/bb-slp-9.c compilation failed to produce executable
FAIL: gcc.dg/vect/bb-slp-9.c scan-tree-dump-times slp "basic block vectorized using SLP" 1
FAIL: gcc.dg/vect/bb-slp-cond-1.c (internal compiler error)
FAIL: gcc.dg/vect/bb-slp-cond-1.c (test for excess errors)
WARNING: gcc.dg/vect/bb-slp-cond-1.c compilation failed to produce executable
FAIL: gcc.dg/vect/bb-slp-cond-1.c scan-tree-dump-times slp "basic block vectorized using SLP" 1
FAIL: gcc.dg/vect/bb-slp-pattern-1.c (internal compiler error)
FAIL: gcc.dg/vect/bb-slp-pattern-1.c (test for excess errors)
WARNING: gcc.dg/vect/bb-slp-pattern-1.c compilation failed to produce executable
FAIL: gcc.dg/vect/bb-slp-pattern-1.c scan-tree-dump-times slp "vectorizing stmts using SLP" 1
FAIL: gcc.dg/vect/bb-slp-pattern-1.c scan-tree-dump-times slp "vect_recog_widen_mult_pattern: detected" 8
FAIL: gcc.dg/vect/bb-slp-pattern-1.c scan-tree-dump-times slp "pattern recognized" 8
FAIL: gcc.dg/vect/bb-slp-pattern-2.c (internal compiler error)
FAIL: gcc.dg/vect/bb-slp-pattern-2.c (test for excess errors)
WARNING: gcc.dg/vect/bb-slp-pattern-2.c compilation failed to produce executable
FAIL: gcc.dg/vect/bb-slp-pattern-2.c scan-tree-dump-times slp "basic block vectorized using SLP" 1
FAIL: gcc.dg/vect/pr49093.c -flto (internal compiler error)
FAIL: gcc.dg/vect/pr49093.c -flto (test for excess errors)
FAIL: gcc.dg/vect/bb-slp-1.c -flto (internal compiler error)
FAIL: gcc.dg/vect/bb-slp-1.c -flto (test for excess errors)
WARNING: gcc.dg/vect/bb-slp-1.c -flto compilation failed to produce executable
FAIL: gcc.dg/vect/bb-slp-1.c -flto scan-tree-dump-times slp "basic block vectorized using SLP" 1
FAIL: gcc.dg/vect/bb-slp-10.c -flto (internal compiler error)
FAIL: gcc.dg/vect/bb-slp-10.c -flto (test for excess errors)
WARNING: gcc.dg/vect/bb-slp-10.c -flto compilation failed to produce executable
FAIL: gcc.dg/vect/bb-slp-10.c -flto scan-tree-dump-times slp "basic block vectorized using SLP" 1
FAIL: gcc.dg/vect/bb-slp-11.c -flto (internal compiler error)
FAIL: gcc.dg/vect/bb-slp-11.c -flto (test for excess errors)
WARNING: gcc.dg/vect/bb-slp-11.c -flto compilation failed to produce executable
FAIL: gcc.dg/vect/bb-slp-13.c -flto (internal compiler error)
FAIL: gcc.dg/vect/bb-slp-13.c -flto (test for excess errors)
WARNING: gcc.dg/vect/bb-slp-13.c -flto compilation failed to produce executable
FAIL: gcc.dg/vect/bb-slp-13.c -flto scan-tree-dump-times slp "basic block vectorized using SLP" 1
FAIL: gcc.dg/vect/bb-slp-14.c -flto (internal compiler error)
FAIL: gcc.dg/vect/bb-slp-14.c -flto (test for excess errors)
WARNING: gcc.dg/vect/bb-slp-14.c -flto compilation failed to produce executable
FAIL: gcc.dg/vect/bb-slp-15.c -flto (internal compiler error)
FAIL: gcc.dg/vect/bb-slp-15.c -flto (test for excess errors)
WARNING: gcc.dg/vect/bb-slp-15.c -flto compilation failed to produce executable
FAIL: gcc.dg/vect/bb-slp-15.c -flto scan-tree-dump-times slp "basic block vectorized using SLP" 1
FAIL: gcc.dg/vect/bb-slp-16.c -flto (internal compiler error)
FAIL: gcc.dg/vect/bb-slp-16.c -flto (test for excess errors)
WARNING: gcc.dg/vect/bb-slp-16.c -flto compilation failed to produce executable
FAIL: gcc.dg/vect/bb-slp-16.c -flto scan-tree-dump-times slp "basic block vectorized using SLP" 1
FAIL: gcc.dg/vect/bb-slp-17.c -flto (internal compiler error)
FAIL: gcc.dg/vect/bb-slp-17.c -flto (test for excess errors)
WARNING: gcc.dg/vect/bb-slp-17.c -flto compilation failed to produce executable
FAIL: gcc.dg/vect/bb-slp-17.c -flto scan-tree-dump-times slp "basic block vectorized using SLP" 1
FAIL: gcc.dg/vect/bb-slp-18.c -flto (internal compiler error)
FAIL: gcc.dg/vect/bb-slp-18.c -flto (test for excess errors)
WARNING: gcc.dg/vect/bb-slp-18.c -flto compilation failed to produce executable
FAIL: gcc.dg/vect/bb-slp-18.c -flto scan-tree-dump-times slp "basic block vectorized using SLP" 1
FAIL: gcc.dg/vect/bb-slp-19.c -flto (internal compiler error)
FAIL: gcc.dg/vect/bb-slp-19.c -flto (test for excess errors)
WARNING: gcc.dg/vect/bb-slp-19.c -flto compilation failed to produce executable
FAIL: gcc.dg/vect/bb-slp-2.c -flto (internal compiler error)
FAIL: gcc.dg/vect/bb-slp-2.c -flto (test for excess errors)
WARNING: gcc.dg/vect/bb-slp-2.c -flto compilation failed to produce executable
FAIL: gcc.dg/vect/bb-slp-2.c -flto scan-tree-dump-times slp "basic block vectorized using SLP" 1
FAIL: gcc.dg/vect/bb-slp-20.c -flto (internal compiler error)
FAIL: gcc.dg/vect/bb-slp-20.c -flto (test for excess errors)
WARNING: gcc.dg/vect/bb-slp-20.c -flto compilation failed to produce executable
FAIL: gcc.dg/vect/bb-slp-20.c -flto scan-tree-dump-times slp "basic block vectorized using SLP" 1
FAIL: gcc.dg/vect/bb-slp-20.c -flto scan-tree-dump-times slp "vectorizing stmts using SLP" 2
FAIL: gcc.dg/vect/bb-slp-21.c -flto (internal compiler error)
FAIL: gcc.dg/vect/bb-slp-21.c -flto (test for excess errors)
WARNING: gcc.dg/vect/bb-slp-21.c -flto compilation failed to produce executable
FAIL: gcc.dg/vect/bb-slp-21.c -flto scan-tree-dump-times slp "basic block vectorized using SLP" 1
FAIL: gcc.dg/vect/bb-slp-21.c -flto scan-tree-dump-times slp "vectorizing stmts using SLP" 2
FAIL: gcc.dg/vect/bb-slp-22.c -flto (internal compiler error)
FAIL: gcc.dg/vect/bb-slp-22.c -flto (test for excess errors)
WARNING: gcc.dg/vect/bb-slp-22.c -flto compilation failed to produce executable
FAIL: gcc.dg/vect/bb-slp-22.c -flto scan-tree-dump-times slp "basic block vectorized using SLP" 2
FAIL: gcc.dg/vect/bb-slp-23.c -flto (internal compiler error)
FAIL: gcc.dg/vect/bb-slp-23.c -flto (test for excess errors)
WARNING: gcc.dg/vect/bb-slp-23.c -flto compilation failed to produce executable
FAIL: gcc.dg/vect/bb-slp-23.c -flto scan-tree-dump-times slp "basic block vectorized using SLP" 1
FAIL: gcc.dg/vect/bb-slp-24.c -flto (internal compiler error)
FAIL: gcc.dg/vect/bb-slp-24.c -flto (test for excess errors)
WARNING: gcc.dg/vect/bb-slp-24.c -flto compilation failed to produce executable
FAIL: gcc.dg/vect/bb-slp-24.c -flto scan-tree-dump-times slp "basic block vectorized using SLP" 1
FAIL: gcc.dg/vect/bb-slp-25.c -flto (internal compiler error)
FAIL: gcc.dg/vect/bb-slp-25.c -flto (test for excess errors)
WARNING: gcc.dg/vect/bb-slp-25.c -flto compilation failed to produce executable
FAIL: gcc.dg/vect/bb-slp-25.c -flto scan-tree-dump-times slp "basic block vectorized using SLP" 1
FAIL: gcc.dg/vect/bb-slp-26.c -flto (internal compiler error)
FAIL: gcc.dg/vect/bb-slp-26.c -flto (test for excess errors)
WARNING: gcc.dg/vect/bb-slp-26.c -flto compilation failed to produce executable
FAIL: gcc.dg/vect/bb-slp-27.c -flto (internal compiler error)
FAIL: gcc.dg/vect/bb-slp-27.c -flto (test for excess errors)
WARNING: gcc.dg/vect/bb-slp-27.c -flto compilation failed to produce executable
FAIL: gcc.dg/vect/bb-slp-27.c -flto scan-tree-dump-times slp "basic block vectorized using SLP" 1
FAIL: gcc.dg/vect/bb-slp-28.c -flto (internal compiler error)
FAIL: gcc.dg/vect/bb-slp-28.c -flto (test for excess errors)
WARNING: gcc.dg/vect/bb-slp-28.c -flto compilation failed to produce executable
FAIL: gcc.dg/vect/bb-slp-28.c -flto scan-tree-dump-times slp "basic block vectorized using SLP" 1
FAIL: gcc.dg/vect/bb-slp-29.c -flto (internal compiler error)
FAIL: gcc.dg/vect/bb-slp-29.c -flto (test for excess errors)
WARNING: gcc.dg/vect/bb-slp-29.c -flto compilation failed to produce executable
FAIL: gcc.dg/vect/bb-slp-29.c -flto scan-tree-dump-times slp "basic block vectorized using SLP" 1
FAIL: gcc.dg/vect/bb-slp-3.c -flto (internal compiler error)
FAIL: gcc.dg/vect/bb-slp-3.c -flto (test for excess errors)
WARNING: gcc.dg/vect/bb-slp-3.c -flto compilation failed to produce executable
FAIL: gcc.dg/vect/bb-slp-3.c -flto scan-tree-dump-times slp "basic block vectorized using SLP" 1
FAIL: gcc.dg/vect/bb-slp-4.c -flto (internal compiler error)
FAIL: gcc.dg/vect/bb-slp-4.c -flto (test for excess errors)
WARNING: gcc.dg/vect/bb-slp-4.c -flto compilation failed to produce executable
FAIL: gcc.dg/vect/bb-slp-5.c -flto (internal compiler error)
FAIL: gcc.dg/vect/bb-slp-5.c -flto (test for excess errors)
WARNING: gcc.dg/vect/bb-slp-5.c -flto compilation failed to produce executable
FAIL: gcc.dg/vect/bb-slp-5.c -flto scan-tree-dump-times slp "basic block vectorized using SLP" 1
FAIL: gcc.dg/vect/bb-slp-6.c -flto (internal compiler error)
FAIL: gcc.dg/vect/bb-slp-6.c -flto (test for excess errors)
WARNING: gcc.dg/vect/bb-slp-6.c -flto compilation failed to produce executable
FAIL: gcc.dg/vect/bb-slp-6.c -flto scan-tree-dump-times slp "basic block vectorized using SLP" 1
FAIL: gcc.dg/vect/bb-slp-7.c -flto (internal compiler error)
FAIL: gcc.dg/vect/bb-slp-7.c -flto (test for excess errors)
WARNING: gcc.dg/vect/bb-slp-7.c -flto compilation failed to produce executable
FAIL: gcc.dg/vect/bb-slp-8.c -flto (internal compiler error)
FAIL: gcc.dg/vect/bb-slp-8.c -flto (test for excess errors)
WARNING: gcc.dg/vect/bb-slp-8.c -flto compilation failed to produce executable
FAIL: gcc.dg/vect/bb-slp-8.c -flto scan-tree-dump-times slp "basic block vectorized using SLP" 1
FAIL: gcc.dg/vect/bb-slp-8a.c -flto (internal compiler error)
FAIL: gcc.dg/vect/bb-slp-8a.c -flto (test for excess errors)
WARNING: gcc.dg/vect/bb-slp-8a.c -flto compilation failed to produce executable
FAIL: gcc.dg/vect/bb-slp-8b.c -flto (internal compiler error)
FAIL: gcc.dg/vect/bb-slp-8b.c -flto (test for excess errors)
WARNING: gcc.dg/vect/bb-slp-8b.c -flto compilation failed to produce executable
FAIL: gcc.dg/vect/bb-slp-8b.c -flto scan-tree-dump-times slp "basic block vectorized using SLP" 1
FAIL: gcc.dg/vect/bb-slp-9.c -flto (internal compiler error)
FAIL: gcc.dg/vect/bb-slp-9.c -flto (test for excess errors)
WARNING: gcc.dg/vect/bb-slp-9.c -flto compilation failed to produce executable
FAIL: gcc.dg/vect/bb-slp-9.c -flto scan-tree-dump-times slp "basic block vectorized using SLP" 1
FAIL: gcc.dg/vect/bb-slp-cond-1.c -flto (internal compiler error)
FAIL: gcc.dg/vect/bb-slp-cond-1.c -flto (test for excess errors)
WARNING: gcc.dg/vect/bb-slp-cond-1.c -flto compilation failed to produce executable
FAIL: gcc.dg/vect/bb-slp-cond-1.c -flto scan-tree-dump-times slp "basic block vectorized using SLP" 1
FAIL: gcc.dg/vect/bb-slp-pattern-1.c -flto (internal compiler error)
FAIL: gcc.dg/vect/bb-slp-pattern-1.c -flto (test for excess errors)
WARNING: gcc.dg/vect/bb-slp-pattern-1.c -flto compilation failed to produce executable
FAIL: gcc.dg/vect/bb-slp-pattern-1.c -flto scan-tree-dump-times slp "vectorizing stmts using SLP" 1
FAIL: gcc.dg/vect/bb-slp-pattern-1.c -flto scan-tree-dump-times slp "vect_recog_widen_mult_pattern: detected" 8
FAIL: gcc.dg/vect/bb-slp-pattern-1.c -flto scan-tree-dump-times slp "pattern recognized" 8
FAIL: gcc.dg/vect/bb-slp-pattern-2.c -flto (internal compiler error)
FAIL: gcc.dg/vect/bb-slp-pattern-2.c -flto (test for excess errors)
WARNING: gcc.dg/vect/bb-slp-pattern-2.c -flto compilation failed to produce executable
FAIL: gcc.dg/vect/bb-slp-pattern-2.c -flto scan-tree-dump-times slp "basic block vectorized using SLP" 1
FAIL: gcc.dg/vect/fast-math-bb-slp-call-1.c (internal compiler error)
FAIL: gcc.dg/vect/fast-math-bb-slp-call-1.c (test for excess errors)
WARNING: gcc.dg/vect/fast-math-bb-slp-call-1.c compilation failed to produce executable
FAIL: gcc.dg/vect/fast-math-bb-slp-call-1.c scan-tree-dump-times slp "basic block vectorized using SLP" 1
FAIL: gcc.dg/vect/fast-math-bb-slp-call-2.c (internal compiler error)
FAIL: gcc.dg/vect/fast-math-bb-slp-call-2.c (test for excess errors)
WARNING: gcc.dg/vect/fast-math-bb-slp-call-2.c compilation failed to produce executable
FAIL: gcc.dg/vect/no-tree-reassoc-bb-slp-12.c (internal compiler error)
FAIL: gcc.dg/vect/no-tree-reassoc-bb-slp-12.c (test for excess errors)
WARNING: gcc.dg/vect/no-tree-reassoc-bb-slp-12.c compilation failed to produce executable
FAIL: gcc.dg/vect/no-tree-reassoc-bb-slp-12.c scan-tree-dump-times slp "basic block vectorized using SLP" 1
=== gcc Summary for unix/-m64 ===
# of expected passes 90663
# of unexpected failures 204
# of expected failures 260
# of unsupported tests 1448
=== gcc Summary ===
# of expected passes 180910
# of unexpected failures 438
# of expected failures 518
# of unresolved testcases 1
# of unsupported tests 2582
/var/gcc/regression/trunk/10-gcc-gas/build/gcc/xgcc version 4.8.0 20130104 (experimental) [trunk revision 194906] (GCC)
=== gfortran tests ===
Running target unix
XPASS: gfortran.dg/do_1.f90 -O0 execution test
XPASS: gfortran.dg/do_1.f90 -O1 execution test
FAIL: gfortran.dg/lto/pr45586-2 f_lto_pr45586-2_0.o-f_lto_pr45586-2_0.o link, -O0 -flto -flto-partition=none (internal compiler error)
UNRESOLVED: gfortran.dg/lto/pr45586-2 f_lto_pr45586-2_0.o-f_lto_pr45586-2_0.o execute -O0 -flto -flto-partition=none
FAIL: gfortran.dg/lto/pr45586-2 f_lto_pr45586-2_0.o-f_lto_pr45586-2_0.o link, -O0 -flto -flto-partition=1to1 (internal compiler error)
UNRESOLVED: gfortran.dg/lto/pr45586-2 f_lto_pr45586-2_0.o-f_lto_pr45586-2_0.o execute -O0 -flto -flto-partition=1to1
FAIL: gfortran.dg/lto/pr45586-2 f_lto_pr45586-2_0.o-f_lto_pr45586-2_0.o link, -O0 -flto (internal compiler error)
UNRESOLVED: gfortran.dg/lto/pr45586-2 f_lto_pr45586-2_0.o-f_lto_pr45586-2_0.o execute -O0 -flto
FAIL: gfortran.dg/lto/pr45586 f_lto_pr45586_0.o-f_lto_pr45586_0.o link, -O0 -flto -flto-partition=none (internal compiler error)
UNRESOLVED: gfortran.dg/lto/pr45586 f_lto_pr45586_0.o-f_lto_pr45586_0.o execute -O0 -flto -flto-partition=none
FAIL: gfortran.dg/lto/pr45586 f_lto_pr45586_0.o-f_lto_pr45586_0.o link, -O0 -flto -flto-partition=1to1 (internal compiler error)
UNRESOLVED: gfortran.dg/lto/pr45586 f_lto_pr45586_0.o-f_lto_pr45586_0.o execute -O0 -flto -flto-partition=1to1
FAIL: gfortran.dg/lto/pr45586 f_lto_pr45586_0.o-f_lto_pr45586_0.o link, -O0 -flto (internal compiler error)
UNRESOLVED: gfortran.dg/lto/pr45586 f_lto_pr45586_0.o-f_lto_pr45586_0.o execute -O0 -flto
=== gfortran Summary for unix ===
# of expected passes 42486
# of unexpected failures 6
# of unexpected successes 2
# of expected failures 62
# of unresolved testcases 6
# of unsupported tests 228
Running target unix/-m64
XPASS: gfortran.dg/do_1.f90 -O0 execution test
XPASS: gfortran.dg/do_1.f90 -O1 execution test
FAIL: gfortran.dg/lto/pr45586-2 f_lto_pr45586-2_0.o-f_lto_pr45586-2_0.o link, -O0 -flto -flto-partition=none (internal compiler error)
UNRESOLVED: gfortran.dg/lto/pr45586-2 f_lto_pr45586-2_0.o-f_lto_pr45586-2_0.o execute -O0 -flto -flto-partition=none
FAIL: gfortran.dg/lto/pr45586-2 f_lto_pr45586-2_0.o-f_lto_pr45586-2_0.o link, -O0 -flto -flto-partition=1to1 (internal compiler error)
UNRESOLVED: gfortran.dg/lto/pr45586-2 f_lto_pr45586-2_0.o-f_lto_pr45586-2_0.o execute -O0 -flto -flto-partition=1to1
FAIL: gfortran.dg/lto/pr45586-2 f_lto_pr45586-2_0.o-f_lto_pr45586-2_0.o link, -O0 -flto (internal compiler error)
UNRESOLVED: gfortran.dg/lto/pr45586-2 f_lto_pr45586-2_0.o-f_lto_pr45586-2_0.o execute -O0 -flto
FAIL: gfortran.dg/lto/pr45586 f_lto_pr45586_0.o-f_lto_pr45586_0.o link, -O0 -flto -flto-partition=none (internal compiler error)
UNRESOLVED: gfortran.dg/lto/pr45586 f_lto_pr45586_0.o-f_lto_pr45586_0.o execute -O0 -flto -flto-partition=none
FAIL: gfortran.dg/lto/pr45586 f_lto_pr45586_0.o-f_lto_pr45586_0.o link, -O0 -flto -flto-partition=1to1 (internal compiler error)
UNRESOLVED: gfortran.dg/lto/pr45586 f_lto_pr45586_0.o-f_lto_pr45586_0.o execute -O0 -flto -flto-partition=1to1
FAIL: gfortran.dg/lto/pr45586 f_lto_pr45586_0.o-f_lto_pr45586_0.o link, -O0 -flto (internal compiler error)
UNRESOLVED: gfortran.dg/lto/pr45586 f_lto_pr45586_0.o-f_lto_pr45586_0.o execute -O0 -flto
=== gfortran Summary for unix/-m64 ===
# of expected passes 42789
# of unexpected failures 6
# of unexpected successes 2
# of expected failures 62
# of unresolved testcases 6
# of unsupported tests 82
=== gfortran Summary ===
# of expected passes 85275
# of unexpected failures 12
# of unexpected successes 4
# of expected failures 124
# of unresolved testcases 12
# of unsupported tests 310
/var/gcc/regression/trunk/10-gcc-gas/build/gcc/testsuite/gfortran/../../gfortran version 4.8.0 20130104 (experimental) [trunk revision 194906] (GCC)
=== gnat tests ===
Running target unix
=== gnat Summary for unix ===
# of expected passes 1143
# of expected failures 17
# of unsupported tests 6
Running target unix/-m64
=== gnat Summary for unix/-m64 ===
# of expected passes 1143
# of expected failures 17
# of unsupported tests 6
=== gnat Summary ===
# of expected passes 2286
# of expected failures 34
# of unsupported tests 12
/var/gcc/regression/trunk/10-gcc-gas/build/gcc/gnatmake version 4.8.0 20130104 (experimental) [trunk revision 194906]
=== go tests ===
Running target unix
=== go Summary for unix ===
# of expected passes 5083
# of expected failures 1
# of untested testcases 5
Running target unix/-m64
=== go Summary for unix/-m64 ===
# of expected passes 4963
# of expected failures 1
# of untested testcases 5
=== go Summary ===
# of expected passes 10046
# of expected failures 2
# of untested testcases 10
/var/gcc/regression/trunk/10-gcc-gas/build/gcc/testsuite/go/../../gccgo version 4.8.0 20130104 (experimental) [trunk revision 194906] (GCC)
=== obj-c++ tests ===
Running target unix
=== obj-c++ Summary for unix ===
# of expected passes 1450
# of expected failures 2
# of unsupported tests 86
Running target unix/-m64
=== obj-c++ Summary for unix/-m64 ===
# of expected passes 1442
# of expected failures 10
# of unsupported tests 86
=== obj-c++ Summary ===
# of expected passes 2892
# of expected failures 12
# of unsupported tests 172
/var/gcc/regression/trunk/10-gcc-gas/build/gcc/testsuite/obj-c++/../../xg++ version 4.8.0 20130104 (experimental) [trunk revision 194906] (GCC)
=== objc tests ===
Running target unix
=== objc Summary for unix ===
# of expected passes 2988
# of expected failures 6
# of unsupported tests 74
Running target unix/-m64
=== objc Summary for unix/-m64 ===
# of expected passes 2988
# of expected failures 6
# of unsupported tests 74
=== objc Summary ===
# of expected passes 5976
# of expected failures 12
# of unsupported tests 148
/var/gcc/regression/trunk/10-gcc-gas/build/gcc/xgcc version 4.8.0 20130104 (experimental) [trunk revision 194906] (GCC)
=== boehm-gc tests ===
Running target unix
=== boehm-gc Summary for unix ===
# of expected passes 12
# of unsupported tests 1
Running target unix/-m64
=== boehm-gc Summary for unix/-m64 ===
# of expected passes 12
# of unsupported tests 1
=== boehm-gc Summary ===
# of expected passes 24
# of unsupported tests 2
=== libatomic tests ===
Running target unix
=== libatomic Summary for unix ===
# of expected passes 44
# of unsupported tests 5
Running target unix/-m64
=== libatomic Summary for unix/-m64 ===
# of expected passes 54
=== libatomic Summary ===
# of expected passes 98
# of unsupported tests 5
=== libffi tests ===
Running target unix
=== libffi Summary for unix ===
# of expected passes 1819
# of unsupported tests 55
Running target unix/-m64
=== libffi Summary for unix/-m64 ===
# of expected passes 1819
# of unsupported tests 55
=== libffi Summary ===
# of expected passes 3638
# of unsupported tests 110
=== libgo tests ===
Running target unix
FAIL: net
FAIL: syscall
FAIL: runtime/pprof
=== libgo Summary for unix ===
# of expected passes 128
# of unexpected failures 3
Running target unix/-m64
FAIL: net
FAIL: os
FAIL: syscall
FAIL: net/http
FAIL: net/http/cgi
FAIL: runtime/pprof
=== libgo Summary for unix/-m64 ===
# of expected passes 125
# of unexpected failures 6
=== libgo Summary ===
# of expected passes 253
# of unexpected failures 9
/var/gcc/regression/trunk/10-gcc-gas/build/./gcc/gccgo version 4.8.0 20130104 (experimental) [trunk revision 194906] (GCC)
=== libgomp tests ===
Running target unix
=== libgomp Summary for unix ===
# of expected passes 2976
# of unsupported tests 3
Running target unix/-m64
=== libgomp Summary for unix/-m64 ===
# of expected passes 2976
# of unsupported tests 3
=== libgomp Summary ===
# of expected passes 5952
# of unsupported tests 6
=== libitm tests ===
Running target unix
=== libitm Summary for unix ===
# of expected passes 26
# of expected failures 3
# of unsupported tests 1
Running target unix/-m64
=== libitm Summary for unix/-m64 ===
# of expected passes 26
# of expected failures 3
# of unsupported tests 1
=== libitm Summary ===
# of expected passes 52
# of expected failures 6
# of unsupported tests 2
=== libjava tests ===
Running target unix
FAIL: StackTrace2 -O3 execution - source compiled test
FAIL: sourcelocation output - source compiled test
FAIL: sourcelocation -findirect-dispatch output - source compiled test
FAIL: sourcelocation -O3 output - source compiled test
FAIL: sourcelocation -O3 -findirect-dispatch output - source compiled test
=== libjava Summary for unix ===
# of expected passes 2580
# of unexpected failures 5
# of untested testcases 1
Running target unix/-m64
FAIL: sourcelocation output - source compiled test
FAIL: sourcelocation -findirect-dispatch output - source compiled test
FAIL: sourcelocation -O3 output - source compiled test
FAIL: sourcelocation -O3 -findirect-dispatch output - source compiled test
=== libjava Summary for unix/-m64 ===
# of expected passes 2582
# of unexpected failures 4
=== libjava Summary ===
# of expected passes 5162
# of unexpected failures 9
# of untested testcases 1
=== libstdc++ tests ===
Running target unix
FAIL: libstdc++-prettyprinters/48362.cc print t2
FAIL: libstdc++-prettyprinters/cxx11.cc print uom
FAIL: libstdc++-prettyprinters/debug.cc print str
FAIL: libstdc++-prettyprinters/simple.cc print str
=== libstdc++ Summary for unix ===
# of expected passes 8263
# of unexpected failures 4
# of expected failures 44
# of unsupported tests 579
Running target unix/-m64
=== libstdc++ Summary for unix/-m64 ===
# of expected passes 8256
# of expected failures 44
# of unsupported tests 580
=== libstdc++ Summary ===
# of expected passes 16519
# of unexpected failures 4
# of expected failures 88
# of unsupported tests 1159
Compiler version: 4.8.0 20130104 (experimental) [trunk revision 194906] (GCC)
Platform: i386-pc-solaris2.10
configure flags: --prefix=/vol/gcc --target=i386-pc-solaris2.10 --enable-objc-gc --with-as=/vol/gcc/bin/gas-2.23.1 --with-gnu-as --with-gmp-include=/vol/gcc/include --with-gmp-lib=/vol/gcc/lib --with-mpfr-include=/vol/gcc/include --with-mpfr-lib=/vol/gcc/lib --with-mpc-include=/vol/gcc/include --with-mpc-lib=/vol/gcc/lib --enable-languages=all,ada,obj-c++,go --with-isl-include=/vol/gcc/include --with-isl-lib=/vol/gcc/lib --with-cloog-include=/vol/gcc/include --with-cloog-lib=/vol/gcc/lib --enable-cloog-backend=isl
BOOT_CFLAGS=-g -O2
More information about the Gcc-testresults
mailing list